185.191.171.15 - - [14/Aug/2026:06:54:25 +0000] "GET /es/es/es/es/es/es/es/es/es/es/es/es/es/es/es/es/es/es/es/es/es/es/es/es/es/es/es/es/es/es/es/es/es/es/es/es/es/es/es/es/es/es/es/es/es/es/es/es/es/es/es/es/es/es/es/es/es/es/es/es/es/es/es/es/es/es/es/es/es/es/es/es/es/es/es/es/es/es/es/es/es/es/es/es/es/es/es/es/es/es/es/es/es/es/es/es/es/es/es/es/es/es/es/es/es/es/es/es/es/es/es/es/es/es/es/es/es/es/es/es/es/es/es/es/es/es/es/es/es/es/es/es/es/es/es/es/es/es/es/es/es/es/es/es/es/es/tags/residencia HTTP/1.1" 404 3636 "-" "Mozilla/5.0 (compatible; SemrushBot/7~bl; +http://www.semrush.com/bot.html)"
66.249.78.72 - - [14/Aug/2026:06:54:27 +0000] "GET /detail/15e529854319 HTTP/1.1" 404 3673 "-" "Mozilla/5.0 (Linux; Android 6.0.1; Nexus 5X Build/MMB29P) AppleWebKit/537.36 (KHTML, like Gecko) Chrome/150.0.7871.186 Mobile Safari/537.36 (compatible; Googlebot/2.1; +http://www.google.com/bot.html)"
216.73.216.176 - - [14/Aug/2026:06:54:28 +0000] "GET /modules/simpletest/tests/themes/test_theme/templates/?C=S&O=A HTTP/1.1" 200 722 "-" "Mozilla/5.0 AppleWebKit/537.36 (KHTML, like Gecko; compatible; ClaudeBot/1.0; +claudebot@anthropic.com)"
5.31.248.104 - - [14/Aug/2026:06:54:28 +0000] "POST /xmlrpc.php HTTP/1.1" 404 3673 "-" "Jetpack/12.0; WordPress/6.3; http://site79238393.com"
185.191.171.16 - - [14/Aug/2026:06:54:29 +0000] "GET /es/es/es/es/es/es/es/es/es/es/es/es/es/es/es/es/es/es/es/es/es/es/es/es/es/es/es/es/es/es/es/es/es/es/es/es/es/es/es/es/es/es/es/es/es/es/es/es/es/es/es/es/es/es/es/es/es/es/es/es/es/es/es/es/es/es/es/es/es/es/es/es/es/es/es/es/es/es/es/es/es/es/es/es/es/es/es/es/es/es/es/es/es/es/es/es/es/es/es/es/es/es/es/es/es/es/es/es/es/es/es/es/es/es/es/es/es/es/es/es/es/es/es/es/es/es/es/es/es/es/es/es/tags/atenci%C3%B3n-ao-p%C3%BAblico HTTP/1.1" 404 3635 "-" "Mozilla/5.0 (compatible; SemrushBot/7~bl; +http://www.semrush.com/bot.html)"
66.249.78.72 - - [14/Aug/2026:06:54:32 +0000] "GET /detail/25b3231107257 HTTP/1.1" 404 3672 "-" "Mozilla/5.0 (Linux; Android 6.0.1; Nexus 5X Build/MMB29P) AppleWebKit/537.36 (KHTML, like Gecko) Chrome/150.0.7871.186 Mobile Safari/537.36 (compatible; Googlebot/2.1; +http://www.google.com/bot.html)"
66.249.75.168 - - [14/Aug/2026:06:54:34 +0000] "GET /detail/53f6e5885910 HTTP/1.1" 404 3672 "-" "Mozilla/5.0 (Linux; Android 6.0.1; Nexus 5X Build/MMB29P) AppleWebKit/537.36 (KHTML, like Gecko) Chrome/150.0.7871.186 Mobile Safari/537.36 (compatible; Googlebot/2.1; +http://www.google.com/bot.html)"
103.189.201.177 - - [14/Aug/2026:06:54:34 +0000] "POST /xmlrpc.php HTTP/1.1" 404 3672 "-" "Jetpack by WordPress.com"
216.73.216.176 - - [14/Aug/2026:06:54:39 +0000] "GET /sites/all/modules/recaptcha/recaptcha-php/?C=N&O=D HTTP/1.1" 200 4001 "-" "Mozilla/5.0 AppleWebKit/537.36 (KHTML, like Gecko; compatible; ClaudeBot/1.0; +claudebot@anthropic.com)"
5.31.248.104 - - [14/Aug/2026:06:54:39 +0000] "POST /xmlrpc.php HTTP/1.1" 404 3674 "-" "Jetpack by WordPress.com"
66.249.78.72 - - [14/Aug/2026:06:54:40 +0000] "GET /detail/b4d3083801027 HTTP/1.1" 404 3674 "-" "Mozilla/5.0 (Linux; Android 6.0.1; Nexus 5X Build/MMB29P) AppleWebKit/537.36 (KHTML, like Gecko) Chrome/150.0.7871.186 Mobile Safari/537.36 (compatible; Googlebot/2.1; +http://www.google.com/bot.html)"
102.208.171.188 - - [14/Aug/2026:06:54:41 +0000] "GET /detail/cfa7c83127013 HTTP/1.1" 404 3692 "-" "Mozilla/5.0 (Windows NT 10.0; Win64; x64) AppleWebKit/537.36 (KHTML, like Gecko) Chrome/140.0.0.0 Safari/537.36"
216.73.216.176 - - [14/Aug/2026:06:54:43 +0000] "GET /sites/all/modules/ckeditor/plugins/mediaembed/?C=D&O=A HTTP/1.1" 200 749 "-" "Mozilla/5.0 AppleWebKit/537.36 (KHTML, like Gecko; compatible; ClaudeBot/1.0; +claudebot@anthropic.com)"
103.189.201.177 - - [14/Aug/2026:06:54:45 +0000] "POST /xmlrpc.php HTTP/1.1" 404 3673 "-" "Jetpack by WordPress.com"
73.235.200.89 - - [14/Aug/2026:06:54:45 +0000] "GET /gl/nova/publicadas-bases-para-o-obradoiro-de-emprego-b%C3%B3veda-o-incio-pobra-do-broll%C3%B3n HTTP/1.1" 404 3689 "-" "Mozilla/5.0 (X11; Linux x86_64) AppleWebKit/537.36 (KHTML, like Gecko) Chrome/150.0.0.0 Safari/537.36"
73.235.200.89 - - [14/Aug/2026:06:54:45 +0000] "GET /favicon.ico HTTP/1.1" 404 536 "https://concellodapobradobrollon.gal/gl/nova/publicadas-bases-para-o-obradoiro-de-emprego-b%C3%B3veda-o-incio-pobra-do-broll%C3%B3n" "Mozilla/5.0 (X11; Linux x86_64) AppleWebKit/537.36 (KHTML, like Gecko) Chrome/150.0.0.0 Safari/537.36"
66.249.78.72 - - [14/Aug/2026:06:54:46 +0000] "GET /detail/4090ec2049564 HTTP/1.1" 404 3674 "-" "Mozilla/5.0 (Linux; Android 6.0.1; Nexus 5X Build/MMB29P) AppleWebKit/537.36 (KHTML, like Gecko) Chrome/150.0.7871.186 Mobile Safari/537.36 (compatible; Googlebot/2.1; +http://www.google.com/bot.html)"
216.73.216.176 - - [14/Aug/2026:06:54:48 +0000] "GET /sites/all/modules/menu_attributes/?C=D&O=D HTTP/1.1" 200 832 "-" "Mozilla/5.0 AppleWebKit/537.36 (KHTML, like Gecko; compatible; ClaudeBot/1.0; +claudebot@anthropic.com)"
180.210.166.2 - - [14/Aug/2026:06:54:49 +0000] "GET /detail/6290174377093 HTTP/1.1" 404 3477 "-" "Mozilla/5.0 (Windows NT 6.1; Win64; x64) AppleWebKit/537.36 (KHTML, like Gecko) Chrome/85.0.4183.102 Safari/537.36"
5.31.248.104 - - [14/Aug/2026:06:54:50 +0000] "POST /xmlrpc.php HTTP/1.1" 404 3672 "-" "Jetpack/12.1; WordPress/6.1; http://site48775451.com"
66.249.78.72 - - [14/Aug/2026:06:54:52 +0000] "GET /detail/4d76a33273372 HTTP/1.1" 404 3673 "-" "Mozilla/5.0 (Linux; Android 6.0.1; Nexus 5X Build/MMB29P) AppleWebKit/537.36 (KHTML, like Gecko) Chrome/150.0.7871.186 Mobile Safari/537.36 (compatible; Googlebot/2.1; +http://www.google.com/bot.html)"
66.249.75.168 - - [14/Aug/2026:06:54:52 +0000] "GET /detail/2417273763859 HTTP/1.1" 404 3673 "-" "Mozilla/5.0 (Linux; Android 6.0.1; Nexus 5X Build/MMB29P) AppleWebKit/537.36 (KHTML, like Gecko) Chrome/150.0.7871.186 Mobile Safari/537.36 (compatible; Googlebot/2.1; +http://www.google.com/bot.html)"
216.73.216.176 - - [14/Aug/2026:06:54:54 +0000] "GET /sites/all/modules/commerce/addressfield/addressfield.tokens.inc HTTP/1.1" 200 12517 "-" "Mozilla/5.0 AppleWebKit/537.36 (KHTML, like Gecko; compatible; ClaudeBot/1.0; +claudebot@anthropic.com)"
66.249.78.72 - - [14/Aug/2026:06:54:55 +0000] "GET /detail/9c92644552606 HTTP/1.1" 404 536 "-" "Mozilla/5.0 (Linux; Android 6.0.1; Nexus 5X Build/MMB29P) AppleWebKit/537.36 (KHTML, like Gecko) Chrome/150.0.7871.186 Mobile Safari/537.36 (compatible; Googlebot/2.1; +http://www.google.com/bot.html)"
103.189.201.177 - - [14/Aug/2026:06:54:56 +0000] "POST /xmlrpc.php HTTP/1.1" 404 3673 "-" "Jetpack/12.5; WordPress/6.3; http://site40625622.com"
66.249.78.72 - - [14/Aug/2026:06:54:56 +0000] "GET /detail/07883e5140018 HTTP/1.1" 404 536 "-" "Mozilla/5.0 (Linux; Android 6.0.1; Nexus 5X Build/MMB29P) AppleWebKit/537.36 (KHTML, like Gecko) Chrome/150.0.7871.186 Mobile Safari/537.36 (compatible; Googlebot/2.1; +http://www.google.com/bot.html)"
66.249.78.72 - - [14/Aug/2026:06:54:58 +0000] "GET /detail/c690b62817145 HTTP/1.1" 404 536 "-" "Mozilla/5.0 (Linux; Android 6.0.1; Nexus 5X Build/MMB29P) AppleWebKit/537.36 (KHTML, like Gecko) Chrome/150.0.7871.186 Mobile Safari/537.36 (compatible; Googlebot/2.1; +http://www.google.com/bot.html)"
216.73.216.176 - - [14/Aug/2026:06:54:59 +0000] "GET /sites/all/modules/drupaletexp_animation/?C=S&O=D HTTP/1.1" 200 780 "-" "Mozilla/5.0 AppleWebKit/537.36 (KHTML, like Gecko; compatible; ClaudeBot/1.0; +claudebot@anthropic.com)"
66.249.78.73 - - [14/Aug/2026:06:55:01 +0000] "GET /detail/6725282992636 HTTP/1.1" 404 3673 "-" "Mozilla/5.0 (Linux; Android 6.0.1; Nexus 5X Build/MMB29P) AppleWebKit/537.36 (KHTML, like Gecko) Chrome/150.0.7871.186 Mobile Safari/537.36 (compatible; Googlebot/2.1; +http://www.google.com/bot.html)"
5.31.248.104 - - [14/Aug/2026:06:55:01 +0000] "POST /xmlrpc.php HTTP/1.1" 404 3672 "-" "Jetpack by WordPress.com"
216.73.216.176 - - [14/Aug/2026:06:55:04 +0000] "GET /sites/all/modules/views/theme/?C=D&O=A HTTP/1.1" 200 997 "-" "Mozilla/5.0 AppleWebKit/537.36 (KHTML, like Gecko; compatible; ClaudeBot/1.0; +claudebot@anthropic.com)"
66.249.78.64 - - [14/Aug/2026:06:55:04 +0000] "GET /detail/5180ea1740560 HTTP/1.1" 404 3672 "-" "Mozilla/5.0 (Linux; Android 6.0.1; Nexus 5X Build/MMB29P) AppleWebKit/537.36 (KHTML, like Gecko) Chrome/150.0.7871.186 Mobile Safari/537.36 (compatible; Googlebot/2.1; +http://www.google.com/bot.html)"
103.189.201.177 - - [14/Aug/2026:06:55:07 +0000] "POST /xmlrpc.php HTTP/1.1" 404 3673 "-" "Jetpack/12.1; WordPress/6.4; http://site18007404.com"
66.249.75.169 - - [14/Aug/2026:06:55:07 +0000] "GET /detail/1d33d3538609 HTTP/1.1" 404 3674 "-" "Mozilla/5.0 (Linux; Android 6.0.1; Nexus 5X Build/MMB29P) AppleWebKit/537.36 (KHTML, like Gecko) Chrome/150.0.7871.186 Mobile Safari/537.36 (compatible; Googlebot/2.1; +http://www.google.com/bot.html)"
66.249.75.169 - - [14/Aug/2026:06:55:08 +0000] "GET /detail/7201425016120 HTTP/1.1" 404 3673 "-" "Mozilla/5.0 (Linux; Android 6.0.1; Nexus 5X Build/MMB29P) AppleWebKit/537.36 (KHTML, like Gecko) Chrome/150.0.7871.186 Mobile Safari/537.36 (compatible; Googlebot/2.1; +http://www.google.com/bot.html)"
185.191.171.8 - - [14/Aug/2026:06:55:09 +0000] "GET /gl/gl/gl/gl/gl/gl/gl/gl/gl/gl/gl/gl/gl/gl/gl/gl/gl/gl/gl/gl/gl/gl/gl/gl/gl/gl/gl/gl/gl/gl/gl/gl/gl/gl/gl/gl/gl/gl/gl/gl/gl/gl/gl/gl/gl/gl/gl/gl/gl/gl/gl/gl/gl/gl/gl/gl/gl/gl/gl/gl/gl/gl/gl/gl/gl/gl/gl/gl/gl/gl/gl/gl/gl/gl/gl/gl/gl/gl/gl/gl/gl/gl/gl/gl/gl/gl/gl/gl/gl/gl/gl/gl/gl/gl/gl/gl/gl/gl/gl/gl/gl/gl/gl/gl/gl/gl/gl/gl/gl/gl/gl/gl/gl/gl/gl/gl/gl/gl/gl/gl/gl/gl/gl/gl/gl/gl/gl/gl/gl/gl/gl/gl/gl/gl/gl/gl/gl/gl/gl/gl/gl/gl/gl/gl/gl/gl/gl/gl/tags/festival-de-m%C3%BAsica HTTP/1.1" 404 3636 "-" "Mozilla/5.0 (compatible; SemrushBot/7~bl; +http://www.semrush.com/bot.html)"
216.73.216.176 - - [14/Aug/2026:06:55:09 +0000] "GET /sites/all/modules/ctools/ctools_ajax_sample/js/?C=M&O=A HTTP/1.1" 200 721 "-" "Mozilla/5.0 AppleWebKit/537.36 (KHTML, like Gecko; compatible; ClaudeBot/1.0; +claudebot@anthropic.com)"
66.249.78.73 - - [14/Aug/2026:06:55:10 +0000] "GET /detail/dc1642990783 HTTP/1.1" 404 3674 "-" "Mozilla/5.0 (Linux; Android 6.0.1; Nexus 5X Build/MMB29P) AppleWebKit/537.36 (KHTML, like Gecko) Chrome/150.0.7871.186 Mobile Safari/537.36 (compatible; Googlebot/2.1; +http://www.google.com/bot.html)"
5.31.248.104 - - [14/Aug/2026:06:55:11 +0000] "POST /xmlrpc.php HTTP/1.1" 404 3672 "-" "WordPress.com; https://wordpress.com"
66.249.78.72 - - [14/Aug/2026:06:55:16 +0000] "GET /detail/188c203464308 HTTP/1.1" 404 3674 "-" "Mozilla/5.0 (Linux; Android 6.0.1; Nexus 5X Build/MMB29P) AppleWebKit/537.36 (KHTML, like Gecko) Chrome/150.0.7871.186 Mobile Safari/537.36 (compatible; Googlebot/2.1; +http://www.google.com/bot.html)"
103.189.201.177 - - [14/Aug/2026:06:55:18 +0000] "POST /xmlrpc.php HTTP/1.1" 404 3674 "-" "Jetpack by WordPress.com (Jetpack 13.0; WordPress 6.2)"
216.73.216.176 - - [14/Aug/2026:06:55:19 +0000] "GET /sites/all/modules/views/?C=M&O=D HTTP/1.1" 200 4223 "-" "Mozilla/5.0 AppleWebKit/537.36 (KHTML, like Gecko; compatible; ClaudeBot/1.0; +claudebot@anthropic.com)"
201.141.113.160 - - [14/Aug/2026:06:55:20 +0000] "GET /detail/c028582237700 HTTP/1.1" 404 3692 "-" "Mozilla/5.0 (Windows NT 10.0; Win64; x64) AppleWebKit/537.36 (KHTML, like Gecko) Chrome/149.0.0.0 Safari/537.36"
5.31.248.104 - - [14/Aug/2026:06:55:21 +0000] "POST /xmlrpc.php HTTP/1.1" 404 3673 "-" "Jetpack by WordPress.com"
66.249.78.72 - - [14/Aug/2026:06:55:22 +0000] "GET /detail/b389914243185 HTTP/1.1" 404 3673 "-" "Mozilla/5.0 (Linux; Android 6.0.1; Nexus 5X Build/MMB29P) AppleWebKit/537.36 (KHTML, like Gecko) Chrome/150.0.7871.186 Mobile Safari/537.36 (compatible; Googlebot/2.1; +http://www.google.com/bot.html)"
216.73.216.176 - - [14/Aug/2026:06:55:24 +0000] "GET /sites/all/modules/ckeditor/?C=D&O=D HTTP/1.1" 200 938 "-" "Mozilla/5.0 AppleWebKit/537.36 (KHTML, like Gecko; compatible; ClaudeBot/1.0; +claudebot@anthropic.com)"
69.221.121.243 - - [14/Aug/2026:06:55:24 +0000] "GET /gl/nova/informaci%C3%B3n-sobre-o-obradoiro-dual-de-emprego-broll%C3%B3n-o-incio-b%C3%B3veda HTTP/1.1" 404 3462 "-" "Mozilla/5.0 (X11; Linux i686) AppleWebKit/535.2 (KHTML, like Gecko) Chrome/26.0.876.0 Safari/535.2"
103.189.201.177 - - [14/Aug/2026:06:55:28 +0000] "POST /xmlrpc.php HTTP/1.1" 404 3672 "-" "Jetpack by WordPress.com (Jetpack 12.5; WordPress 6.2)"
66.249.75.168 - - [14/Aug/2026:06:55:29 +0000] "GET /detail/74f4684735513 HTTP/1.1" 404 3674 "-" "Mozilla/5.0 (Linux; Android 6.0.1; Nexus 5X Build/MMB29P) AppleWebKit/537.36 (KHTML, like Gecko) Chrome/150.0.7871.186 Mobile Safari/537.36 (compatible; Googlebot/2.1; +http://www.google.com/bot.html)"
66.249.78.72 - - [14/Aug/2026:06:55:31 +0000] "GET /detail/6821544666844 HTTP/1.1" 404 3673 "-" "Mozilla/5.0 (Linux; Android 6.0.1; Nexus 5X Build/MMB29P) AppleWebKit/537.36 (KHTML, like Gecko) Chrome/150.0.7871.186 Mobile Safari/537.36 (compatible; Googlebot/2.1; +http://www.google.com/bot.html)"
5.31.248.104 - - [14/Aug/2026:06:55:32 +0000] "POST /xmlrpc.php HTTP/1.1" 404 3674 "-" "WordPress.com; https://wordpress.com"
145.14.134.209 - - [14/Aug/2026:06:55:33 +0000] "GET http://concellodapobradobrollon.gal/detail/3627714538623 HTTP/1.1" 404 451 "-" "Mozilla/5.0 (Macintosh; Intel Mac OS X 10_15_7) AppleWebKit/537.36 (KHTML, like Gecko) Chrome/141.0.0.0 Safari/537.36"
216.73.216.176 - - [14/Aug/2026:06:55:34 +0000] "GET /sites/all/modules/ctools/js/?C=S&O=A HTTP/1.1" 200 4019 "-" "Mozilla/5.0 AppleWebKit/537.36 (KHTML, like Gecko; compatible; ClaudeBot/1.0; +claudebot@anthropic.com)"
66.249.78.72 - - [14/Aug/2026:06:55:35 +0000] "GET /detail/8b0f834166087 HTTP/1.1" 404 536 "-" "Mozilla/5.0 (Linux; Android 6.0.1; Nexus 5X Build/MMB29P) AppleWebKit/537.36 (KHTML, like Gecko) Chrome/150.0.7871.186 Mobile Safari/537.36 (compatible; Googlebot/2.1; +http://www.google.com/bot.html)"
103.189.201.177 - - [14/Aug/2026:06:55:38 +0000] "POST /xmlrpc.php HTTP/1.1" 404 3673 "-" "Jetpack by WordPress.com (Jetpack 12.1; WordPress 6.1)"
216.73.216.176 - - [14/Aug/2026:06:55:39 +0000] "GET /sites/all/themes/hawell/js/flex-slider.js HTTP/1.1" 200 1198 "-" "Mozilla/5.0 AppleWebKit/537.36 (KHTML, like Gecko; compatible; ClaudeBot/1.0; +claudebot@anthropic.com)"
66.249.75.168 - - [14/Aug/2026:06:55:41 +0000] "GET /detail/6af992870855 HTTP/1.1" 404 3672 "-" "Mozilla/5.0 (Linux; Android 6.0.1; Nexus 5X Build/MMB29P) AppleWebKit/537.36 (KHTML, like Gecko) Chrome/150.0.7871.186 Mobile Safari/537.36 (compatible; Googlebot/2.1; +http://www.google.com/bot.html)"
114.119.151.80 - - [14/Aug/2026:06:55:42 +0000] "GET /es/categories/xeral?page=175 HTTP/1.1" 404 3429 "https://www.concellodapobradobrollon.gal/es/categories/xeral?page=171" "Mozilla/5.0 (Linux; Android 7.0;) AppleWebKit/537.36 (HTML, like Gecko) Mobile Safari/537.36 (compatible; PetalBot;+https://webmaster.petalsearch.com/site/petalbot)"
5.31.248.104 - - [14/Aug/2026:06:55:42 +0000] "POST /xmlrpc.php HTTP/1.1" 404 3673 "-" "Jetpack by WordPress.com (Jetpack 12.0; WordPress 6.2)"
216.73.216.176 - - [14/Aug/2026:06:55:44 +0000] "GET /sites/all/modules/commerce/rules/ui/?C=D&O=A HTTP/1.1" 200 868 "-" "Mozilla/5.0 AppleWebKit/537.36 (KHTML, like Gecko; compatible; ClaudeBot/1.0; +claudebot@anthropic.com)"
66.249.75.168 - - [14/Aug/2026:06:55:47 +0000] "GET /detail/d18fc31781335 HTTP/1.1" 404 3673 "-" "Mozilla/5.0 (Linux; Android 6.0.1; Nexus 5X Build/MMB29P) AppleWebKit/537.36 (KHTML, like Gecko) Chrome/150.0.7871.186 Mobile Safari/537.36 (compatible; Googlebot/2.1; +http://www.google.com/bot.html)"
103.189.201.177 - - [14/Aug/2026:06:55:49 +0000] "POST /xmlrpc.php HTTP/1.1" 404 3673 "-" "Jetpack/13.0; WordPress/6.2; http://site37972415.com"
216.73.216.176 - - [14/Aug/2026:06:55:49 +0000] "GET /sites/all/modules/ctools/ctools_ajax_sample/js/?C=N&O=D HTTP/1.1" 200 719 "-" "Mozilla/5.0 AppleWebKit/537.36 (KHTML, like Gecko; compatible; ClaudeBot/1.0; +claudebot@anthropic.com)"
5.31.248.104 - - [14/Aug/2026:06:55:53 +0000] "POST /xmlrpc.php HTTP/1.1" 404 3674 "-" "Jetpack by WordPress.com"
66.249.78.72 - - [14/Aug/2026:06:55:53 +0000] "GET /detail/2a0854875708 HTTP/1.1" 404 3673 "-" "Mozilla/5.0 (Linux; Android 6.0.1; Nexus 5X Build/MMB29P) AppleWebKit/537.36 (KHTML, like Gecko) Chrome/150.0.7871.186 Mobile Safari/537.36 (compatible; Googlebot/2.1; +http://www.google.com/bot.html)"
216.73.216.176 - - [14/Aug/2026:06:55:54 +0000] "GET /sites/all/modules/ctools/drush/?C=N&O=A HTTP/1.1" 200 3860 "-" "Mozilla/5.0 AppleWebKit/537.36 (KHTML, like Gecko; compatible; ClaudeBot/1.0; +claudebot@anthropic.com)"
136.70.86.67 - - [14/Aug/2026:06:55:58 +0000] "GET / HTTP/1.1" 200 3854 "-" "Mozilla/5.0 (Windows NT 10.0; Win64; x64) AppleWebKit/537.36 (KHTML, like Gecko) Chrome/152.0.0.0 Safari/537.36"
136.70.86.67 - - [14/Aug/2026:06:55:58 +0000] "GET /?C=N;O=D HTTP/1.1" 200 702 "-" "Mozilla/5.0 (Windows NT 10.0; Win64; x64) AppleWebKit/537.36 (KHTML, like Gecko) Chrome/152.0.0.0 Safari/537.36"
136.70.86.67 - - [14/Aug/2026:06:55:59 +0000] "GET /.aws/config HTTP/1.1" 404 481 "-" "Mozilla/5.0 (compatible; DeepSeekBot/1.0; +https://www.deepseek.com/bot)"
154.118.206.127 - - [14/Aug/2026:06:55:59 +0000] "GET /detail/113ff0696001 HTTP/1.1" 404 3482 "-" "Mozilla/5.0 (Macintosh; Intel Mac OS X 10_15_7) AppleWebKit/537.36 (KHTML, like Gecko) Chrome/110.0.0.0 Safari/537.36"
216.73.216.176 - - [14/Aug/2026:06:55:59 +0000] "GET /sites/all/modules/ctools/stylizer/?C=N&O=A HTTP/1.1" 200 762 "-" "Mozilla/5.0 AppleWebKit/537.36 (KHTML, like Gecko; compatible; ClaudeBot/1.0; +claudebot@anthropic.com)"
66.249.75.168 - - [14/Aug/2026:06:55:59 +0000] "GET /detail/7c37171988503 HTTP/1.1" 404 3673 "-" "Mozilla/5.0 (Linux; Android 6.0.1; Nexus 5X Build/MMB29P) AppleWebKit/537.36 (KHTML, like Gecko) Chrome/150.0.7871.186 Mobile Safari/537.36 (compatible; Googlebot/2.1; +http://www.google.com/bot.html)"
136.70.86.67 - - [14/Aug/2026:06:56:00 +0000] "GET /wp-json HTTP/1.1" 404 3632 "-" "Mozilla/5.0 (compatible; DeepSeekBot/1.0; +https://www.deepseek.com/bot)"
136.70.86.67 - - [14/Aug/2026:06:56:00 +0000] "GET /.aws/credentials HTTP/1.1" 404 3631 "-" "Mozilla/5.0 (compatible; DeepSeekBot/1.0; +https://www.deepseek.com/bot)"
136.70.86.67 - - [14/Aug/2026:06:56:00 +0000] "GET /?C=M;O=A HTTP/1.1" 200 3853 "-" "Mozilla/5.0 (Windows NT 10.0; Win64; x64) AppleWebKit/537.36 (KHTML, like Gecko) Chrome/152.0.0.0 Safari/537.36"
136.70.86.67 - - [14/Aug/2026:06:56:00 +0000] "GET /.git/config HTTP/1.1" 404 481 "-" "Mozilla/5.0 (compatible; DeepSeekBot/1.0; +https://www.deepseek.com/bot)"
103.189.201.177 - - [14/Aug/2026:06:56:00 +0000] "POST /xmlrpc.php HTTP/1.1" 404 3672 "-" "WordPress.com; https://wordpress.com"
136.70.86.67 - - [14/Aug/2026:06:56:00 +0000] "GET /.git-credentials HTTP/1.1" 404 3631 "-" "Mozilla/5.0 (compatible; DeepSeekBot/1.0; +https://www.deepseek.com/bot)"
136.70.86.67 - - [14/Aug/2026:06:56:01 +0000] "GET /.gitconfig HTTP/1.1" 404 481 "-" "Mozilla/5.0 (compatible; DeepSeekBot/1.0; +https://www.deepseek.com/bot)"
136.70.86.67 - - [14/Aug/2026:06:56:01 +0000] "GET /z9x8c7v6b5-debug-trigger-concellodapobradobrollon.gal HTTP/1.1" 404 3632 "-" "Mozilla/5.0 (compatible; DeepSeekBot/1.0; +https://www.deepseek.com/bot)"
136.70.86.67 - - [14/Aug/2026:06:56:01 +0000] "GET /.git/HEAD HTTP/1.1" 404 481 "-" "Mozilla/5.0 (compatible; DeepSeekBot/1.0; +https://www.deepseek.com/bot)"
136.70.86.67 - - [14/Aug/2026:06:56:01 +0000] "GET /.gitlab-ci.yml HTTP/1.1" 404 3633 "-" "Mozilla/5.0 (compatible; DeepSeekBot/1.0; +https://www.deepseek.com/bot)"
136.70.86.67 - - [14/Aug/2026:06:56:01 +0000] "GET /.env.example HTTP/1.1" 404 481 "-" "Mozilla/5.0 (compatible; DeepSeekBot/1.0; +https://www.deepseek.com/bot)"
136.70.86.67 - - [14/Aug/2026:06:56:01 +0000] "GET /.github/workflows/deploy.yml HTTP/1.1" 404 481 "-" "Mozilla/5.0 (compatible; DeepSeekBot/1.0; +https://www.deepseek.com/bot)"
136.70.86.67 - - [14/Aug/2026:06:56:02 +0000] "POST /graphql HTTP/1.1" 404 481 "https://concellodapobradobrollon.gal" "Mozilla/5.0 (Windows NT 10.0; Win64; x64) AppleWebKit/537.36 (KHTML, like Gecko) Chrome/152.0.0.0 Safari/537.36"
136.70.86.67 - - [14/Aug/2026:06:56:02 +0000] "GET /.env.production HTTP/1.1" 404 481 "-" "Mozilla/5.0 (compatible; DeepSeekBot/1.0; +https://www.deepseek.com/bot)"
136.70.86.67 - - [14/Aug/2026:06:56:02 +0000] "GET /.env.local HTTP/1.1" 404 481 "-" "Mozilla/5.0 (compatible; DeepSeekBot/1.0; +https://www.deepseek.com/bot)"
136.70.86.67 - - [14/Aug/2026:06:56:02 +0000] "GET /.env HTTP/1.1" 404 481 "-" "Mozilla/5.0 (compatible; DeepSeekBot/1.0; +https://www.deepseek.com/bot)"
136.70.86.67 - - [14/Aug/2026:06:56:02 +0000] "GET /.env.backup HTTP/1.1" 404 3631 "-" "Mozilla/5.0 (compatible; DeepSeekBot/1.0; +https://www.deepseek.com/bot)"
136.70.86.67 - - [14/Aug/2026:06:56:02 +0000] "GET /?C=S;O=A HTTP/1.1" 200 703 "-" "Mozilla/5.0 (Windows NT 10.0; Win64; x64) AppleWebKit/537.36 (KHTML, like Gecko) Chrome/152.0.0.0 Safari/537.36"
136.70.86.67 - - [14/Aug/2026:06:56:02 +0000] "GET /.env.bak HTTP/1.1" 404 481 "-" "Mozilla/5.0 (compatible; DeepSeekBot/1.0; +https://www.deepseek.com/bot)"
136.70.86.67 - - [14/Aug/2026:06:56:03 +0000] "GET /api/.env HTTP/1.1" 404 481 "-" "Mozilla/5.0 (compatible; DeepSeekBot/1.0; +https://www.deepseek.com/bot)"
136.70.86.67 - - [14/Aug/2026:06:56:03 +0000] "GET /.env.old HTTP/1.1" 404 481 "-" "Mozilla/5.0 (compatible; DeepSeekBot/1.0; +https://www.deepseek.com/bot)"
136.70.86.67 - - [14/Aug/2026:06:56:03 +0000] "GET /admin/.env HTTP/1.1" 404 481 "-" "Mozilla/5.0 (compatible; DeepSeekBot/1.0; +https://www.deepseek.com/bot)"
136.70.86.67 - - [14/Aug/2026:06:56:03 +0000] "GET /backend/.env HTTP/1.1" 404 481 "-" "Mozilla/5.0 (compatible; DeepSeekBot/1.0; +https://www.deepseek.com/bot)"
136.70.86.67 - - [14/Aug/2026:06:56:03 +0000] "GET /config/.env HTTP/1.1" 404 481 "-" "Mozilla/5.0 (compatible; DeepSeekBot/1.0; +https://www.deepseek.com/bot)"
136.70.86.67 - - [14/Aug/2026:06:56:03 +0000] "GET /secrets.json HTTP/1.1" 404 481 "-" "Mozilla/5.0 (compatible; DeepSeekBot/1.0; +https://www.deepseek.com/bot)"
136.70.86.67 - - [14/Aug/2026:06:56:03 +0000] "GET /service-account.json HTTP/1.1" 404 481 "-" "Mozilla/5.0 (compatible; DeepSeekBot/1.0; +https://www.deepseek.com/bot)"
136.70.86.67 - - [14/Aug/2026:06:56:03 +0000] "GET /credentials.json HTTP/1.1" 404 481 "-" "Mozilla/5.0 (compatible; DeepSeekBot/1.0; +https://www.deepseek.com/bot)"
136.70.86.67 - - [14/Aug/2026:06:56:03 +0000] "GET /secrets.yml HTTP/1.1" 404 481 "-" "Mozilla/5.0 (compatible; DeepSeekBot/1.0; +https://www.deepseek.com/bot)"
5.31.248.104 - - [14/Aug/2026:06:56:04 +0000] "POST /xmlrpc.php HTTP/1.1" 404 3672 "-" "Jetpack by WordPress.com (Jetpack 12.0; WordPress 6.1)"
136.70.86.67 - - [14/Aug/2026:06:56:04 +0000] "POST /api/graphql HTTP/1.1" 404 481 "https://concellodapobradobrollon.gal" "Mozilla/5.0 (Windows NT 10.0; Win64; x64) AppleWebKit/537.36 (KHTML, like Gecko) Chrome/152.0.0.0 Safari/537.36"
136.70.86.67 - - [14/Aug/2026:06:56:04 +0000] "GET /serviceAccountKey.json HTTP/1.1" 404 481 "-" "Mozilla/5.0 (compatible; DeepSeekBot/1.0; +https://www.deepseek.com/bot)"
136.70.86.67 - - [14/Aug/2026:06:56:04 +0000] "POST /v1/graphql HTTP/1.1" 404 481 "https://concellodapobradobrollon.gal" "Mozilla/5.0 (Windows NT 10.0; Win64; x64) AppleWebKit/537.36 (KHTML, like Gecko) Chrome/152.0.0.0 Safari/537.36"
136.70.86.67 - - [14/Aug/2026:06:56:04 +0000] "GET /profiles/ HTTP/1.1" 200 741 "-" "Mozilla/5.0 (Windows NT 10.0; Win64; x64) AppleWebKit/537.36 (KHTML, like Gecko) Chrome/152.0.0.0 Safari/537.36"
216.73.216.176 - - [14/Aug/2026:06:56:04 +0000] "GET /sites/all/modules/ctools/page_manager/?C=N&O=A HTTP/1.1" 200 854 "-" "Mozilla/5.0 AppleWebKit/537.36 (KHTML, like Gecko; compatible; ClaudeBot/1.0; +claudebot@anthropic.com)"
136.70.86.67 - - [14/Aug/2026:06:56:04 +0000] "GET /key.json HTTP/1.1" 404 481 "-" "Mozilla/5.0 (compatible; DeepSeekBot/1.0; +https://www.deepseek.com/bot)"
38.134.249.154 - - [14/Aug/2026:06:56:05 +0000] "GET /detail/d7acd21783220 HTTP/1.1" 404 3477 "-" "Mozilla/5.0 (Macintosh; Intel Mac OS X 10_15_7) AppleWebKit/537.36 (KHTML, like Gecko) Chrome/136.0.0.0 Safari/537.36"
216.73.217.10 - - [14/Aug/2026:06:56:05 +0000] "GET /robots.txt HTTP/1.1" 301 635 "-" "Mozilla/5.0 (Macintosh; Intel Mac OS X 10_15_7) AppleWebKit/537.36 (KHTML, like Gecko) Chrome/131.0.0.0 Safari/537.36; ClaudeBot/1.0; +claudebot@anthropic.com)"
136.70.86.67 - - [14/Aug/2026:06:56:05 +0000] "GET /.github/.env HTTP/1.1" 404 481 "-" "Mozilla/5.0 (compatible; DeepSeekBot/1.0; +https://www.deepseek.com/bot)"
216.73.217.10 - - [14/Aug/2026:06:56:05 +0000] "GET /robots.txt HTTP/1.1" 404 507 "-" "Mozilla/5.0 (Macintosh; Intel Mac OS X 10_15_7) AppleWebKit/537.36 (KHTML, like Gecko) Chrome/131.0.0.0 Safari/537.36; ClaudeBot/1.0; +claudebot@anthropic.com)"
136.70.86.67 - - [14/Aug/2026:06:56:05 +0000] "GET /Dockerfile HTTP/1.1" 404 481 "-" "Mozilla/5.0 (compatible; DeepSeekBot/1.0; +https://www.deepseek.com/bot)"
216.73.217.10 - - [14/Aug/2026:06:56:05 +0000] "GET /en/node/1246 HTTP/1.1" 301 638 "-" "Mozilla/5.0 (Macintosh; Intel Mac OS X 10_15_7) AppleWebKit/537.36 (KHTML, like Gecko) Chrome/131.0.0.0 Safari/537.36; ClaudeBot/1.0; +claudebot@anthropic.com)"
136.70.86.67 - - [14/Aug/2026:06:56:05 +0000] "GET /service_account.json HTTP/1.1" 404 481 "-" "Mozilla/5.0 (compatible; DeepSeekBot/1.0; +https://www.deepseek.com/bot)"
136.70.86.67 - - [14/Aug/2026:06:56:05 +0000] "GET /firebase-service-account.json HTTP/1.1" 404 481 "-" "Mozilla/5.0 (compatible; DeepSeekBot/1.0; +https://www.deepseek.com/bot)"
136.70.86.67 - - [14/Aug/2026:06:56:05 +0000] "GET /firebase-adminsdk.json HTTP/1.1" 404 481 "-" "Mozilla/5.0 (compatible; DeepSeekBot/1.0; +https://www.deepseek.com/bot)"
216.73.217.10 - - [14/Aug/2026:06:56:05 +0000] "GET /en/node/1246 HTTP/1.1" 404 506 "-" "Mozilla/5.0 (Macintosh; Intel Mac OS X 10_15_7) AppleWebKit/537.36 (KHTML, like Gecko) Chrome/131.0.0.0 Safari/537.36; ClaudeBot/1.0; +claudebot@anthropic.com)"
66.249.78.72 - - [14/Aug/2026:06:56:05 +0000] "GET /detail/66b7462549573 HTTP/1.1" 404 3673 "-" "Mozilla/5.0 (Linux; Android 6.0.1; Nexus 5X Build/MMB29P) AppleWebKit/537.36 (KHTML, like Gecko) Chrome/150.0.7871.186 Mobile Safari/537.36 (compatible; Googlebot/2.1; +http://www.google.com/bot.html)"
136.70.86.67 - - [14/Aug/2026:06:56:05 +0000] "GET /.docker/config.json HTTP/1.1" 404 481 "-" "Mozilla/5.0 (compatible; DeepSeekBot/1.0; +https://www.deepseek.com/bot)"
136.70.86.67 - - [14/Aug/2026:06:56:05 +0000] "GET /.npmrc HTTP/1.1" 404 481 "-" "Mozilla/5.0 (compatible; DeepSeekBot/1.0; +https://www.deepseek.com/bot)"
136.70.86.67 - - [14/Aug/2026:06:56:05 +0000] "GET /.s3cfg HTTP/1.1" 404 481 "-" "Mozilla/5.0 (compatible; DeepSeekBot/1.0; +https://www.deepseek.com/bot)"
185.191.171.13 - - [14/Aug/2026:06:56:06 +0000] "GET /es/es/es/es/es/es/es/es/es/es/es/es/es/es/es/es/es/es/es/es/es/es/es/es/es/es/es/es/es/es/es/es/es/es/es/es/es/es/es/es/es/es/es/es/es/es/es/es/es/es/es/es/es/es/es/es/es/es/es/es/es/es/es/es/es/es/es/es/es/es/es/es/es/es/es/es/es/es/es/es/es/es/es/es/es/es/es/es/es/es/es/es/es/es/es/es/es/es/es/es/es/es/es/es/es/es/es/es/es/es/es/es/es/es/es/es/es/es/es/es/es/es/es/es/es/es/es/es/es/es/es/es/es/es/es/es/es/es/es/es/es/es/es/es/es/es/es/es/es/es/es/es/es/es/es/es/es/es/es/es/es/es/es/es/es/es/es/es/es/es/es/es/es/es/es/es/es/es/es/es/es/es/es/es/es/es/es/nova/abierto-el-plazo-para-que-los-establecimientos-se-adhieran-al-bono-impulso-de-la-diputaci%C3%B3n HTTP/1.1" 404 3636 "-" "Mozilla/5.0 (compatible; SemrushBot/7~bl; +http://www.semrush.com/bot.html)"
136.70.86.67 - - [14/Aug/2026:06:56:07 +0000] "GET /.vscode/launch.json HTTP/1.1" 404 481 "-" "Mozilla/5.0 (compatible; DeepSeekBot/1.0; +https://www.deepseek.com/bot)"
136.70.86.67 - - [14/Aug/2026:06:56:07 +0000] "GET /.boto HTTP/1.1" 404 481 "-" "Mozilla/5.0 (compatible; DeepSeekBot/1.0; +https://www.deepseek.com/bot)"
136.70.86.67 - - [14/Aug/2026:06:56:09 +0000] "GET /.svn/entries HTTP/1.1" 404 481 "-" "Mozilla/5.0 (compatible; DeepSeekBot/1.0; +https://www.deepseek.com/bot)"
136.70.86.67 - - [14/Aug/2026:06:56:09 +0000] "GET /.htpasswd HTTP/1.1" 403 484 "-" "Mozilla/5.0 (compatible; DeepSeekBot/1.0; +https://www.deepseek.com/bot)"
136.70.86.67 - - [14/Aug/2026:06:56:09 +0000] "GET /terraform.tfstate HTTP/1.1" 404 481 "-" "Mozilla/5.0 (compatible; DeepSeekBot/1.0; +https://www.deepseek.com/bot)"
136.70.86.67 - - [14/Aug/2026:06:56:09 +0000] "GET /docker-compose.yaml HTTP/1.1" 404 481 "-" "Mozilla/5.0 (compatible; DeepSeekBot/1.0; +https://www.deepseek.com/bot)"
216.73.216.176 - - [14/Aug/2026:06:56:09 +0000] "GET /sites/all/modules/entity/ctools/relationships/?C=N&O=A HTTP/1.1" 200 721 "-" "Mozilla/5.0 AppleWebKit/537.36 (KHTML, like Gecko; compatible; ClaudeBot/1.0; +claudebot@anthropic.com)"
136.70.86.67 - - [14/Aug/2026:06:56:10 +0000] "GET /.ssh/authorized_keys HTTP/1.1" 404 481 "-" "Mozilla/5.0 (compatible; DeepSeekBot/1.0; +https://www.deepseek.com/bot)"
136.70.86.67 - - [14/Aug/2026:06:56:10 +0000] "GET /app/settings.py HTTP/1.1" 404 481 "-" "Mozilla/5.0 (compatible; DeepSeekBot/1.0; +https://www.deepseek.com/bot)"
103.189.201.177 - - [14/Aug/2026:06:56:10 +0000] "POST /xmlrpc.php HTTP/1.1" 404 3673 "-" "Jetpack by WordPress.com (Jetpack 13.0; WordPress 6.4)"
66.249.75.168 - - [14/Aug/2026:06:56:12 +0000] "GET /detail/2c4ecf4774480 HTTP/1.1" 404 3672 "-" "Mozilla/5.0 (Linux; Android 6.0.1; Nexus 5X Build/MMB29P) AppleWebKit/537.36 (KHTML, like Gecko) Chrome/150.0.7871.186 Mobile Safari/537.36 (compatible; Googlebot/2.1; +http://www.google.com/bot.html)"
66.249.78.72 - - [14/Aug/2026:06:56:14 +0000] "GET /detail/d7390c4387291 HTTP/1.1" 404 3674 "-" "Mozilla/5.0 (Linux; Android 6.0.1; Nexus 5X Build/MMB29P) AppleWebKit/537.36 (KHTML, like Gecko) Chrome/150.0.7871.186 Mobile Safari/537.36 (compatible; Googlebot/2.1; +http://www.google.com/bot.html)"
216.73.216.176 - - [14/Aug/2026:06:56:14 +0000] "GET /sites/all/modules/ckeditor/?C=N&O=A HTTP/1.1" 200 953 "-" "Mozilla/5.0 AppleWebKit/537.36 (KHTML, like Gecko; compatible; ClaudeBot/1.0; +claudebot@anthropic.com)"
5.31.248.104 - - [14/Aug/2026:06:56:14 +0000] "POST /xmlrpc.php HTTP/1.1" 404 3672 "-" "Jetpack/12.0; WordPress/6.3; http://site85937993.com"
85.208.96.195 - - [14/Aug/2026:06:56:15 +0000] "GET /en/en/en/en/en/en/en/en/en/en/en/en/en/en/en/en/en/en/en/en/en/en/en/en/en/en/en/en/en/en/en/en/en/en/en/en/en/en/en/en/en/en/en/en/en/en/en/en/en/en/en/en/en/en/en/en/en/en/en/en/en/en/en/en/en/en/en/en/en/en/en/en/en/en/en/en/en/en/en/en/en/en/en/en/en/en/en/en/en/en/en/en/en/en/en/en/en/en/en/en/en/en/en/en/en/en/en/en/en/en/en/en/en/en/en/en/en/en/node/1763 HTTP/1.1" 404 3636 "-" "Mozilla/5.0 (compatible; SemrushBot/7~bl; +http://www.semrush.com/bot.html)"
66.249.75.168 - - [14/Aug/2026:06:56:18 +0000] "GET /detail/77b13d4390048 HTTP/1.1" 404 3674 "-" "Mozilla/5.0 (Linux; Android 6.0.1; Nexus 5X Build/MMB29P) AppleWebKit/537.36 (KHTML, like Gecko) Chrome/150.0.7871.186 Mobile Safari/537.36 (compatible; Googlebot/2.1; +http://www.google.com/bot.html)"
136.70.86.67 - - [14/Aug/2026:06:56:19 +0000] "-" 408 3150 "-" "-"
216.73.216.176 - - [14/Aug/2026:06:56:19 +0000] "GET /sites/all/modules/commerce/rules/rules_scheduler/?C=N&O=D HTTP/1.1" 200 862 "-" "Mozilla/5.0 AppleWebKit/537.36 (KHTML, like Gecko; compatible; ClaudeBot/1.0; +claudebot@anthropic.com)"
103.189.201.177 - - [14/Aug/2026:06:56:21 +0000] "POST /xmlrpc.php HTTP/1.1" 404 3672 "-" "WordPress.com; https://wordpress.com"
66.249.75.168 - - [14/Aug/2026:06:56:24 +0000] "GET /detail/6492a2750420 HTTP/1.1" 404 3673 "-" "Mozilla/5.0 (Linux; Android 6.0.1; Nexus 5X Build/MMB29P) AppleWebKit/537.36 (KHTML, like Gecko) Chrome/150.0.7871.186 Mobile Safari/537.36 (compatible; Googlebot/2.1; +http://www.google.com/bot.html)"
216.73.216.176 - - [14/Aug/2026:06:56:24 +0000] "GET /sites/all/modules/ctools/stylizer/?C=D&O=A HTTP/1.1" 200 762 "-" "Mozilla/5.0 AppleWebKit/537.36 (KHTML, like Gecko; compatible; ClaudeBot/1.0; +claudebot@anthropic.com)"
5.31.248.104 - - [14/Aug/2026:06:56:25 +0000] "POST /xmlrpc.php HTTP/1.1" 404 3672 "-" "Jetpack/12.5; WordPress/6.1; http://site17808394.com"
216.73.216.176 - - [14/Aug/2026:06:56:29 +0000] "GET /sites/all/modules/media/?C=S&O=D HTTP/1.1" 200 1019 "-" "Mozilla/5.0 AppleWebKit/537.36 (KHTML, like Gecko; compatible; ClaudeBot/1.0; +claudebot@anthropic.com)"
86.152.51.213 - - [14/Aug/2026:06:56:29 +0000] "GET /gl/nova/11%C2%AA-edici%C3%B3n-dos-cantos-de-taberna-cel%C3%A9brase-o-s%C3%A1bado-9-de-decembro HTTP/1.1" 404 3688 "-" "Mozilla/5.0 (X11; Linux x86_64) AppleWebKit/537.36 (KHTML, like Gecko) Chrome/150.0.0.0 Safari/537.36"
86.152.51.213 - - [14/Aug/2026:06:56:30 +0000] "GET /favicon.ico HTTP/1.1" 404 536 "https://concellodapobradobrollon.gal/gl/nova/11%C2%AA-edici%C3%B3n-dos-cantos-de-taberna-cel%C3%A9brase-o-s%C3%A1bado-9-de-decembro" "Mozilla/5.0 (X11; Linux x86_64) AppleWebKit/537.36 (KHTML, like Gecko) Chrome/150.0.0.0 Safari/537.36"
66.249.75.168 - - [14/Aug/2026:06:56:30 +0000] "GET /detail/18940c818088 HTTP/1.1" 404 3672 "-" "Mozilla/5.0 (Linux; Android 6.0.1; Nexus 5X Build/MMB29P) AppleWebKit/537.36 (KHTML, like Gecko) Chrome/150.0.7871.186 Mobile Safari/537.36 (compatible; Googlebot/2.1; +http://www.google.com/bot.html)"
85.208.96.203 - - [14/Aug/2026:06:56:31 +0000] "GET /gl/nova/aberto-o-per%C3%ADodo-de-inscrici%C3%B3ns-para-o-iii-trail-capela-san-vitoiro HTTP/1.1" 404 470 "-" "Mozilla/5.0 (compatible; SemrushBot/7~bl; +http://www.semrush.com/bot.html)"
103.189.201.177 - - [14/Aug/2026:06:56:31 +0000] "POST /xmlrpc.php HTTP/1.1" 404 3673 "-" "Jetpack/12.5; WordPress/6.3; http://site22099681.com"
216.73.216.176 - - [14/Aug/2026:06:56:34 +0000] "GET /sites/all/modules/ctools/page_manager/?C=D&O=A HTTP/1.1" 200 854 "-" "Mozilla/5.0 AppleWebKit/537.36 (KHTML, like Gecko; compatible; ClaudeBot/1.0; +claudebot@anthropic.com)"
5.31.248.104 - - [14/Aug/2026:06:56:35 +0000] "POST /xmlrpc.php HTTP/1.1" 404 3673 "-" "Jetpack by WordPress.com (Jetpack 12.5; WordPress 6.3)"
66.249.75.168 - - [14/Aug/2026:06:56:36 +0000] "GET /detail/218875290215 HTTP/1.1" 404 3673 "-" "Mozilla/5.0 (Linux; Android 6.0.1; Nexus 5X Build/MMB29P) AppleWebKit/537.36 (KHTML, like Gecko) Chrome/150.0.7871.186 Mobile Safari/537.36 (compatible; Googlebot/2.1; +http://www.google.com/bot.html)"
66.249.75.168 - - [14/Aug/2026:06:56:36 +0000] "GET /detail/806ea9896001 HTTP/1.1" 404 3672 "-" "Mozilla/5.0 (Linux; Android 6.0.1; Nexus 5X Build/MMB29P) AppleWebKit/537.36 (KHTML, like Gecko) Chrome/150.0.7871.186 Mobile Safari/537.36 (compatible; Googlebot/2.1; +http://www.google.com/bot.html)"
185.191.171.14 - - [14/Aug/2026:06:56:38 +0000] "GET /gl/gl/gl/gl/gl/gl/gl/gl/gl/gl/gl/gl/gl/gl/gl/gl/gl/gl/gl/gl/gl/gl/gl/gl/gl/gl/gl/gl/gl/gl/gl/gl/gl/gl/gl/gl/gl/gl/gl/gl/gl/gl/gl/gl/gl/gl/gl/gl/gl/gl/gl/gl/gl/gl/gl/gl/gl/gl/gl/gl/gl/gl/gl/gl/gl/gl/gl/gl/gl/gl/gl/gl/gl/gl/gl/gl/gl/gl/gl/gl/gl/gl/gl/gl/gl/gl/gl/gl/gl/gl/gl/gl/gl/gl/gl/gl/gl/gl/gl/gl/gl/gl/gl/gl/gl/gl/gl/gl/gl/gl/gl/gl/gl/gl/gl/gl/gl/gl/tags/represi%C3%B3n-franquista HTTP/1.1" 404 3636 "-" "Mozilla/5.0 (compatible; SemrushBot/7~bl; +http://www.semrush.com/bot.html)"
41.66.36.17 - - [14/Aug/2026:06:56:39 +0000] "GET /detail/e2a8305155368 HTTP/1.1" 404 3692 "-" "Mozilla/5.0 (Windows NT 10.0; Win64; x64) AppleWebKit/537.36 (KHTML, like Gecko) Chrome/137.0.0.0 Safari/537.36"
216.73.216.176 - - [14/Aug/2026:06:56:39 +0000] "GET /sites/all/modules/entity/ctools/relationships/?C=D&O=A HTTP/1.1" 200 721 "-" "Mozilla/5.0 AppleWebKit/537.36 (KHTML, like Gecko; compatible; ClaudeBot/1.0; +claudebot@anthropic.com)"
103.189.201.177 - - [14/Aug/2026:06:56:42 +0000] "POST /xmlrpc.php HTTP/1.1" 404 3673 "-" "Jetpack by WordPress.com (Jetpack 13.0; WordPress 6.3)"
66.249.75.168 - - [14/Aug/2026:06:56:43 +0000] "GET /detail/8e1cd32012087 HTTP/1.1" 404 3673 "-" "Mozilla/5.0 (Linux; Android 6.0.1; Nexus 5X Build/MMB29P) AppleWebKit/537.36 (KHTML, like Gecko) Chrome/150.0.7871.186 Mobile Safari/537.36 (compatible; Googlebot/2.1; +http://www.google.com/bot.html)"
216.73.216.176 - - [14/Aug/2026:06:56:44 +0000] "GET /sites/all/modules/drupaletexp_animation/js/?C=S&O=A HTTP/1.1" 200 827 "-" "Mozilla/5.0 AppleWebKit/537.36 (KHTML, like Gecko; compatible; ClaudeBot/1.0; +claudebot@anthropic.com)"
5.31.248.104 - - [14/Aug/2026:06:56:46 +0000] "POST /xmlrpc.php HTTP/1.1" 404 3673 "-" "Jetpack by WordPress.com"
185.191.171.15 - - [14/Aug/2026:06:56:48 +0000] "GET /en/en/en/en/en/en/en/en/en/en/en/en/en/en/en/en/en/en/en/en/en/en/en/en/en/en/en/en/en/en/en/en/en/en/en/en/en/en/en/en/en/en/en/en/en/en/en/en/en/en/en/en/en/en/en/en/en/en/en/en/en/en/en/en/en/en/en/en/en/en/en/en/en/en/en/en/en/en/en/en/en/en/en/en/en/en/en/en/en/en/en/en/en/en/en/en/en/en/en/en/en/en/en/en/en/en/en/en/en/en/en/en/en/en/en/en/en/en/en/en/en/en/en/en/en/en/en/en/en/en/en/en/en/en/en/en/en/en/en/en/en/en/en/en/en/en/en/en/en/en/en/node/1260 HTTP/1.1" 404 3636 "-" "Mozilla/5.0 (compatible; SemrushBot/7~bl; +http://www.semrush.com/bot.html)"
186.14.77.214 - - [14/Aug/2026:06:56:48 +0000] "GET /es/tags/verano-cultural HTTP/1.1" 404 3688 "-" "Mozilla/5.0 (Linux; Android 6.0; Nexus 5 Build/MRA58N) AppleWebKit/537.36 (KHTML, like Gecko) Chrome/65.0.3325.181 Mobile Safari/537.36"
66.249.75.168 - - [14/Aug/2026:06:56:49 +0000] "GET /detail/94e1933004800 HTTP/1.1" 404 3672 "-" "Mozilla/5.0 (Linux; Android 6.0.1; Nexus 5X Build/MMB29P) AppleWebKit/537.36 (KHTML, like Gecko) Chrome/150.0.7871.186 Mobile Safari/537.36 (compatible; Googlebot/2.1; +http://www.google.com/bot.html)"
216.73.216.176 - - [14/Aug/2026:06:56:49 +0000] "GET /sites/all/modules/ctools/drush/?C=M&O=A HTTP/1.1" 200 707 "-" "Mozilla/5.0 AppleWebKit/537.36 (KHTML, like Gecko; compatible; ClaudeBot/1.0; +claudebot@anthropic.com)"
85.208.96.206 - - [14/Aug/2026:06:56:51 +0000] "GET /es/es/es/es/es/es/es/es/es/es/es/es/es/es/es/es/es/es/es/es/es/es/es/es/es/es/es/es/es/es/es/es/es/es/es/es/es/es/es/es/es/es/es/es/es/es/es/es/es/es/es/es/es/es/es/es/es/es/es/es/es/es/es/es/es/es/es/es/es/es/es/es/es/es/es/es/es/es/es/es/es/es/es/es/es/es/es/es/es/es/es/es/es/es/es/es/es/es/es/es/es/es/es/es/es/es/es/es/es/es/es/es/es/es/es/es/es/es/es/es/es/es/es/es/es/es/es/es/es/es/es/es/es/es/es/es/es/es/tags/termalismo HTTP/1.1" 404 3636 "-" "Mozilla/5.0 (compatible; SemrushBot/7~bl; +http://www.semrush.com/bot.html)"
103.189.201.177 - - [14/Aug/2026:06:56:53 +0000] "POST /xmlrpc.php HTTP/1.1" 404 3674 "-" "Jetpack by WordPress.com"
90.66.55.14 - - [14/Aug/2026:06:56:54 +0000] "GET /detail/68bc032832971 HTTP/1.1" 404 3689 "-" "Mozilla/5.0 (Windows NT 10.0; Win64; x64) AppleWebKit/537.36 (KHTML, like Gecko) Chrome/149.0.0.0 Safari/537.36"
185.191.171.14 - - [14/Aug/2026:06:56:54 +0000] "GET /en/en/en/en/en/en/en/en/en/en/en/en/en/en/en/en/en/en/en/en/en/en/en/en/en/en/en/en/en/en/en/en/en/en/en/en/en/en/en/en/en/en/en/en/en/en/en/en/en/en/en/en/en/en/en/en/en/en/en/en/en/en/en/en/en/en/en/en/en/en/en/en/en/en/en/en/en/en/en/en/en/en/en/en/en/en/en/en/en/en/en/en/en/en/en/en/en/en/en/en/en/en/en/en/en/en/en/en/en/en/en/en/en/en/en/en/en/en/en/en/en/en/en/en/en/en/en/en/en/en/en/en/en/en/en/en/en/en/en/en/en/en/en/en/en/en/en/en/en/en/en/en/node/301 HTTP/1.1" 404 3636 "-" "Mozilla/5.0 (compatible; SemrushBot/7~bl; +http://www.semrush.com/bot.html)"
216.73.216.176 - - [14/Aug/2026:06:56:54 +0000] "GET /sites/all/modules/masquerade/?C=D&O=D HTTP/1.1" 200 799 "-" "Mozilla/5.0 AppleWebKit/537.36 (KHTML, like Gecko; compatible; ClaudeBot/1.0; +claudebot@anthropic.com)"
66.249.78.72 - - [14/Aug/2026:06:56:54 +0000] "GET /detail/2027a72966000 HTTP/1.1" 404 3673 "-" "Mozilla/5.0 (Linux; Android 6.0.1; Nexus 5X Build/MMB29P) AppleWebKit/537.36 (KHTML, like Gecko) Chrome/150.0.7871.186 Mobile Safari/537.36 (compatible; Googlebot/2.1; +http://www.google.com/bot.html)"
66.249.75.168 - - [14/Aug/2026:06:56:55 +0000] "GET /detail/391829633331 HTTP/1.1" 404 3672 "-" "Mozilla/5.0 (Linux; Android 6.0.1; Nexus 5X Build/MMB29P) AppleWebKit/537.36 (KHTML, like Gecko) Chrome/150.0.7871.186 Mobile Safari/537.36 (compatible; Googlebot/2.1; +http://www.google.com/bot.html)"
5.31.248.104 - - [14/Aug/2026:06:56:56 +0000] "POST /xmlrpc.php HTTP/1.1" 404 3674 "-" "Jetpack/13.0; WordPress/6.4; http://site79120295.com"
216.73.216.176 - - [14/Aug/2026:06:56:59 +0000] "GET /sites/all/modules/md_slider/images/play.png HTTP/1.1" 200 1700 "-" "Mozilla/5.0 AppleWebKit/537.36 (KHTML, like Gecko; compatible; ClaudeBot/1.0; +claudebot@anthropic.com)"
66.249.75.168 - - [14/Aug/2026:06:57:01 +0000] "GET /detail/362f7c1649839 HTTP/1.1" 404 3674 "-" "Mozilla/5.0 (Linux; Android 6.0.1; Nexus 5X Build/MMB29P) AppleWebKit/537.36 (KHTML, like Gecko) Chrome/150.0.7871.186 Mobile Safari/537.36 (compatible; Googlebot/2.1; +http://www.google.com/bot.html)"
216.73.216.176 - - [14/Aug/2026:06:57:04 +0000] "GET /sites/all/modules/video_embed_field/?C=S&O=D HTTP/1.1" 200 1003 "-" "Mozilla/5.0 AppleWebKit/537.36 (KHTML, like Gecko; compatible; ClaudeBot/1.0; +claudebot@anthropic.com)"
103.189.201.177 - - [14/Aug/2026:06:57:04 +0000] "POST /xmlrpc.php HTTP/1.1" 404 3674 "-" "Jetpack by WordPress.com (Jetpack 13.0; WordPress 6.2)"
185.191.171.14 - - [14/Aug/2026:06:57:04 +0000] "GET /en/en/en/en/en/en/en/en/en/en/en/en/en/en/en/en/en/en/en/en/en/en/en/en/en/en/en/en/en/en/en/en/en/en/en/en/en/en/en/en/en/en/en/en/en/en/en/en/en/en/en/en/en/en/en/en/en/en/en/en/en/en/en/en/en/en/en/en/en/en/en/en/en/en/en/en/en/en/en/en/en/en/en/en/en/en/en/en/en/en/en/en/en/en/en/en/en/en/en/en/en/en/en/en/en/en/en/en/en/en/en/en/en/en/en/en/en/en/en/en/en/en/en/en/en/en/en/en/en/en/tags/rapazada HTTP/1.1" 404 3637 "-" "Mozilla/5.0 (compatible; SemrushBot/7~bl; +http://www.semrush.com/bot.html)"
114.119.130.168 - - [14/Aug/2026:06:57:05 +0000] "GET /gl/nova/abre-o-prazo-de-matr%C3%ADcula-para-actividades-deportivas-do-curso-2025-26 HTTP/1.1" 404 3426 "http://www.concellodapobradobrollon.gal/es/node/2052" "Mozilla/5.0 (Linux; Android 7.0;) AppleWebKit/537.36 (HTML, like Gecko) Mobile Safari/537.36 (compatible; PetalBot;+https://webmaster.petalsearch.com/site/petalbot)"
185.191.171.19 - - [14/Aug/2026:06:57:06 +0000] "GET /es/es/es/es/es/es/es/es/es/es/es/es/es/es/es/es/es/es/es/es/es/es/es/es/es/es/es/es/es/es/es/es/es/es/es/es/es/es/es/es/es/es/es/es/es/es/es/es/es/es/es/es/es/es/es/es/es/es/es/es/es/es/es/es/es/es/es/es/es/es/es/es/es/es/es/es/es/es/es/es/es/es/es/es/es/es/es/es/es/es/es/es/es/es/es/es/es/es/es/es/es/es/es/es/es/es/es/es/es/es/es/es/es/es/es/es/es/es/es/es/es/es/es/es/es/es/es/es/es/es/es/es/es/es/es/es/es/es/es/es/es/es/es/es/es/es/es/es/es/es/es/es/es/es/es/es/tags/limpieza HTTP/1.1" 404 3635 "-" "Mozilla/5.0 (compatible; SemrushBot/7~bl; +http://www.semrush.com/bot.html)"
5.31.248.104 - - [14/Aug/2026:06:57:07 +0000] "POST /xmlrpc.php HTTP/1.1" 404 3673 "-" "Jetpack/13.0; WordPress/6.1; http://site35617761.com"
66.249.75.169 - - [14/Aug/2026:06:57:07 +0000] "GET /detail/44b1601683973 HTTP/1.1" 404 3674 "-" "Mozilla/5.0 (Linux; Android 6.0.1; Nexus 5X Build/MMB29P) AppleWebKit/537.36 (KHTML, like Gecko) Chrome/150.0.7871.186 Mobile Safari/537.36 (compatible; Googlebot/2.1; +http://www.google.com/bot.html)"
47.128.41.57 - - [14/Aug/2026:06:57:08 +0000] "GET /en HTTP/1.1" 301 619 "-" "Mozilla/5.0 (Linux; Android 5.0) AppleWebKit/537.36 (KHTML, like Gecko) Mobile Safari/537.36 (compatible; Bytespider; https://bytedance.sg.larkoffice.com/docx/K5bxdypulop3IIxrJb0lOjLVgFe)"
66.249.75.168 - - [14/Aug/2026:06:57:08 +0000] "GET /detail/d93e662659528 HTTP/1.1" 404 3672 "-" "Mozilla/5.0 (Linux; Android 6.0.1; Nexus 5X Build/MMB29P) AppleWebKit/537.36 (KHTML, like Gecko) Chrome/150.0.7871.186 Mobile Safari/537.36 (compatible; Googlebot/2.1; +http://www.google.com/bot.html)"
47.128.41.57 - - [14/Aug/2026:06:57:08 +0000] "GET /en HTTP/1.1" 404 507 "-" "Mozilla/5.0 (Linux; Android 5.0) AppleWebKit/537.36 (KHTML, like Gecko) Mobile Safari/537.36 (compatible; Bytespider; https://bytedance.sg.larkoffice.com/docx/K5bxdypulop3IIxrJb0lOjLVgFe)"
216.73.216.176 - - [14/Aug/2026:06:57:09 +0000] "GET /sites/all/modules/views/tests/?C=S&O=A HTTP/1.1" 200 1233 "-" "Mozilla/5.0 AppleWebKit/537.36 (KHTML, like Gecko; compatible; ClaudeBot/1.0; +claudebot@anthropic.com)"
17.241.75.8 - - [14/Aug/2026:06:57:10 +0000] "GET /es/categories/xeral?page=128%2C1714018364 HTTP/1.1" 404 451 "-" "Mozilla/5.0 (Macintosh; Intel Mac OS X 10_15_7) AppleWebKit/605.1.15 (KHTML, like Gecko) Version/17.4 Safari/605.1.15 (Applebot/0.1; +http://www.apple.com/go/applebot)"
66.249.78.72 - - [14/Aug/2026:06:57:13 +0000] "GET /detail/8996c25143014 HTTP/1.1" 404 3672 "-" "Mozilla/5.0 (Linux; Android 6.0.1; Nexus 5X Build/MMB29P) AppleWebKit/537.36 (KHTML, like Gecko) Chrome/150.0.7871.186 Mobile Safari/537.36 (compatible; Googlebot/2.1; +http://www.google.com/bot.html)"
185.191.171.12 - - [14/Aug/2026:06:57:13 +0000] "GET /es/es/es/es/es/es/es/es/es/es/es/es/es/es/es/es/es/es/es/es/es/es/es/es/es/es/es/es/es/es/es/es/es/es/es/es/es/es/es/es/es/es/es/es/es/es/es/es/es/es/es/es/es/es/es/es/es/es/es/es/es/es/es/es/es/es/es/es/es/es/es/es/es/es/es/es/es/es/es/es/es/es/es/es/es/es/es/es/es/es/es/es/es/es/es/es/es/es/es/es/es/es/es/es/es/es/es/es/es/es/es/es/es/es/es/es/es/es/es/es/es/es/es/es/es/es/es/es/es/es/es/es/es/es/es/es/es/es/es/es/es/es/es/es/es/es/es/es/es/es/es/es/es/es/tags/quiosco HTTP/1.1" 404 3636 "-" "Mozilla/5.0 (compatible; SemrushBot/7~bl; +http://www.semrush.com/bot.html)"
216.73.216.176 - - [14/Aug/2026:06:57:15 +0000] "GET /sites/all/modules/xmlsitemap/xmlsitemap_modal/?C=S&O=D HTTP/1.1" 200 3880 "-" "Mozilla/5.0 AppleWebKit/537.36 (KHTML, like Gecko; compatible; ClaudeBot/1.0; +claudebot@anthropic.com)"
5.31.248.104 - - [14/Aug/2026:06:57:17 +0000] "POST /xmlrpc.php HTTP/1.1" 404 3674 "-" "Jetpack by WordPress.com"
66.249.75.168 - - [14/Aug/2026:06:57:18 +0000] "GET /detail/9286481647825 HTTP/1.1" 404 3672 "-" "Mozilla/5.0 (Linux; Android 6.0.1; Nexus 5X Build/MMB29P) AppleWebKit/537.36 (KHTML, like Gecko) Chrome/150.0.7871.186 Mobile Safari/537.36 (compatible; Googlebot/2.1; +http://www.google.com/bot.html)"
66.249.75.168 - - [14/Aug/2026:06:57:19 +0000] "GET /detail/d9b238710425 HTTP/1.1" 404 536 "-" "Mozilla/5.0 (Linux; Android 6.0.1; Nexus 5X Build/MMB29P) AppleWebKit/537.36 (KHTML, like Gecko) Chrome/150.0.7871.186 Mobile Safari/537.36 (compatible; Googlebot/2.1; +http://www.google.com/bot.html)"
216.73.216.176 - - [14/Aug/2026:06:57:19 +0000] "GET /sites/all/modules/media/includes/?C=D&O=A HTTP/1.1" 200 870 "-" "Mozilla/5.0 AppleWebKit/537.36 (KHTML, like Gecko; compatible; ClaudeBot/1.0; +claudebot@anthropic.com)"
216.73.216.176 - - [14/Aug/2026:06:57:24 +0000] "GET /sites/all/modules/hacked/includes/?C=S&O=A HTTP/1.1" 200 844 "-" "Mozilla/5.0 AppleWebKit/537.36 (KHTML, like Gecko; compatible; ClaudeBot/1.0; +claudebot@anthropic.com)"
103.189.201.177 - - [14/Aug/2026:06:57:24 +0000] "POST /xmlrpc.php HTTP/1.1" 404 3673 "-" "Jetpack by WordPress.com (Jetpack 12.5; WordPress 6.2)"
66.249.78.72 - - [14/Aug/2026:06:57:25 +0000] "GET /detail/3d37101696534 HTTP/1.1" 404 3673 "-" "Mozilla/5.0 (Linux; Android 6.0.1; Nexus 5X Build/MMB29P) AppleWebKit/537.36 (KHTML, like Gecko) Chrome/150.0.7871.186 Mobile Safari/537.36 (compatible; Googlebot/2.1; +http://www.google.com/bot.html)"
66.249.75.168 - - [14/Aug/2026:06:57:27 +0000] "GET /detail/734951253554 HTTP/1.1" 404 3673 "-" "Mozilla/5.0 (Linux; Android 6.0.1; Nexus 5X Build/MMB29P) AppleWebKit/537.36 (KHTML, like Gecko) Chrome/150.0.7871.186 Mobile Safari/537.36 (compatible; Googlebot/2.1; +http://www.google.com/bot.html)"
5.31.248.104 - - [14/Aug/2026:06:57:28 +0000] "POST /xmlrpc.php HTTP/1.1" 404 3673 "-" "Jetpack/13.0; WordPress/6.2; http://site71235453.com"
216.73.216.176 - - [14/Aug/2026:06:57:29 +0000] "GET /sites/all/modules/webform/templates/?C=M&O=A HTTP/1.1" 200 895 "-" "Mozilla/5.0 AppleWebKit/537.36 (KHTML, like Gecko; compatible; ClaudeBot/1.0; +claudebot@anthropic.com)"
85.208.96.196 - - [14/Aug/2026:06:57:30 +0000] "GET /es/es/es/es/es/es/es/es/es/es/es/es/es/es/es/es/es/es/es/es/es/es/es/es/es/es/es/es/es/es/es/es/es/es/es/es/es/es/es/es/es/es/es/es/es/es/es/es/es/es/es/es/es/es/es/es/es/es/es/es/es/es/es/es/es/es/es/es/es/es/es/es/es/es/es/es/es/es/es/es/es/es/es/es/es/es/es/es/es/es/es/es/es/es/es/es/es/es/es/es/nova/viajes-la-playa-este-verano HTTP/1.1" 404 3636 "-" "Mozilla/5.0 (compatible; SemrushBot/7~bl; +http://www.semrush.com/bot.html)"
66.249.75.168 - - [14/Aug/2026:06:57:31 +0000] "GET /detail/6ca3c0742879 HTTP/1.1" 404 3672 "-" "Mozilla/5.0 (Linux; Android 6.0.1; Nexus 5X Build/MMB29P) AppleWebKit/537.36 (KHTML, like Gecko) Chrome/150.0.7871.186 Mobile Safari/537.36 (compatible; Googlebot/2.1; +http://www.google.com/bot.html)"
201.132.91.7 - - [14/Aug/2026:06:57:32 +0000] "GET /detail/1305574616565 HTTP/1.1" 404 3693 "-" "Mozilla/5.0 (Windows NT 10.0; Win64; x64) AppleWebKit/537.36 (KHTML, like Gecko) Chrome/144.0.0.0 Safari/537.36"
182.186.34.141 - - [14/Aug/2026:06:57:34 +0000] "GET /detail/d00cd13565364 HTTP/1.1" 404 3688 "-" "Mozilla/5.0 (Windows NT 10.0; Win64; x64) AppleWebKit/537.36 (KHTML, like Gecko) Chrome/149.0.0.0 Safari/537.36"
216.73.216.176 - - [14/Aug/2026:06:57:34 +0000] "GET /sites/all/modules/commerce/addressfield/?C=N&O=D HTTP/1.1" 200 1018 "-" "Mozilla/5.0 AppleWebKit/537.36 (KHTML, like Gecko; compatible; ClaudeBot/1.0; +claudebot@anthropic.com)"
103.189.201.177 - - [14/Aug/2026:06:57:35 +0000] "POST /xmlrpc.php HTTP/1.1" 404 3673 "-" "WordPress.com; https://wordpress.com"
66.249.75.168 - - [14/Aug/2026:06:57:37 +0000] "GET /detail/9a9765120984 HTTP/1.1" 404 3672 "-" "Mozilla/5.0 (Linux; Android 6.0.1; Nexus 5X Build/MMB29P) AppleWebKit/537.36 (KHTML, like Gecko) Chrome/150.0.7871.186 Mobile Safari/537.36 (compatible; Googlebot/2.1; +http://www.google.com/bot.html)"
5.31.248.104 - - [14/Aug/2026:06:57:38 +0000] "POST /xmlrpc.php HTTP/1.1" 404 3673 "-" "Jetpack by WordPress.com (Jetpack 13.0; WordPress 6.1)"
