85.208.96.201 - - [14/Aug/2026:07:01:18 +0000] "GET /gl/gl/gl/gl/gl/gl/gl/gl/gl/gl/gl/gl/gl/gl/gl/gl/gl/gl/gl/gl/gl/gl/gl/gl/gl/gl/gl/gl/gl/gl/gl/gl/gl/gl/gl/gl/gl/gl/gl/gl/gl/gl/gl/gl/gl/gl/gl/gl/gl/gl/gl/gl/gl/gl/gl/gl/gl/gl/gl/gl/gl/gl/gl/gl/gl/gl/gl/gl/gl/gl/gl/gl/gl/gl/gl/gl/gl/gl/gl/gl/gl/gl/gl/gl/gl/gl/gl/gl/gl/gl/gl/gl/gl/gl/gl/gl/gl/gl/gl/gl/gl/gl/gl/gl/gl/gl/gl/gl/gl/gl/gl/gl/gl/gl/gl/gl/gl/gl/gl/gl/gl/gl/gl/gl/gl/gl/gl/gl/gl/gl/gl/gl/gl/gl/gl/gl/gl/gl/gl/gl/gl/gl/gl/gl/gl/gl/gl/gl/gl/gl/gl/gl/gl/gl/gl/ponte-de-barxa-do-lor-0 HTTP/1.1" 404 3636 "-" "Mozilla/5.0 (compatible; SemrushBot/7~bl; +http://www.semrush.com/bot.html)"
5.31.248.104 - - [14/Aug/2026:07:01:19 +0000] "POST /xmlrpc.php HTTP/1.1" 404 3673 "-" "WordPress.com; https://wordpress.com"
216.73.216.176 - - [14/Aug/2026:07:01:21 +0000] "GET /sites/all/themes/hawell/tpl/views-view---hawell-block-home-page-section--block-services-style1.tpl.php HTTP/1.1" 500 3365 "-" "Mozilla/5.0 AppleWebKit/537.36 (KHTML, like Gecko; compatible; ClaudeBot/1.0; +claudebot@anthropic.com)"
185.191.171.14 - - [14/Aug/2026:07:01:22 +0000] "GET /es/es/es/es/es/es/es/es/es/es/es/es/es/es/es/es/es/es/es/es/es/es/es/es/es/es/es/es/es/es/es/es/es/es/es/es/es/es/es/es/es/es/es/es/es/es/es/es/es/es/es/es/es/es/es/es/es/es/es/es/es/es/es/es/es/es/es/es/es/es/es/es/es/es/es/es/es/es/es/es/es/es/es/es/es/es/es/es/es/es/es/es/es/es/es/es/es/es/es/es/es/es/es/es/es/es/es/es/es/es/es/es/es/es/es/es/es/es/es/es/es/es/es/es/es/es/es/es/es/es/es/es/es/es/es/es/es/es/es/es/es/es/es/es/es/es/es/es/es/es/es/es/es/es/es/es/es/es/tags/j%C3%B3venes HTTP/1.1" 404 3636 "-" "Mozilla/5.0 (compatible; SemrushBot/7~bl; +http://www.semrush.com/bot.html)"
161.153.125.246 - - [14/Aug/2026:07:01:23 +0000] "GET /gl/nova/escapada-%C3%A1-guimaralia-en-colaboraci%C3%B3n-co-albergue-da-pobra-do-broll%C3%B3n HTTP/1.1" 404 451 "-" "Scrapy/2.17.0 (+https://scrapy.org)"
66.249.78.72 - - [14/Aug/2026:07:01:24 +0000] "GET /detail/12e6e01588863 HTTP/1.1" 404 3673 "-" "Mozilla/5.0 (Linux; Android 6.0.1; Nexus 5X Build/MMB29P) AppleWebKit/537.36 (KHTML, like Gecko) Chrome/150.0.7871.186 Mobile Safari/537.36 (compatible; Googlebot/2.1; +http://www.google.com/bot.html)"
216.73.216.176 - - [14/Aug/2026:07:01:26 +0000] "GET /sites/all/themes/hawell/fonts/ElegantIcons.svg HTTP/1.1" 200 280069 "-" "Mozilla/5.0 AppleWebKit/537.36 (KHTML, like Gecko; compatible; ClaudeBot/1.0; +claudebot@anthropic.com)"
191.19.166.226 - - [14/Aug/2026:07:01:29 +0000] "GET /detail/c339e71282066 HTTP/1.1" 404 3691 "-" "Mozilla/5.0 (Windows NT 10.0; Win64; x64) AppleWebKit/537.36 (KHTML, like Gecko) Chrome/138.0.0.0 Safari/537.36"
5.31.248.104 - - [14/Aug/2026:07:01:29 +0000] "POST /xmlrpc.php HTTP/1.1" 404 3674 "-" "Jetpack by WordPress.com"
66.249.78.72 - - [14/Aug/2026:07:01:30 +0000] "GET /detail/4739bf4624644 HTTP/1.1" 404 3674 "-" "Mozilla/5.0 (Linux; Android 6.0.1; Nexus 5X Build/MMB29P) AppleWebKit/537.36 (KHTML, like Gecko) Chrome/150.0.7871.186 Mobile Safari/537.36 (compatible; Googlebot/2.1; +http://www.google.com/bot.html)"
138.219.118.143 - - [14/Aug/2026:07:01:30 +0000] "GET /detail/26b8341849554 HTTP/1.1" 404 3476 "-" "Mozilla/5.0 (Macintosh; Intel Mac OS X 10_14_6) AppleWebKit/537.36 (KHTML, like Gecko) Chrome/88.0.4324.96 Safari/537.36"
216.73.216.176 - - [14/Aug/2026:07:01:31 +0000] "GET /sites/all/themes/hawell/images/quote2.png HTTP/1.1" 200 543 "-" "Mozilla/5.0 AppleWebKit/537.36 (KHTML, like Gecko; compatible; ClaudeBot/1.0; +claudebot@anthropic.com)"
103.189.201.177 - - [14/Aug/2026:07:01:32 +0000] "POST /xmlrpc.php HTTP/1.1" 404 3673 "-" "Jetpack by WordPress.com"
66.249.75.168 - - [14/Aug/2026:07:01:33 +0000] "GET /detail/45ddb02038248 HTTP/1.1" 404 3673 "-" "Mozilla/5.0 (Linux; Android 6.0.1; Nexus 5X Build/MMB29P) AppleWebKit/537.36 (KHTML, like Gecko) Chrome/150.0.7871.186 Mobile Safari/537.36 (compatible; Googlebot/2.1; +http://www.google.com/bot.html)"
185.191.171.13 - - [14/Aug/2026:07:01:33 +0000] "GET /en/en/en/en/en/en/en/en/en/en/en/en/en/en/en/en/en/en/en/en/en/en/en/en/en/en/en/en/en/en/en/en/en/en/en/en/en/en/en/en/en/en/en/en/en/en/en/en/en/en/en/en/en/en/en/en/en/en/en/en/en/en/en/en/en/en/en/en/en/en/en/en/en/en/en/en/en/en/en/en/en/en/en/en/en/en/en/en/en/en/en/en/en/en/en/en/en/en/en/en/en/en/en/en/en/en/en/en/en/en/en/en/en/en/en/en/en/en/en/node/1374 HTTP/1.1" 404 3637 "-" "Mozilla/5.0 (compatible; SemrushBot/7~bl; +http://www.semrush.com/bot.html)"
66.249.75.168 - - [14/Aug/2026:07:01:36 +0000] "GET /detail/3b0e791877222 HTTP/1.1" 404 536 "-" "Mozilla/5.0 (Linux; Android 6.0.1; Nexus 5X Build/MMB29P) AppleWebKit/537.36 (KHTML, like Gecko) Chrome/150.0.7871.186 Mobile Safari/537.36 (compatible; Googlebot/2.1; +http://www.google.com/bot.html)"
216.73.216.176 - - [14/Aug/2026:07:01:36 +0000] "GET /sites/all/themes/hawell/fonts/linea-icons.svg HTTP/1.1" 200 97339 "-" "Mozilla/5.0 AppleWebKit/537.36 (KHTML, like Gecko; compatible; ClaudeBot/1.0; +claudebot@anthropic.com)"
142.250.32.66 - - [14/Aug/2026:07:01:37 +0000] "GET /.well-known/traffic-advice HTTP/1.1" 404 3673 "-" "Chrome Privacy Preserving Prefetch Proxy"
193.186.4.122 - - [14/Aug/2026:07:01:37 +0000] "GET /gl HTTP/1.1" 404 3688 "https://www.google.com/" "Mozilla/5.0 (Windows NT 10.0; Win64; x64) AppleWebKit/537.36 (KHTML, like Gecko) Chrome/151.0.0.0 Safari/537.36"
5.31.248.104 - - [14/Aug/2026:07:01:40 +0000] "POST /xmlrpc.php HTTP/1.1" 404 3674 "-" "Jetpack by WordPress.com (Jetpack 12.1; WordPress 6.4)"
103.189.201.177 - - [14/Aug/2026:07:01:40 +0000] "POST /xmlrpc.php HTTP/1.1" 404 3673 "-" "Jetpack/13.0; WordPress/6.1; http://site37774866.com"
216.73.216.176 - - [14/Aug/2026:07:01:41 +0000] "GET /sites/all/themes/hawell/css/owl-carousel/?C=N&O=D HTTP/1.1" 200 803 "-" "Mozilla/5.0 AppleWebKit/537.36 (KHTML, like Gecko; compatible; ClaudeBot/1.0; +claudebot@anthropic.com)"
66.249.78.72 - - [14/Aug/2026:07:01:42 +0000] "GET /detail/2cc6391899450 HTTP/1.1" 404 3673 "-" "Mozilla/5.0 (Linux; Android 6.0.1; Nexus 5X Build/MMB29P) AppleWebKit/537.36 (KHTML, like Gecko) Chrome/150.0.7871.186 Mobile Safari/537.36 (compatible; Googlebot/2.1; +http://www.google.com/bot.html)"
216.73.216.176 - - [14/Aug/2026:07:01:46 +0000] "GET /sites/all/themes/hawell/css/owl-carousel/?C=S&O=A HTTP/1.1" 200 801 "-" "Mozilla/5.0 AppleWebKit/537.36 (KHTML, like Gecko; compatible; ClaudeBot/1.0; +claudebot@anthropic.com)"
66.249.78.72 - - [14/Aug/2026:07:01:46 +0000] "GET /detail/852222217324 HTTP/1.1" 404 3672 "-" "Mozilla/5.0 (Linux; Android 6.0.1; Nexus 5X Build/MMB29P) AppleWebKit/537.36 (KHTML, like Gecko) Chrome/150.0.7871.186 Mobile Safari/537.36 (compatible; Googlebot/2.1; +http://www.google.com/bot.html)"
85.208.96.197 - - [14/Aug/2026:07:01:47 +0000] "GET /gl/gl/gl/gl/gl/gl/gl/gl/gl/gl/gl/gl/gl/gl/gl/gl/gl/gl/gl/gl/gl/gl/gl/gl/gl/gl/gl/gl/gl/gl/gl/gl/gl/gl/gl/gl/gl/gl/gl/gl/gl/gl/gl/gl/gl/gl/gl/gl/gl/gl/gl/gl/gl/gl/gl/gl/gl/gl/gl/gl/gl/gl/gl/gl/gl/gl/gl/gl/gl/gl/gl/gl/gl/gl/gl/gl/gl/gl/gl/gl/gl/gl/gl/gl/gl/gl/gl/gl/gl/gl/gl/gl/gl/gl/gl/gl/gl/gl/gl/gl/gl/gl/gl/gl/gl/gl/gl/gl/gl/gl/gl/gl/gl/gl/gl/gl/gl/gl/gl/gl/gl/gl/gl/gl/gl/gl/gl/gl/gl/gl/gl/gl/gl/gl/gl/gl/gl/gl/gl/gl/gl/gl/gl/gl/gl/gl/gl/gl/gl/gl/gl/gl/gl/gl/gl/gl/gl/tags/deportes HTTP/1.1" 404 3635 "-" "Mozilla/5.0 (compatible; SemrushBot/7~bl; +http://www.semrush.com/bot.html)"
66.249.75.168 - - [14/Aug/2026:07:01:48 +0000] "GET /detail/c8ef193116987 HTTP/1.1" 404 3673 "-" "Mozilla/5.0 (Linux; Android 6.0.1; Nexus 5X Build/MMB29P) AppleWebKit/537.36 (KHTML, like Gecko) Chrome/150.0.7871.186 Mobile Safari/537.36 (compatible; Googlebot/2.1; +http://www.google.com/bot.html)"
5.31.248.104 - - [14/Aug/2026:07:01:50 +0000] "POST /xmlrpc.php HTTP/1.1" 404 3672 "-" "Jetpack/12.5; WordPress/6.1; http://site48457026.com"
185.191.171.7 - - [14/Aug/2026:07:01:50 +0000] "GET /en/en/en/en/en/en/en/en/en/en/en/en/en/en/en/en/en/en/en/en/en/en/en/en/en/en/en/en/en/en/en/en/en/en/en/en/en/en/en/en/en/en/en/en/en/en/en/en/en/en/en/en/en/en/en/en/en/en/en/en/en/en/en/en/en/en/en/en/en/en/en/en/en/en/en/en/en/en/en/en/en/en/en/en/en/en/en/en/en/en/en/en/en/en/en/en/en/en/en/en/en/en/en/en/en/en/en/en/en/en/en/en/en/en/en/en/node/1277 HTTP/1.1" 404 3636 "-" "Mozilla/5.0 (compatible; SemrushBot/7~bl; +http://www.semrush.com/bot.html)"
103.189.201.177 - - [14/Aug/2026:07:01:51 +0000] "POST /xmlrpc.php HTTP/1.1" 404 3673 "-" "Jetpack by WordPress.com (Jetpack 12.1; WordPress 6.2)"
216.73.216.176 - - [14/Aug/2026:07:01:51 +0000] "GET /sites/all/themes/hawell/images/ts-author.png HTTP/1.1" 200 23036 "-" "Mozilla/5.0 AppleWebKit/537.36 (KHTML, like Gecko; compatible; ClaudeBot/1.0; +claudebot@anthropic.com)"
85.208.96.210 - - [14/Aug/2026:07:01:53 +0000] "GET /gl/gl/gl/gl/gl/gl/gl/gl/gl/gl/gl/gl/gl/gl/gl/gl/gl/gl/gl/gl/gl/gl/gl/gl/gl/gl/gl/gl/gl/gl/gl/gl/gl/gl/gl/gl/gl/gl/gl/gl/gl/gl/gl/gl/gl/gl/gl/gl/gl/gl/gl/gl/gl/gl/gl/gl/gl/gl/gl/gl/gl/gl/gl/gl/gl/gl/gl/gl/gl/gl/gl/gl/gl/gl/gl/gl/gl/gl/gl/gl/gl/gl/gl/gl/gl/gl/gl/gl/gl/gl/gl/gl/gl/gl/gl/gl/gl/gl/gl/gl/gl/gl/gl/gl/gl/gl/gl/gl/gl/gl/gl/gl/gl/gl/gl/gl/gl/gl/gl/gl/gl/gl/gl/gl/gl/gl/gl/gl/gl/gl/gl/gl/gl/gl/gl/gl/gl/gl/gl/gl/gl/gl/gl/gl/gl/gl/gl/gl/gl/gl/gl/gl/gl/gl/gl/gl/gl/gl/gl/gl/tags/estradas HTTP/1.1" 404 3636 "-" "Mozilla/5.0 (compatible; SemrushBot/7~bl; +http://www.semrush.com/bot.html)"
66.249.75.168 - - [14/Aug/2026:07:01:54 +0000] "GET /detail/5978f34956899 HTTP/1.1" 404 3673 "-" "Mozilla/5.0 (Linux; Android 6.0.1; Nexus 5X Build/MMB29P) AppleWebKit/537.36 (KHTML, like Gecko) Chrome/150.0.7871.186 Mobile Safari/537.36 (compatible; Googlebot/2.1; +http://www.google.com/bot.html)"
216.73.216.176 - - [14/Aug/2026:07:01:56 +0000] "GET /sites/all/themes/hawell/css/owl-carousel/?C=D&O=A HTTP/1.1" 200 805 "-" "Mozilla/5.0 AppleWebKit/537.36 (KHTML, like Gecko; compatible; ClaudeBot/1.0; +claudebot@anthropic.com)"
85.208.96.201 - - [14/Aug/2026:07:01:58 +0000] "GET /gl/gl/gl/gl/gl/gl/gl/gl/gl/gl/gl/gl/gl/gl/gl/gl/gl/gl/gl/gl/gl/gl/gl/gl/gl/gl/gl/gl/gl/gl/gl/gl/gl/gl/gl/gl/gl/gl/gl/gl/gl/gl/gl/gl/gl/gl/gl/gl/gl/gl/gl/gl/gl/gl/gl/gl/gl/gl/gl/gl/gl/gl/gl/gl/gl/gl/gl/gl/gl/gl/gl/gl/gl/gl/gl/gl/gl/gl/gl/gl/gl/gl/gl/gl/gl/gl/gl/gl/gl/gl/gl/gl/gl/gl/gl/gl/gl/gl/gl/gl/gl/gl/gl/gl/gl/gl/gl/gl/gl/gl/gl/gl/gl/gl/gl/gl/gl/gl/gl/gl/gl/gl/gl/gl/gl/gl/gl/gl/gl/gl/gl/gl/gl/gl/gl/gl/gl/gl/gl/gl/gl/gl/gl/gl/gl/gl/gl/gl/gl/gl/gl/gl/gl/gl/gl/nova/xa-se-poden-recoller-os-vales-para-compra-de-material-escolar HTTP/1.1" 404 3637 "-" "Mozilla/5.0 (compatible; SemrushBot/7~bl; +http://www.semrush.com/bot.html)"
66.249.75.170 - - [14/Aug/2026:07:02:01 +0000] "GET /detail/51a9b12135411 HTTP/1.1" 404 3673 "-" "Mozilla/5.0 (Linux; Android 6.0.1; Nexus 5X Build/MMB29P) AppleWebKit/537.36 (KHTML, like Gecko) Chrome/150.0.7871.186 Mobile Safari/537.36 (compatible; Googlebot/2.1; +http://www.google.com/bot.html)"
5.31.248.104 - - [14/Aug/2026:07:02:01 +0000] "POST /xmlrpc.php HTTP/1.1" 404 3672 "-" "Jetpack by WordPress.com"
216.73.216.176 - - [14/Aug/2026:07:02:01 +0000] "GET /sites/all/themes/hawell/js/?C=N&O=D HTTP/1.1" 200 1425 "-" "Mozilla/5.0 AppleWebKit/537.36 (KHTML, like Gecko; compatible; ClaudeBot/1.0; +claudebot@anthropic.com)"
103.189.201.177 - - [14/Aug/2026:07:02:01 +0000] "POST /xmlrpc.php HTTP/1.1" 404 3673 "-" "Jetpack/12.1; WordPress/6.3; http://site91109712.com"
216.73.216.176 - - [14/Aug/2026:07:02:06 +0000] "GET /sites/all/themes/hawell/js/?C=S&O=A HTTP/1.1" 200 1410 "-" "Mozilla/5.0 AppleWebKit/537.36 (KHTML, like Gecko; compatible; ClaudeBot/1.0; +claudebot@anthropic.com)"
179.60.52.142 - - [14/Aug/2026:07:02:08 +0000] "GET /detail/10f94b4808930 HTTP/1.1" 404 3637 "-" "Mozilla/5.0 (Macintosh; Intel Mac OS X 10_15_7) AppleWebKit/537.36 (KHTML, like Gecko) Chrome/120.0.0.0 Safari/537.36"
66.249.75.169 - - [14/Aug/2026:07:02:08 +0000] "GET /detail/d6f695667583 HTTP/1.1" 404 3673 "-" "Mozilla/5.0 (Linux; Android 6.0.1; Nexus 5X Build/MMB29P) AppleWebKit/537.36 (KHTML, like Gecko) Chrome/150.0.7871.186 Mobile Safari/537.36 (compatible; Googlebot/2.1; +http://www.google.com/bot.html)"
216.73.216.176 - - [14/Aug/2026:07:02:11 +0000] "GET /sites/all/themes/hawell/js/?C=D&O=A HTTP/1.1" 200 1415 "-" "Mozilla/5.0 AppleWebKit/537.36 (KHTML, like Gecko; compatible; ClaudeBot/1.0; +claudebot@anthropic.com)"
5.31.248.104 - - [14/Aug/2026:07:02:11 +0000] "POST /xmlrpc.php HTTP/1.1" 404 3673 "-" "WordPress.com; https://wordpress.com"
103.189.201.177 - - [14/Aug/2026:07:02:12 +0000] "POST /xmlrpc.php HTTP/1.1" 404 3674 "-" "Jetpack/12.1; WordPress/6.1; http://site16857568.com"
66.249.78.72 - - [14/Aug/2026:07:02:12 +0000] "GET /detail/9bd426378791 HTTP/1.1" 404 3673 "-" "Mozilla/5.0 (Linux; Android 6.0.1; Nexus 5X Build/MMB29P) AppleWebKit/537.36 (KHTML, like Gecko) Chrome/150.0.7871.186 Mobile Safari/537.36 (compatible; Googlebot/2.1; +http://www.google.com/bot.html)"
216.73.216.176 - - [14/Aug/2026:07:02:16 +0000] "GET /sites/all/themes/hawell/css/owl-carousel/?C=M&O=A HTTP/1.1" 200 808 "-" "Mozilla/5.0 AppleWebKit/537.36 (KHTML, like Gecko; compatible; ClaudeBot/1.0; +claudebot@anthropic.com)"
66.249.75.168 - - [14/Aug/2026:07:02:16 +0000] "GET /detail/497793298192 HTTP/1.1" 404 3672 "-" "Mozilla/5.0 (Linux; Android 6.0.1; Nexus 5X Build/MMB29P) AppleWebKit/537.36 (KHTML, like Gecko) Chrome/150.0.7871.186 Mobile Safari/537.36 (compatible; Googlebot/2.1; +http://www.google.com/bot.html)"
66.249.75.168 - - [14/Aug/2026:07:02:19 +0000] "GET /detail/1ee2484607994 HTTP/1.1" 404 536 "-" "Mozilla/5.0 (Linux; Android 6.0.1; Nexus 5X Build/MMB29P) AppleWebKit/537.36 (KHTML, like Gecko) Chrome/150.0.7871.186 Mobile Safari/537.36 (compatible; Googlebot/2.1; +http://www.google.com/bot.html)"
216.73.216.176 - - [14/Aug/2026:07:02:21 +0000] "GET /sites/all/themes/hawell/js/?C=M&O=A HTTP/1.1" 200 1432 "-" "Mozilla/5.0 AppleWebKit/537.36 (KHTML, like Gecko; compatible; ClaudeBot/1.0; +claudebot@anthropic.com)"
5.31.248.104 - - [14/Aug/2026:07:02:22 +0000] "POST /xmlrpc.php HTTP/1.1" 404 3673 "-" "Jetpack by WordPress.com"
81.97.121.250 - - [14/Aug/2026:07:02:23 +0000] "GET http://concellodapobradobrollon.gal/detail/2733744267122 HTTP/1.1" 404 451 "-" "Mozilla/5.0 (Windows NT 10.0; Win64; x64) AppleWebKit/537.36 (KHTML, like Gecko) Chrome/142.0.0.0 Safari/537.36"
66.249.75.168 - - [14/Aug/2026:07:02:25 +0000] "GET /detail/100a6f5005476 HTTP/1.1" 404 3672 "-" "Mozilla/5.0 (Linux; Android 6.0.1; Nexus 5X Build/MMB29P) AppleWebKit/537.36 (KHTML, like Gecko) Chrome/150.0.7871.186 Mobile Safari/537.36 (compatible; Googlebot/2.1; +http://www.google.com/bot.html)"
85.208.96.211 - - [14/Aug/2026:07:02:25 +0000] "GET /gl/gl/gl/gl/gl/gl/gl/gl/gl/gl/gl/gl/gl/gl/gl/gl/gl/gl/gl/gl/gl/gl/gl/gl/gl/gl/gl/gl/gl/gl/gl/gl/gl/gl/gl/gl/gl/gl/gl/gl/gl/gl/gl/gl/gl/gl/gl/gl/gl/gl/gl/gl/gl/gl/gl/gl/gl/gl/gl/gl/gl/gl/gl/gl/gl/gl/gl/gl/gl/gl/gl/gl/gl/gl/gl/gl/gl/gl/gl/gl/gl/gl/gl/gl/gl/gl/gl/gl/gl/gl/gl/gl/gl/gl/gl/gl/gl/gl/gl/gl/gl/gl/gl/gl/gl/gl/gl/gl/gl/gl/gl/gl/gl/gl/gl/gl/gl/gl/gl/gl/gl/gl/gl/gl/gl/gl/gl/gl/gl/gl/gl/gl/gl/gl/gl/gl/gl/gl/gl/gl/gl/gl/gl/gl/gl/gl/gl/gl/gl/gl/gl/gl/gl/gl/nova/o-programa-de-conciliaci%C3%B3n-familiar-volve-partir-do-8-de-setembro HTTP/1.1" 404 3635 "-" "Mozilla/5.0 (compatible; SemrushBot/7~bl; +http://www.semrush.com/bot.html)"
216.73.216.176 - - [14/Aug/2026:07:02:26 +0000] "GET /sites/all/themes/hawell/css/fonts/?C=N&O=D HTTP/1.1" 200 769 "-" "Mozilla/5.0 AppleWebKit/537.36 (KHTML, like Gecko; compatible; ClaudeBot/1.0; +claudebot@anthropic.com)"
85.208.96.200 - - [14/Aug/2026:07:02:27 +0000] "GET /es/es/es/es/es/es/es/es/es/es/es/es/es/es/es/es/es/es/es/es/es/es/es/es/es/es/es/es/es/es/es/es/es/es/es/es/es/es/es/es/es/es/es/es/es/es/es/es/es/es/es/es/es/es/es/es/es/es/es/es/es/es/es/es/es/es/es/es/es/es/es/es/es/es/es/es/es/es/es/es/es/es/es/es/es/es/es/es/es/es/es/es/es/es/es/es/es/es/es/es/es/es/es/es/es/es/es/es/es/es/es/es/es/es/es/es/es/es/es/es/es/es/es/es/es/es/es/es/es/es/es/es/es/es/es/es/es/es/es/es/es/es/es/es/es/es/es/es/es/nova/el-nuevo-curso-de-la-escuela-de-m%C3%BAsica-samoeiro-abri%C3%B3-plazo-de-matr%C3%ADcula HTTP/1.1" 404 3636 "-" "Mozilla/5.0 (compatible; SemrushBot/7~bl; +http://www.semrush.com/bot.html)"
185.191.171.7 - - [14/Aug/2026:07:02:28 +0000] "GET /es/es/es/es/es/es/es/es/es/es/es/es/es/es/es/es/es/es/es/es/es/es/es/es/es/es/es/es/es/es/es/es/es/es/es/es/es/es/es/es/es/es/es/es/es/es/es/es/es/es/es/es/es/es/es/es/es/es/es/es/es/es/es/es/es/es/es/es/es/es/es/es/es/es/es/es/es/es/es/es/es/es/es/es/es/es/es/es/es/es/es/es/es/es/es/es/es/es/es/es/es/es/es/es/es/es/es/es/es/es/es/es/es/es/es/es/es/es/es/es/es/es/es/es/es/es/es/es/es/es/es/es/es/es/es/es/es/es/es/es/es/es/es/es/es/es/es/es/es/es/tags/charla HTTP/1.1" 404 3635 "-" "Mozilla/5.0 (compatible; SemrushBot/7~bl; +http://www.semrush.com/bot.html)"
85.208.96.206 - - [14/Aug/2026:07:02:31 +0000] "GET /es/es/es/es/es/es/es/es/es/es/es/es/es/es/es/es/es/es/es/es/es/es/es/es/es/es/es/es/es/es/es/es/es/es/es/es/es/es/es/es/es/es/es/es/es/es/es/es/es/es/es/es/es/es/es/es/es/es/es/es/es/es/es/es/es/es/es/es/es/es/es/es/es/es/es/es/es/es/es/es/es/es/es/es/es/es/es/es/es/es/es/es/es/es/es/es/es/es/es/es/es/es/es/es/es/es/es/es/es/es/es/es/es/es/es/es/es/es/es/es/es/es/es/es/es/es/es/es/es/es/es/es/es/tags/obradoiro-dual-de-emprego HTTP/1.1" 404 3636 "-" "Mozilla/5.0 (compatible; SemrushBot/7~bl; +http://www.semrush.com/bot.html)"
216.73.216.176 - - [14/Aug/2026:07:02:31 +0000] "GET /sites/all/themes/hawell/css/fonts/?C=S&O=A HTTP/1.1" 200 771 "-" "Mozilla/5.0 AppleWebKit/537.36 (KHTML, like Gecko; compatible; ClaudeBot/1.0; +claudebot@anthropic.com)"
66.249.75.168 - - [14/Aug/2026:07:02:31 +0000] "GET /detail/ca19522780713 HTTP/1.1" 404 3674 "-" "Mozilla/5.0 (Linux; Android 6.0.1; Nexus 5X Build/MMB29P) AppleWebKit/537.36 (KHTML, like Gecko) Chrome/150.0.7871.186 Mobile Safari/537.36 (compatible; Googlebot/2.1; +http://www.google.com/bot.html)"
5.31.248.104 - - [14/Aug/2026:07:02:32 +0000] "POST /xmlrpc.php HTTP/1.1" 404 3672 "-" "Jetpack/12.5; WordPress/6.4; http://site67652380.com"
161.153.125.246 - - [14/Aug/2026:07:02:33 +0000] "GET /en/tags/volta-ciclista HTTP/1.1" 404 451 "-" "Scrapy/2.17.0 (+https://scrapy.org)"
216.73.216.176 - - [14/Aug/2026:07:02:36 +0000] "GET /sites/all/themes/hawell/css/fonts/?C=D&O=A HTTP/1.1" 200 773 "-" "Mozilla/5.0 AppleWebKit/537.36 (KHTML, like Gecko; compatible; ClaudeBot/1.0; +claudebot@anthropic.com)"
66.249.75.168 - - [14/Aug/2026:07:02:37 +0000] "GET /detail/c518021145463 HTTP/1.1" 404 3672 "-" "Mozilla/5.0 (Linux; Android 6.0.1; Nexus 5X Build/MMB29P) AppleWebKit/537.36 (KHTML, like Gecko) Chrome/150.0.7871.186 Mobile Safari/537.36 (compatible; Googlebot/2.1; +http://www.google.com/bot.html)"
35.146.10.140 - - [14/Aug/2026:07:02:41 +0000] "GET /gl/tags/ceip-pobra-do-broll%C3%B3n?page=2 HTTP/1.1" 404 3689 "-" "Mozilla/5.0 (X11; Linux x86_64) AppleWebKit/537.36 (KHTML, like Gecko) Chrome/150.0.0.0 Safari/537.36"
35.146.10.140 - - [14/Aug/2026:07:02:41 +0000] "GET /favicon.ico HTTP/1.1" 404 536 "https://concellodapobradobrollon.gal/gl/tags/ceip-pobra-do-broll%C3%B3n?page=2" "Mozilla/5.0 (X11; Linux x86_64) AppleWebKit/537.36 (KHTML, like Gecko) Chrome/150.0.0.0 Safari/537.36"
5.31.248.104 - - [14/Aug/2026:07:02:43 +0000] "POST /xmlrpc.php HTTP/1.1" 404 3673 "-" "WordPress.com; https://wordpress.com"
66.249.75.168 - - [14/Aug/2026:07:02:43 +0000] "GET /detail/d483014399199 HTTP/1.1" 404 3673 "-" "Mozilla/5.0 (Linux; Android 6.0.1; Nexus 5X Build/MMB29P) AppleWebKit/537.36 (KHTML, like Gecko) Chrome/150.0.7871.186 Mobile Safari/537.36 (compatible; Googlebot/2.1; +http://www.google.com/bot.html)"
216.73.216.176 - - [14/Aug/2026:07:02:46 +0000] "GET /sites/all/themes/hawell/css/fonts/?C=M&O=A HTTP/1.1" 200 3925 "-" "Mozilla/5.0 AppleWebKit/537.36 (KHTML, like Gecko; compatible; ClaudeBot/1.0; +claudebot@anthropic.com)"
66.249.78.72 - - [14/Aug/2026:07:02:49 +0000] "GET /detail/56dd554837678 HTTP/1.1" 404 3672 "-" "Mozilla/5.0 (Linux; Android 6.0.1; Nexus 5X Build/MMB29P) AppleWebKit/537.36 (KHTML, like Gecko) Chrome/150.0.7871.186 Mobile Safari/537.36 (compatible; Googlebot/2.1; +http://www.google.com/bot.html)"
216.73.216.176 - - [14/Aug/2026:07:02:51 +0000] "GET /sites/all/themes/hawell/images/client-1.jpg HTTP/1.1" 200 5748 "-" "Mozilla/5.0 AppleWebKit/537.36 (KHTML, like Gecko; compatible; ClaudeBot/1.0; +claudebot@anthropic.com)"
123.28.84.83 - - [14/Aug/2026:07:02:52 +0000] "GET /detail/c86ce53780582 HTTP/1.1" 404 3691 "-" "Mozilla/5.0 (Windows NT 10.0; Win64; x64) AppleWebKit/537.36 (KHTML, like Gecko) Chrome/144.0.0.0 Safari/537.36"
5.31.248.104 - - [14/Aug/2026:07:02:53 +0000] "POST /xmlrpc.php HTTP/1.1" 404 3673 "-" "Jetpack/12.5; WordPress/6.1; http://site70123141.com"
66.249.75.168 - - [14/Aug/2026:07:02:56 +0000] "GET /detail/374c71389261 HTTP/1.1" 404 3674 "-" "Mozilla/5.0 (Linux; Android 6.0.1; Nexus 5X Build/MMB29P) AppleWebKit/537.36 (KHTML, like Gecko) Chrome/150.0.7871.186 Mobile Safari/537.36 (compatible; Googlebot/2.1; +http://www.google.com/bot.html)"
66.249.75.168 - - [14/Aug/2026:07:02:57 +0000] "GET /detail/002d0a1412607 HTTP/1.1" 404 536 "-" "Mozilla/5.0 (Linux; Android 6.0.1; Nexus 5X Build/MMB29P) AppleWebKit/537.36 (KHTML, like Gecko) Chrome/150.0.7871.186 Mobile Safari/537.36 (compatible; Googlebot/2.1; +http://www.google.com/bot.html)"
43.250.80.66 - - [14/Aug/2026:07:02:57 +0000] "GET http://concellodapobradobrollon.gal/detail/3661dc3522393 HTTP/1.1" 404 451 "-" "Mozilla/5.0 (Windows NT 10.0; Win64; x64) AppleWebKit/537.36 (KHTML, like Gecko) Chrome/149.0.0.0 Safari/537.36"
66.249.75.168 - - [14/Aug/2026:07:03:02 +0000] "GET /detail/1467ca656788 HTTP/1.1" 404 3672 "-" "Mozilla/5.0 (Linux; Android 6.0.1; Nexus 5X Build/MMB29P) AppleWebKit/537.36 (KHTML, like Gecko) Chrome/150.0.7871.186 Mobile Safari/537.36 (compatible; Googlebot/2.1; +http://www.google.com/bot.html)"
5.31.248.104 - - [14/Aug/2026:07:03:04 +0000] "POST /xmlrpc.php HTTP/1.1" 404 3673 "-" "Jetpack by WordPress.com (Jetpack 13.0; WordPress 6.2)"
185.191.171.9 - - [14/Aug/2026:07:03:06 +0000] "GET /gl/nova/chega-unha-fin-de-semana-de-m%C3%BAsica-e-cine HTTP/1.1" 404 3641 "-" "Mozilla/5.0 (compatible; SemrushBot/7~bl; +http://www.semrush.com/bot.html)"
66.249.78.73 - - [14/Aug/2026:07:03:08 +0000] "GET /detail/3f837c3891717 HTTP/1.1" 404 3673 "-" "Mozilla/5.0 (Linux; Android 6.0.1; Nexus 5X Build/MMB29P) AppleWebKit/537.36 (KHTML, like Gecko) Chrome/150.0.7871.186 Mobile Safari/537.36 (compatible; Googlebot/2.1; +http://www.google.com/bot.html)"
85.208.96.206 - - [14/Aug/2026:07:03:10 +0000] "GET /en/en/en/en/en/en/en/en/en/en/en/en/en/en/en/en/en/en/en/en/en/en/en/en/en/en/en/en/en/en/en/en/en/en/en/en/en/en/en/en/en/en/en/en/en/en/en/en/en/en/en/en/en/en/en/en/en/en/en/en/en/en/en/en/en/en/en/en/en/en/en/en/en/en/en/en/en/en/en/en/en/en/en/en/en/en/en/en/en/en/en/en/en/en/en/en/en/en/en/en/en/en/en/en/en/en/en/en/en/en/en/en/en/en/en/en/en/tags/dereitos-lgtbiq HTTP/1.1" 404 3636 "-" "Mozilla/5.0 (compatible; SemrushBot/7~bl; +http://www.semrush.com/bot.html)"
216.73.216.176 - - [14/Aug/2026:07:03:13 +0000] "GET /sites/all/modules/xmlsitemap/xmlsitemap_engines/tests/?C=N&O=A HTTP/1.1" 200 3910 "-" "Mozilla/5.0 AppleWebKit/537.36 (KHTML, like Gecko; compatible; ClaudeBot/1.0; +claudebot@anthropic.com)"
66.249.75.168 - - [14/Aug/2026:07:03:14 +0000] "GET /detail/b667d2927803 HTTP/1.1" 404 3673 "-" "Mozilla/5.0 (Linux; Android 6.0.1; Nexus 5X Build/MMB29P) AppleWebKit/537.36 (KHTML, like Gecko) Chrome/150.0.7871.186 Mobile Safari/537.36 (compatible; Googlebot/2.1; +http://www.google.com/bot.html)"
5.31.248.104 - - [14/Aug/2026:07:03:14 +0000] "POST /xmlrpc.php HTTP/1.1" 404 3672 "-" "Jetpack by WordPress.com (Jetpack 13.0; WordPress 6.2)"
66.249.77.194 - - [14/Aug/2026:07:03:15 +0000] "GET /gl/node/816 HTTP/1.1" 301 637 "-" "Mozilla/5.0 (Linux; Android 6.0.1; Nexus 5X Build/MMB29P) AppleWebKit/537.36 (KHTML, like Gecko) Chrome/150.0.7871.186 Mobile Safari/537.36 (compatible; Googlebot/2.1; +http://www.google.com/bot.html)"
66.249.75.170 - - [14/Aug/2026:07:03:15 +0000] "GET /gl/node/816 HTTP/1.1" 404 507 "-" "Mozilla/5.0 (Linux; Android 6.0.1; Nexus 5X Build/MMB29P) AppleWebKit/537.36 (KHTML, like Gecko) Chrome/150.0.7871.186 Mobile Safari/537.36 (compatible; Googlebot/2.1; +http://www.google.com/bot.html)"
114.119.146.252 - - [14/Aug/2026:07:03:18 +0000] "GET /es/nova/la-escuela-de-m%C3%BAsica-samoeiro-celebra-su-fin-de-curso-este-domingo-21 HTTP/1.1" 404 3429 "https://www.concellodapobradobrollon.gal/es/tags/escola-de-m%C3%BAsica-samoeiro" "Mozilla/5.0 (Linux; Android 7.0;) AppleWebKit/537.36 (HTML, like Gecko) Mobile Safari/537.36 (compatible; PetalBot;+https://webmaster.petalsearch.com/site/petalbot)"
66.249.75.168 - - [14/Aug/2026:07:03:20 +0000] "GET /detail/b24ed32513997 HTTP/1.1" 404 3674 "-" "Mozilla/5.0 (Linux; Android 6.0.1; Nexus 5X Build/MMB29P) AppleWebKit/537.36 (KHTML, like Gecko) Chrome/150.0.7871.186 Mobile Safari/537.36 (compatible; Googlebot/2.1; +http://www.google.com/bot.html)"
161.153.125.246 - - [14/Aug/2026:07:03:22 +0000] "GET /es/san-vitoiro-0 HTTP/1.1" 404 451 "-" "Scrapy/2.17.0 (+https://scrapy.org)"
54.225.144.144 - - [14/Aug/2026:07:03:22 +0000] "GET /sites/default/files/styles/image_650x415/public/vilacha_ribeira_II.jpg?itok=-SGdlHt2 HTTP/1.1" 404 3652 "-" "Mozilla/5.0 (X11; Ubuntu; Linux x86_64; rv:72.0) Gecko/20100101 Firefox/72.0"
54.225.144.144 - - [14/Aug/2026:07:03:23 +0000] "GET /sites/default/files/styles/image_650x415/public/vilacha_ribeira_II.jpg?itok=-SGdlHt2 HTTP/1.1" 404 3652 "-" "Mozilla/5.0 (X11; Ubuntu; Linux x86_64; rv:72.0) Gecko/20100101 Firefox/72.0"
5.31.248.104 - - [14/Aug/2026:07:03:25 +0000] "POST /xmlrpc.php HTTP/1.1" 404 3673 "-" "WordPress.com; https://wordpress.com"
41.208.129.77 - - [14/Aug/2026:07:03:25 +0000] "GET http://concellodapobradobrollon.gal/detail/72591e899065 HTTP/1.1" 404 507 "-" "Mozilla/5.0 (Macintosh; Intel Mac OS X 10_15_7) AppleWebKit/537.36 (KHTML, like Gecko) Chrome/146.0.0.0 Safari/537.36"
2.81.194.245 - - [14/Aug/2026:07:03:25 +0000] "GET /detail/29687a86258 HTTP/1.1" 404 3692 "-" "Mozilla/5.0 (Macintosh; Intel Mac OS X 10_15_7) AppleWebKit/537.36 (KHTML, like Gecko) Chrome/140.0.0.0 Safari/537.36"
66.249.78.72 - - [14/Aug/2026:07:03:26 +0000] "GET /detail/1059da3300904 HTTP/1.1" 404 3673 "-" "Mozilla/5.0 (Linux; Android 6.0.1; Nexus 5X Build/MMB29P) AppleWebKit/537.36 (KHTML, like Gecko) Chrome/150.0.7871.186 Mobile Safari/537.36 (compatible; Googlebot/2.1; +http://www.google.com/bot.html)"
66.249.78.72 - - [14/Aug/2026:07:03:29 +0000] "GET /detail/7374085172102 HTTP/1.1" 404 536 "-" "Mozilla/5.0 (Linux; Android 6.0.1; Nexus 5X Build/MMB29P) AppleWebKit/537.36 (KHTML, like Gecko) Chrome/150.0.7871.186 Mobile Safari/537.36 (compatible; Googlebot/2.1; +http://www.google.com/bot.html)"
216.73.216.176 - - [14/Aug/2026:07:03:30 +0000] "GET /sites/all/modules/l10n_update/images/?C=M&O=D HTTP/1.1" 200 3898 "-" "Mozilla/5.0 AppleWebKit/537.36 (KHTML, like Gecko; compatible; ClaudeBot/1.0; +claudebot@anthropic.com)"
66.249.75.168 - - [14/Aug/2026:07:03:32 +0000] "GET /detail/990b7a4290006 HTTP/1.1" 404 3673 "-" "Mozilla/5.0 (Linux; Android 6.0.1; Nexus 5X Build/MMB29P) AppleWebKit/537.36 (KHTML, like Gecko) Chrome/150.0.7871.186 Mobile Safari/537.36 (compatible; Googlebot/2.1; +http://www.google.com/bot.html)"
5.31.248.104 - - [14/Aug/2026:07:03:35 +0000] "POST /xmlrpc.php HTTP/1.1" 404 3672 "-" "Jetpack/12.5; WordPress/6.1; http://site24368092.com"
66.249.75.168 - - [14/Aug/2026:07:03:37 +0000] "GET /detail/483c745093898 HTTP/1.1" 404 3672 "-" "Mozilla/5.0 (Linux; Android 6.0.1; Nexus 5X Build/MMB29P) AppleWebKit/537.36 (KHTML, like Gecko) Chrome/150.0.7871.186 Mobile Safari/537.36 (compatible; Googlebot/2.1; +http://www.google.com/bot.html)"
66.249.78.72 - - [14/Aug/2026:07:03:38 +0000] "GET /detail/51e1901200043 HTTP/1.1" 404 3673 "-" "Mozilla/5.0 (Linux; Android 6.0.1; Nexus 5X Build/MMB29P) AppleWebKit/537.36 (KHTML, like Gecko) Chrome/150.0.7871.186 Mobile Safari/537.36 (compatible; Googlebot/2.1; +http://www.google.com/bot.html)"
90.113.223.60 - - [14/Aug/2026:07:03:43 +0000] "GET /en/tags/montes HTTP/1.1" 404 3632 "-" "Mozilla/5.0 (Macintosh; Intel Mac OS X 10_15_7) AppleWebKit/537.36 (KHTML, like Gecko) Chrome/146.0.0.0 Safari/537.36"
177.152.108.240 - - [14/Aug/2026:07:03:44 +0000] "GET /gl/tags/montes?page=2 HTTP/1.1" 404 3632 "-" "Mozilla/5.0 (Macintosh; Intel Mac OS X 10_15_7) AppleWebKit/537.36 (KHTML, like Gecko) Chrome/146.0.0.0 Safari/537.36"
78.71.3.164 - - [14/Aug/2026:07:03:44 +0000] "GET /gl/node/726 HTTP/1.1" 404 3632 "-" "Mozilla/5.0 (Macintosh; Intel Mac OS X 10_15_7) AppleWebKit/537.36 (KHTML, like Gecko) Chrome/146.0.0.0 Safari/537.36"
66.249.75.168 - - [14/Aug/2026:07:03:45 +0000] "GET /detail/3d95421009374 HTTP/1.1" 404 3672 "-" "Mozilla/5.0 (Linux; Android 6.0.1; Nexus 5X Build/MMB29P) AppleWebKit/537.36 (KHTML, like Gecko) Chrome/150.0.7871.186 Mobile Safari/537.36 (compatible; Googlebot/2.1; +http://www.google.com/bot.html)"
66.249.75.168 - - [14/Aug/2026:07:03:45 +0000] "GET /detail/c037321521732 HTTP/1.1" 404 536 "-" "Mozilla/5.0 (Linux; Android 6.0.1; Nexus 5X Build/MMB29P) AppleWebKit/537.36 (KHTML, like Gecko) Chrome/150.0.7871.186 Mobile Safari/537.36 (compatible; Googlebot/2.1; +http://www.google.com/bot.html)"
31.46.249.22 - - [14/Aug/2026:07:03:46 +0000] "GET /es/tags/montes HTTP/1.1" 404 3632 "-" "Mozilla/5.0 (Macintosh; Intel Mac OS X 10_15_7) AppleWebKit/537.36 (KHTML, like Gecko) Chrome/146.0.0.0 Safari/537.36"
5.31.248.104 - - [14/Aug/2026:07:03:46 +0000] "POST /xmlrpc.php HTTP/1.1" 404 3673 "-" "WordPress.com; https://wordpress.com"
66.249.78.72 - - [14/Aug/2026:07:03:50 +0000] "GET /detail/8ac9271948682 HTTP/1.1" 404 3674 "-" "Mozilla/5.0 (Linux; Android 6.0.1; Nexus 5X Build/MMB29P) AppleWebKit/537.36 (KHTML, like Gecko) Chrome/150.0.7871.186 Mobile Safari/537.36 (compatible; Googlebot/2.1; +http://www.google.com/bot.html)"
5.31.248.104 - - [14/Aug/2026:07:03:56 +0000] "POST /xmlrpc.php HTTP/1.1" 404 3673 "-" "Jetpack/12.5; WordPress/6.1; http://site77686473.com"
66.249.75.168 - - [14/Aug/2026:07:03:57 +0000] "GET /detail/b68b36735363 HTTP/1.1" 404 3672 "-" "Mozilla/5.0 (Linux; Android 6.0.1; Nexus 5X Build/MMB29P) AppleWebKit/537.36 (KHTML, like Gecko) Chrome/150.0.7871.186 Mobile Safari/537.36 (compatible; Googlebot/2.1; +http://www.google.com/bot.html)"
178.216.66.25 - - [14/Aug/2026:07:04:02 +0000] "GET /detail/be26321635934 HTTP/1.1" 404 3480 "-" "Mozilla/5.0 (Windows NT 6.1) AppleWebKit/537.36 (KHTML, like Gecko) Chrome/80.0.3987.132 Safari/537.36"
66.249.75.168 - - [14/Aug/2026:07:04:03 +0000] "GET /detail/406ec62661890 HTTP/1.1" 404 3673 "-" "Mozilla/5.0 (Linux; Android 6.0.1; Nexus 5X Build/MMB29P) AppleWebKit/537.36 (KHTML, like Gecko) Chrome/150.0.7871.186 Mobile Safari/537.36 (compatible; Googlebot/2.1; +http://www.google.com/bot.html)"
66.249.75.168 - - [14/Aug/2026:07:04:03 +0000] "GET /detail/8412451497206 HTTP/1.1" 404 3673 "-" "Mozilla/5.0 (Linux; Android 6.0.1; Nexus 5X Build/MMB29P) AppleWebKit/537.36 (KHTML, like Gecko) Chrome/150.0.7871.186 Mobile Safari/537.36 (compatible; Googlebot/2.1; +http://www.google.com/bot.html)"
102.222.145.79 - - [14/Aug/2026:07:04:07 +0000] "GET /detail/352f12371058 HTTP/1.1" 404 3478 "-" "Mozilla/5.0 (Macintosh; Intel Mac OS X 10_15_7) AppleWebKit/537.36 (KHTML, like Gecko) Chrome/142.0.0.0 Safari/537.36"
5.31.248.104 - - [14/Aug/2026:07:04:07 +0000] "POST /xmlrpc.php HTTP/1.1" 404 3673 "-" "WordPress.com; https://wordpress.com"
66.249.75.168 - - [14/Aug/2026:07:04:09 +0000] "GET /detail/2952cf39281 HTTP/1.1" 404 3673 "-" "Mozilla/5.0 (Linux; Android 6.0.1; Nexus 5X Build/MMB29P) AppleWebKit/537.36 (KHTML, like Gecko) Chrome/150.0.7871.186 Mobile Safari/537.36 (compatible; Googlebot/2.1; +http://www.google.com/bot.html)"
66.249.75.168 - - [14/Aug/2026:07:04:15 +0000] "GET /detail/04afda911447 HTTP/1.1" 404 3674 "-" "Mozilla/5.0 (Linux; Android 6.0.1; Nexus 5X Build/MMB29P) AppleWebKit/537.36 (KHTML, like Gecko) Chrome/150.0.7871.186 Mobile Safari/537.36 (compatible; Googlebot/2.1; +http://www.google.com/bot.html)"
114.119.158.146 - - [14/Aug/2026:07:04:16 +0000] "GET /es/categories/xeral?page=91 HTTP/1.1" 301 632 "http://www.concellodapobradobrollon.gal/es/categories/xeral?page=92" "Mozilla/5.0 (Linux; Android 7.0;) AppleWebKit/537.36 (HTML, like Gecko) Mobile Safari/537.36 (compatible; PetalBot;+https://webmaster.petalsearch.com/site/petalbot)"
5.31.248.104 - - [14/Aug/2026:07:04:17 +0000] "POST /xmlrpc.php HTTP/1.1" 404 3674 "-" "WordPress.com; https://wordpress.com"
47.16.6.188 - - [14/Aug/2026:07:04:19 +0000] "GET /gl/nova/sobes-ao-autob%C3%BAs-do-teatro-nova-sa%C3%ADda-o-9-de-outubro HTTP/1.1" 404 3689 "-" "Mozilla/5.0 (X11; Linux x86_64) AppleWebKit/537.36 (KHTML, like Gecko) Chrome/150.0.0.0 Safari/537.36"
47.16.6.188 - - [14/Aug/2026:07:04:19 +0000] "GET /favicon.ico HTTP/1.1" 404 536 "https://concellodapobradobrollon.gal/gl/nova/sobes-ao-autob%C3%BAs-do-teatro-nova-sa%C3%ADda-o-9-de-outubro" "Mozilla/5.0 (X11; Linux x86_64) AppleWebKit/537.36 (KHTML, like Gecko) Chrome/150.0.0.0 Safari/537.36"
114.119.158.146 - - [14/Aug/2026:07:04:19 +0000] "GET /es/categories/xeral?page=91 HTTP/1.1" 404 470 "http://www.concellodapobradobrollon.gal/es/categories/xeral?page=92" "Mozilla/5.0 (Linux; Android 7.0;) AppleWebKit/537.36 (HTML, like Gecko) Mobile Safari/537.36 (compatible; PetalBot;+https://webmaster.petalsearch.com/site/petalbot)"
66.249.78.72 - - [14/Aug/2026:07:04:21 +0000] "GET /detail/6777d21156547 HTTP/1.1" 404 3674 "-" "Mozilla/5.0 (Linux; Android 6.0.1; Nexus 5X Build/MMB29P) AppleWebKit/537.36 (KHTML, like Gecko) Chrome/150.0.7871.186 Mobile Safari/537.36 (compatible; Googlebot/2.1; +http://www.google.com/bot.html)"
216.73.216.176 - - [14/Aug/2026:07:04:23 +0000] "GET /sites/all/modules/xmlsitemap/xmlsitemap_engines/tests/?C=D&O=D HTTP/1.1" 200 3906 "-" "Mozilla/5.0 AppleWebKit/537.36 (KHTML, like Gecko; compatible; ClaudeBot/1.0; +claudebot@anthropic.com)"
185.191.171.11 - - [14/Aug/2026:07:04:24 +0000] "GET /en/en/en/en/en/en/en/en/en/en/en/en/en/en/en/en/en/en/en/en/en/en/en/en/en/en/en/en/en/en/en/en/en/en/en/en/en/en/en/en/en/en/en/en/en/en/en/en/en/en/en/en/en/en/en/en/en/en/en/en/en/en/en/en/en/en/en/en/en/en/en/en/en/en/en/en/en/en/en/en/en/en/en/en/en/en/en/en/en/en/en/en/en/en/en/en/en/en/en/en/en/en/en/en/en/en/en/en/en/en/en/en/en/en/en/en/en/en/en/en/en/en/en/en/en/en/en/en/en/en/en/en/en/en/en/en/en/node/1695 HTTP/1.1" 404 3636 "-" "Mozilla/5.0 (compatible; SemrushBot/7~bl; +http://www.semrush.com/bot.html)"
85.208.96.198 - - [14/Aug/2026:07:04:25 +0000] "GET /en/en/en/en/en/en/en/en/en/en/en/en/en/en/en/en/en/en/en/en/en/en/en/en/en/en/en/en/en/en/en/en/en/en/en/en/en/en/en/en/en/en/en/en/en/en/en/en/en/en/en/en/en/en/en/en/en/en/en/en/en/en/en/en/en/en/en/en/en/en/en/en/en/en/en/en/en/en/en/en/en/en/en/en/en/en/en/en/en/en/en/en/en/en/en/en/en/en/en/en/en/en/en/en/en/en/en/en/en/en/en/en/en/en/en/en/en/en/en/en/en/en/en/en/en/en/en/en/en/en/en/en/en/en/en/en/en/en/en/en/en/en/en/en/en/en/en/en/en/en/en/en/en/en/en/en/en/en/en/en/en/en/en/en/en/en/en/en/en/en/en/en/en/en/en/en/en/en/en/en/en/en/en/en/en/en/en/en/en/en/en/en/en/en/en/en/en/en/en/en/en/en/en/en/en/en/en/en/en/en/en/en/en/node/1579 HTTP/1.1" 404 470 "-" "Mozilla/5.0 (compatible; SemrushBot/7~bl; +http://www.semrush.com/bot.html)"
66.249.75.168 - - [14/Aug/2026:07:04:27 +0000] "GET /detail/5f49bc4397119 HTTP/1.1" 404 3674 "-" "Mozilla/5.0 (Linux; Android 6.0.1; Nexus 5X Build/MMB29P) AppleWebKit/537.36 (KHTML, like Gecko) Chrome/150.0.7871.186 Mobile Safari/537.36 (compatible; Googlebot/2.1; +http://www.google.com/bot.html)"
5.31.248.104 - - [14/Aug/2026:07:04:28 +0000] "POST /xmlrpc.php HTTP/1.1" 404 3674 "-" "Jetpack/13.0; WordPress/6.3; http://site40742674.com"
66.249.78.72 - - [14/Aug/2026:07:04:32 +0000] "GET /detail/b981bb2742796 HTTP/1.1" 404 3673 "-" "Mozilla/5.0 (Linux; Android 6.0.1; Nexus 5X Build/MMB29P) AppleWebKit/537.36 (KHTML, like Gecko) Chrome/150.0.7871.186 Mobile Safari/537.36 (compatible; Googlebot/2.1; +http://www.google.com/bot.html)"
85.208.96.208 - - [14/Aug/2026:07:04:32 +0000] "GET /es/es/es/es/es/es/es/es/es/es/es/es/es/es/es/es/es/es/es/es/es/es/es/es/es/es/es/es/es/es/es/es/es/es/es/es/es/es/es/es/es/es/es/es/es/es/es/es/es/es/es/es/es/es/es/es/es/es/es/es/es/es/es/es/es/es/es/es/es/es/es/es/es/es/es/es/es/es/es/es/es/es/es/es/es/es/es/es/es/es/es/es/es/es/es/es/es/es/es/es/es/es/es/es/es/es/es/es/es/es/es/es/es/es/es/es/es/es/es/es/es/es/es/es/es/es/es/es/es/es/es/es/es/es/es/es/es/es/es/es/es/es/es/nova/el-punto-limpio-m%C3%B3vil-reinicia-su-recorrido-por-las-parroquias-de-pobra-do-broll%C3%B3n HTTP/1.1" 404 3636 "-" "Mozilla/5.0 (compatible; SemrushBot/7~bl; +http://www.semrush.com/bot.html)"
66.249.78.72 - - [14/Aug/2026:07:04:33 +0000] "GET /detail/0b22861205987 HTTP/1.1" 404 536 "-" "Mozilla/5.0 (Linux; Android 6.0.1; Nexus 5X Build/MMB29P) AppleWebKit/537.36 (KHTML, like Gecko) Chrome/150.0.7871.186 Mobile Safari/537.36 (compatible; Googlebot/2.1; +http://www.google.com/bot.html)"
187.152.198.66 - - [14/Aug/2026:07:04:37 +0000] "GET /detail/957272731214 HTTP/1.1" 404 3482 "-" "Mozilla/5.0 (Macintosh; Intel Mac OS X 10_15_7) AppleWebKit/537.36 (KHTML, like Gecko) Chrome/131.0.0.0 Safari/537.36"
5.31.248.104 - - [14/Aug/2026:07:04:38 +0000] "POST /xmlrpc.php HTTP/1.1" 404 3674 "-" "Jetpack by WordPress.com"
66.249.78.72 - - [14/Aug/2026:07:04:39 +0000] "GET /detail/1f59ee4900931 HTTP/1.1" 404 3672 "-" "Mozilla/5.0 (Linux; Android 6.0.1; Nexus 5X Build/MMB29P) AppleWebKit/537.36 (KHTML, like Gecko) Chrome/150.0.7871.186 Mobile Safari/537.36 (compatible; Googlebot/2.1; +http://www.google.com/bot.html)"
43.172.197.147 - - [14/Aug/2026:07:04:40 +0000] "GET /es/nova/el-ciclo-novas-m%C3%BAsicas-galegas-contin%C3%BAa-este-domingo-con-faia HTTP/1.1" 301 720 "-" "Mozilla/5.0 (Windows NT 10.0; Win64; x64) AppleWebKit/537.36 (KHTML, like Gecko) Chrome/103.0.0.0 Safari/537.36"
43.172.196.179 - - [14/Aug/2026:07:04:41 +0000] "GET /es/nova/el-ciclo-novas-m%C3%BAsicas-galegas-contin%C3%BAa-este-domingo-con-faia HTTP/1.1" 404 470 "-" "Mozilla/5.0 (Windows NT 10.0; Win64; x64) AppleWebKit/537.36 (KHTML, like Gecko) Chrome/103.0.0.0 Safari/537.36"
85.208.96.205 - - [14/Aug/2026:07:04:44 +0000] "GET /es/es/es/es/es/es/es/es/es/es/es/es/es/es/es/es/es/es/es/es/es/es/es/es/es/es/es/es/es/es/es/es/es/es/es/es/es/es/es/es/es/es/es/es/es/es/es/es/es/es/es/es/es/es/es/es/es/es/es/es/es/es/es/es/es/es/es/es/es/es/es/es/es/es/es/es/es/es/es/es/es/es/es/es/es/es/es/es/es/es/es/es/es/es/es/es/es/es/es/es/es/es/es/es/es/es/es/es/es/es/es/es/es/es/es/es/es/es/es/es/es/es/es/es/es/es/es/es/es/es/es/es/es/es/es/es/es/es/es/es/es/es/es/es/es/es/es/es/es/es/es/nova/programaci%C3%B3n-del-entroido-2023 HTTP/1.1" 404 3636 "-" "Mozilla/5.0 (compatible; SemrushBot/7~bl; +http://www.semrush.com/bot.html)"
66.249.75.168 - - [14/Aug/2026:07:04:46 +0000] "GET /detail/7f75552224292 HTTP/1.1" 404 3673 "-" "Mozilla/5.0 (Linux; Android 6.0.1; Nexus 5X Build/MMB29P) AppleWebKit/537.36 (KHTML, like Gecko) Chrome/150.0.7871.186 Mobile Safari/537.36 (compatible; Googlebot/2.1; +http://www.google.com/bot.html)"
189.84.233.147 - - [14/Aug/2026:07:04:49 +0000] "GET /detail/44403d820721 HTTP/1.1" 404 3688 "-" "Mozilla/5.0 (Macintosh; Intel Mac OS X 10_15_7) AppleWebKit/537.36 (KHTML, like Gecko) Chrome/140.0.0.0 Safari/537.36"
5.31.248.104 - - [14/Aug/2026:07:04:49 +0000] "POST /xmlrpc.php HTTP/1.1" 404 3672 "-" "Jetpack by WordPress.com (Jetpack 12.0; WordPress 6.4)"
185.191.171.19 - - [14/Aug/2026:07:04:52 +0000] "GET /es/es/es/es/es/es/es/es/es/es/es/es/es/es/es/es/es/es/es/es/es/es/es/es/es/es/es/es/es/es/es/es/es/es/es/es/es/es/es/es/es/es/es/es/es/es/es/es/es/es/es/es/es/es/es/es/es/es/es/es/es/es/es/es/es/es/es/es/es/es/es/es/es/es/es/es/es/es/es/es/es/es/es/es/es/es/es/es/es/es/es/es/es/es/es/es/es/es/es/es/es/es/es/es/es/es/es/es/es/es/es/es/es/es/es/es/es/es/es/es/es/es/es/es/es/es/es/es/es/es/es/es/es/es/es/es/es/es/es/es/es/es/es/es/es/es/es/es/es/es/es/es/es/es/es/es/es/tags/medidas HTTP/1.1" 404 3637 "-" "Mozilla/5.0 (compatible; SemrushBot/7~bl; +http://www.semrush.com/bot.html)"
66.249.75.168 - - [14/Aug/2026:07:04:52 +0000] "GET /detail/c7bee8816076 HTTP/1.1" 404 3673 "-" "Mozilla/5.0 (Linux; Android 6.0.1; Nexus 5X Build/MMB29P) AppleWebKit/537.36 (KHTML, like Gecko) Chrome/150.0.7871.186 Mobile Safari/537.36 (compatible; Googlebot/2.1; +http://www.google.com/bot.html)"
85.208.96.211 - - [14/Aug/2026:07:04:55 +0000] "GET /en/en/en/en/en/en/en/en/en/en/en/en/en/en/en/en/en/en/en/en/en/en/en/en/en/en/en/en/en/en/en/en/en/en/en/en/en/en/en/en/en/en/en/en/en/en/en/en/en/en/en/en/en/en/en/en/en/en/en/en/en/en/en/en/en/en/en/en/en/en/en/en/en/en/en/en/en/en/en/en/en/en/en/en/en/en/en/en/en/en/en/en/en/en/en/en/en/en/en/en/en/en/en/en/en/en/en/en/en/en/en/en/en/en/en/en/en/en/en/en/en/en/en/en/en/node/1273 HTTP/1.1" 404 3637 "-" "Mozilla/5.0 (compatible; SemrushBot/7~bl; +http://www.semrush.com/bot.html)"
66.249.78.72 - - [14/Aug/2026:07:04:58 +0000] "GET /detail/7f109f4438360 HTTP/1.1" 404 3674 "-" "Mozilla/5.0 (Linux; Android 6.0.1; Nexus 5X Build/MMB29P) AppleWebKit/537.36 (KHTML, like Gecko) Chrome/150.0.7871.186 Mobile Safari/537.36 (compatible; Googlebot/2.1; +http://www.google.com/bot.html)"
5.31.248.104 - - [14/Aug/2026:07:05:00 +0000] "POST /xmlrpc.php HTTP/1.1" 404 3674 "-" "Jetpack by WordPress.com (Jetpack 12.0; WordPress 6.3)"
66.249.75.170 - - [14/Aug/2026:07:05:04 +0000] "GET /detail/87f03b3053704 HTTP/1.1" 404 3674 "-" "Mozilla/5.0 (Linux; Android 6.0.1; Nexus 5X Build/MMB29P) AppleWebKit/537.36 (KHTML, like Gecko) Chrome/150.0.7871.186 Mobile Safari/537.36 (compatible; Googlebot/2.1; +http://www.google.com/bot.html)"
85.208.96.197 - - [14/Aug/2026:07:05:06 +0000] "GET /es/es/es/es/es/es/es/es/es/es/es/es/es/es/es/es/es/es/es/es/es/es/es/es/es/es/es/es/es/es/es/es/es/es/es/es/es/es/es/es/es/es/es/es/es/es/es/es/es/es/es/es/es/es/es/es/es/es/es/es/es/es/es/es/es/es/es/es/es/es/es/es/es/es/es/es/es/es/es/es/es/es/es/es/es/es/es/es/es/es/es/es/es/es/es/es/es/es/es/es/es/es/es/es/es/es/es/es/es/es/es/es/es/es/es/es/es/es/es/es/es/es/es/es/es/es/es/es/es/es/es/es/es/es/es/es/es/es/es/es/es/es/es/es/es/es/es/tags/mujer HTTP/1.1" 404 3637 "-" "Mozilla/5.0 (compatible; SemrushBot/7~bl; +http://www.semrush.com/bot.html)"
5.31.248.104 - - [14/Aug/2026:07:05:10 +0000] "POST /xmlrpc.php HTTP/1.1" 404 3674 "-" "Jetpack by WordPress.com"
66.249.75.168 - - [14/Aug/2026:07:05:10 +0000] "GET /detail/5893b21565200 HTTP/1.1" 404 3673 "-" "Mozilla/5.0 (Linux; Android 6.0.1; Nexus 5X Build/MMB29P) AppleWebKit/537.36 (KHTML, like Gecko) Chrome/150.0.7871.186 Mobile Safari/537.36 (compatible; Googlebot/2.1; +http://www.google.com/bot.html)"
185.191.171.12 - - [14/Aug/2026:07:05:10 +0000] "GET /gl/gl/gl/gl/gl/gl/gl/gl/gl/gl/gl/gl/gl/gl/gl/gl/gl/gl/gl/gl/gl/gl/gl/gl/gl/gl/gl/gl/gl/gl/gl/gl/gl/gl/gl/gl/gl/gl/gl/gl/gl/gl/gl/gl/gl/gl/gl/gl/gl/gl/gl/gl/gl/gl/gl/gl/gl/gl/gl/gl/gl/gl/gl/gl/gl/gl/gl/gl/gl/gl/gl/gl/gl/gl/gl/gl/gl/gl/gl/gl/gl/gl/gl/gl/gl/gl/gl/gl/gl/gl/gl/gl/gl/gl/gl/gl/gl/gl/gl/gl/gl/gl/gl/gl/gl/gl/gl/gl/gl/gl/gl/gl/gl/gl/gl/gl/gl/gl/gl/gl/gl/gl/gl/gl/gl/gl/gl/gl/gl/gl/gl/gl/gl/gl/gl/gl/gl/gl/gl/gl/gl/nova/bando-sobre-xesti%C3%B3n-da-biomasa-0 HTTP/1.1" 404 3637 "-" "Mozilla/5.0 (compatible; SemrushBot/7~bl; +http://www.semrush.com/bot.html)"
66.249.78.72 - - [14/Aug/2026:07:05:11 +0000] "GET /detail/cd6f043065730 HTTP/1.1" 404 3672 "-" "Mozilla/5.0 (Linux; Android 6.0.1; Nexus 5X Build/MMB29P) AppleWebKit/537.36 (KHTML, like Gecko) Chrome/150.0.7871.186 Mobile Safari/537.36 (compatible; Googlebot/2.1; +http://www.google.com/bot.html)"
66.249.78.72 - - [14/Aug/2026:07:05:13 +0000] "GET /detail/3679164507968 HTTP/1.1" 404 536 "-" "Mozilla/5.0 (Linux; Android 6.0.1; Nexus 5X Build/MMB29P) AppleWebKit/537.36 (KHTML, like Gecko) Chrome/150.0.7871.186 Mobile Safari/537.36 (compatible; Googlebot/2.1; +http://www.google.com/bot.html)"
66.249.75.168 - - [14/Aug/2026:07:05:16 +0000] "GET /detail/20499f3229566 HTTP/1.1" 404 3674 "-" "Mozilla/5.0 (Linux; Android 6.0.1; Nexus 5X Build/MMB29P) AppleWebKit/537.36 (KHTML, like Gecko) Chrome/150.0.7871.186 Mobile Safari/537.36 (compatible; Googlebot/2.1; +http://www.google.com/bot.html)"
5.31.248.104 - - [14/Aug/2026:07:05:20 +0000] "POST /xmlrpc.php HTTP/1.1" 404 3673 "-" "WordPress.com; https://wordpress.com"
66.249.75.168 - - [14/Aug/2026:07:05:22 +0000] "GET /detail/b8dd443199356 HTTP/1.1" 404 3674 "-" "Mozilla/5.0 (Linux; Android 6.0.1; Nexus 5X Build/MMB29P) AppleWebKit/537.36 (KHTML, like Gecko) Chrome/150.0.7871.186 Mobile Safari/537.36 (compatible; Googlebot/2.1; +http://www.google.com/bot.html)"
102.254.102.46 - - [14/Aug/2026:07:05:23 +0000] "GET /detail/39481b3406947 HTTP/1.1" 404 3481 "-" "Mozilla/5.0 (Macintosh; Intel Mac OS X 10_15_7) AppleWebKit/537.36 (KHTML, like Gecko) Chrome/124.0.0.0 Safari/537.36"
66.249.75.168 - - [14/Aug/2026:07:05:29 +0000] "GET /detail/34ce35509083 HTTP/1.1" 404 3673 "-" "Mozilla/5.0 (Linux; Android 6.0.1; Nexus 5X Build/MMB29P) AppleWebKit/537.36 (KHTML, like Gecko) Chrome/150.0.7871.186 Mobile Safari/537.36 (compatible; Googlebot/2.1; +http://www.google.com/bot.html)"
223.123.2.177 - - [14/Aug/2026:07:05:30 +0000] "GET http://concellodapobradobrollon.gal/detail/d0f2764758705 HTTP/1.1" 404 507 "-" "Mozilla/5.0 (Macintosh; Intel Mac OS X 10_15_7) AppleWebKit/537.36 (KHTML, like Gecko) Chrome/142.0.0.0 Safari/537.36"
85.208.96.211 - - [14/Aug/2026:07:05:30 +0000] "GET /gl/gl/gl/gl/gl/gl/gl/gl/gl/gl/gl/gl/gl/gl/gl/gl/gl/gl/gl/gl/gl/gl/gl/gl/gl/gl/gl/gl/gl/gl/gl/gl/gl/gl/gl/gl/gl/gl/gl/gl/gl/gl/gl/gl/gl/gl/gl/gl/gl/gl/gl/gl/gl/gl/gl/gl/gl/gl/gl/gl/gl/gl/gl/gl/gl/gl/gl/gl/gl/gl/gl/gl/gl/gl/gl/gl/gl/gl/gl/gl/gl/gl/gl/gl/gl/gl/gl/gl/gl/gl/gl/gl/gl/gl/gl/gl/gl/gl/gl/gl/gl/gl/gl/gl/gl/gl/gl/gl/gl/gl/gl/gl/gl/gl/gl/gl/gl/gl/gl/gl/gl/gl/gl/gl/gl/gl/gl/gl/gl/gl/gl/gl/gl/gl/gl/gl/gl/gl/gl/gl/gl/gl/gl/gl/gl/gl/gl/gl/gl/gl/gl/gl/gl/gl/nova/informaci%C3%B3n-do-obradoiro-dual-de-emprego-2024-25 HTTP/1.1" 404 3636 "-" "Mozilla/5.0 (compatible; SemrushBot/7~bl; +http://www.semrush.com/bot.html)"
5.31.248.104 - - [14/Aug/2026:07:05:31 +0000] "POST /xmlrpc.php HTTP/1.1" 404 3673 "-" "WordPress.com; https://wordpress.com"
114.119.149.171 - - [14/Aug/2026:07:05:32 +0000] "GET /es/tags/tdt HTTP/1.1" 404 3428 "https://www.concellodapobradobrollon.gal/es/nova/informaci%C3%B3n-sobre-la-activaci%C3%B3n-de-la-red-m%C3%B3vil-de-nueva-generaci%C3%B3n" "Mozilla/5.0 (Linux; Android 7.0;) AppleWebKit/537.36 (HTML, like Gecko) Mobile Safari/537.36 (compatible; PetalBot;+https://webmaster.petalsearch.com/site/petalbot)"
185.191.171.13 - - [14/Aug/2026:07:05:33 +0000] "GET /es/es/es/es/es/es/es/es/es/es/es/es/es/es/es/es/es/es/es/es/es/es/es/es/es/es/es/es/es/es/es/es/es/es/es/es/es/es/es/es/es/es/es/es/es/es/es/es/es/es/es/es/es/es/es/es/es/es/es/es/es/es/es/es/es/es/es/es/es/es/es/es/es/es/es/es/es/es/es/es/es/es/es/es/es/es/es/es/es/es/es/es/es/es/es/es/es/es/es/es/es/es/es/es/es/es/es/es/es/es/es/es/es/es/es/es/es/es/es/es/es/es/es/es/es/es/es/es/es/es/es/es/es/es/es/es/tags/peregrinos HTTP/1.1" 404 3636 "-" "Mozilla/5.0 (compatible; SemrushBot/7~bl; +http://www.semrush.com/bot.html)"
66.249.75.168 - - [14/Aug/2026:07:05:35 +0000] "GET /detail/68cd402121058 HTTP/1.1" 404 3673 "-" "Mozilla/5.0 (Linux; Android 6.0.1; Nexus 5X Build/MMB29P) AppleWebKit/537.36 (KHTML, like Gecko) Chrome/150.0.7871.186 Mobile Safari/537.36 (compatible; Googlebot/2.1; +http://www.google.com/bot.html)"
85.208.96.208 - - [14/Aug/2026:07:05:37 +0000] "GET /es/es/es/es/es/es/es/es/es/es/es/es/es/es/es/es/es/es/es/es/es/es/es/es/es/es/es/es/es/es/es/es/es/es/es/es/es/es/es/es/es/es/es/es/es/es/es/es/es/es/es/es/es/es/es/es/es/es/es/es/es/es/es/es/es/es/es/es/es/es/es/es/es/es/es/es/es/es/es/es/es/es/es/es/es/es/es/es/es/es/es/es/es/es/es/es/es/es/es/es/es/es/es/es/es/es/es/es/es/es/es/es/es/es/es/es/es/es/es/es/es/es/es/es/es/es/es/es/es/es/es/es/es/es/es/es/es/es/es/es/es/es/es/es/nova/ya-se-pueden-solicitar-de-nuevo-los-permisos-para-quemas HTTP/1.1" 404 3636 "-" "Mozilla/5.0 (compatible; SemrushBot/7~bl; +http://www.semrush.com/bot.html)"
66.249.78.72 - - [14/Aug/2026:07:05:41 +0000] "GET /detail/d05e7c2300229 HTTP/1.1" 404 3672 "-" "Mozilla/5.0 (Linux; Android 6.0.1; Nexus 5X Build/MMB29P) AppleWebKit/537.36 (KHTML, like Gecko) Chrome/150.0.7871.186 Mobile Safari/537.36 (compatible; Googlebot/2.1; +http://www.google.com/bot.html)"
5.31.248.104 - - [14/Aug/2026:07:05:41 +0000] "POST /xmlrpc.php HTTP/1.1" 404 3672 "-" "Jetpack/13.0; WordPress/6.1; http://site35439850.com"
66.249.75.168 - - [14/Aug/2026:07:05:47 +0000] "GET /detail/d1f4e63948534 HTTP/1.1" 404 3673 "-" "Mozilla/5.0 (Linux; Android 6.0.1; Nexus 5X Build/MMB29P) AppleWebKit/537.36 (KHTML, like Gecko) Chrome/150.0.7871.186 Mobile Safari/537.36 (compatible; Googlebot/2.1; +http://www.google.com/bot.html)"
185.191.171.17 - - [14/Aug/2026:07:05:48 +0000] "GET /gl?c=r%C3%A8my-martin-cognac-fine-champagne-nv-750-cc-EoM7eVsL HTTP/1.1" 404 470 "-" "Mozilla/5.0 (compatible; SemrushBot/7~bl; +http://www.semrush.com/bot.html)"
66.249.75.168 - - [14/Aug/2026:07:05:50 +0000] "GET /detail/9799684383318 HTTP/1.1" 404 536 "-" "Mozilla/5.0 (Linux; Android 6.0.1; Nexus 5X Build/MMB29P) AppleWebKit/537.36 (KHTML, like Gecko) Chrome/150.0.7871.186 Mobile Safari/537.36 (compatible; Googlebot/2.1; +http://www.google.com/bot.html)"
