142.93.54.223 - - [14/Aug/2026:07:16:30 +0000] "GET /sites/default/files/u57/madamas-e-danzantes.jpg HTTP/1.1" 404 470 "http://concellodapobradobrollon.gal/" "Mozilla/5.0 (Windows NT 10.0; Win64; x64) AppleWebKit/537.36 (KHTML, like Gecko) Chrome/106.0.5249.119 Safari/537.36"
43.230.94.205 - - [14/Aug/2026:07:16:33 +0000] "GET http://concellodapobradobrollon.gal/sites/default/files/u57/madamas-e-danzantes.jpg HTTP/1.1" 404 470 "http://concellodapobradobrollon.gal/" "Mozilla/5.0 (Windows NT 10.0; Win64; x64) AppleWebKit/537.36 (KHTML, like Gecko) Chrome/106.0.5249.119 Safari/537.36"
66.249.78.72 - - [14/Aug/2026:07:16:33 +0000] "GET /detail/7543773010240 HTTP/1.1" 404 3674 "-" "Mozilla/5.0 (Linux; Android 6.0.1; Nexus 5X Build/MMB29P) AppleWebKit/537.36 (KHTML, like Gecko) Chrome/150.0.7871.186 Mobile Safari/537.36 (compatible; Googlebot/2.1; +http://www.google.com/bot.html)"
185.191.171.8 - - [14/Aug/2026:07:16:34 +0000] "GET /gl?c=the-best-non-alcoholic-sparkling-wine-alternatives-cc-JA3QxgSN HTTP/1.1" 404 470 "-" "Mozilla/5.0 (compatible; SemrushBot/7~bl; +http://www.semrush.com/bot.html)"
66.249.75.168 - - [14/Aug/2026:07:16:36 +0000] "GET /detail/48596a1420426 HTTP/1.1" 404 3673 "-" "Mozilla/5.0 (Linux; Android 6.0.1; Nexus 5X Build/MMB29P) AppleWebKit/537.36 (KHTML, like Gecko) Chrome/150.0.7871.186 Mobile Safari/537.36 (compatible; Googlebot/2.1; +http://www.google.com/bot.html)"
114.119.151.80 - - [14/Aug/2026:07:16:37 +0000] "GET /es/node/1945 HTTP/1.1" 404 3429 "https://www.concellodapobradobrollon.gal/es/categories/xeral?page=24" "Mozilla/5.0 (Linux; Android 7.0;) AppleWebKit/537.36 (HTML, like Gecko) Mobile Safari/537.36 (compatible; PetalBot;+https://webmaster.petalsearch.com/site/petalbot)"
66.249.75.168 - - [14/Aug/2026:07:16:42 +0000] "GET /detail/d9684c1828180 HTTP/1.1" 404 3673 "-" "Mozilla/5.0 (Linux; Android 6.0.1; Nexus 5X Build/MMB29P) AppleWebKit/537.36 (KHTML, like Gecko) Chrome/150.0.7871.186 Mobile Safari/537.36 (compatible; Googlebot/2.1; +http://www.google.com/bot.html)"
185.191.171.8 - - [14/Aug/2026:07:16:42 +0000] "GET /gl/gl/gl/gl/gl/gl/gl/gl/gl/gl/gl/gl/gl/gl/gl/gl/gl/gl/gl/gl/gl/gl/gl/gl/gl/gl/gl/gl/gl/gl/gl/gl/gl/gl/gl/gl/gl/gl/gl/gl/gl/gl/gl/gl/gl/gl/gl/gl/gl/gl/gl/gl/gl/gl/gl/gl/gl/gl/gl/gl/gl/gl/gl/gl/gl/gl/gl/gl/gl/gl/gl/gl/gl/gl/gl/gl/gl/gl/gl/gl/gl/gl/gl/gl/gl/gl/gl/gl/gl/gl/gl/gl/gl/gl/gl/gl/gl/gl/gl/gl/gl/gl/gl/gl/gl/gl/gl/gl/gl/gl/gl/gl/gl/gl/gl/gl/gl/gl/gl/gl/gl/gl/gl/gl/gl/gl/gl/gl/gl/gl/gl/gl/gl/nova/mario-obrero-presenta-o-seu-novo-libro-con-e-de-curcusp%C3%ADn-o-26-de-maio-na-pobra HTTP/1.1" 404 3635 "-" "Mozilla/5.0 (compatible; SemrushBot/7~bl; +http://www.semrush.com/bot.html)"
43.173.181.62 - - [14/Aug/2026:07:16:46 +0000] "GET /es/nova/zumba-se-suma-la-oferta-de-actividades-deportivas-municipales HTTP/1.1" 404 3409 "-" "Mozilla/5.0 (Windows NT 10.0; Win64; x64) AppleWebKit/537.36 (KHTML, like Gecko) Chrome/131.0.0.0 Safari/537.36"
66.249.75.168 - - [14/Aug/2026:07:16:48 +0000] "GET /detail/952b961787128 HTTP/1.1" 404 3673 "-" "Mozilla/5.0 (Linux; Android 6.0.1; Nexus 5X Build/MMB29P) AppleWebKit/537.36 (KHTML, like Gecko) Chrome/150.0.7871.186 Mobile Safari/537.36 (compatible; Googlebot/2.1; +http://www.google.com/bot.html)"
102.204.12.242 - - [14/Aug/2026:07:16:49 +0000] "GET /detail/ab62864137002 HTTP/1.1" 404 3693 "-" "Mozilla/5.0 (Windows NT 10.0; Win64; x64) AppleWebKit/537.36 (KHTML, like Gecko) Chrome/145.0.0.0 Safari/537.36"
207.46.13.64 - - [14/Aug/2026:07:16:52 +0000] "GET /gl/items/C051365674 HTTP/1.1" 404 3665 "-" "Mozilla/5.0 AppleWebKit/537.36 (KHTML, like Gecko; compatible; bingbot/2.0; +http://www.bing.com/bingbot.htm) Chrome/116.0.1938.76 Safari/537.36"
95.233.226.186 - - [14/Aug/2026:07:16:53 +0000] "GET /detail/3e17d2939762 HTTP/1.1" 404 3687 "-" "Mozilla/5.0 (Windows NT 10.0; Win64; x64) AppleWebKit/537.36 (KHTML, like Gecko) Chrome/144.0.0.0 Safari/537.36"
66.249.78.72 - - [14/Aug/2026:07:16:54 +0000] "GET /detail/8023c6900247 HTTP/1.1" 404 3674 "-" "Mozilla/5.0 (Linux; Android 6.0.1; Nexus 5X Build/MMB29P) AppleWebKit/537.36 (KHTML, like Gecko) Chrome/150.0.7871.186 Mobile Safari/537.36 (compatible; Googlebot/2.1; +http://www.google.com/bot.html)"
66.249.78.72 - - [14/Aug/2026:07:16:59 +0000] "GET /detail/238ad91907433 HTTP/1.1" 404 3673 "-" "Mozilla/5.0 (Linux; Android 6.0.1; Nexus 5X Build/MMB29P) AppleWebKit/537.36 (KHTML, like Gecko) Chrome/150.0.7871.186 Mobile Safari/537.36 (compatible; Googlebot/2.1; +http://www.google.com/bot.html)"
66.249.75.168 - - [14/Aug/2026:07:17:00 +0000] "GET /detail/c508474351825 HTTP/1.1" 404 3673 "-" "Mozilla/5.0 (Linux; Android 6.0.1; Nexus 5X Build/MMB29P) AppleWebKit/537.36 (KHTML, like Gecko) Chrome/150.0.7871.186 Mobile Safari/537.36 (compatible; Googlebot/2.1; +http://www.google.com/bot.html)"
185.191.171.13 - - [14/Aug/2026:07:17:03 +0000] "GET /gl/gl/gl/gl/gl/gl/gl/gl/gl/gl/gl/gl/gl/gl/gl/gl/gl/gl/gl/gl/gl/gl/gl/gl/gl/gl/gl/gl/gl/gl/gl/gl/gl/gl/gl/gl/gl/gl/gl/gl/gl/gl/gl/gl/gl/gl/gl/gl/gl/gl/gl/gl/gl/gl/gl/gl/gl/gl/gl/gl/gl/gl/gl/gl/gl/gl/gl/gl/gl/gl/gl/gl/gl/gl/gl/gl/gl/gl/gl/gl/gl/gl/gl/gl/gl/gl/gl/gl/gl/gl/gl/gl/gl/gl/gl/gl/gl/gl/gl/gl/gl/gl/gl/gl/gl/gl/gl/gl/gl/gl/gl/gl/gl/gl/gl/gl/gl/gl/gl/gl/gl/gl/gl/gl/gl/gl/gl/gl/gl/gl/gl/gl/gl/gl/gl/gl/gl/gl/gl/gl/gl/gl/gl/gl/gl/gl/gl/gl/gl/gl/gl/gl/gl/gl/gl/gl/gl/gl/gl/gl/gl/gl/gl/gl/gl/gl/gl/gl/gl/gl/gl/gl/gl/gl/gl/gl/gl/gl/gl/gl/gl/gl/gl/gl/gl/gl/gl/gl/gl/gl/gl/gl/gl/gl/gl/gl/gl/gl/gl/gl/gl/gl/gl/gl/gl/gl/gl/gl/gl/gl/gl/gl/gl/gl/gl/gl/gl/gl/gl/gl/gl/gl/gl/gl/gl/gl/gl/gl/gl/gl/gl/gl/gl/gl/tags/centro-da-xuventude HTTP/1.1" 404 3636 "-" "Mozilla/5.0 (compatible; SemrushBot/7~bl; +http://www.semrush.com/bot.html)"
66.249.78.72 - - [14/Aug/2026:07:17:06 +0000] "GET /detail/00c3164596572 HTTP/1.1" 404 3674 "-" "Mozilla/5.0 (Linux; Android 6.0.1; Nexus 5X Build/MMB29P) AppleWebKit/537.36 (KHTML, like Gecko) Chrome/150.0.7871.186 Mobile Safari/537.36 (compatible; Googlebot/2.1; +http://www.google.com/bot.html)"
185.191.171.18 - - [14/Aug/2026:07:17:09 +0000] "GET /en/en/en/en/en/en/en/en/en/en/en/en/en/en/en/en/en/en/en/en/en/en/en/en/en/en/en/en/en/en/en/en/en/en/en/en/en/en/en/en/en/en/en/en/en/en/en/en/en/en/en/en/en/en/en/en/en/en/en/en/en/en/en/en/en/en/en/en/en/en/en/en/en/en/en/en/en/en/en/en/en/en/en/en/en/en/en/en/en/en/en/en/en/en/en/en/en/en/en/en/en/en/en/en/en/en/en/en/en/en/en/en/en/en/en/en/en/en/en/en/en/en/en/en/en/en/en/en/en/en/en/en/en/en/en/en/en/en/en/en/en/en/en/en/en/en/en/en/en/en/en/en/en/en/en/en/en/node/1740 HTTP/1.1" 404 3635 "-" "Mozilla/5.0 (compatible; SemrushBot/7~bl; +http://www.semrush.com/bot.html)"
185.191.171.13 - - [14/Aug/2026:07:17:11 +0000] "GET /es/es/es/es/es/es/es/es/es/es/es/es/es/es/es/es/es/es/es/es/es/es/es/es/es/es/es/es/es/es/es/es/es/es/es/es/es/es/es/es/es/es/es/es/es/es/es/es/es/es/es/es/es/es/es/es/es/es/es/es/es/es/es/es/es/es/es/es/es/es/es/es/es/es/es/es/es/es/es/es/es/es/es/es/es/es/es/es/es/es/es/es/es/es/es/es/es/es/es/es/es/es/es/es/es/es/es/es/es/es/es/es/es/es/es/es/es/es/es/es/es/es/es/es/es/es/es/es/es/es/es/es/es/es/es/es/es/es/es/es/es/es/es/es/es/tags/contacontos HTTP/1.1" 404 3636 "-" "Mozilla/5.0 (compatible; SemrushBot/7~bl; +http://www.semrush.com/bot.html)"
66.249.78.72 - - [14/Aug/2026:07:17:12 +0000] "GET /detail/d06e081116267 HTTP/1.1" 404 3674 "-" "Mozilla/5.0 (Linux; Android 6.0.1; Nexus 5X Build/MMB29P) AppleWebKit/537.36 (KHTML, like Gecko) Chrome/150.0.7871.186 Mobile Safari/537.36 (compatible; Googlebot/2.1; +http://www.google.com/bot.html)"
176.96.191.88 - - [14/Aug/2026:07:17:14 +0000] "GET /detail/74f0633249136 HTTP/1.1" 404 3691 "-" "Mozilla/5.0 (Macintosh; Intel Mac OS X 10_15_7) AppleWebKit/537.36 (KHTML, like Gecko) Chrome/144.0.0.0 Safari/537.36"
66.249.78.72 - - [14/Aug/2026:07:17:17 +0000] "GET /detail/2685233055408 HTTP/1.1" 404 3674 "-" "Mozilla/5.0 (Linux; Android 6.0.1; Nexus 5X Build/MMB29P) AppleWebKit/537.36 (KHTML, like Gecko) Chrome/150.0.7871.186 Mobile Safari/537.36 (compatible; Googlebot/2.1; +http://www.google.com/bot.html)"
185.191.171.16 - - [14/Aug/2026:07:17:17 +0000] "GET /gl/gl/gl/gl/gl/gl/gl/gl/gl/gl/gl/gl/gl/gl/gl/gl/gl/gl/gl/gl/gl/gl/gl/gl/gl/gl/gl/gl/gl/gl/gl/gl/gl/gl/gl/gl/gl/gl/gl/gl/gl/gl/gl/gl/gl/gl/gl/gl/gl/gl/gl/gl/gl/gl/gl/gl/gl/gl/gl/gl/gl/gl/gl/gl/gl/gl/gl/gl/gl/gl/gl/gl/gl/gl/gl/gl/gl/gl/gl/gl/gl/gl/gl/gl/gl/gl/gl/gl/gl/gl/gl/gl/gl/gl/gl/gl/gl/gl/gl/gl/gl/gl/gl/gl/gl/gl/gl/gl/gl/gl/gl/gl/gl/gl/gl/gl/gl/gl/gl/gl/gl/gl/gl/gl/gl/gl/gl/gl/gl/gl/gl/gl/gl/gl/gl/gl/gl/gl/gl/gl/gl/gl/gl/gl/gl/gl/gl/gl/gl/gl/gl/nova/recomendaci%C3%B3ns-do-ministerio-de-sanidade-para-persoas-que-regresan-ao-traballo HTTP/1.1" 404 3636 "-" "Mozilla/5.0 (compatible; SemrushBot/7~bl; +http://www.semrush.com/bot.html)"
66.249.75.168 - - [14/Aug/2026:07:17:19 +0000] "GET /detail/234e521980138 HTTP/1.1" 404 3672 "-" "Mozilla/5.0 (Linux; Android 6.0.1; Nexus 5X Build/MMB29P) AppleWebKit/537.36 (KHTML, like Gecko) Chrome/150.0.7871.186 Mobile Safari/537.36 (compatible; Googlebot/2.1; +http://www.google.com/bot.html)"
185.191.171.3 - - [14/Aug/2026:07:17:24 +0000] "GET /gl/gl/gl/gl/gl/gl/gl/gl/gl/gl/gl/gl/gl/gl/gl/gl/gl/gl/gl/gl/gl/gl/gl/gl/gl/gl/gl/gl/gl/gl/gl/gl/gl/gl/gl/gl/gl/gl/gl/gl/gl/gl/gl/gl/gl/gl/gl/gl/gl/gl/gl/gl/gl/gl/gl/gl/gl/gl/gl/gl/gl/gl/gl/gl/gl/gl/gl/gl/gl/gl/gl/gl/gl/gl/gl/gl/gl/gl/gl/gl/gl/gl/gl/gl/gl/gl/gl/gl/gl/gl/gl/gl/gl/gl/gl/gl/gl/gl/gl/gl/gl/gl/gl/gl/gl/gl/gl/gl/gl/gl/gl/gl/gl/gl/gl/gl/gl/gl/gl/gl/gl/gl/gl/gl/gl/gl/gl/gl/gl/gl/gl/gl/gl/gl/gl/gl/gl/gl/gl/gl/gl/gl/gl/gl/gl/gl/gl/gl/gl/gl/nova/concerto-de-caldo-e-m%C3%A1is-cultura-esta-fin-de-semana HTTP/1.1" 404 3635 "-" "Mozilla/5.0 (compatible; SemrushBot/7~bl; +http://www.semrush.com/bot.html)"
66.249.75.168 - - [14/Aug/2026:07:17:25 +0000] "GET /detail/01452f2208544 HTTP/1.1" 404 3674 "-" "Mozilla/5.0 (Linux; Android 6.0.1; Nexus 5X Build/MMB29P) AppleWebKit/537.36 (KHTML, like Gecko) Chrome/150.0.7871.186 Mobile Safari/537.36 (compatible; Googlebot/2.1; +http://www.google.com/bot.html)"
85.208.96.202 - - [14/Aug/2026:07:17:26 +0000] "GET /es/es/es/es/es/es/es/es/es/es/es/es/es/es/es/es/es/es/es/es/es/es/es/es/es/es/es/es/es/es/es/es/es/es/es/es/es/es/es/es/es/es/es/es/es/es/es/es/es/es/es/es/es/es/es/es/es/es/es/es/es/es/es/es/es/es/es/es/es/es/es/es/es/es/es/es/es/es/es/es/es/es/es/es/es/es/es/es/es/es/es/es/es/es/es/es/es/es/es/es/es/es/es/es/es/es/es/es/es/es/es/es/es/es/es/es/es/es/es/es/es/es/es/es/es/es/es/es/es/es/es/es/es/es/es/es/es/es/es/es/es/es/es/es/es/es/es/es/es/es/es/es/es/tags/8m HTTP/1.1" 404 3636 "-" "Mozilla/5.0 (compatible; SemrushBot/7~bl; +http://www.semrush.com/bot.html)"
66.249.78.72 - - [14/Aug/2026:07:17:30 +0000] "GET /detail/782f644209501 HTTP/1.1" 404 3672 "-" "Mozilla/5.0 (Linux; Android 6.0.1; Nexus 5X Build/MMB29P) AppleWebKit/537.36 (KHTML, like Gecko) Chrome/150.0.7871.186 Mobile Safari/537.36 (compatible; Googlebot/2.1; +http://www.google.com/bot.html)"
92.241.37.136 - - [14/Aug/2026:07:17:36 +0000] "GET /detail/489714815806 HTTP/1.1" 404 3688 "-" "Mozilla/5.0 (Windows NT 10.0; Win64; x64) AppleWebKit/537.36 (KHTML, like Gecko) Chrome/141.0.0.0 Safari/537.36"
66.249.78.72 - - [14/Aug/2026:07:17:37 +0000] "GET /detail/61103d2958466 HTTP/1.1" 404 3672 "-" "Mozilla/5.0 (Linux; Android 6.0.1; Nexus 5X Build/MMB29P) AppleWebKit/537.36 (KHTML, like Gecko) Chrome/150.0.7871.186 Mobile Safari/537.36 (compatible; Googlebot/2.1; +http://www.google.com/bot.html)"
66.249.78.72 - - [14/Aug/2026:07:17:43 +0000] "GET /detail/17f7751216136 HTTP/1.1" 404 3674 "-" "Mozilla/5.0 (Linux; Android 6.0.1; Nexus 5X Build/MMB29P) AppleWebKit/537.36 (KHTML, like Gecko) Chrome/150.0.7871.186 Mobile Safari/537.36 (compatible; Googlebot/2.1; +http://www.google.com/bot.html)"
104.174.45.34 - - [14/Aug/2026:07:17:45 +0000] "GET /gl/tags/actividades HTTP/1.1" 404 3689 "-" "Mozilla/5.0 (X11; Linux x86_64) AppleWebKit/537.36 (KHTML, like Gecko) Chrome/150.0.0.0 Safari/537.36"
104.174.45.34 - - [14/Aug/2026:07:17:45 +0000] "GET /favicon.ico HTTP/1.1" 404 536 "https://concellodapobradobrollon.gal/gl/tags/actividades" "Mozilla/5.0 (X11; Linux x86_64) AppleWebKit/537.36 (KHTML, like Gecko) Chrome/150.0.0.0 Safari/537.36"
66.249.78.72 - - [14/Aug/2026:07:17:46 +0000] "GET /detail/048a68395676 HTTP/1.1" 404 536 "-" "Mozilla/5.0 (Linux; Android 6.0.1; Nexus 5X Build/MMB29P) AppleWebKit/537.36 (KHTML, like Gecko) Chrome/150.0.7871.186 Mobile Safari/537.36 (compatible; Googlebot/2.1; +http://www.google.com/bot.html)"
185.191.171.2 - - [14/Aug/2026:07:17:46 +0000] "GET /gl/gl/gl/gl/gl/gl/gl/gl/gl/gl/gl/gl/gl/gl/gl/gl/gl/gl/gl/gl/gl/gl/gl/gl/gl/gl/gl/gl/gl/gl/gl/gl/gl/gl/gl/gl/gl/gl/gl/gl/gl/gl/gl/gl/gl/gl/gl/gl/gl/gl/gl/gl/gl/gl/gl/gl/gl/gl/gl/gl/gl/gl/gl/gl/gl/gl/gl/gl/gl/gl/gl/gl/gl/gl/gl/gl/gl/gl/gl/gl/gl/gl/gl/gl/gl/gl/gl/gl/gl/gl/gl/gl/gl/gl/gl/gl/gl/gl/gl/gl/gl/gl/gl/gl/gl/gl/gl/gl/gl/gl/gl/gl/gl/gl/gl/gl/gl/gl/gl/gl/gl/gl/gl/gl/gl/gl/gl/gl/gl/gl/gl/gl/gl/gl/gl/gl/gl/gl/gl/gl/gl/gl/gl/gl/gl/gl/gl/gl/gl/gl/gl/gl/gl/gl/gl/tags/vacina HTTP/1.1" 404 3635 "-" "Mozilla/5.0 (compatible; SemrushBot/7~bl; +http://www.semrush.com/bot.html)"
52.167.144.172 - - [14/Aug/2026:07:17:46 +0000] "GET /gl/items/O422548991 HTTP/1.1" 404 3663 "-" "Mozilla/5.0 AppleWebKit/537.36 (KHTML, like Gecko; compatible; bingbot/2.0; +http://www.bing.com/bingbot.htm) Chrome/116.0.1938.76 Safari/537.36"
52.167.144.172 - - [14/Aug/2026:07:17:46 +0000] "GET /gl/items/A661719495 HTTP/1.1" 404 481 "-" "Mozilla/5.0 AppleWebKit/537.36 (KHTML, like Gecko; compatible; bingbot/2.0; +http://www.bing.com/bingbot.htm) Chrome/116.0.1938.76 Safari/537.36"
52.167.144.172 - - [14/Aug/2026:07:17:46 +0000] "GET /gl/items/Q342737250 HTTP/1.1" 404 481 "-" "Mozilla/5.0 AppleWebKit/537.36 (KHTML, like Gecko; compatible; bingbot/2.0; +http://www.bing.com/bingbot.htm) Chrome/116.0.1938.76 Safari/537.36"
66.249.78.72 - - [14/Aug/2026:07:17:49 +0000] "GET /detail/687c672793123 HTTP/1.1" 404 536 "-" "Mozilla/5.0 (Linux; Android 6.0.1; Nexus 5X Build/MMB29P) AppleWebKit/537.36 (KHTML, like Gecko) Chrome/150.0.7871.186 Mobile Safari/537.36 (compatible; Googlebot/2.1; +http://www.google.com/bot.html)"
66.249.75.168 - - [14/Aug/2026:07:17:52 +0000] "GET /detail/756bf43343477 HTTP/1.1" 404 3673 "-" "Mozilla/5.0 (Linux; Android 6.0.1; Nexus 5X Build/MMB29P) AppleWebKit/537.36 (KHTML, like Gecko) Chrome/150.0.7871.186 Mobile Safari/537.36 (compatible; Googlebot/2.1; +http://www.google.com/bot.html)"
207.46.13.64 - - [14/Aug/2026:07:17:53 +0000] "GET /gl/items/H971731643 HTTP/1.1" 404 3664 "-" "Mozilla/5.0 AppleWebKit/537.36 (KHTML, like Gecko; compatible; bingbot/2.0; +http://www.bing.com/bingbot.htm) Chrome/116.0.1938.76 Safari/537.36"
66.249.75.168 - - [14/Aug/2026:07:17:55 +0000] "GET /detail/b526122744051 HTTP/1.1" 404 536 "-" "Mozilla/5.0 (Linux; Android 6.0.1; Nexus 5X Build/MMB29P) AppleWebKit/537.36 (KHTML, like Gecko) Chrome/150.0.7871.186 Mobile Safari/537.36 (compatible; Googlebot/2.1; +http://www.google.com/bot.html)"
185.191.171.15 - - [14/Aug/2026:07:17:56 +0000] "GET /en/en/en/en/en/en/en/en/en/en/en/en/en/en/en/en/en/en/en/en/en/en/en/en/en/en/en/en/en/en/en/en/en/en/en/en/en/en/en/en/en/en/en/en/en/en/en/en/en/en/en/en/en/en/en/en/en/en/en/en/en/en/en/en/en/en/en/en/en/en/en/en/en/en/en/en/en/en/en/en/en/en/en/en/en/en/en/en/en/en/en/en/en/en/en/en/en/en/en/en/en/en/en/en/en/en/en/en/en/en/en/en/en/en/en/en/en/en/node/785 HTTP/1.1" 404 3636 "-" "Mozilla/5.0 (compatible; SemrushBot/7~bl; +http://www.semrush.com/bot.html)"
52.167.144.212 - - [14/Aug/2026:07:17:56 +0000] "GET /gl/items/C972311256 HTTP/1.1" 404 3665 "-" "Mozilla/5.0 AppleWebKit/537.36 (KHTML, like Gecko; compatible; bingbot/2.0; +http://www.bing.com/bingbot.htm) Chrome/116.0.1938.76 Safari/537.36"
52.167.144.212 - - [14/Aug/2026:07:17:56 +0000] "GET /gl/items/H572286332 HTTP/1.1" 404 481 "-" "Mozilla/5.0 AppleWebKit/537.36 (KHTML, like Gecko; compatible; bingbot/2.0; +http://www.bing.com/bingbot.htm) Chrome/116.0.1938.76 Safari/537.36"
207.46.13.64 - - [14/Aug/2026:07:17:56 +0000] "GET /gl/items/F282549824 HTTP/1.1" 404 481 "-" "Mozilla/5.0 AppleWebKit/537.36 (KHTML, like Gecko; compatible; bingbot/2.0; +http://www.bing.com/bingbot.htm) Chrome/116.0.1938.76 Safari/537.36"
52.167.144.212 - - [14/Aug/2026:07:17:56 +0000] "GET /gl/items/V571664007 HTTP/1.1" 404 481 "-" "Mozilla/5.0 AppleWebKit/537.36 (KHTML, like Gecko; compatible; bingbot/2.0; +http://www.bing.com/bingbot.htm) Chrome/116.0.1938.76 Safari/537.36"
52.167.144.212 - - [14/Aug/2026:07:17:56 +0000] "GET /gl/items/Z851886877 HTTP/1.1" 404 481 "-" "Mozilla/5.0 AppleWebKit/537.36 (KHTML, like Gecko; compatible; bingbot/2.0; +http://www.bing.com/bingbot.htm) Chrome/116.0.1938.76 Safari/537.36"
52.167.144.212 - - [14/Aug/2026:07:17:57 +0000] "GET /gl/items/O262116122 HTTP/1.1" 404 481 "-" "Mozilla/5.0 AppleWebKit/537.36 (KHTML, like Gecko; compatible; bingbot/2.0; +http://www.bing.com/bingbot.htm) Chrome/116.0.1938.76 Safari/537.36"
52.167.144.172 - - [14/Aug/2026:07:17:57 +0000] "GET /gl/items/M942092722 HTTP/1.1" 404 3664 "-" "Mozilla/5.0 AppleWebKit/537.36 (KHTML, like Gecko; compatible; bingbot/2.0; +http://www.bing.com/bingbot.htm) Chrome/116.0.1938.76 Safari/537.36"
52.167.144.212 - - [14/Aug/2026:07:18:00 +0000] "GET /gl/items/T992164392 HTTP/1.1" 404 481 "-" "Mozilla/5.0 AppleWebKit/537.36 (KHTML, like Gecko; compatible; bingbot/2.0; +http://www.bing.com/bingbot.htm) Chrome/116.0.1938.76 Safari/537.36"
52.167.144.212 - - [14/Aug/2026:07:18:00 +0000] "GET /gl/items/W222888495 HTTP/1.1" 404 481 "-" "Mozilla/5.0 AppleWebKit/537.36 (KHTML, like Gecko; compatible; bingbot/2.0; +http://www.bing.com/bingbot.htm) Chrome/116.0.1938.76 Safari/537.36"
114.119.149.171 - - [14/Aug/2026:07:18:01 +0000] "GET /es/nova/la-oficina-m%C3%B3vil-acelera-pyme-visita-pobra-do-broll%C3%B3n-el-9-de-noviembre HTTP/1.1" 404 3429 "https://www.concellodapobradobrollon.gal/es/nova/finalizado-el-acondicionamiento-y-humanizaci%C3%B3n-de-la-avda-de-outeiro" "Mozilla/5.0 (Linux; Android 7.0;) AppleWebKit/537.36 (HTML, like Gecko) Mobile Safari/537.36 (compatible; PetalBot;+https://webmaster.petalsearch.com/site/petalbot)"
52.167.144.212 - - [14/Aug/2026:07:18:01 +0000] "GET /gl/items/P041699326 HTTP/1.1" 404 481 "-" "Mozilla/5.0 AppleWebKit/537.36 (KHTML, like Gecko; compatible; bingbot/2.0; +http://www.bing.com/bingbot.htm) Chrome/116.0.1938.76 Safari/537.36"
52.167.144.212 - - [14/Aug/2026:07:18:01 +0000] "GET /gl/items/C141144325 HTTP/1.1" 404 481 "-" "Mozilla/5.0 AppleWebKit/537.36 (KHTML, like Gecko; compatible; bingbot/2.0; +http://www.bing.com/bingbot.htm) Chrome/116.0.1938.76 Safari/537.36"
66.249.78.64 - - [14/Aug/2026:07:18:01 +0000] "GET /detail/9843c24253454 HTTP/1.1" 404 3674 "-" "Mozilla/5.0 (Linux; Android 6.0.1; Nexus 5X Build/MMB29P) AppleWebKit/537.36 (KHTML, like Gecko) Chrome/150.0.7871.186 Mobile Safari/537.36 (compatible; Googlebot/2.1; +http://www.google.com/bot.html)"
38.51.244.104 - - [14/Aug/2026:07:18:03 +0000] "GET http://concellodapobradobrollon.gal/detail/332f613497132 HTTP/1.1" 404 507 "-" "Mozilla/5.0 (Macintosh; Intel Mac OS X 10_15_4) AppleWebKit/537.36 (KHTML, like Gecko) Brave Chrome/80.0.3987.149 Safari/537.36"
144.124.199.196 - - [14/Aug/2026:07:18:04 +0000] "GET /detail/134f001312360 HTTP/1.1" 404 3693 "-" "Mozilla/5.0 (Macintosh; Intel Mac OS X 10_15_7) AppleWebKit/537.36 (KHTML, like Gecko) Chrome/144.0.0.0 Safari/537.36"
66.249.75.168 - - [14/Aug/2026:07:18:07 +0000] "GET /detail/190f341956177 HTTP/1.1" 404 3674 "-" "Mozilla/5.0 (Linux; Android 6.0.1; Nexus 5X Build/MMB29P) AppleWebKit/537.36 (KHTML, like Gecko) Chrome/150.0.7871.186 Mobile Safari/537.36 (compatible; Googlebot/2.1; +http://www.google.com/bot.html)"
85.208.96.196 - - [14/Aug/2026:07:18:11 +0000] "GET /gl/gl/gl/gl/gl/gl/gl/gl/gl/gl/gl/gl/gl/gl/gl/gl/gl/gl/gl/gl/gl/gl/gl/gl/gl/gl/gl/gl/gl/gl/gl/gl/gl/gl/gl/gl/gl/gl/gl/gl/gl/gl/gl/gl/gl/gl/gl/gl/gl/gl/gl/gl/gl/gl/gl/gl/gl/gl/gl/gl/gl/gl/gl/gl/gl/gl/gl/gl/gl/gl/gl/gl/gl/gl/gl/gl/gl/gl/gl/gl/gl/gl/gl/gl/gl/gl/gl/gl/gl/gl/gl/gl/gl/gl/gl/gl/gl/gl/gl/gl/gl/gl/gl/gl/gl/gl/gl/gl/gl/gl/gl/gl/gl/gl/gl/gl/gl/gl/gl/gl/gl/gl/gl/gl/gl/gl/gl/gl/gl/gl/gl/gl/gl/gl/gl/gl/gl/gl/gl/gl/gl/gl/gl/gl/gl/gl/gl/gl/gl/gl/gl/gl/gl/gl/gl/gl/gl/gl/gl/gl/contacto HTTP/1.1" 404 3635 "-" "Mozilla/5.0 (compatible; SemrushBot/7~bl; +http://www.semrush.com/bot.html)"
52.167.144.212 - - [14/Aug/2026:07:18:12 +0000] "GET /gl/items/F741257208 HTTP/1.1" 404 3665 "-" "Mozilla/5.0 AppleWebKit/537.36 (KHTML, like Gecko; compatible; bingbot/2.0; +http://www.bing.com/bingbot.htm) Chrome/116.0.1938.76 Safari/537.36"
66.249.78.72 - - [14/Aug/2026:07:18:13 +0000] "GET /detail/152c5f3823480 HTTP/1.1" 404 3672 "-" "Mozilla/5.0 (Linux; Android 6.0.1; Nexus 5X Build/MMB29P) AppleWebKit/537.36 (KHTML, like Gecko) Chrome/150.0.7871.186 Mobile Safari/537.36 (compatible; Googlebot/2.1; +http://www.google.com/bot.html)"
52.167.144.172 - - [14/Aug/2026:07:18:17 +0000] "GET /gl/items/F451465025 HTTP/1.1" 404 3664 "-" "Mozilla/5.0 AppleWebKit/537.36 (KHTML, like Gecko; compatible; bingbot/2.0; +http://www.bing.com/bingbot.htm) Chrome/116.0.1938.76 Safari/537.36"
52.167.144.172 - - [14/Aug/2026:07:18:17 +0000] "GET /gl/items/F952456677 HTTP/1.1" 404 481 "-" "Mozilla/5.0 AppleWebKit/537.36 (KHTML, like Gecko; compatible; bingbot/2.0; +http://www.bing.com/bingbot.htm) Chrome/116.0.1938.76 Safari/537.36"
52.167.144.172 - - [14/Aug/2026:07:18:17 +0000] "GET /gl/items/X682726138 HTTP/1.1" 404 481 "-" "Mozilla/5.0 AppleWebKit/537.36 (KHTML, like Gecko; compatible; bingbot/2.0; +http://www.bing.com/bingbot.htm) Chrome/116.0.1938.76 Safari/537.36"
52.167.144.172 - - [14/Aug/2026:07:18:17 +0000] "GET /gl/items/D532272173 HTTP/1.1" 404 481 "-" "Mozilla/5.0 AppleWebKit/537.36 (KHTML, like Gecko; compatible; bingbot/2.0; +http://www.bing.com/bingbot.htm) Chrome/116.0.1938.76 Safari/537.36"
52.167.144.172 - - [14/Aug/2026:07:18:17 +0000] "GET /gl/items/Q052883489 HTTP/1.1" 404 481 "-" "Mozilla/5.0 AppleWebKit/537.36 (KHTML, like Gecko; compatible; bingbot/2.0; +http://www.bing.com/bingbot.htm) Chrome/116.0.1938.76 Safari/537.36"
52.167.144.172 - - [14/Aug/2026:07:18:18 +0000] "GET /gl/items/A061045393 HTTP/1.1" 404 481 "-" "Mozilla/5.0 AppleWebKit/537.36 (KHTML, like Gecko; compatible; bingbot/2.0; +http://www.bing.com/bingbot.htm) Chrome/116.0.1938.76 Safari/537.36"
66.249.78.72 - - [14/Aug/2026:07:18:19 +0000] "GET /detail/21cd793809511 HTTP/1.1" 404 3673 "-" "Mozilla/5.0 (Linux; Android 6.0.1; Nexus 5X Build/MMB29P) AppleWebKit/537.36 (KHTML, like Gecko) Chrome/150.0.7871.186 Mobile Safari/537.36 (compatible; Googlebot/2.1; +http://www.google.com/bot.html)"
66.249.75.168 - - [14/Aug/2026:07:18:20 +0000] "GET /detail/8894544506481 HTTP/1.1" 404 3673 "-" "Mozilla/5.0 (Linux; Android 6.0.1; Nexus 5X Build/MMB29P) AppleWebKit/537.36 (KHTML, like Gecko) Chrome/150.0.7871.186 Mobile Safari/537.36 (compatible; Googlebot/2.1; +http://www.google.com/bot.html)"
136.70.86.67 - - [14/Aug/2026:07:18:25 +0000] "GET / HTTP/1.1" 200 3853 "-" "Mozilla/5.0 (Windows NT 10.0; Win64; x64) AppleWebKit/537.36 (KHTML, like Gecko) Chrome/152.0.0.0 Safari/537.36"
66.249.78.72 - - [14/Aug/2026:07:18:26 +0000] "GET /detail/09d70c2330560 HTTP/1.1" 404 3674 "-" "Mozilla/5.0 (Linux; Android 6.0.1; Nexus 5X Build/MMB29P) AppleWebKit/537.36 (KHTML, like Gecko) Chrome/150.0.7871.186 Mobile Safari/537.36 (compatible; Googlebot/2.1; +http://www.google.com/bot.html)"
136.70.86.67 - - [14/Aug/2026:07:18:29 +0000] "GET /?C=N;O=D HTTP/1.1" 200 702 "-" "Mozilla/5.0 (Windows NT 10.0; Win64; x64) AppleWebKit/537.36 (KHTML, like Gecko) Chrome/152.0.0.0 Safari/537.36"
136.70.86.67 - - [14/Aug/2026:07:18:29 +0000] "GET /.git/config HTTP/1.1" 404 481 "-" "Mozilla/5.0 (compatible; DeepSeekBot/1.0; +https://www.deepseek.com/bot)"
136.70.86.67 - - [14/Aug/2026:07:18:30 +0000] "GET /.aws/config HTTP/1.1" 404 481 "-" "Mozilla/5.0 (compatible; DeepSeekBot/1.0; +https://www.deepseek.com/bot)"
136.70.86.67 - - [14/Aug/2026:07:18:30 +0000] "GET /rclone.conf HTTP/1.1" 404 3632 "-" "Mozilla/5.0 (compatible; DeepSeekBot/1.0; +https://www.deepseek.com/bot)"
136.70.86.67 - - [14/Aug/2026:07:18:30 +0000] "GET /z9x8c7v6b5-debug-trigger-concellodapobradobrollon.gal HTTP/1.1" 404 3632 "-" "Mozilla/5.0 (compatible; DeepSeekBot/1.0; +https://www.deepseek.com/bot)"
136.70.86.67 - - [14/Aug/2026:07:18:30 +0000] "GET /.git/HEAD HTTP/1.1" 404 3632 "-" "Mozilla/5.0 (compatible; DeepSeekBot/1.0; +https://www.deepseek.com/bot)"
136.70.86.67 - - [14/Aug/2026:07:18:30 +0000] "GET /.git-credentials HTTP/1.1" 404 3632 "-" "Mozilla/5.0 (compatible; DeepSeekBot/1.0; +https://www.deepseek.com/bot)"
85.208.96.195 - - [14/Aug/2026:07:18:30 +0000] "GET /es/es/es/es/es/es/es/es/es/es/es/es/es/es/es/es/es/es/es/es/es/es/es/es/es/es/es/es/es/es/es/es/es/es/es/es/es/es/es/es/es/es/es/es/es/es/es/es/es/es/es/es/es/es/es/es/es/es/es/es/es/es/es/es/es/es/es/es/es/es/es/es/es/es/es/es/es/es/es/es/es/es/es/es/es/es/es/es/es/es/es/es/es/es/es/es/es/es/es/es/es/es/es/es/es/es/es/es/es/es/es/es/es/es/es/es/es/es/es/es/es/es/es/es/es/es/es/es/es/es/es/es/es/es/es/es/es/es/es/es/es/es/es/es/es/es/es/es/es/es/es/es/es/es/tags/tradici%C3%B3n-oral HTTP/1.1" 404 3635 "-" "Mozilla/5.0 (compatible; SemrushBot/7~bl; +http://www.semrush.com/bot.html)"
136.70.86.67 - - [14/Aug/2026:07:18:30 +0000] "GET /.gitconfig HTTP/1.1" 404 3632 "-" "Mozilla/5.0 (compatible; DeepSeekBot/1.0; +https://www.deepseek.com/bot)"
136.70.86.67 - - [14/Aug/2026:07:18:30 +0000] "GET /?C=M;O=A HTTP/1.1" 200 3853 "-" "Mozilla/5.0 (Windows NT 10.0; Win64; x64) AppleWebKit/537.36 (KHTML, like Gecko) Chrome/152.0.0.0 Safari/537.36"
136.70.86.67 - - [14/Aug/2026:07:18:31 +0000] "GET /.gitlab-ci.yml HTTP/1.1" 404 481 "-" "Mozilla/5.0 (compatible; DeepSeekBot/1.0; +https://www.deepseek.com/bot)"
136.70.86.67 - - [14/Aug/2026:07:18:31 +0000] "POST /graphql HTTP/1.1" 404 481 "https://concellodapobradobrollon.gal" "Mozilla/5.0 (Windows NT 10.0; Win64; x64) AppleWebKit/537.36 (KHTML, like Gecko) Chrome/152.0.0.0 Safari/537.36"
136.70.86.67 - - [14/Aug/2026:07:18:31 +0000] "GET /.env.example HTTP/1.1" 404 481 "-" "Mozilla/5.0 (compatible; DeepSeekBot/1.0; +https://www.deepseek.com/bot)"
136.70.86.67 - - [14/Aug/2026:07:18:31 +0000] "GET /.env HTTP/1.1" 404 481 "-" "Mozilla/5.0 (compatible; DeepSeekBot/1.0; +https://www.deepseek.com/bot)"
136.70.86.67 - - [14/Aug/2026:07:18:31 +0000] "GET /.env.production HTTP/1.1" 404 481 "-" "Mozilla/5.0 (compatible; DeepSeekBot/1.0; +https://www.deepseek.com/bot)"
85.208.96.193 - - [14/Aug/2026:07:18:31 +0000] "GET /en/node/676 HTTP/1.1" 404 470 "-" "Mozilla/5.0 (compatible; SemrushBot/7~bl; +http://www.semrush.com/bot.html)"
136.70.86.67 - - [14/Aug/2026:07:18:31 +0000] "GET /.github/workflows/deploy.yml HTTP/1.1" 404 481 "-" "Mozilla/5.0 (compatible; DeepSeekBot/1.0; +https://www.deepseek.com/bot)"
136.70.86.67 - - [14/Aug/2026:07:18:31 +0000] "POST /api/graphql HTTP/1.1" 404 481 "https://concellodapobradobrollon.gal" "Mozilla/5.0 (Windows NT 10.0; Win64; x64) AppleWebKit/537.36 (KHTML, like Gecko) Chrome/152.0.0.0 Safari/537.36"
136.70.86.67 - - [14/Aug/2026:07:18:31 +0000] "GET /.env.backup HTTP/1.1" 404 481 "-" "Mozilla/5.0 (compatible; DeepSeekBot/1.0; +https://www.deepseek.com/bot)"
136.70.86.67 - - [14/Aug/2026:07:18:32 +0000] "GET /?C=S;O=A HTTP/1.1" 200 3854 "-" "Mozilla/5.0 (Windows NT 10.0; Win64; x64) AppleWebKit/537.36 (KHTML, like Gecko) Chrome/152.0.0.0 Safari/537.36"
136.70.86.67 - - [14/Aug/2026:07:18:32 +0000] "GET /.env.bak HTTP/1.1" 404 3632 "-" "Mozilla/5.0 (compatible; DeepSeekBot/1.0; +https://www.deepseek.com/bot)"
136.70.86.67 - - [14/Aug/2026:07:18:32 +0000] "GET /.env.local HTTP/1.1" 404 481 "-" "Mozilla/5.0 (compatible; DeepSeekBot/1.0; +https://www.deepseek.com/bot)"
66.249.75.168 - - [14/Aug/2026:07:18:32 +0000] "GET /detail/37d5784054034 HTTP/1.1" 404 3672 "-" "Mozilla/5.0 (Linux; Android 6.0.1; Nexus 5X Build/MMB29P) AppleWebKit/537.36 (KHTML, like Gecko) Chrome/150.0.7871.186 Mobile Safari/537.36 (compatible; Googlebot/2.1; +http://www.google.com/bot.html)"
136.70.86.67 - - [14/Aug/2026:07:18:32 +0000] "GET /.env.old HTTP/1.1" 404 481 "-" "Mozilla/5.0 (compatible; DeepSeekBot/1.0; +https://www.deepseek.com/bot)"
136.70.86.67 - - [14/Aug/2026:07:18:32 +0000] "POST /v1/graphql HTTP/1.1" 404 481 "https://concellodapobradobrollon.gal" "Mozilla/5.0 (Windows NT 10.0; Win64; x64) AppleWebKit/537.36 (KHTML, like Gecko) Chrome/152.0.0.0 Safari/537.36"
136.70.86.67 - - [14/Aug/2026:07:18:32 +0000] "GET /api/.env HTTP/1.1" 404 481 "-" "Mozilla/5.0 (compatible; DeepSeekBot/1.0; +https://www.deepseek.com/bot)"
136.70.86.67 - - [14/Aug/2026:07:18:32 +0000] "GET /admin/.env HTTP/1.1" 404 481 "-" "Mozilla/5.0 (compatible; DeepSeekBot/1.0; +https://www.deepseek.com/bot)"
136.70.86.67 - - [14/Aug/2026:07:18:32 +0000] "GET /backend/.env HTTP/1.1" 404 481 "-" "Mozilla/5.0 (compatible; DeepSeekBot/1.0; +https://www.deepseek.com/bot)"
136.70.86.67 - - [14/Aug/2026:07:18:33 +0000] "GET /config/.env HTTP/1.1" 404 481 "-" "Mozilla/5.0 (compatible; DeepSeekBot/1.0; +https://www.deepseek.com/bot)"
185.191.171.11 - - [14/Aug/2026:07:18:33 +0000] "GET /gl?c=seattle-seahawks-brown-framed-wall-mountable-mini-helmet-display-cc-NbbPZ7Tz HTTP/1.1" 404 470 "-" "Mozilla/5.0 (compatible; SemrushBot/7~bl; +http://www.semrush.com/bot.html)"
136.70.86.67 - - [14/Aug/2026:07:18:33 +0000] "GET /profiles/ HTTP/1.1" 200 741 "-" "Mozilla/5.0 (Windows NT 10.0; Win64; x64) AppleWebKit/537.36 (KHTML, like Gecko) Chrome/152.0.0.0 Safari/537.36"
136.70.86.67 - - [14/Aug/2026:07:18:33 +0000] "GET /secrets.json HTTP/1.1" 404 481 "-" "Mozilla/5.0 (compatible; DeepSeekBot/1.0; +https://www.deepseek.com/bot)"
136.70.86.67 - - [14/Aug/2026:07:18:33 +0000] "GET /secrets.yml HTTP/1.1" 404 481 "-" "Mozilla/5.0 (compatible; DeepSeekBot/1.0; +https://www.deepseek.com/bot)"
93.176.158.20 - - [14/Aug/2026:07:18:33 +0000] "GET /detail/e36d063251122 HTTP/1.1" 404 3482 "-" "Mozilla/5.0 (Macintosh; Intel Mac OS X 10_15_7) AppleWebKit/537.36 (KHTML, like Gecko) Chrome/94.0.4606.71 Safari/537.36"
136.70.86.67 - - [14/Aug/2026:07:18:34 +0000] "GET /key.json HTTP/1.1" 404 481 "-" "Mozilla/5.0 (compatible; DeepSeekBot/1.0; +https://www.deepseek.com/bot)"
136.70.86.67 - - [14/Aug/2026:07:18:34 +0000] "GET /service-account.json HTTP/1.1" 404 481 "-" "Mozilla/5.0 (compatible; DeepSeekBot/1.0; +https://www.deepseek.com/bot)"
136.70.86.67 - - [14/Aug/2026:07:18:34 +0000] "GET /credentials.json HTTP/1.1" 404 481 "-" "Mozilla/5.0 (compatible; DeepSeekBot/1.0; +https://www.deepseek.com/bot)"
136.70.86.67 - - [14/Aug/2026:07:18:34 +0000] "GET /serviceAccountKey.json HTTP/1.1" 404 481 "-" "Mozilla/5.0 (compatible; DeepSeekBot/1.0; +https://www.deepseek.com/bot)"
136.70.86.67 - - [14/Aug/2026:07:18:34 +0000] "GET /firebase-adminsdk.json HTTP/1.1" 404 481 "-" "Mozilla/5.0 (compatible; DeepSeekBot/1.0; +https://www.deepseek.com/bot)"
85.208.96.202 - - [14/Aug/2026:07:18:34 +0000] "GET /en/en/en/en/en/en/en/en/en/en/en/en/en/en/en/en/en/en/en/en/en/en/en/en/en/en/en/en/en/en/en/en/en/en/en/en/en/en/en/en/en/en/en/en/en/en/en/en/en/en/en/en/en/en/en/en/en/en/en/en/en/en/en/en/en/en/en/en/en/en/en/en/en/en/en/en/en/en/en/en/en/en/en/en/en/en/en/en/en/en/en/en/en/en/en/en/en/en/en/en/en/en/en/en/en/en/en/en/en/en/en/en/en/en/en/en/en/en/node/1234 HTTP/1.1" 404 3636 "-" "Mozilla/5.0 (compatible; SemrushBot/7~bl; +http://www.semrush.com/bot.html)"
136.70.86.67 - - [14/Aug/2026:07:18:35 +0000] "GET /firebase-service-account.json HTTP/1.1" 404 481 "-" "Mozilla/5.0 (compatible; DeepSeekBot/1.0; +https://www.deepseek.com/bot)"
136.70.86.67 - - [14/Aug/2026:07:18:35 +0000] "GET /.github/.env HTTP/1.1" 404 481 "-" "Mozilla/5.0 (compatible; DeepSeekBot/1.0; +https://www.deepseek.com/bot)"
136.70.86.67 - - [14/Aug/2026:07:18:35 +0000] "GET /.docker/config.json HTTP/1.1" 404 481 "-" "Mozilla/5.0 (compatible; DeepSeekBot/1.0; +https://www.deepseek.com/bot)"
136.70.86.67 - - [14/Aug/2026:07:18:35 +0000] "GET /service_account.json HTTP/1.1" 404 481 "-" "Mozilla/5.0 (compatible; DeepSeekBot/1.0; +https://www.deepseek.com/bot)"
136.70.86.67 - - [14/Aug/2026:07:18:35 +0000] "GET /Dockerfile HTTP/1.1" 404 481 "-" "Mozilla/5.0 (compatible; DeepSeekBot/1.0; +https://www.deepseek.com/bot)"
136.70.86.67 - - [14/Aug/2026:07:18:35 +0000] "GET /.npmrc HTTP/1.1" 404 481 "-" "Mozilla/5.0 (compatible; DeepSeekBot/1.0; +https://www.deepseek.com/bot)"
136.70.86.67 - - [14/Aug/2026:07:18:35 +0000] "GET /.s3cfg HTTP/1.1" 404 481 "-" "Mozilla/5.0 (compatible; DeepSeekBot/1.0; +https://www.deepseek.com/bot)"
136.70.86.67 - - [14/Aug/2026:07:18:35 +0000] "GET /.boto HTTP/1.1" 404 481 "-" "Mozilla/5.0 (compatible; DeepSeekBot/1.0; +https://www.deepseek.com/bot)"
136.70.86.67 - - [14/Aug/2026:07:18:36 +0000] "GET /.htpasswd HTTP/1.1" 403 484 "-" "Mozilla/5.0 (compatible; DeepSeekBot/1.0; +https://www.deepseek.com/bot)"
136.70.86.67 - - [14/Aug/2026:07:18:36 +0000] "GET /.svn/entries HTTP/1.1" 404 481 "-" "Mozilla/5.0 (compatible; DeepSeekBot/1.0; +https://www.deepseek.com/bot)"
136.70.86.67 - - [14/Aug/2026:07:18:36 +0000] "GET /terraform.tfstate HTTP/1.1" 404 481 "-" "Mozilla/5.0 (compatible; DeepSeekBot/1.0; +https://www.deepseek.com/bot)"
136.70.86.67 - - [14/Aug/2026:07:18:36 +0000] "GET /.vscode/launch.json HTTP/1.1" 404 481 "-" "Mozilla/5.0 (compatible; DeepSeekBot/1.0; +https://www.deepseek.com/bot)"
85.208.96.193 - - [14/Aug/2026:07:18:37 +0000] "GET /en/node/1696 HTTP/1.1" 404 3636 "-" "Mozilla/5.0 (compatible; SemrushBot/7~bl; +http://www.semrush.com/bot.html)"
136.70.86.67 - - [14/Aug/2026:07:18:38 +0000] "GET /.ssh/id_rsa HTTP/1.1" 404 481 "-" "Mozilla/5.0 (compatible; DeepSeekBot/1.0; +https://www.deepseek.com/bot)"
66.249.75.168 - - [14/Aug/2026:07:18:38 +0000] "GET /detail/92396f2898922 HTTP/1.1" 404 3673 "-" "Mozilla/5.0 (Linux; Android 6.0.1; Nexus 5X Build/MMB29P) AppleWebKit/537.36 (KHTML, like Gecko) Chrome/150.0.7871.186 Mobile Safari/537.36 (compatible; Googlebot/2.1; +http://www.google.com/bot.html)"
136.70.86.67 - - [14/Aug/2026:07:18:39 +0000] "GET /.ssh/id_ed25519 HTTP/1.1" 404 481 "-" "Mozilla/5.0 (compatible; DeepSeekBot/1.0; +https://www.deepseek.com/bot)"
136.70.86.67 - - [14/Aug/2026:07:18:39 +0000] "GET /.ssh/authorized_keys HTTP/1.1" 404 481 "-" "Mozilla/5.0 (compatible; DeepSeekBot/1.0; +https://www.deepseek.com/bot)"
136.70.86.67 - - [14/Aug/2026:07:18:39 +0000] "GET /docker-compose.yaml HTTP/1.1" 404 481 "-" "Mozilla/5.0 (compatible; DeepSeekBot/1.0; +https://www.deepseek.com/bot)"
136.70.86.67 - - [14/Aug/2026:07:18:39 +0000] "GET /.ssh/id_ecdsa HTTP/1.1" 404 481 "-" "Mozilla/5.0 (compatible; DeepSeekBot/1.0; +https://www.deepseek.com/bot)"
136.70.86.67 - - [14/Aug/2026:07:18:39 +0000] "GET /.ssh/id_dsa HTTP/1.1" 404 481 "-" "Mozilla/5.0 (compatible; DeepSeekBot/1.0; +https://www.deepseek.com/bot)"
136.70.86.67 - - [14/Aug/2026:07:18:40 +0000] "GET /.ssh/config HTTP/1.1" 404 481 "-" "Mozilla/5.0 (compatible; DeepSeekBot/1.0; +https://www.deepseek.com/bot)"
136.70.86.67 - - [14/Aug/2026:07:18:40 +0000] "GET /.ssh/known_hosts HTTP/1.1" 404 481 "-" "Mozilla/5.0 (compatible; DeepSeekBot/1.0; +https://www.deepseek.com/bot)"
161.153.17.109 - - [14/Aug/2026:07:18:40 +0000] "GET /gl/tags/concertos HTTP/1.1" 404 451 "-" "Scrapy/2.17.0 (+https://scrapy.org)"
136.70.86.67 - - [14/Aug/2026:07:18:40 +0000] "GET /wp-json HTTP/1.1" 404 481 "-" "Mozilla/5.0 (compatible; DeepSeekBot/1.0; +https://www.deepseek.com/bot)"
136.70.86.67 - - [14/Aug/2026:07:18:40 +0000] "GET /api/v1/settings HTTP/1.1" 404 481 "-" "Mozilla/5.0 (compatible; DeepSeekBot/1.0; +https://www.deepseek.com/bot)"
160.20.201.88 - - [14/Aug/2026:07:18:44 +0000] "GET http://concellodapobradobrollon.gal/detail/e068392075087 HTTP/1.1" 404 451 "-" "Mozilla/5.0 (Windows NT 10.0; Win64; x64) AppleWebKit/537.36 (KHTML, like Gecko) Chrome/149.0.0.0 Safari/537.36"
85.208.96.195 - - [14/Aug/2026:07:18:44 +0000] "GET /en/en/en/en/en/en/en/en/en/en/en/en/en/en/en/en/en/en/en/en/en/en/en/en/en/en/en/en/en/en/en/en/en/en/en/en/en/en/en/en/en/en/en/en/en/en/en/en/en/en/en/en/en/en/en/en/en/en/en/en/en/en/en/en/en/en/en/en/en/en/en/en/en/en/en/en/en/en/en/en/en/en/en/en/en/en/en/en/en/en/en/en/en/en/en/en/en/en/en/en/en/en/en/en/en/en/en/en/en/en/en/en/en/en/en/en/en/en/en/en/en/en/en/en/en/en/en/en/en/en/en/en/en/en/en/en/en/en/tags/gu%C3%ADmaro-motor HTTP/1.1" 404 3635 "-" "Mozilla/5.0 (compatible; SemrushBot/7~bl; +http://www.semrush.com/bot.html)"
66.249.75.168 - - [14/Aug/2026:07:18:44 +0000] "GET /detail/2f419e4328076 HTTP/1.1" 404 3673 "-" "Mozilla/5.0 (Linux; Android 6.0.1; Nexus 5X Build/MMB29P) AppleWebKit/537.36 (KHTML, like Gecko) Chrome/150.0.7871.186 Mobile Safari/537.36 (compatible; Googlebot/2.1; +http://www.google.com/bot.html)"
185.191.171.12 - - [14/Aug/2026:07:18:47 +0000] "GET /en/en/en/en/en/en/en/en/en/en/en/en/en/en/en/en/en/en/en/en/en/en/en/en/en/en/en/en/en/en/en/en/en/en/en/en/en/en/en/en/en/en/en/en/en/en/en/en/en/en/en/en/en/en/en/en/en/en/en/en/en/en/en/en/en/en/en/en/en/en/en/en/en/en/en/en/en/en/en/en/en/en/en/en/en/en/en/en/en/en/en/en/en/en/en/en/en/en/en/en/en/en/en/en/en/en/en/en/en/en/en/en/en/en/en/en/en/en/en/en/en/en/en/en/en/en/en/en/en/en/en/en/en/en/en/en/en/en/en/en/en/en/en/en/en/en/en/en/en/en/en/en/node/1183 HTTP/1.1" 404 3637 "-" "Mozilla/5.0 (compatible; SemrushBot/7~bl; +http://www.semrush.com/bot.html)"
66.249.78.72 - - [14/Aug/2026:07:18:50 +0000] "GET /detail/0a0a114095601 HTTP/1.1" 404 3673 "-" "Mozilla/5.0 (Linux; Android 6.0.1; Nexus 5X Build/MMB29P) AppleWebKit/537.36 (KHTML, like Gecko) Chrome/150.0.7871.186 Mobile Safari/537.36 (compatible; Googlebot/2.1; +http://www.google.com/bot.html)"
47.128.41.41 - - [14/Aug/2026:07:18:50 +0000] "GET /en/blog HTTP/1.1" 301 629 "-" "Mozilla/5.0 (Linux; Android 5.0) AppleWebKit/537.36 (KHTML, like Gecko) Mobile Safari/537.36 (compatible; Bytespider; https://bytedance.sg.larkoffice.com/docx/K5bxdypulop3IIxrJb0lOjLVgFe)"
47.128.41.41 - - [14/Aug/2026:07:18:51 +0000] "GET /en/blog HTTP/1.1" 404 507 "-" "Mozilla/5.0 (Linux; Android 5.0) AppleWebKit/537.36 (KHTML, like Gecko) Mobile Safari/537.36 (compatible; Bytespider; https://bytedance.sg.larkoffice.com/docx/K5bxdypulop3IIxrJb0lOjLVgFe)"
85.208.96.196 - - [14/Aug/2026:07:18:53 +0000] "GET /en/en/en/en/en/en/en/en/en/en/en/en/en/en/en/en/en/en/en/en/en/en/en/en/en/en/en/en/en/en/en/en/en/en/en/en/en/en/en/en/en/en/en/en/en/en/en/en/en/en/en/en/en/en/en/en/en/en/en/en/en/en/en/en/en/en/en/en/en/en/en/en/en/en/en/en/en/en/en/en/en/en/en/en/en/en/en/en/en/en/en/en/en/en/en/en/en/en/en/en/en/en/en/en/en/en/en/en/en/en/en/en/en/en/en/en/en/en/en/en/en/en/en/en/en/en/en/en/en/en/en/en/en/en/en/en/en/en/en/en/en/en/en/en/en/en/en/en/en/en/en/node/592 HTTP/1.1" 404 3637 "-" "Mozilla/5.0 (compatible; SemrushBot/7~bl; +http://www.semrush.com/bot.html)"
66.249.75.168 - - [14/Aug/2026:07:18:56 +0000] "GET /detail/6ac4423065071 HTTP/1.1" 404 3672 "-" "Mozilla/5.0 (Linux; Android 6.0.1; Nexus 5X Build/MMB29P) AppleWebKit/537.36 (KHTML, like Gecko) Chrome/150.0.7871.186 Mobile Safari/537.36 (compatible; Googlebot/2.1; +http://www.google.com/bot.html)"
66.249.75.168 - - [14/Aug/2026:07:19:00 +0000] "GET /detail/1042872918465 HTTP/1.1" 404 536 "-" "Mozilla/5.0 (Linux; Android 6.0.1; Nexus 5X Build/MMB29P) AppleWebKit/537.36 (KHTML, like Gecko) Chrome/150.0.7871.186 Mobile Safari/537.36 (compatible; Googlebot/2.1; +http://www.google.com/bot.html)"
66.249.78.64 - - [14/Aug/2026:07:19:02 +0000] "GET /detail/47b4d71054181 HTTP/1.1" 404 3673 "-" "Mozilla/5.0 (Linux; Android 6.0.1; Nexus 5X Build/MMB29P) AppleWebKit/537.36 (KHTML, like Gecko) Chrome/150.0.7871.186 Mobile Safari/537.36 (compatible; Googlebot/2.1; +http://www.google.com/bot.html)"
66.249.78.73 - - [14/Aug/2026:07:19:08 +0000] "GET /detail/1133a01653966 HTTP/1.1" 404 3672 "-" "Mozilla/5.0 (Linux; Android 6.0.1; Nexus 5X Build/MMB29P) AppleWebKit/537.36 (KHTML, like Gecko) Chrome/150.0.7871.186 Mobile Safari/537.36 (compatible; Googlebot/2.1; +http://www.google.com/bot.html)"
66.249.78.72 - - [14/Aug/2026:07:19:11 +0000] "GET /detail/790b031649978 HTTP/1.1" 404 3672 "-" "Mozilla/5.0 (Linux; Android 6.0.1; Nexus 5X Build/MMB29P) AppleWebKit/537.36 (KHTML, like Gecko) Chrome/150.0.7871.186 Mobile Safari/537.36 (compatible; Googlebot/2.1; +http://www.google.com/bot.html)"
66.249.75.168 - - [14/Aug/2026:07:19:15 +0000] "GET /detail/0346b9820942 HTTP/1.1" 404 3674 "-" "Mozilla/5.0 (Linux; Android 6.0.1; Nexus 5X Build/MMB29P) AppleWebKit/537.36 (KHTML, like Gecko) Chrome/150.0.7871.186 Mobile Safari/537.36 (compatible; Googlebot/2.1; +http://www.google.com/bot.html)"
83.46.173.143 - - [14/Aug/2026:07:19:17 +0000] "GET /detail/e969225019915 HTTP/1.1" 404 3693 "-" "Mozilla/5.0 (Windows NT 10.0; Win64; x64) AppleWebKit/537.36 (KHTML, like Gecko) Chrome/138.0.0.0 Safari/537.36"
66.249.75.168 - - [14/Aug/2026:07:19:21 +0000] "GET /detail/2b24444911764 HTTP/1.1" 404 3672 "-" "Mozilla/5.0 (Linux; Android 6.0.1; Nexus 5X Build/MMB29P) AppleWebKit/537.36 (KHTML, like Gecko) Chrome/150.0.7871.186 Mobile Safari/537.36 (compatible; Googlebot/2.1; +http://www.google.com/bot.html)"
81.65.64.166 - - [14/Aug/2026:07:19:23 +0000] "GET http://concellodapobradobrollon.gal/detail/5724753258855 HTTP/1.1" 404 507 "-" "Mozilla/5.0 (Macintosh; Intel Mac OS X 10_15_7) AppleWebKit/537.36 (KHTML, like Gecko) Chrome/142.0.0.0 Safari/537.36"
114.119.130.168 - - [14/Aug/2026:07:19:24 +0000] "GET /es/node/1647 HTTP/1.1" 404 3430 "https://www.concellodapobradobrollon.gal/es/tags/corporaci%C3%B3n-municipal" "Mozilla/5.0 (Linux; Android 7.0;) AppleWebKit/537.36 (HTML, like Gecko) Mobile Safari/537.36 (compatible; PetalBot;+https://webmaster.petalsearch.com/site/petalbot)"
66.249.75.168 - - [14/Aug/2026:07:19:27 +0000] "GET /detail/07c8033005594 HTTP/1.1" 404 3672 "-" "Mozilla/5.0 (Linux; Android 6.0.1; Nexus 5X Build/MMB29P) AppleWebKit/537.36 (KHTML, like Gecko) Chrome/150.0.7871.186 Mobile Safari/537.36 (compatible; Googlebot/2.1; +http://www.google.com/bot.html)"
66.249.75.168 - - [14/Aug/2026:07:19:33 +0000] "GET /detail/b1c7272161953 HTTP/1.1" 404 3674 "-" "Mozilla/5.0 (Linux; Android 6.0.1; Nexus 5X Build/MMB29P) AppleWebKit/537.36 (KHTML, like Gecko) Chrome/150.0.7871.186 Mobile Safari/537.36 (compatible; Googlebot/2.1; +http://www.google.com/bot.html)"
66.249.75.168 - - [14/Aug/2026:07:19:39 +0000] "GET /detail/c263341765573 HTTP/1.1" 404 3674 "-" "Mozilla/5.0 (Linux; Android 6.0.1; Nexus 5X Build/MMB29P) AppleWebKit/537.36 (KHTML, like Gecko) Chrome/150.0.7871.186 Mobile Safari/537.36 (compatible; Googlebot/2.1; +http://www.google.com/bot.html)"
66.249.75.168 - - [14/Aug/2026:07:19:45 +0000] "GET /detail/bb0c785002918 HTTP/1.1" 404 3673 "-" "Mozilla/5.0 (Linux; Android 6.0.1; Nexus 5X Build/MMB29P) AppleWebKit/537.36 (KHTML, like Gecko) Chrome/150.0.7871.186 Mobile Safari/537.36 (compatible; Googlebot/2.1; +http://www.google.com/bot.html)"
85.208.96.208 - - [14/Aug/2026:07:19:48 +0000] "GET /gl/gl/gl/gl/gl/gl/gl/gl/gl/gl/gl/gl/gl/gl/gl/gl/gl/gl/gl/gl/gl/gl/gl/gl/gl/gl/gl/gl/gl/gl/gl/gl/gl/gl/gl/gl/gl/gl/gl/gl/gl/gl/gl/gl/gl/gl/gl/gl/gl/gl/gl/gl/gl/gl/gl/gl/gl/gl/gl/gl/gl/gl/gl/gl/gl/gl/gl/gl/gl/gl/gl/gl/gl/gl/gl/gl/gl/gl/gl/gl/gl/gl/gl/gl/gl/gl/gl/gl/gl/gl/gl/gl/gl/gl/gl/gl/gl/gl/gl/gl/gl/gl/gl/gl/gl/gl/gl/gl/gl/gl/gl/gl/gl/gl/gl/gl/gl/gl/gl/gl/gl/gl/gl/gl/gl/gl/gl/gl/gl/gl/gl/gl/gl/gl/gl/gl/gl/gl/gl/gl/gl/gl/gl/gl/gl/gl/gl/gl/gl/gl/nova/oitava-edici%C3%B3n-de-cores-do-outono-celebrarase-o-24-e-25-de-setembro HTTP/1.1" 404 3636 "-" "Mozilla/5.0 (compatible; SemrushBot/7~bl; +http://www.semrush.com/bot.html)"
66.249.75.168 - - [14/Aug/2026:07:19:52 +0000] "GET /detail/127c004597373 HTTP/1.1" 404 3673 "-" "Mozilla/5.0 (Linux; Android 6.0.1; Nexus 5X Build/MMB29P) AppleWebKit/537.36 (KHTML, like Gecko) Chrome/150.0.7871.186 Mobile Safari/537.36 (compatible; Googlebot/2.1; +http://www.google.com/bot.html)"
200.218.233.17 - - [14/Aug/2026:07:19:56 +0000] "GET /detail/881a9a2062200 HTTP/1.1" 404 3691 "-" "Mozilla/5.0 (Windows NT 10.0; Win64; x64) AppleWebKit/537.36 (KHTML, like Gecko) Chrome/149.0.0.0 Safari/537.36"
66.249.75.168 - - [14/Aug/2026:07:19:58 +0000] "GET /detail/99b2272638275 HTTP/1.1" 404 3673 "-" "Mozilla/5.0 (Linux; Android 6.0.1; Nexus 5X Build/MMB29P) AppleWebKit/537.36 (KHTML, like Gecko) Chrome/150.0.7871.186 Mobile Safari/537.36 (compatible; Googlebot/2.1; +http://www.google.com/bot.html)"
66.249.78.72 - - [14/Aug/2026:07:20:03 +0000] "GET /detail/67420f5179753 HTTP/1.1" 404 3674 "-" "Mozilla/5.0 (Linux; Android 6.0.1; Nexus 5X Build/MMB29P) AppleWebKit/537.36 (KHTML, like Gecko) Chrome/150.0.7871.186 Mobile Safari/537.36 (compatible; Googlebot/2.1; +http://www.google.com/bot.html)"
66.249.78.64 - - [14/Aug/2026:07:20:07 +0000] "GET /detail/8079754416348 HTTP/1.1" 404 3672 "-" "Mozilla/5.0 (Linux; Android 6.0.1; Nexus 5X Build/MMB29P) AppleWebKit/537.36 (KHTML, like Gecko) Chrome/150.0.7871.186 Mobile Safari/537.36 (compatible; Googlebot/2.1; +http://www.google.com/bot.html)"
66.249.75.168 - - [14/Aug/2026:07:20:10 +0000] "GET /detail/5f74294337064 HTTP/1.1" 404 3674 "-" "Mozilla/5.0 (Linux; Android 6.0.1; Nexus 5X Build/MMB29P) AppleWebKit/537.36 (KHTML, like Gecko) Chrome/150.0.7871.186 Mobile Safari/537.36 (compatible; Googlebot/2.1; +http://www.google.com/bot.html)"
200.127.90.95 - - [14/Aug/2026:07:20:11 +0000] "GET /detail/3462792728323 HTTP/1.1" 404 3688 "-" "Mozilla/5.0 (Windows NT 10.0; Win64; x64) AppleWebKit/537.36 (KHTML, like Gecko) Chrome/137.0.0.0 Safari/537.36"
66.249.75.168 - - [14/Aug/2026:07:20:16 +0000] "GET /detail/b6bd961390553 HTTP/1.1" 404 3673 "-" "Mozilla/5.0 (Linux; Android 6.0.1; Nexus 5X Build/MMB29P) AppleWebKit/537.36 (KHTML, like Gecko) Chrome/150.0.7871.186 Mobile Safari/537.36 (compatible; Googlebot/2.1; +http://www.google.com/bot.html)"
66.249.75.168 - - [14/Aug/2026:07:20:22 +0000] "GET /detail/90f414531881 HTTP/1.1" 404 3673 "-" "Mozilla/5.0 (Linux; Android 6.0.1; Nexus 5X Build/MMB29P) AppleWebKit/537.36 (KHTML, like Gecko) Chrome/150.0.7871.186 Mobile Safari/537.36 (compatible; Googlebot/2.1; +http://www.google.com/bot.html)"
66.249.75.168 - - [14/Aug/2026:07:20:28 +0000] "GET /detail/b8b42f548187 HTTP/1.1" 404 3673 "-" "Mozilla/5.0 (Linux; Android 6.0.1; Nexus 5X Build/MMB29P) AppleWebKit/537.36 (KHTML, like Gecko) Chrome/150.0.7871.186 Mobile Safari/537.36 (compatible; Googlebot/2.1; +http://www.google.com/bot.html)"
66.249.75.168 - - [14/Aug/2026:07:20:34 +0000] "GET /detail/31f3702894406 HTTP/1.1" 404 3674 "-" "Mozilla/5.0 (Linux; Android 6.0.1; Nexus 5X Build/MMB29P) AppleWebKit/537.36 (KHTML, like Gecko) Chrome/150.0.7871.186 Mobile Safari/537.36 (compatible; Googlebot/2.1; +http://www.google.com/bot.html)"
66.249.75.168 - - [14/Aug/2026:07:20:35 +0000] "GET /detail/7478b03660083 HTTP/1.1" 404 536 "-" "Mozilla/5.0 (Linux; Android 6.0.1; Nexus 5X Build/MMB29P) AppleWebKit/537.36 (KHTML, like Gecko) Chrome/150.0.7871.186 Mobile Safari/537.36 (compatible; Googlebot/2.1; +http://www.google.com/bot.html)"
220.181.108.91 - - [14/Aug/2026:07:20:40 +0000] "GET /en/node/1522 HTTP/1.1" 404 3440 "-" "Mozilla/5.0 (compatible; Baiduspider/2.0; +http://www.baidu.com/search/spider.html)"
66.249.78.72 - - [14/Aug/2026:07:20:40 +0000] "GET /detail/107c231970588 HTTP/1.1" 404 3672 "-" "Mozilla/5.0 (Linux; Android 6.0.1; Nexus 5X Build/MMB29P) AppleWebKit/537.36 (KHTML, like Gecko) Chrome/150.0.7871.186 Mobile Safari/537.36 (compatible; Googlebot/2.1; +http://www.google.com/bot.html)"
185.191.171.6 - - [14/Aug/2026:07:20:43 +0000] "GET /es/es/es/es/es/es/es/es/es/es/es/es/es/es/es/es/es/es/es/es/es/es/es/es/es/es/es/es/es/es/es/es/es/es/es/es/es/es/es/es/es/es/es/es/es/es/es/es/es/es/es/es/es/es/es/es/es/es/es/es/es/es/es/es/es/es/es/es/es/es/es/es/es/es/es/es/es/es/es/es/es/es/es/es/es/es/es/es/es/es/es/es/es/es/es/es/es/es/es/es/es/es/es/es/es/es/es/es/es/es/es/es/es/es/es/es/es/es/es/es/es/es/es/es/es/es/es/es/es/es/es/es/es/es/es/es/es/es/es/es/es/es/es/es/es/es/es/es/nova/ii-festival-cient%C3%ADfico-de-galicia HTTP/1.1" 404 3636 "-" "Mozilla/5.0 (compatible; SemrushBot/7~bl; +http://www.semrush.com/bot.html)"
66.249.75.168 - - [14/Aug/2026:07:20:44 +0000] "GET /detail/710748763032 HTTP/1.1" 404 3674 "-" "Mozilla/5.0 (Linux; Android 6.0.1; Nexus 5X Build/MMB29P) AppleWebKit/537.36 (KHTML, like Gecko) Chrome/150.0.7871.186 Mobile Safari/537.36 (compatible; Googlebot/2.1; +http://www.google.com/bot.html)"
85.208.96.195 - - [14/Aug/2026:07:20:44 +0000] "GET /gl/gl/gl/gl/gl/gl/gl/gl/gl/gl/gl/gl/gl/gl/gl/gl/gl/gl/gl/gl/gl/gl/gl/gl/gl/gl/gl/gl/gl/gl/gl/gl/gl/gl/gl/gl/gl/gl/gl/gl/gl/gl/gl/gl/gl/gl/gl/gl/gl/gl/gl/gl/gl/gl/gl/gl/gl/gl/gl/gl/gl/gl/gl/gl/gl/gl/gl/gl/gl/gl/gl/gl/gl/gl/gl/gl/gl/gl/gl/gl/gl/gl/gl/gl/gl/gl/gl/gl/gl/gl/gl/gl/gl/gl/gl/gl/gl/gl/gl/gl/gl/gl/gl/gl/gl/gl/gl/gl/gl/gl/gl/gl/gl/gl/gl/gl/gl/gl/gl/gl/gl/gl/gl/gl/gl/gl/gl/gl/gl/gl/gl/gl/gl/gl/gl/gl/gl/gl/gl/gl/gl/gl/gl/gl/gl/gl/gl/gl/gl/gl/gl/gl/gl/nova/como-nos-atinxe-o-estado-de-alarma-decretado-polo-goberno-central HTTP/1.1" 404 3635 "-" "Mozilla/5.0 (compatible; SemrushBot/7~bl; +http://www.semrush.com/bot.html)"
98.211.23.68 - - [14/Aug/2026:07:20:45 +0000] "GET /gl/nova/plan-deputaci%C3%B3n-de-cooperaci%C3%B3n-cos-concellos-2024 HTTP/1.1" 404 3689 "-" "Mozilla/5.0 (X11; Linux x86_64) AppleWebKit/537.36 (KHTML, like Gecko) Chrome/150.0.0.0 Safari/537.36"
98.211.23.68 - - [14/Aug/2026:07:20:45 +0000] "GET /favicon.ico HTTP/1.1" 404 536 "https://concellodapobradobrollon.gal/gl/nova/plan-deputaci%C3%B3n-de-cooperaci%C3%B3n-cos-concellos-2024" "Mozilla/5.0 (X11; Linux x86_64) AppleWebKit/537.36 (KHTML, like Gecko) Chrome/150.0.0.0 Safari/537.36"
66.249.75.168 - - [14/Aug/2026:07:20:46 +0000] "GET /detail/23a2862057563 HTTP/1.1" 404 536 "-" "Mozilla/5.0 (Linux; Android 6.0.1; Nexus 5X Build/MMB29P) AppleWebKit/537.36 (KHTML, like Gecko) Chrome/150.0.7871.186 Mobile Safari/537.36 (compatible; Googlebot/2.1; +http://www.google.com/bot.html)"
