66.249.75.168 - - [14/Aug/2026:06:43:51 +0000] "GET /detail/6be3644308598 HTTP/1.1" 404 536 "-" "Mozilla/5.0 (Linux; Android 6.0.1; Nexus 5X Build/MMB29P) AppleWebKit/537.36 (KHTML, like Gecko) Chrome/150.0.7871.186 Mobile Safari/537.36 (compatible; Googlebot/2.1; +http://www.google.com/bot.html)"
66.249.75.168 - - [14/Aug/2026:06:43:54 +0000] "GET /detail/838ead2529743 HTTP/1.1" 404 536 "-" "Mozilla/5.0 (Linux; Android 6.0.1; Nexus 5X Build/MMB29P) AppleWebKit/537.36 (KHTML, like Gecko) Chrome/150.0.7871.186 Mobile Safari/537.36 (compatible; Googlebot/2.1; +http://www.google.com/bot.html)"
103.189.201.177 - - [14/Aug/2026:06:43:54 +0000] "POST /xmlrpc.php HTTP/1.1" 404 3673 "-" "Jetpack/12.0; WordPress/6.1; http://site99812741.com"
66.249.75.168 - - [14/Aug/2026:06:43:57 +0000] "GET /detail/017c9c2261129 HTTP/1.1" 404 536 "-" "Mozilla/5.0 (Linux; Android 6.0.1; Nexus 5X Build/MMB29P) AppleWebKit/537.36 (KHTML, like Gecko) Chrome/150.0.7871.186 Mobile Safari/537.36 (compatible; Googlebot/2.1; +http://www.google.com/bot.html)"
37.239.25.167 - - [14/Aug/2026:06:43:58 +0000] "GET /detail/b152901174305 HTTP/1.1" 404 3688 "-" "Mozilla/5.0 (Windows NT 10.0; Win64; x64) AppleWebKit/537.36 (KHTML, like Gecko) Chrome/149.0.0.0 Safari/537.36"
85.208.96.200 - - [14/Aug/2026:06:44:01 +0000] "GET /gl/gl/gl/gl/gl/gl/gl/gl/gl/gl/gl/gl/gl/gl/gl/gl/gl/gl/gl/gl/gl/gl/gl/gl/gl/gl/gl/gl/gl/gl/gl/gl/gl/gl/gl/gl/gl/gl/gl/gl/gl/gl/gl/gl/gl/gl/gl/gl/gl/gl/gl/gl/gl/gl/gl/gl/gl/gl/gl/gl/gl/gl/gl/gl/gl/gl/gl/gl/gl/gl/gl/gl/gl/gl/gl/gl/gl/gl/gl/gl/gl/gl/gl/gl/gl/gl/gl/gl/gl/gl/gl/gl/gl/gl/gl/gl/gl/gl/gl/gl/gl/gl/gl/gl/gl/gl/gl/gl/gl/gl/gl/gl/gl/gl/gl/gl/gl/gl/gl/gl/gl/gl/gl/gl/gl/gl/gl/gl/gl/gl/gl/gl/gl/gl/gl/gl/gl/gl/gl/gl/gl/gl/gl/gl/gl/gl/gl/gl/gl/gl/gl/gl/gl/gl/gl/gl/gl/gl/gl/gl/gl/gl/gl/gl/gl/gl/gl/gl/gl/gl/gl/gl/gl/tags/ecolox%C3%ADa HTTP/1.1" 404 3635 "-" "Mozilla/5.0 (compatible; SemrushBot/7~bl; +http://www.semrush.com/bot.html)"
66.249.75.168 - - [14/Aug/2026:06:44:03 +0000] "GET /detail/3115692411423 HTTP/1.1" 404 3672 "-" "Mozilla/5.0 (Linux; Android 6.0.1; Nexus 5X Build/MMB29P) AppleWebKit/537.36 (KHTML, like Gecko) Chrome/150.0.7871.186 Mobile Safari/537.36 (compatible; Googlebot/2.1; +http://www.google.com/bot.html)"
66.249.75.169 - - [14/Aug/2026:06:44:03 +0000] "GET /robots.txt HTTP/1.1" 404 3672 "-" "Mozilla/5.0 (compatible; Googlebot/2.1; +http://www.google.com/bot.html)"
66.249.75.168 - - [14/Aug/2026:06:44:03 +0000] "GET /detail/26115f856698 HTTP/1.1" 404 536 "-" "Mozilla/5.0 (Linux; Android 6.0.1; Nexus 5X Build/MMB29P) AppleWebKit/537.36 (KHTML, like Gecko) Chrome/150.0.7871.186 Mobile Safari/537.36 (compatible; Googlebot/2.1; +http://www.google.com/bot.html)"
85.208.96.201 - - [14/Aug/2026:06:44:06 +0000] "GET /es/es/es/es/es/es/es/es/es/es/es/es/es/es/es/es/es/es/es/es/es/es/es/es/es/es/es/es/es/es/es/es/es/es/es/es/es/es/es/es/es/es/es/es/es/es/es/es/es/es/es/es/es/es/es/es/es/es/es/es/es/es/es/es/es/es/es/es/es/es/es/es/es/es/es/es/es/es/es/es/es/es/es/es/es/es/es/es/es/es/es/es/es/es/es/es/es/es/es/es/es/es/es/es/es/es/es/es/es/es/es/es/es/es/es/es/es/es/es/es/es/es/es/es/es/es/es/es/es/es/es/es/es/es/es/es/es/es/es/es/es/es/es/es/es/es/es/es/es/es/es/es/es/es/tags/mercado-circular HTTP/1.1" 404 3635 "-" "Mozilla/5.0 (compatible; SemrushBot/7~bl; +http://www.semrush.com/bot.html)"
103.189.201.177 - - [14/Aug/2026:06:44:06 +0000] "POST /xmlrpc.php HTTP/1.1" 404 3673 "-" "WordPress.com; https://wordpress.com"
171.252.189.48 - - [14/Aug/2026:06:44:08 +0000] "GET /detail/6373f24300219 HTTP/1.1" 404 3688 "-" "Mozilla/5.0 (Windows NT 10.0; Win64; x64) AppleWebKit/537.36 (KHTML, like Gecko) Chrome/140.0.0.0 Safari/537.36"
170.84.71.140 - - [14/Aug/2026:06:44:09 +0000] "GET /detail/c180e31397371 HTTP/1.1" 404 3692 "-" "Mozilla/5.0 (Windows NT 10.0; Win64; x64) AppleWebKit/537.36 (KHTML, like Gecko) Chrome/139.0.0.0 Safari/537.36"
66.249.75.168 - - [14/Aug/2026:06:44:10 +0000] "GET /detail/35c798771921 HTTP/1.1" 404 3673 "-" "Mozilla/5.0 (Linux; Android 6.0.1; Nexus 5X Build/MMB29P) AppleWebKit/537.36 (KHTML, like Gecko) Chrome/150.0.7871.186 Mobile Safari/537.36 (compatible; Googlebot/2.1; +http://www.google.com/bot.html)"
102.39.186.246 - - [14/Aug/2026:06:44:10 +0000] "GET /detail/b152901174305 HTTP/1.1" 404 3689 "-" "Mozilla/5.0 (Windows NT 10.0; Win64; x64) AppleWebKit/537.36 (KHTML, like Gecko) Chrome/139.0.0.0 Safari/537.36"
216.73.216.176 - - [14/Aug/2026:06:44:12 +0000] "GET /sites/all/modules/ckeditor/includes/@profile_settings HTTP/1.1" 404 3631 "-" "Mozilla/5.0 AppleWebKit/537.36 (KHTML, like Gecko; compatible; ClaudeBot/1.0; +claudebot@anthropic.com)"
216.73.216.176 - - [14/Aug/2026:06:44:12 +0000] "GET /sites/all/modules/ctools/tests/plugins/cached/plugin_array_dne.inc HTTP/1.1" 200 531 "-" "Mozilla/5.0 AppleWebKit/537.36 (KHTML, like Gecko; compatible; ClaudeBot/1.0; +claudebot@anthropic.com)"
216.73.216.176 - - [14/Aug/2026:06:44:12 +0000] "GET /sites/all/modules/ctools/tests/plugins/not_cached/plugin_array2.inc HTTP/1.1" 200 3789 "-" "Mozilla/5.0 AppleWebKit/537.36 (KHTML, like Gecko; compatible; ClaudeBot/1.0; +claudebot@anthropic.com)"
216.73.216.176 - - [14/Aug/2026:06:44:13 +0000] "GET /sites/all/modules/ctools/tests/plugins/not_cached/plugin_array.inc HTTP/1.1" 200 635 "-" "Mozilla/5.0 AppleWebKit/537.36 (KHTML, like Gecko; compatible; ClaudeBot/1.0; +claudebot@anthropic.com)"
216.73.216.176 - - [14/Aug/2026:06:44:13 +0000] "GET /sites/all/modules/views/includes/@hide HTTP/1.1" 404 481 "-" "Mozilla/5.0 AppleWebKit/537.36 (KHTML, like Gecko; compatible; ClaudeBot/1.0; +claudebot@anthropic.com)"
216.73.216.176 - - [14/Aug/2026:06:44:14 +0000] "GET /sites/all/modules/commerce/rules/ui/@url HTTP/1.1" 404 481 "-" "Mozilla/5.0 AppleWebKit/537.36 (KHTML, like Gecko; compatible; ClaudeBot/1.0; +claudebot@anthropic.com)"
216.73.216.176 - - [14/Aug/2026:06:44:14 +0000] "GET /sites/all/modules/commerce/contrib/entityreference/tests/entityreference.admin.test HTTP/1.1" 200 5171 "-" "Mozilla/5.0 AppleWebKit/537.36 (KHTML, like Gecko; compatible; ClaudeBot/1.0; +claudebot@anthropic.com)"
216.73.216.176 - - [14/Aug/2026:06:44:15 +0000] "GET /sites/all/modules/commerce/rules/rules_admin/@url1 HTTP/1.1" 404 481 "-" "Mozilla/5.0 AppleWebKit/537.36 (KHTML, like Gecko; compatible; ClaudeBot/1.0; +claudebot@anthropic.com)"
216.73.216.176 - - [14/Aug/2026:06:44:15 +0000] "GET /sites/all/modules/commerce/rules/@component-edit-url HTTP/1.1" 404 481 "-" "Mozilla/5.0 AppleWebKit/537.36 (KHTML, like Gecko; compatible; ClaudeBot/1.0; +claudebot@anthropic.com)"
216.73.216.176 - - [14/Aug/2026:06:44:15 +0000] "GET /sites/all/modules/ctools/tests/plugins/not_cached/ctoolsNotCachedPluginArray2.class.php HTTP/1.1" 200 176 "-" "Mozilla/5.0 AppleWebKit/537.36 (KHTML, like Gecko; compatible; ClaudeBot/1.0; +claudebot@anthropic.com)"
216.73.216.176 - - [14/Aug/2026:06:44:16 +0000] "GET /sites/all/modules/ctools/tests/plugins/not_cached/ctoolsNotCachedPluginArray.class.php HTTP/1.1" 500 214 "-" "Mozilla/5.0 AppleWebKit/537.36 (KHTML, like Gecko; compatible; ClaudeBot/1.0; +claudebot@anthropic.com)"
66.249.75.169 - - [14/Aug/2026:06:44:16 +0000] "GET /detail/359b723146189 HTTP/1.1" 404 3673 "-" "Mozilla/5.0 (Linux; Android 6.0.1; Nexus 5X Build/MMB29P) AppleWebKit/537.36 (KHTML, like Gecko) Chrome/150.0.7871.186 Mobile Safari/537.36 (compatible; Googlebot/2.1; +http://www.google.com/bot.html)"
216.73.216.176 - - [14/Aug/2026:06:44:16 +0000] "GET /sites/all/modules/ckeditor/includes//%22javascript:void(0) HTTP/1.1" 404 481 "-" "Mozilla/5.0 AppleWebKit/537.36 (KHTML, like Gecko; compatible; ClaudeBot/1.0; +claudebot@anthropic.com)"
216.73.216.176 - - [14/Aug/2026:06:44:16 +0000] "GET /sites/all/modules/commerce/rules/rules_admin/@url2 HTTP/1.1" 404 481 "-" "Mozilla/5.0 AppleWebKit/537.36 (KHTML, like Gecko; compatible; ClaudeBot/1.0; +claudebot@anthropic.com)"
216.73.216.176 - - [14/Aug/2026:06:44:17 +0000] "GET /sites/all/modules/commerce/contrib/entityreference/examples/entityreference_behavior_example/ HTTP/1.1" 200 778 "-" "Mozilla/5.0 AppleWebKit/537.36 (KHTML, like Gecko; compatible; ClaudeBot/1.0; +claudebot@anthropic.com)"
216.73.216.176 - - [14/Aug/2026:06:44:17 +0000] "GET /sites/all/modules/ctools/tests/plugins/cached/plugin_array2.inc HTTP/1.1" 200 627 "-" "Mozilla/5.0 AppleWebKit/537.36 (KHTML, like Gecko; compatible; ClaudeBot/1.0; +claudebot@anthropic.com)"
216.73.216.176 - - [14/Aug/2026:06:44:17 +0000] "GET /sites/all/modules/ctools/tests/plugins/cached/plugin_array.inc HTTP/1.1" 200 624 "-" "Mozilla/5.0 AppleWebKit/537.36 (KHTML, like Gecko; compatible; ClaudeBot/1.0; +claudebot@anthropic.com)"
216.73.216.176 - - [14/Aug/2026:06:44:17 +0000] "GET /sites/all/modules/commerce/rules/rules_admin/@url HTTP/1.1" 404 481 "-" "Mozilla/5.0 AppleWebKit/537.36 (KHTML, like Gecko; compatible; ClaudeBot/1.0; +claudebot@anthropic.com)"
216.73.216.176 - - [14/Aug/2026:06:44:18 +0000] "GET /sites/all/modules/ctools/tests/plugins/cached/ctoolsCachedPluginArray2.class.php HTTP/1.1" 500 214 "-" "Mozilla/5.0 AppleWebKit/537.36 (KHTML, like Gecko; compatible; ClaudeBot/1.0; +claudebot@anthropic.com)"
216.73.216.176 - - [14/Aug/2026:06:44:18 +0000] "GET /sites/all/modules/ctools/tests/plugins/cached/ctoolsCachedPluginArray.class.php HTTP/1.1" 200 3328 "-" "Mozilla/5.0 AppleWebKit/537.36 (KHTML, like Gecko; compatible; ClaudeBot/1.0; +claudebot@anthropic.com)"
216.73.216.176 - - [14/Aug/2026:06:44:18 +0000] "GET /admin/reports/views-fields HTTP/1.1" 404 481 "-" "Mozilla/5.0 AppleWebKit/537.36 (KHTML, like Gecko; compatible; ClaudeBot/1.0; +claudebot@anthropic.com)"
216.73.216.176 - - [14/Aug/2026:06:44:19 +0000] "GET /modules/simpletest/tests/psr_4_test/src/Tests/Nested/NestedExampleTest.php HTTP/1.1" 500 366 "-" "Mozilla/5.0 AppleWebKit/537.36 (KHTML, like Gecko; compatible; ClaudeBot/1.0; +claudebot@anthropic.com)"
103.189.201.177 - - [14/Aug/2026:06:44:19 +0000] "POST /xmlrpc.php HTTP/1.1" 404 3672 "-" "Jetpack by WordPress.com"
216.73.216.176 - - [14/Aug/2026:06:44:19 +0000] "GET /sites/all/modules/views/includes/@modules HTTP/1.1" 404 481 "-" "Mozilla/5.0 AppleWebKit/537.36 (KHTML, like Gecko; compatible; ClaudeBot/1.0; +claudebot@anthropic.com)"
185.191.171.14 - - [14/Aug/2026:06:44:20 +0000] "GET /en/en/en/en/en/en/en/en/en/en/en/en/en/en/en/en/en/en/en/en/en/en/en/en/en/en/en/en/en/en/en/en/en/en/en/en/en/en/en/en/en/en/en/en/en/en/en/en/en/en/en/en/en/en/en/en/en/en/en/en/en/en/en/en/en/en/en/en/en/en/en/en/en/en/en/en/en/en/en/en/en/en/en/en/en/en/en/en/en/en/en/en/en/en/en/en/en/en/en/en/en/en/en/en/en/en/en/en/en/en/en/en/en/en/en/en/en/en/en/en/en/en/en/en/en/en/en/node/2009 HTTP/1.1" 404 3635 "-" "Mozilla/5.0 (compatible; SemrushBot/7~bl; +http://www.semrush.com/bot.html)"
85.208.96.198 - - [14/Aug/2026:06:44:22 +0000] "GET /en/en/en/en/en/en/en/en/en/en/en/en/en/en/en/en/en/en/en/en/en/en/en/en/en/en/en/en/en/en/en/en/en/en/en/en/en/en/en/en/en/en/en/en/en/en/en/en/en/en/en/en/en/en/en/en/en/en/en/en/en/en/en/en/en/en/en/en/en/en/en/en/en/en/en/en/en/en/en/en/en/en/en/en/en/en/en/en/en/en/en/en/en/en/en/en/en/en/en/en/en/en/en/en/en/en/en/en/en/en/en/en/en/en/en/en/en/en/en/en/en/en/en/en/en/en/en/en/en/en/en/en/en/en/en/en/en/en/en/en/en/en/en/en/en/en/en/en/en/en/en/en/en/en/node/1745 HTTP/1.1" 404 3636 "-" "Mozilla/5.0 (compatible; SemrushBot/7~bl; +http://www.semrush.com/bot.html)"
66.249.75.168 - - [14/Aug/2026:06:44:22 +0000] "GET /detail/8001f82466987 HTTP/1.1" 404 3672 "-" "Mozilla/5.0 (Linux; Android 6.0.1; Nexus 5X Build/MMB29P) AppleWebKit/537.36 (KHTML, like Gecko) Chrome/150.0.7871.186 Mobile Safari/537.36 (compatible; Googlebot/2.1; +http://www.google.com/bot.html)"
66.249.75.168 - - [14/Aug/2026:06:44:24 +0000] "GET /detail/7114843199628 HTTP/1.1" 404 536 "-" "Mozilla/5.0 (Linux; Android 6.0.1; Nexus 5X Build/MMB29P) AppleWebKit/537.36 (KHTML, like Gecko) Chrome/150.0.7871.186 Mobile Safari/537.36 (compatible; Googlebot/2.1; +http://www.google.com/bot.html)"
103.189.201.177 - - [14/Aug/2026:06:44:26 +0000] "POST /xmlrpc.php HTTP/1.1" 404 3673 "-" "Jetpack by WordPress.com"
66.249.75.168 - - [14/Aug/2026:06:44:28 +0000] "GET /detail/5f91184789122 HTTP/1.1" 404 536 "-" "Mozilla/5.0 (Linux; Android 6.0.1; Nexus 5X Build/MMB29P) AppleWebKit/537.36 (KHTML, like Gecko) Chrome/150.0.7871.186 Mobile Safari/537.36 (compatible; Googlebot/2.1; +http://www.google.com/bot.html)"
66.249.78.72 - - [14/Aug/2026:06:44:32 +0000] "GET /detail/334375104350 HTTP/1.1" 404 3673 "-" "Mozilla/5.0 (Linux; Android 6.0.1; Nexus 5X Build/MMB29P) AppleWebKit/537.36 (KHTML, like Gecko) Chrome/150.0.7871.186 Mobile Safari/537.36 (compatible; Googlebot/2.1; +http://www.google.com/bot.html)"
85.208.96.206 - - [14/Aug/2026:06:44:32 +0000] "GET /es/es/es/es/es/es/es/es/es/es/es/es/es/es/es/es/es/es/es/es/es/es/es/es/es/es/es/es/es/es/es/es/es/es/es/es/es/es/es/es/es/es/es/es/es/es/es/es/es/es/es/es/es/es/es/es/es/es/es/es/es/es/es/es/es/es/es/es/es/es/es/es/es/es/es/es/es/es/es/es/es/es/es/es/es/es/es/es/es/es/es/es/es/es/es/es/es/es/es/es/es/es/es/es/es/es/es/es/es/es/es/es/es/es/es/es/es/es/es/es/es/es/es/es/es/es/es/es/es/es/es/es/es/es/es/es/es/es/es/es/es/es/es/es/es/es/es/nova/se-reduce-la-atenci%C3%B3n-en-el-hogar-y-se-suspenden-eventos-culturales-ante-los-brotes-de-covid-19 HTTP/1.1" 404 3637 "-" "Mozilla/5.0 (compatible; SemrushBot/7~bl; +http://www.semrush.com/bot.html)"
66.249.75.168 - - [14/Aug/2026:06:44:32 +0000] "GET /detail/2298ae1239181 HTTP/1.1" 404 3674 "-" "Mozilla/5.0 (Linux; Android 6.0.1; Nexus 5X Build/MMB29P) AppleWebKit/537.36 (KHTML, like Gecko) Chrome/150.0.7871.186 Mobile Safari/537.36 (compatible; Googlebot/2.1; +http://www.google.com/bot.html)"
114.119.149.171 - - [14/Aug/2026:06:44:33 +0000] "GET /gl/nova/un-novo-programa-gratu%C3%ADto-facilita-conciliaci%C3%B3n-laboral-e-familiar HTTP/1.1" 404 3425 "https://concellodapobradobrollon.gal/es/node/912" "Mozilla/5.0 (Linux; Android 7.0;) AppleWebKit/537.36 (HTML, like Gecko) Mobile Safari/537.36 (compatible; PetalBot;+https://webmaster.petalsearch.com/site/petalbot)"
66.249.75.168 - - [14/Aug/2026:06:44:34 +0000] "GET /detail/7e1500576598 HTTP/1.1" 404 536 "-" "Mozilla/5.0 (Linux; Android 6.0.1; Nexus 5X Build/MMB29P) AppleWebKit/537.36 (KHTML, like Gecko) Chrome/150.0.7871.186 Mobile Safari/537.36 (compatible; Googlebot/2.1; +http://www.google.com/bot.html)"
85.208.96.206 - - [14/Aug/2026:06:44:35 +0000] "GET /gl/gl/gl/gl/gl/gl/gl/gl/gl/gl/gl/gl/gl/gl/gl/gl/gl/gl/gl/gl/gl/gl/gl/gl/gl/gl/gl/gl/gl/gl/gl/gl/gl/gl/gl/gl/gl/gl/gl/gl/gl/gl/gl/gl/gl/gl/gl/gl/gl/gl/gl/gl/gl/gl/gl/gl/gl/gl/gl/gl/gl/gl/gl/gl/gl/gl/gl/gl/gl/gl/gl/gl/gl/gl/gl/gl/gl/gl/gl/gl/gl/gl/gl/gl/gl/gl/gl/gl/gl/gl/gl/gl/gl/gl/gl/gl/gl/gl/gl/gl/gl/gl/gl/gl/gl/gl/gl/gl/gl/gl/gl/gl/gl/gl/gl/gl/gl/gl/gl/gl/gl/gl/gl/gl/gl/gl/gl/gl/gl/gl/gl/gl/gl/gl/gl/gl/gl/gl/gl/gl/gl/gl/gl/gl/gl/gl/gl/gl/gl/gl/nova/pobra-do-broll%C3%B3n-remata-2017-cunha-forte-aposta-polo-turismo HTTP/1.1" 404 3636 "-" "Mozilla/5.0 (compatible; SemrushBot/7~bl; +http://www.semrush.com/bot.html)"
103.189.201.177 - - [14/Aug/2026:06:44:38 +0000] "POST /xmlrpc.php HTTP/1.1" 404 3674 "-" "Jetpack by WordPress.com (Jetpack 12.1; WordPress 6.2)"
85.208.96.193 - - [14/Aug/2026:06:44:38 +0000] "GET /gl?c=acme-furniture-s-kitchen-cabinet-collection-garden-greenhouse-cc-1bpwQzSR HTTP/1.1" 404 470 "-" "Mozilla/5.0 (compatible; SemrushBot/7~bl; +http://www.semrush.com/bot.html)"
66.249.78.72 - - [14/Aug/2026:06:44:40 +0000] "GET /detail/320a3c3742968 HTTP/1.1" 404 3673 "-" "Mozilla/5.0 (Linux; Android 6.0.1; Nexus 5X Build/MMB29P) AppleWebKit/537.36 (KHTML, like Gecko) Chrome/150.0.7871.186 Mobile Safari/537.36 (compatible; Googlebot/2.1; +http://www.google.com/bot.html)"
216.73.216.176 - - [14/Aug/2026:06:44:42 +0000] "GET /sites/all/modules/ctools/ctools_plugin_example/help/Chaos-Tools--CTools--Plugin-Examples.html HTTP/1.1" 200 4016 "-" "Mozilla/5.0 AppleWebKit/537.36 (KHTML, like Gecko; compatible; ClaudeBot/1.0; +claudebot@anthropic.com)"
216.73.216.176 - - [14/Aug/2026:06:44:42 +0000] "GET /sites/all/modules/commerce/contrib/entityreference/entityreference.migrate.inc HTTP/1.1" 200 876 "-" "Mozilla/5.0 AppleWebKit/537.36 (KHTML, like Gecko; compatible; ClaudeBot/1.0; +claudebot@anthropic.com)"
216.73.216.176 - - [14/Aug/2026:06:44:42 +0000] "GET /sites/all/modules/context/context_ui/export_ui/context_export_ui.class.php HTTP/1.1" 500 3366 "-" "Mozilla/5.0 AppleWebKit/537.36 (KHTML, like Gecko; compatible; ClaudeBot/1.0; +claudebot@anthropic.com)"
216.73.216.176 - - [14/Aug/2026:06:44:43 +0000] "GET /sites/all/modules/views/tests/views_basic.test HTTP/1.1" 200 4800 "-" "Mozilla/5.0 AppleWebKit/537.36 (KHTML, like Gecko; compatible; ClaudeBot/1.0; +claudebot@anthropic.com)"
216.73.216.176 - - [14/Aug/2026:06:44:43 +0000] "GET /sites/all/modules/commerce/inline_entity_form/theme/inline_entity_form.seven.css HTTP/1.1" 200 587 "-" "Mozilla/5.0 AppleWebKit/537.36 (KHTML, like Gecko; compatible; ClaudeBot/1.0; +claudebot@anthropic.com)"
216.73.216.176 - - [14/Aug/2026:06:44:43 +0000] "GET /sites/all/modules/ctools/plugins/arguments/string.inc HTTP/1.1" 200 2170 "-" "Mozilla/5.0 AppleWebKit/537.36 (KHTML, like Gecko; compatible; ClaudeBot/1.0; +claudebot@anthropic.com)"
14.177.249.44 - - [14/Aug/2026:06:44:44 +0000] "GET /detail/d124352602543 HTTP/1.1" 404 3692 "-" "Mozilla/5.0 (Windows NT 10.0; Win64; x64) AppleWebKit/537.36 (KHTML, like Gecko) Chrome/149.0.0.0 Safari/537.36"
216.73.216.176 - - [14/Aug/2026:06:44:44 +0000] "GET /sites/all/modules/jquery_update/replace/jquery/ HTTP/1.1" 200 751 "-" "Mozilla/5.0 AppleWebKit/537.36 (KHTML, like Gecko; compatible; ClaudeBot/1.0; +claudebot@anthropic.com)"
216.73.216.176 - - [14/Aug/2026:06:44:44 +0000] "GET /sites/all/modules/ctools/plugins/access/node_access.inc HTTP/1.1" 200 2979 "-" "Mozilla/5.0 AppleWebKit/537.36 (KHTML, like Gecko; compatible; ClaudeBot/1.0; +claudebot@anthropic.com)"
216.73.216.176 - - [14/Aug/2026:06:44:44 +0000] "GET /sites/all/modules/recaptcha/recaptcha-php/examples/example-captcha.php HTTP/1.1" 500 214 "-" "Mozilla/5.0 AppleWebKit/537.36 (KHTML, like Gecko; compatible; ClaudeBot/1.0; +claudebot@anthropic.com)"
216.73.216.176 - - [14/Aug/2026:06:44:45 +0000] "GET /sites/all/modules/views/help/misc-notes.html HTTP/1.1" 200 3789 "-" "Mozilla/5.0 AppleWebKit/537.36 (KHTML, like Gecko; compatible; ClaudeBot/1.0; +claudebot@anthropic.com)"
216.73.216.176 - - [14/Aug/2026:06:44:45 +0000] "GET /sites/all/modules/ctools/ctools_plugin_example/plugins/contexts/simplecontext.inc HTTP/1.1" 200 4308 "-" "Mozilla/5.0 AppleWebKit/537.36 (KHTML, like Gecko; compatible; ClaudeBot/1.0; +claudebot@anthropic.com)"
216.73.216.176 - - [14/Aug/2026:06:44:45 +0000] "GET /sites/all/modules/commerce/contrib/entityreference/plugins/ HTTP/1.1" 200 884 "-" "Mozilla/5.0 AppleWebKit/537.36 (KHTML, like Gecko; compatible; ClaudeBot/1.0; +claudebot@anthropic.com)"
216.73.216.176 - - [14/Aug/2026:06:44:45 +0000] "GET /sites/all/modules/webform_localization/tests/@locale-help HTTP/1.1" 404 481 "-" "Mozilla/5.0 AppleWebKit/537.36 (KHTML, like Gecko; compatible; ClaudeBot/1.0; +claudebot@anthropic.com)"
216.73.216.176 - - [14/Aug/2026:06:44:46 +0000] "GET /sites/all/modules/ctools/plugins/arguments/node_edit.inc HTTP/1.1" 200 1493 "-" "Mozilla/5.0 AppleWebKit/537.36 (KHTML, like Gecko; compatible; ClaudeBot/1.0; +claudebot@anthropic.com)"
216.73.216.176 - - [14/Aug/2026:06:44:46 +0000] "GET /sites/all/modules/l10n_update/@check HTTP/1.1" 404 481 "-" "Mozilla/5.0 AppleWebKit/537.36 (KHTML, like Gecko; compatible; ClaudeBot/1.0; +claudebot@anthropic.com)"
216.73.216.176 - - [14/Aug/2026:06:44:46 +0000] "GET /sites/all/modules/views/help/theme-css.html HTTP/1.1" 200 1663 "-" "Mozilla/5.0 AppleWebKit/537.36 (KHTML, like Gecko; compatible; ClaudeBot/1.0; +claudebot@anthropic.com)"
66.249.75.168 - - [14/Aug/2026:06:44:47 +0000] "GET /detail/56554b1317251 HTTP/1.1" 404 3673 "-" "Mozilla/5.0 (Linux; Android 6.0.1; Nexus 5X Build/MMB29P) AppleWebKit/537.36 (KHTML, like Gecko) Chrome/150.0.7871.186 Mobile Safari/537.36 (compatible; Googlebot/2.1; +http://www.google.com/bot.html)"
216.73.216.176 - - [14/Aug/2026:06:44:47 +0000] "GET /sites/all/modules/ctools/help/&topic:ctools/object-cache& HTTP/1.1" 404 481 "-" "Mozilla/5.0 AppleWebKit/537.36 (KHTML, like Gecko; compatible; ClaudeBot/1.0; +claudebot@anthropic.com)"
216.73.216.176 - - [14/Aug/2026:06:44:47 +0000] "GET /sites/all/modules/ctools/plugins/access/php.inc HTTP/1.1" 200 2412 "-" "Mozilla/5.0 AppleWebKit/537.36 (KHTML, like Gecko; compatible; ClaudeBot/1.0; +claudebot@anthropic.com)"
216.73.216.176 - - [14/Aug/2026:06:44:47 +0000] "GET /sites/all/modules/views/tests/node/ HTTP/1.1" 200 725 "-" "Mozilla/5.0 AppleWebKit/537.36 (KHTML, like Gecko; compatible; ClaudeBot/1.0; +claudebot@anthropic.com)"
216.73.216.176 - - [14/Aug/2026:06:44:48 +0000] "GET /sites/all/modules/ctools/plugins/access/node_language.inc HTTP/1.1" 200 3758 "-" "Mozilla/5.0 AppleWebKit/537.36 (KHTML, like Gecko; compatible; ClaudeBot/1.0; +claudebot@anthropic.com)"
103.189.201.177 - - [14/Aug/2026:06:44:48 +0000] "POST /xmlrpc.php HTTP/1.1" 404 3672 "-" "WordPress.com; https://wordpress.com"
185.191.171.4 - - [14/Aug/2026:06:44:48 +0000] "GET /gl/gl/gl/gl/gl/gl/gl/gl/gl/gl/gl/gl/gl/gl/gl/gl/gl/gl/gl/gl/gl/gl/gl/gl/gl/gl/gl/gl/gl/gl/gl/gl/gl/gl/gl/gl/gl/gl/gl/gl/gl/gl/gl/gl/gl/gl/gl/gl/gl/gl/gl/gl/gl/gl/gl/gl/gl/gl/gl/gl/gl/gl/gl/gl/gl/gl/gl/gl/gl/gl/gl/gl/gl/gl/gl/gl/gl/gl/gl/gl/gl/gl/gl/gl/gl/gl/gl/gl/gl/gl/gl/gl/gl/gl/gl/gl/gl/gl/gl/gl/gl/gl/gl/gl/gl/gl/gl/gl/gl/gl/gl/gl/gl/gl/gl/gl/gl/gl/gl/gl/gl/gl/gl/gl/gl/gl/gl/gl/gl/gl/gl/gl/gl/gl/gl/gl/gl/gl/gl/gl/gl/gl/gl/gl/gl/gl/gl/gl/gl/gl/gl/gl/gl/tags/gander%C3%ADa HTTP/1.1" 404 3636 "-" "Mozilla/5.0 (compatible; SemrushBot/7~bl; +http://www.semrush.com/bot.html)"
216.73.216.176 - - [14/Aug/2026:06:44:48 +0000] "GET /sites/all/modules/recaptcha/src/ReCaptcha/RequestMethod/Drupal7Post.php HTTP/1.1" 500 214 "-" "Mozilla/5.0 AppleWebKit/537.36 (KHTML, like Gecko; compatible; ClaudeBot/1.0; +claudebot@anthropic.com)"
216.73.216.176 - - [14/Aug/2026:06:44:48 +0000] "GET /help/views/analyze-theme HTTP/1.1" 404 481 "-" "Mozilla/5.0 AppleWebKit/537.36 (KHTML, like Gecko; compatible; ClaudeBot/1.0; +claudebot@anthropic.com)"
216.73.216.176 - - [14/Aug/2026:06:44:49 +0000] "GET /sites/all/modules/ctools/plugins/access/node_status.inc HTTP/1.1" 200 4299 "-" "Mozilla/5.0 AppleWebKit/537.36 (KHTML, like Gecko; compatible; ClaudeBot/1.0; +claudebot@anthropic.com)"
216.73.216.176 - - [14/Aug/2026:06:44:49 +0000] "GET /sites/all/modules/commerce/inline_entity_form/includes/entity.inline_entity_form.inc HTTP/1.1" 200 13166 "-" "Mozilla/5.0 AppleWebKit/537.36 (KHTML, like Gecko; compatible; ClaudeBot/1.0; +claudebot@anthropic.com)"
216.73.216.176 - - [14/Aug/2026:06:44:49 +0000] "GET /sites/all/modules/ctools/plugins/access/string_length.inc HTTP/1.1" 200 2748 "-" "Mozilla/5.0 AppleWebKit/537.36 (KHTML, like Gecko; compatible; ClaudeBot/1.0; +claudebot@anthropic.com)"
216.73.216.176 - - [14/Aug/2026:06:44:49 +0000] "GET /sites/all/modules/ctools/help/&topic:ctools/export& HTTP/1.1" 404 481 "-" "Mozilla/5.0 AppleWebKit/537.36 (KHTML, like Gecko; compatible; ClaudeBot/1.0; +claudebot@anthropic.com)"
216.73.216.176 - - [14/Aug/2026:06:44:50 +0000] "GET /sites/all/modules/simplenews/@configuration HTTP/1.1" 404 481 "-" "Mozilla/5.0 AppleWebKit/537.36 (KHTML, like Gecko; compatible; ClaudeBot/1.0; +claudebot@anthropic.com)"
185.191.171.4 - - [14/Aug/2026:06:44:50 +0000] "GET /en/en/en/en/en/en/en/en/en/en/en/en/en/en/en/en/en/en/en/en/en/en/en/en/en/en/en/en/en/en/en/en/en/en/en/en/en/en/en/en/en/en/en/en/en/en/en/en/en/en/en/en/en/en/en/en/en/en/en/en/en/en/en/en/en/en/en/en/en/en/en/en/en/en/en/en/en/en/en/en/en/en/en/en/en/en/en/en/en/en/en/en/en/en/en/en/en/en/en/en/en/en/en/en/en/en/en/en/en/en/en/en/en/en/en/en/en/en/en/en/en/en/en/en/en/en/tags/agencia-tributaria HTTP/1.1" 404 3635 "-" "Mozilla/5.0 (compatible; SemrushBot/7~bl; +http://www.semrush.com/bot.html)"
216.73.216.176 - - [14/Aug/2026:06:44:50 +0000] "GET /sites/all/modules/ctools/help/&topic:ctools/context& HTTP/1.1" 404 481 "-" "Mozilla/5.0 AppleWebKit/537.36 (KHTML, like Gecko; compatible; ClaudeBot/1.0; +claudebot@anthropic.com)"
216.73.216.176 - - [14/Aug/2026:06:44:50 +0000] "GET /sites/all/modules/features/tests/features_test/features_test.module HTTP/1.1" 200 282 "-" "Mozilla/5.0 AppleWebKit/537.36 (KHTML, like Gecko; compatible; ClaudeBot/1.0; +claudebot@anthropic.com)"
216.73.216.176 - - [14/Aug/2026:06:44:51 +0000] "GET /sites/all/modules/views/plugins/export_ui/views_ui.class.php HTTP/1.1" 500 214 "-" "Mozilla/5.0 AppleWebKit/537.36 (KHTML, like Gecko; compatible; ClaudeBot/1.0; +claudebot@anthropic.com)"
216.73.216.176 - - [14/Aug/2026:06:44:51 +0000] "GET /sites/all/modules/ctools/ctools_plugin_example/plugins/relationships/ HTTP/1.1" 200 741 "-" "Mozilla/5.0 AppleWebKit/537.36 (KHTML, like Gecko; compatible; ClaudeBot/1.0; +claudebot@anthropic.com)"
216.73.216.176 - - [14/Aug/2026:06:44:51 +0000] "GET /sites/all/modules/ctools/plugins/contexts/node_edit_form.inc HTTP/1.1" 200 6450 "-" "Mozilla/5.0 AppleWebKit/537.36 (KHTML, like Gecko; compatible; ClaudeBot/1.0; +claudebot@anthropic.com)"
216.73.216.176 - - [14/Aug/2026:06:44:51 +0000] "GET /sites/all/modules/variable/variable_realm/!select-url HTTP/1.1" 404 481 "-" "Mozilla/5.0 AppleWebKit/537.36 (KHTML, like Gecko; compatible; ClaudeBot/1.0; +claudebot@anthropic.com)"
216.73.216.176 - - [14/Aug/2026:06:44:52 +0000] "GET /sites/all/modules/commerce/contrib/entityreference/tests/entityreference.feeds.test HTTP/1.1" 200 9192 "-" "Mozilla/5.0 AppleWebKit/537.36 (KHTML, like Gecko; compatible; ClaudeBot/1.0; +claudebot@anthropic.com)"
216.73.216.176 - - [14/Aug/2026:06:44:52 +0000] "GET /sites/all/modules/l10n_update/tests/@updates HTTP/1.1" 404 481 "-" "Mozilla/5.0 AppleWebKit/537.36 (KHTML, like Gecko; compatible; ClaudeBot/1.0; +claudebot@anthropic.com)"
216.73.216.176 - - [14/Aug/2026:06:44:52 +0000] "GET /sites/all/modules/commerce/contrib/entityreference/views/entityreference_plugin_row_fields.inc HTTP/1.1" 200 1279 "-" "Mozilla/5.0 AppleWebKit/537.36 (KHTML, like Gecko; compatible; ClaudeBot/1.0; +claudebot@anthropic.com)"
216.73.216.176 - - [14/Aug/2026:06:44:52 +0000] "GET /sites/all/modules/ctools/plugins/cache/simple.inc HTTP/1.1" 200 1579 "-" "Mozilla/5.0 AppleWebKit/537.36 (KHTML, like Gecko; compatible; ClaudeBot/1.0; +claudebot@anthropic.com)"
66.249.75.168 - - [14/Aug/2026:06:44:52 +0000] "GET /detail/063b134565768 HTTP/1.1" 404 3674 "-" "Mozilla/5.0 (Linux; Android 6.0.1; Nexus 5X Build/MMB29P) AppleWebKit/537.36 (KHTML, like Gecko) Chrome/150.0.7871.186 Mobile Safari/537.36 (compatible; Googlebot/2.1; +http://www.google.com/bot.html)"
216.73.216.176 - - [14/Aug/2026:06:44:52 +0000] "GET /sites/all/modules/ctools/ctools_plugin_example/plugins/contexts/relcontext.inc HTTP/1.1" 200 3160 "-" "Mozilla/5.0 AppleWebKit/537.36 (KHTML, like Gecko; compatible; ClaudeBot/1.0; +claudebot@anthropic.com)"
216.73.216.176 - - [14/Aug/2026:06:44:53 +0000] "GET /sites/all/modules/ctools/tests/plugins/not_cached/plugin_array_dne.inc HTTP/1.1" 200 538 "-" "Mozilla/5.0 AppleWebKit/537.36 (KHTML, like Gecko; compatible; ClaudeBot/1.0; +claudebot@anthropic.com)"
216.73.216.176 - - [14/Aug/2026:06:44:53 +0000] "GET /sites/all/modules/ctools/page_manager/help/api-task.html HTTP/1.1" 200 1019 "-" "Mozilla/5.0 AppleWebKit/537.36 (KHTML, like Gecko; compatible; ClaudeBot/1.0; +claudebot@anthropic.com)"
216.73.216.176 - - [14/Aug/2026:06:44:53 +0000] "GET /sites/all/modules/simplenews/@sent HTTP/1.1" 404 481 "-" "Mozilla/5.0 AppleWebKit/537.36 (KHTML, like Gecko; compatible; ClaudeBot/1.0; +claudebot@anthropic.com)"
216.73.216.176 - - [14/Aug/2026:06:44:53 +0000] "GET /sites/all/modules/views/help/api.html HTTP/1.1" 200 1799 "-" "Mozilla/5.0 AppleWebKit/537.36 (KHTML, like Gecko; compatible; ClaudeBot/1.0; +claudebot@anthropic.com)"
216.73.216.176 - - [14/Aug/2026:06:44:54 +0000] "GET /sites/all/modules/commerce/rules/tests/rules_test.module HTTP/1.1" 200 1681 "-" "Mozilla/5.0 AppleWebKit/537.36 (KHTML, like Gecko; compatible; ClaudeBot/1.0; +claudebot@anthropic.com)"
216.73.216.176 - - [14/Aug/2026:06:44:54 +0000] "GET /sites/all/modules/ctools/ctools_plugin_example/plugins/access/example_role.inc HTTP/1.1" 200 2890 "-" "Mozilla/5.0 AppleWebKit/537.36 (KHTML, like Gecko; compatible; ClaudeBot/1.0; +claudebot@anthropic.com)"
216.73.216.176 - - [14/Aug/2026:06:44:57 +0000] "GET /sites/all/modules/ctools/ctools_plugin_example/plugins/access/arg_length.inc HTTP/1.1" 200 5627 "-" "Mozilla/5.0 AppleWebKit/537.36 (KHTML, like Gecko; compatible; ClaudeBot/1.0; +claudebot@anthropic.com)"
216.73.216.176 - - [14/Aug/2026:06:44:57 +0000] "GET /sites/all/modules/commerce/contrib/entityreference/views/entityreference.views.inc HTTP/1.1" 200 5538 "-" "Mozilla/5.0 AppleWebKit/537.36 (KHTML, like Gecko; compatible; ClaudeBot/1.0; +claudebot@anthropic.com)"
216.73.216.176 - - [14/Aug/2026:06:44:57 +0000] "GET /sites/all/modules/views/tests/plugins/views_plugin_display.test HTTP/1.1" 200 9839 "-" "Mozilla/5.0 AppleWebKit/537.36 (KHTML, like Gecko; compatible; ClaudeBot/1.0; +claudebot@anthropic.com)"
216.73.216.176 - - [14/Aug/2026:06:44:57 +0000] "GET /sites/all/modules/views/help/topic:views/style-node HTTP/1.1" 404 481 "-" "Mozilla/5.0 AppleWebKit/537.36 (KHTML, like Gecko; compatible; ClaudeBot/1.0; +claudebot@anthropic.com)"
216.73.216.176 - - [14/Aug/2026:06:44:57 +0000] "GET /sites/all/modules/l10n_update/tests/@add_language HTTP/1.1" 404 481 "-" "Mozilla/5.0 AppleWebKit/537.36 (KHTML, like Gecko; compatible; ClaudeBot/1.0; +claudebot@anthropic.com)"
216.73.216.176 - - [14/Aug/2026:06:44:58 +0000] "GET /sites/all/modules/commerce/addressfield/example/addressfield_example.module HTTP/1.1" 200 441 "-" "Mozilla/5.0 AppleWebKit/537.36 (KHTML, like Gecko; compatible; ClaudeBot/1.0; +claudebot@anthropic.com)"
216.73.216.176 - - [14/Aug/2026:06:44:58 +0000] "GET /sites/all/modules/commerce/contrib/entityreference/views/entityreference_plugin_style.inc HTTP/1.1" 200 2466 "-" "Mozilla/5.0 AppleWebKit/537.36 (KHTML, like Gecko; compatible; ClaudeBot/1.0; +claudebot@anthropic.com)"
216.73.216.176 - - [14/Aug/2026:06:44:58 +0000] "GET /sites/all/modules/views/help/topic:views/theme-css HTTP/1.1" 404 481 "-" "Mozilla/5.0 AppleWebKit/537.36 (KHTML, like Gecko; compatible; ClaudeBot/1.0; +claudebot@anthropic.com)"
216.73.216.176 - - [14/Aug/2026:06:44:58 +0000] "GET /sites/all/modules/ctools/ctools_plugin_example/plugins/arguments/simplecontext_arg.inc HTTP/1.1" 200 2037 "-" "Mozilla/5.0 AppleWebKit/537.36 (KHTML, like Gecko; compatible; ClaudeBot/1.0; +claudebot@anthropic.com)"
216.73.216.176 - - [14/Aug/2026:06:44:58 +0000] "GET /sites/all/modules/commerce/addressfield/example/plugins/ HTTP/1.1" 200 713 "-" "Mozilla/5.0 AppleWebKit/537.36 (KHTML, like Gecko; compatible; ClaudeBot/1.0; +claudebot@anthropic.com)"
66.249.75.168 - - [14/Aug/2026:06:44:58 +0000] "GET /detail/76a8094843332 HTTP/1.1" 404 3673 "-" "Mozilla/5.0 (Linux; Android 6.0.1; Nexus 5X Build/MMB29P) AppleWebKit/537.36 (KHTML, like Gecko) Chrome/150.0.7871.186 Mobile Safari/537.36 (compatible; Googlebot/2.1; +http://www.google.com/bot.html)"
216.73.216.176 - - [14/Aug/2026:06:44:59 +0000] "GET /sites/all/modules/commerce/contrib/entityreference/tests/entityreference.taxonomy.test HTTP/1.1" 200 5232 "-" "Mozilla/5.0 AppleWebKit/537.36 (KHTML, like Gecko; compatible; ClaudeBot/1.0; +claudebot@anthropic.com)"
216.73.216.176 - - [14/Aug/2026:06:44:59 +0000] "GET /sites/all/modules/commerce/contrib/entityreference/views/entityreference_plugin_display.inc HTTP/1.1" 200 5018 "-" "Mozilla/5.0 AppleWebKit/537.36 (KHTML, like Gecko; compatible; ClaudeBot/1.0; +claudebot@anthropic.com)"
216.73.216.176 - - [14/Aug/2026:06:44:59 +0000] "GET /sites/all/modules/views/help/topic:views/api HTTP/1.1" 404 481 "-" "Mozilla/5.0 AppleWebKit/537.36 (KHTML, like Gecko; compatible; ClaudeBot/1.0; +claudebot@anthropic.com)"
216.73.216.176 - - [14/Aug/2026:06:44:59 +0000] "GET /sites/all/modules/views/help/topic:views/using-theme HTTP/1.1" 404 481 "-" "Mozilla/5.0 AppleWebKit/537.36 (KHTML, like Gecko; compatible; ClaudeBot/1.0; +claudebot@anthropic.com)"
103.189.201.177 - - [14/Aug/2026:06:44:59 +0000] "POST /xmlrpc.php HTTP/1.1" 404 3674 "-" "Jetpack/12.1; WordPress/6.2; http://site53670495.com"
216.73.216.176 - - [14/Aug/2026:06:44:59 +0000] "GET /sites/all/modules/jquery_update/replace/misc/jquery.form.js HTTP/1.1" 200 8594 "-" "Mozilla/5.0 AppleWebKit/537.36 (KHTML, like Gecko; compatible; ClaudeBot/1.0; +claudebot@anthropic.com)"
216.73.216.176 - - [14/Aug/2026:06:44:59 +0000] "GET /sites/all/modules/ctools/plugins/cache/export_ui.inc HTTP/1.1" 200 1467 "-" "Mozilla/5.0 AppleWebKit/537.36 (KHTML, like Gecko; compatible; ClaudeBot/1.0; +claudebot@anthropic.com)"
216.73.216.176 - - [14/Aug/2026:06:45:00 +0000] "GET /sites/all/modules/l10n_update/@url HTTP/1.1" 404 481 "-" "Mozilla/5.0 AppleWebKit/537.36 (KHTML, like Gecko; compatible; ClaudeBot/1.0; +claudebot@anthropic.com)"
216.73.216.176 - - [14/Aug/2026:06:45:00 +0000] "GET /sites/all/modules/recaptcha/recaptcha-php/src/autoload.php HTTP/1.1" 200 176 "-" "Mozilla/5.0 AppleWebKit/537.36 (KHTML, like Gecko; compatible; ClaudeBot/1.0; +claudebot@anthropic.com)"
216.73.216.176 - - [14/Aug/2026:06:45:00 +0000] "GET /sites/all/modules/ctools/page_manager/help/api-task-type.html HTTP/1.1" 200 401 "-" "Mozilla/5.0 AppleWebKit/537.36 (KHTML, like Gecko; compatible; ClaudeBot/1.0; +claudebot@anthropic.com)"
216.73.216.176 - - [14/Aug/2026:06:45:00 +0000] "GET /sites/all/modules/commerce/rules/includes/rules.plugins.inc HTTP/1.1" 200 26495 "-" "Mozilla/5.0 AppleWebKit/537.36 (KHTML, like Gecko; compatible; ClaudeBot/1.0; +claudebot@anthropic.com)"
216.73.216.176 - - [14/Aug/2026:06:45:00 +0000] "GET /sites/all/modules/jquery_update/replace/ui/external/qunit.css HTTP/1.1" 200 1714 "-" "Mozilla/5.0 AppleWebKit/537.36 (KHTML, like Gecko; compatible; ClaudeBot/1.0; +claudebot@anthropic.com)"
216.73.216.176 - - [14/Aug/2026:06:45:00 +0000] "GET /sites/all/modules/i18nviews/@translate-interface HTTP/1.1" 404 481 "-" "Mozilla/5.0 AppleWebKit/537.36 (KHTML, like Gecko; compatible; ClaudeBot/1.0; +claudebot@anthropic.com)"
66.249.75.168 - - [14/Aug/2026:06:45:02 +0000] "GET /detail/d472263236557 HTTP/1.1" 404 536 "-" "Mozilla/5.0 (Linux; Android 6.0.1; Nexus 5X Build/MMB29P) AppleWebKit/537.36 (KHTML, like Gecko) Chrome/150.0.7871.186 Mobile Safari/537.36 (compatible; Googlebot/2.1; +http://www.google.com/bot.html)"
66.249.75.169 - - [14/Aug/2026:06:45:05 +0000] "GET /detail/5189e64340711 HTTP/1.1" 404 3674 "-" "Mozilla/5.0 (Linux; Android 6.0.1; Nexus 5X Build/MMB29P) AppleWebKit/537.36 (KHTML, like Gecko) Chrome/150.0.7871.186 Mobile Safari/537.36 (compatible; Googlebot/2.1; +http://www.google.com/bot.html)"
66.249.75.169 - - [14/Aug/2026:06:45:05 +0000] "GET /robots.txt HTTP/1.1" 404 3672 "-" "Mozilla/5.0 (compatible; Googlebot/2.1; +http://www.google.com/bot.html)"
103.189.201.177 - - [14/Aug/2026:06:45:09 +0000] "POST /xmlrpc.php HTTP/1.1" 404 3673 "-" "WordPress.com; https://wordpress.com"
66.249.78.72 - - [14/Aug/2026:06:45:10 +0000] "GET /detail/2b50e22163642 HTTP/1.1" 404 3673 "-" "Mozilla/5.0 (Linux; Android 6.0.1; Nexus 5X Build/MMB29P) AppleWebKit/537.36 (KHTML, like Gecko) Chrome/150.0.7871.186 Mobile Safari/537.36 (compatible; Googlebot/2.1; +http://www.google.com/bot.html)"
157.55.39.56 - - [14/Aug/2026:06:45:12 +0000] "GET /gl/product-tags/ganni HTTP/1.1" 404 3664 "-" "Mozilla/5.0 AppleWebKit/537.36 (KHTML, like Gecko; compatible; bingbot/2.0; +http://www.bing.com/bingbot.htm) Chrome/116.0.1938.76 Safari/537.36"
157.55.39.56 - - [14/Aug/2026:06:45:12 +0000] "GET /gl/items/T112180354 HTTP/1.1" 404 481 "-" "Mozilla/5.0 AppleWebKit/537.36 (KHTML, like Gecko; compatible; bingbot/2.0; +http://www.bing.com/bingbot.htm) Chrome/116.0.1938.76 Safari/537.36"
43.239.72.29 - - [14/Aug/2026:06:45:17 +0000] "GET /detail/555a812443610 HTTP/1.1" 404 3481 "-" "Mozilla/5.0 (Macintosh; Intel Mac OS X 10_15_7) AppleWebKit/537.36 (KHTML, like Gecko) Chrome/145.0.0.0 Safari/537.36"
66.249.78.72 - - [14/Aug/2026:06:45:17 +0000] "GET /detail/1626c83180969 HTTP/1.1" 404 3673 "-" "Mozilla/5.0 (Linux; Android 6.0.1; Nexus 5X Build/MMB29P) AppleWebKit/537.36 (KHTML, like Gecko) Chrome/150.0.7871.186 Mobile Safari/537.36 (compatible; Googlebot/2.1; +http://www.google.com/bot.html)"
103.189.201.177 - - [14/Aug/2026:06:45:20 +0000] "POST /xmlrpc.php HTTP/1.1" 404 3673 "-" "WordPress.com; https://wordpress.com"
66.249.78.72 - - [14/Aug/2026:06:45:23 +0000] "GET /detail/3a4abb4333530 HTTP/1.1" 404 3673 "-" "Mozilla/5.0 (Linux; Android 6.0.1; Nexus 5X Build/MMB29P) AppleWebKit/537.36 (KHTML, like Gecko) Chrome/150.0.7871.186 Mobile Safari/537.36 (compatible; Googlebot/2.1; +http://www.google.com/bot.html)"
47.128.41.56 - - [14/Aug/2026:06:45:27 +0000] "GET /en HTTP/1.1" 301 619 "-" "Mozilla/5.0 (Linux; Android 5.0) AppleWebKit/537.36 (KHTML, like Gecko) Mobile Safari/537.36 (compatible; Bytespider; https://bytedance.sg.larkoffice.com/docx/K5bxdypulop3IIxrJb0lOjLVgFe)"
185.191.171.11 - - [14/Aug/2026:06:45:27 +0000] "GET /es/es/es/es/es/es/es/es/es/es/es/es/es/es/es/es/es/es/es/es/es/es/es/es/es/es/es/es/es/es/es/es/es/es/es/es/es/es/es/es/es/es/es/es/es/es/es/es/es/es/es/es/es/es/es/es/es/es/es/es/es/es/es/es/es/es/es/es/es/es/es/es/es/es/es/es/es/es/es/es/es/es/es/es/es/es/es/es/es/es/es/es/es/es/es/es/es/es/es/es/es/es/es/es/es/es/es/es/es/es/es/es/es/es/es/es/es/es/es/es/es/es/es/es/es/es/es/es/es/es/es/es/es/es/es/es/es/es/es/es/es/es/es/es/es/es/es/es/es/es/es/es/es/es/es/es/es/es/nova/la-carrera-ciclista-o-gran-cami%C3%B1o-ocasionar%C3%A1-restricciones-de-tr%C3%A1fico-y-de-estacionamiento HTTP/1.1" 404 3635 "-" "Mozilla/5.0 (compatible; SemrushBot/7~bl; +http://www.semrush.com/bot.html)"
47.128.41.56 - - [14/Aug/2026:06:45:27 +0000] "GET /en HTTP/1.1" 404 507 "-" "Mozilla/5.0 (Linux; Android 5.0) AppleWebKit/537.36 (KHTML, like Gecko) Mobile Safari/537.36 (compatible; Bytespider; https://bytedance.sg.larkoffice.com/docx/K5bxdypulop3IIxrJb0lOjLVgFe)"
185.191.171.4 - - [14/Aug/2026:06:45:29 +0000] "GET /es/es/es/es/es/es/es/es/es/es/es/es/es/es/es/es/es/es/es/es/es/es/es/es/es/es/es/es/es/es/es/es/es/es/es/es/es/es/es/es/es/es/es/es/es/es/es/es/es/es/es/es/es/es/es/es/es/es/es/es/es/es/es/es/es/es/es/es/es/es/es/es/es/es/es/es/es/es/es/es/es/es/es/es/es/es/es/es/es/es/es/es/es/es/es/es/es/es/es/es/es/es/es/es/es/es/es/es/es/es/es/es/es/es/es/es/es/es/es/es/es/es/es/es/es/es/es/es/es/es/es/es/es/es/es/es/es/es/es/es/es/es/es/es/es/es/es/es/es/es/es/es/nova/abierto-el-plazo-para-solicitar-las-ayudas-para-bienes-en-el-camino-de-santiago HTTP/1.1" 404 3636 "-" "Mozilla/5.0 (compatible; SemrushBot/7~bl; +http://www.semrush.com/bot.html)"
103.189.201.177 - - [14/Aug/2026:06:45:30 +0000] "POST /xmlrpc.php HTTP/1.1" 404 3672 "-" "Jetpack by WordPress.com (Jetpack 12.0; WordPress 6.1)"
151.244.153.69 - - [14/Aug/2026:06:45:32 +0000] "GET /detail/882024265154 HTTP/1.1" 404 3688 "-" "Mozilla/5.0 (Macintosh; Intel Mac OS X 10_15_7) AppleWebKit/537.36 (KHTML, like Gecko) Chrome/146.0.0.0 Safari/537.36"
66.249.78.72 - - [14/Aug/2026:06:45:32 +0000] "GET /detail/9587885167305 HTTP/1.1" 404 3672 "-" "Mozilla/5.0 (Linux; Android 6.0.1; Nexus 5X Build/MMB29P) AppleWebKit/537.36 (KHTML, like Gecko) Chrome/150.0.7871.186 Mobile Safari/537.36 (compatible; Googlebot/2.1; +http://www.google.com/bot.html)"
66.249.75.168 - - [14/Aug/2026:06:45:32 +0000] "GET /detail/01cff73255856 HTTP/1.1" 404 3673 "-" "Mozilla/5.0 (Linux; Android 6.0.1; Nexus 5X Build/MMB29P) AppleWebKit/537.36 (KHTML, like Gecko) Chrome/150.0.7871.186 Mobile Safari/537.36 (compatible; Googlebot/2.1; +http://www.google.com/bot.html)"
136.70.86.67 - - [14/Aug/2026:06:45:33 +0000] "GET / HTTP/1.1" 200 3853 "-" "Mozilla/5.0 (Windows NT 10.0; Win64; x64) AppleWebKit/537.36 (KHTML, like Gecko) Chrome/152.0.0.0 Safari/537.36"
136.70.86.67 - - [14/Aug/2026:06:45:34 +0000] "GET /?C=N;O=D HTTP/1.1" 200 702 "-" "Mozilla/5.0 (Windows NT 10.0; Win64; x64) AppleWebKit/537.36 (KHTML, like Gecko) Chrome/152.0.0.0 Safari/537.36"
136.70.86.67 - - [14/Aug/2026:06:45:34 +0000] "GET /wp-json HTTP/1.1" 404 481 "-" "Mozilla/5.0 (compatible; DeepSeekBot/1.0; +https://www.deepseek.com/bot)"
92.29.148.92 - - [14/Aug/2026:06:45:35 +0000] "GET /gl/nova/premio-nacional-de-poes%C3%ADa-yolanda-casta%C3%B1o-visita-pobra-do-broll%C3%B3n-este-xoves-19 HTTP/1.1" 404 3688 "-" "Mozilla/5.0 (X11; Linux x86_64) AppleWebKit/537.36 (KHTML, like Gecko) Chrome/150.0.0.0 Safari/537.36"
85.208.96.211 - - [14/Aug/2026:06:45:34 +0000] "GET /en/en/en/en/en/en/en/en/en/en/en/en/en/en/en/en/en/en/en/en/en/en/en/en/en/en/en/en/en/en/en/en/en/en/en/en/en/en/en/en/en/en/en/en/en/en/en/en/en/en/en/en/en/en/en/en/en/en/en/en/en/en/en/en/en/en/en/en/en/en/en/en/en/en/en/en/en/en/en/en/en/en/en/en/en/en/en/en/en/en/en/en/en/en/en/en/en/en/en/en/en/en/en/en/en/en/en/en/en/en/en/en/en/en/en/en/en/en/en/en/en/en/en/en/en/en/en/en/en/en/en/en/en/en/en/en/en/en/en/en/en/en/en/en/en/en/en/en/en/en/en/en/en/en/en/en/en/en/en/en/en/en/en/en/en/en/en/en/en/en/en/en/en/en/en/en/en/en/en/en/en/en/en/en/en/en/en/en/en/en/en/en/en/en/en/en/en/en/en/en/en/en/en/en/en/en/en/en/en/en/en/en/en/en/en/en/en/en/en/en/en/en/en/en/en/en/en/en/en/en/en/en/en/en/en/en/en/en/en/en/en/en/en/en/en/en/en/en/en/en/en/en/en/en/en/en/en/en/en/en/en/en/en/en/en/en/en/en/en/en/en/en/en/en/en/en/en/en/en/en/en/en/en/en/en/en/en/en/en/en/en/node/1051 HTTP/1.1" 404 3636 "-" "Mozilla/5.0 (compatible; SemrushBot/7~bl; +http://www.semrush.com/bot.html)"
136.70.86.67 - - [14/Aug/2026:06:45:35 +0000] "GET /.git/config HTTP/1.1" 404 481 "-" "Mozilla/5.0 (compatible; DeepSeekBot/1.0; +https://www.deepseek.com/bot)"
66.249.78.72 - - [14/Aug/2026:06:45:35 +0000] "GET /detail/23892b2961360 HTTP/1.1" 404 536 "-" "Mozilla/5.0 (Linux; Android 6.0.1; Nexus 5X Build/MMB29P) AppleWebKit/537.36 (KHTML, like Gecko) Chrome/150.0.7871.186 Mobile Safari/537.36 (compatible; Googlebot/2.1; +http://www.google.com/bot.html)"
136.70.86.67 - - [14/Aug/2026:06:45:35 +0000] "GET /.aws/credentials HTTP/1.1" 404 481 "-" "Mozilla/5.0 (compatible; DeepSeekBot/1.0; +https://www.deepseek.com/bot)"
136.70.86.67 - - [14/Aug/2026:06:45:35 +0000] "GET /z9x8c7v6b5-debug-trigger-concellodapobradobrollon.gal HTTP/1.1" 404 3631 "-" "Mozilla/5.0 (compatible; DeepSeekBot/1.0; +https://www.deepseek.com/bot)"
136.70.86.67 - - [14/Aug/2026:06:45:36 +0000] "GET /rclone.conf HTTP/1.1" 404 3631 "-" "Mozilla/5.0 (compatible; DeepSeekBot/1.0; +https://www.deepseek.com/bot)"
136.70.86.67 - - [14/Aug/2026:06:45:36 +0000] "GET /?C=M;O=A HTTP/1.1" 200 703 "-" "Mozilla/5.0 (Windows NT 10.0; Win64; x64) AppleWebKit/537.36 (KHTML, like Gecko) Chrome/152.0.0.0 Safari/537.36"
136.70.86.67 - - [14/Aug/2026:06:45:36 +0000] "GET /.git-credentials HTTP/1.1" 404 481 "-" "Mozilla/5.0 (compatible; DeepSeekBot/1.0; +https://www.deepseek.com/bot)"
136.70.86.67 - - [14/Aug/2026:06:45:36 +0000] "GET /.git/HEAD HTTP/1.1" 404 481 "-" "Mozilla/5.0 (compatible; DeepSeekBot/1.0; +https://www.deepseek.com/bot)"
136.70.86.67 - - [14/Aug/2026:06:45:36 +0000] "GET /.aws/config HTTP/1.1" 404 3630 "-" "Mozilla/5.0 (compatible; DeepSeekBot/1.0; +https://www.deepseek.com/bot)"
136.70.86.67 - - [14/Aug/2026:06:45:36 +0000] "POST /graphql HTTP/1.1" 404 481 "https://concellodapobradobrollon.gal" "Mozilla/5.0 (Windows NT 10.0; Win64; x64) AppleWebKit/537.36 (KHTML, like Gecko) Chrome/152.0.0.0 Safari/537.36"
136.70.86.67 - - [14/Aug/2026:06:45:36 +0000] "GET /.gitconfig HTTP/1.1" 404 3632 "-" "Mozilla/5.0 (compatible; DeepSeekBot/1.0; +https://www.deepseek.com/bot)"
136.70.86.67 - - [14/Aug/2026:06:45:37 +0000] "GET /?C=S;O=A HTTP/1.1" 200 3853 "-" "Mozilla/5.0 (Windows NT 10.0; Win64; x64) AppleWebKit/537.36 (KHTML, like Gecko) Chrome/152.0.0.0 Safari/537.36"
136.70.86.67 - - [14/Aug/2026:06:45:37 +0000] "GET /.github/workflows/deploy.yml HTTP/1.1" 404 481 "-" "Mozilla/5.0 (compatible; DeepSeekBot/1.0; +https://www.deepseek.com/bot)"
136.70.86.67 - - [14/Aug/2026:06:45:37 +0000] "GET /.env HTTP/1.1" 404 3631 "-" "Mozilla/5.0 (compatible; DeepSeekBot/1.0; +https://www.deepseek.com/bot)"
136.70.86.67 - - [14/Aug/2026:06:45:37 +0000] "GET /.gitlab-ci.yml HTTP/1.1" 404 481 "-" "Mozilla/5.0 (compatible; DeepSeekBot/1.0; +https://www.deepseek.com/bot)"
136.70.86.67 - - [14/Aug/2026:06:45:37 +0000] "GET /.env.example HTTP/1.1" 404 481 "-" "Mozilla/5.0 (compatible; DeepSeekBot/1.0; +https://www.deepseek.com/bot)"
136.70.86.67 - - [14/Aug/2026:06:45:37 +0000] "GET /.env.local HTTP/1.1" 404 481 "-" "Mozilla/5.0 (compatible; DeepSeekBot/1.0; +https://www.deepseek.com/bot)"
136.70.86.67 - - [14/Aug/2026:06:45:37 +0000] "GET /.env.production HTTP/1.1" 404 481 "-" "Mozilla/5.0 (compatible; DeepSeekBot/1.0; +https://www.deepseek.com/bot)"
136.70.86.67 - - [14/Aug/2026:06:45:37 +0000] "GET /.env.backup HTTP/1.1" 404 481 "-" "Mozilla/5.0 (compatible; DeepSeekBot/1.0; +https://www.deepseek.com/bot)"
136.70.86.67 - - [14/Aug/2026:06:45:37 +0000] "GET /.env.bak HTTP/1.1" 404 481 "-" "Mozilla/5.0 (compatible; DeepSeekBot/1.0; +https://www.deepseek.com/bot)"
136.70.86.67 - - [14/Aug/2026:06:45:37 +0000] "GET /profiles/ HTTP/1.1" 200 741 "-" "Mozilla/5.0 (Windows NT 10.0; Win64; x64) AppleWebKit/537.36 (KHTML, like Gecko) Chrome/152.0.0.0 Safari/537.36"
136.70.86.67 - - [14/Aug/2026:06:45:37 +0000] "POST /api/graphql HTTP/1.1" 404 3632 "https://concellodapobradobrollon.gal" "Mozilla/5.0 (Windows NT 10.0; Win64; x64) AppleWebKit/537.36 (KHTML, like Gecko) Chrome/152.0.0.0 Safari/537.36"
136.70.86.67 - - [14/Aug/2026:06:45:38 +0000] "POST /v1/graphql HTTP/1.1" 404 481 "https://concellodapobradobrollon.gal" "Mozilla/5.0 (Windows NT 10.0; Win64; x64) AppleWebKit/537.36 (KHTML, like Gecko) Chrome/152.0.0.0 Safari/537.36"
85.208.96.206 - - [14/Aug/2026:06:45:38 +0000] "GET /gl/gl/gl/gl/gl/gl/gl/gl/gl/gl/gl/gl/gl/gl/gl/gl/gl/gl/gl/gl/gl/gl/gl/gl/gl/gl/gl/gl/gl/gl/gl/gl/gl/gl/gl/gl/gl/gl/gl/gl/gl/gl/gl/gl/gl/gl/gl/gl/gl/gl/gl/gl/gl/gl/gl/gl/gl/gl/gl/gl/gl/gl/gl/gl/gl/gl/gl/gl/gl/gl/gl/gl/gl/gl/gl/gl/gl/gl/gl/gl/gl/gl/gl/gl/gl/gl/gl/gl/gl/gl/gl/gl/gl/gl/gl/gl/gl/gl/gl/gl/gl/gl/gl/gl/gl/gl/gl/gl/gl/gl/gl/gl/gl/gl/gl/gl/gl/gl/gl/gl/gl/gl/gl/gl/gl/gl/gl/gl/gl/gl/gl/gl/gl/gl/gl/gl/gl/gl/gl/gl/gl/gl/gl/gl/gl/gl/gl/gl/gl/gl/gl/gl/gl/gl/gl/gl/gl/gl/gl/gl/gl/gl/tags/feira-gu%C3%ADmara HTTP/1.1" 404 3635 "-" "Mozilla/5.0 (compatible; SemrushBot/7~bl; +http://www.semrush.com/bot.html)"
136.70.86.67 - - [14/Aug/2026:06:45:38 +0000] "GET /api/.env HTTP/1.1" 404 481 "-" "Mozilla/5.0 (compatible; DeepSeekBot/1.0; +https://www.deepseek.com/bot)"
136.70.86.67 - - [14/Aug/2026:06:45:38 +0000] "GET /admin/.env HTTP/1.1" 404 481 "-" "Mozilla/5.0 (compatible; DeepSeekBot/1.0; +https://www.deepseek.com/bot)"
136.70.86.67 - - [14/Aug/2026:06:45:38 +0000] "GET /backend/.env HTTP/1.1" 404 481 "-" "Mozilla/5.0 (compatible; DeepSeekBot/1.0; +https://www.deepseek.com/bot)"
136.70.86.67 - - [14/Aug/2026:06:45:38 +0000] "GET /secrets.json HTTP/1.1" 404 481 "-" "Mozilla/5.0 (compatible; DeepSeekBot/1.0; +https://www.deepseek.com/bot)"
136.70.86.67 - - [14/Aug/2026:06:45:38 +0000] "GET /config/.env HTTP/1.1" 404 481 "-" "Mozilla/5.0 (compatible; DeepSeekBot/1.0; +https://www.deepseek.com/bot)"
136.70.86.67 - - [14/Aug/2026:06:45:39 +0000] "GET /secrets.yml HTTP/1.1" 404 481 "-" "Mozilla/5.0 (compatible; DeepSeekBot/1.0; +https://www.deepseek.com/bot)"
136.70.86.67 - - [14/Aug/2026:06:45:39 +0000] "GET /service-account.json HTTP/1.1" 404 481 "-" "Mozilla/5.0 (compatible; DeepSeekBot/1.0; +https://www.deepseek.com/bot)"
136.70.86.67 - - [14/Aug/2026:06:45:39 +0000] "GET /.env.old HTTP/1.1" 404 481 "-" "Mozilla/5.0 (compatible; DeepSeekBot/1.0; +https://www.deepseek.com/bot)"
136.70.86.67 - - [14/Aug/2026:06:45:39 +0000] "GET /credentials.json HTTP/1.1" 404 481 "-" "Mozilla/5.0 (compatible; DeepSeekBot/1.0; +https://www.deepseek.com/bot)"
66.249.75.168 - - [14/Aug/2026:06:45:41 +0000] "GET /detail/159fe62600905 HTTP/1.1" 404 3673 "-" "Mozilla/5.0 (Linux; Android 6.0.1; Nexus 5X Build/MMB29P) AppleWebKit/537.36 (KHTML, like Gecko) Chrome/150.0.7871.186 Mobile Safari/537.36 (compatible; Googlebot/2.1; +http://www.google.com/bot.html)"
136.70.86.67 - - [14/Aug/2026:06:45:42 +0000] "GET /Dockerfile HTTP/1.1" 404 481 "-" "Mozilla/5.0 (compatible; DeepSeekBot/1.0; +https://www.deepseek.com/bot)"
136.70.86.67 - - [14/Aug/2026:06:45:42 +0000] "GET /serviceAccountKey.json HTTP/1.1" 404 481 "-" "Mozilla/5.0 (compatible; DeepSeekBot/1.0; +https://www.deepseek.com/bot)"
136.70.86.67 - - [14/Aug/2026:06:45:42 +0000] "GET /firebase-adminsdk.json HTTP/1.1" 404 481 "-" "Mozilla/5.0 (compatible; DeepSeekBot/1.0; +https://www.deepseek.com/bot)"
136.70.86.67 - - [14/Aug/2026:06:45:42 +0000] "GET /service_account.json HTTP/1.1" 404 3632 "-" "Mozilla/5.0 (compatible; DeepSeekBot/1.0; +https://www.deepseek.com/bot)"
136.70.86.67 - - [14/Aug/2026:06:45:42 +0000] "GET /key.json HTTP/1.1" 404 481 "-" "Mozilla/5.0 (compatible; DeepSeekBot/1.0; +https://www.deepseek.com/bot)"
136.70.86.67 - - [14/Aug/2026:06:45:42 +0000] "GET /firebase-service-account.json HTTP/1.1" 404 481 "-" "Mozilla/5.0 (compatible; DeepSeekBot/1.0; +https://www.deepseek.com/bot)"
103.189.201.177 - - [14/Aug/2026:06:45:42 +0000] "POST /xmlrpc.php HTTP/1.1" 404 3673 "-" "WordPress.com; https://wordpress.com"
216.73.216.176 - - [14/Aug/2026:06:45:42 +0000] "GET /sites/all/modules/views/help/topic:views/filter HTTP/1.1" 404 3631 "-" "Mozilla/5.0 AppleWebKit/537.36 (KHTML, like Gecko; compatible; ClaudeBot/1.0; +claudebot@anthropic.com)"
