157.55.39.195 - - [14/Aug/2026:06:32:47 +0000] "GET /gl/items/A512159890 HTTP/1.1" 404 481 "-" "Mozilla/5.0 AppleWebKit/537.36 (KHTML, like Gecko; compatible; bingbot/2.0; +http://www.bing.com/bingbot.htm) Chrome/116.0.1938.76 Safari/537.36"
66.249.75.168 - - [14/Aug/2026:06:32:50 +0000] "GET /detail/d5ea764344546 HTTP/1.1" 404 3672 "-" "Mozilla/5.0 (Linux; Android 6.0.1; Nexus 5X Build/MMB29P) AppleWebKit/537.36 (KHTML, like Gecko) Chrome/150.0.7871.186 Mobile Safari/537.36 (compatible; Googlebot/2.1; +http://www.google.com/bot.html)"
66.249.78.72 - - [14/Aug/2026:06:32:52 +0000] "GET /detail/8347f52158124 HTTP/1.1" 404 3674 "-" "Mozilla/5.0 (Linux; Android 6.0.1; Nexus 5X Build/MMB29P) AppleWebKit/537.36 (KHTML, like Gecko) Chrome/150.0.7871.186 Mobile Safari/537.36 (compatible; Googlebot/2.1; +http://www.google.com/bot.html)"
66.249.75.168 - - [14/Aug/2026:06:32:56 +0000] "GET /detail/63b9224212543 HTTP/1.1" 404 3673 "-" "Mozilla/5.0 (Linux; Android 6.0.1; Nexus 5X Build/MMB29P) AppleWebKit/537.36 (KHTML, like Gecko) Chrome/150.0.7871.186 Mobile Safari/537.36 (compatible; Googlebot/2.1; +http://www.google.com/bot.html)"
66.249.75.168 - - [14/Aug/2026:06:32:57 +0000] "GET /detail/8f98445137099 HTTP/1.1" 404 3674 "-" "Mozilla/5.0 (Linux; Android 6.0.1; Nexus 5X Build/MMB29P) AppleWebKit/537.36 (KHTML, like Gecko) Chrome/150.0.7871.186 Mobile Safari/537.36 (compatible; Googlebot/2.1; +http://www.google.com/bot.html)"
66.249.75.168 - - [14/Aug/2026:06:32:58 +0000] "GET /detail/3459693877179 HTTP/1.1" 404 536 "-" "Mozilla/5.0 (Linux; Android 6.0.1; Nexus 5X Build/MMB29P) AppleWebKit/537.36 (KHTML, like Gecko) Chrome/150.0.7871.186 Mobile Safari/537.36 (compatible; Googlebot/2.1; +http://www.google.com/bot.html)"
45.187.18.11 - - [14/Aug/2026:06:33:01 +0000] "GET /detail/fd8e464163253 HTTP/1.1" 404 3691 "-" "Mozilla/5.0 (Macintosh; Intel Mac OS X 10_15_7) AppleWebKit/537.36 (KHTML, like Gecko) Chrome/145.0.0.0 Safari/537.36"
66.249.75.168 - - [14/Aug/2026:06:33:02 +0000] "GET /detail/c474261735812 HTTP/1.1" 404 536 "-" "Mozilla/5.0 (Linux; Android 6.0.1; Nexus 5X Build/MMB29P) AppleWebKit/537.36 (KHTML, like Gecko) Chrome/150.0.7871.186 Mobile Safari/537.36 (compatible; Googlebot/2.1; +http://www.google.com/bot.html)"
105.235.70.179 - - [14/Aug/2026:06:33:04 +0000] "GET http://concellodapobradobrollon.gal/detail/b72d371226270 HTTP/1.1" 404 451 "-" "Mozilla/5.0 (Windows NT 10.0; Win64; x64) AppleWebKit/537.36 (KHTML, like Gecko) Chrome/136.0.0.0 Safari/537.36"
85.208.96.196 - - [14/Aug/2026:06:33:07 +0000] "GET /es/es/es/es/es/es/es/es/es/es/es/es/es/es/es/es/es/es/es/es/es/es/es/es/es/es/es/es/es/es/es/es/es/es/es/es/es/es/es/es/es/es/es/es/es/es/es/es/es/es/es/es/es/es/es/es/es/es/es/es/es/es/es/es/es/es/es/es/es/es/es/es/es/es/es/es/es/es/es/es/es/es/es/es/es/es/es/es/es/es/es/es/es/es/es/es/es/es/es/es/es/es/es/es/es/es/es/es/es/es/es/es/es/es/es/es/es/es/es/es/es/es/es/es/es/es/es/es/es/es/es/es/es/es/nova/plan-de-mejora-de-caminos-municipales-de-acceso-parcelas-agr%C3%ADcolas-2024-25 HTTP/1.1" 404 3637 "-" "Mozilla/5.0 (compatible; SemrushBot/7~bl; +http://www.semrush.com/bot.html)"
66.249.75.169 - - [14/Aug/2026:06:33:09 +0000] "GET /detail/7694d6435145 HTTP/1.1" 404 3673 "-" "Mozilla/5.0 (Linux; Android 6.0.1; Nexus 5X Build/MMB29P) AppleWebKit/537.36 (KHTML, like Gecko) Chrome/150.0.7871.186 Mobile Safari/537.36 (compatible; Googlebot/2.1; +http://www.google.com/bot.html)"
185.191.171.4 - - [14/Aug/2026:06:33:10 +0000] "GET /en/en/en/en/en/en/en/en/en/en/en/en/en/en/en/en/en/en/en/en/en/en/en/en/en/en/en/en/en/en/en/en/en/en/en/en/en/en/en/en/en/en/en/en/en/en/en/en/en/en/en/en/en/en/en/en/en/en/en/en/en/en/en/en/en/en/en/en/en/en/en/en/en/en/en/en/en/en/en/en/en/en/en/en/en/en/en/en/en/en/en/en/en/en/en/en/en/en/en/en/en/en/en/en/en/en/en/en/en/en/en/en/en/en/en/en/en/en/en/en/en/en/en/en/en/en/en/en/en/en/en/en/en/en/en/en/en/en/en/tags/festival-das-letras HTTP/1.1" 404 3635 "-" "Mozilla/5.0 (compatible; SemrushBot/7~bl; +http://www.semrush.com/bot.html)"
85.208.96.203 - - [14/Aug/2026:06:33:14 +0000] "GET /es/es/es/es/es/es/es/es/es/es/es/es/es/es/es/es/es/es/es/es/es/es/es/es/es/es/es/es/es/es/es/es/es/es/es/es/es/es/es/es/es/es/es/es/es/es/es/es/es/es/es/es/es/es/es/es/es/es/es/es/es/es/es/es/es/es/es/es/es/es/es/es/es/es/es/es/es/es/es/es/es/es/es/es/es/es/es/es/es/es/es/es/es/es/es/es/es/es/es/es/es/es/es/es/es/es/es/es/es/es/es/es/es/es/es/es/es/es/es/es/es/es/es/es/es/es/es/es/es/es/es/es/es/es/es/es/es/es/es/es/es/es/es/es/es/es/es/es/es/es/es/tags/cine-documental HTTP/1.1" 404 3636 "-" "Mozilla/5.0 (compatible; SemrushBot/7~bl; +http://www.semrush.com/bot.html)"
66.249.75.168 - - [14/Aug/2026:06:33:15 +0000] "GET /detail/641b874391770 HTTP/1.1" 404 3673 "-" "Mozilla/5.0 (Linux; Android 6.0.1; Nexus 5X Build/MMB29P) AppleWebKit/537.36 (KHTML, like Gecko) Chrome/150.0.7871.186 Mobile Safari/537.36 (compatible; Googlebot/2.1; +http://www.google.com/bot.html)"
185.191.171.9 - - [14/Aug/2026:06:33:16 +0000] "GET /es/es/es/es/es/es/es/es/es/es/es/es/es/es/es/es/es/es/es/es/es/es/es/es/es/es/es/es/es/es/es/es/es/es/es/es/es/es/es/es/es/es/es/es/es/es/es/es/es/es/es/es/es/es/es/es/es/es/es/es/es/es/es/es/es/es/es/es/es/es/es/es/es/es/es/es/es/es/es/es/es/es/es/es/es/es/es/es/es/es/es/es/es/es/es/es/es/es/es/es/es/es/es/es/es/es/es/es/es/es/es/es/es/es/es/es/es/es/es/es/es/es/es/es/es/es/es/es/es/es/es/es/es/es/es/es/es/es/es/es/es/es/es/es/es/es/es/es/es/es/es/es/es/es/es/es/es/es/nova/abierto-el-plazo-para-participar-en-el-certamen-de-poes%C3%ADa-infantil-navidad-2023 HTTP/1.1" 404 3636 "-" "Mozilla/5.0 (compatible; SemrushBot/7~bl; +http://www.semrush.com/bot.html)"
66.249.75.168 - - [14/Aug/2026:06:33:21 +0000] "GET /detail/0618d41406635 HTTP/1.1" 404 3673 "-" "Mozilla/5.0 (Linux; Android 6.0.1; Nexus 5X Build/MMB29P) AppleWebKit/537.36 (KHTML, like Gecko) Chrome/150.0.7871.186 Mobile Safari/537.36 (compatible; Googlebot/2.1; +http://www.google.com/bot.html)"
197.210.54.45 - - [14/Aug/2026:06:33:22 +0000] "GET /detail/79ef171718426 HTTP/1.1" 404 3637 "-" "Mozilla/5.0 (Macintosh; Intel Mac OS X 10_15_7) AppleWebKit/537.36 (KHTML, like Gecko) Chrome/142.0.0.0 Safari/537.36"
85.208.96.199 - - [14/Aug/2026:06:33:22 +0000] "GET /gl?c=san-francisco-49ers-helmet-ornament-cc-drP2wnTY HTTP/1.1" 404 470 "-" "Mozilla/5.0 (compatible; SemrushBot/7~bl; +http://www.semrush.com/bot.html)"
185.191.171.6 - - [14/Aug/2026:06:33:26 +0000] "GET /gl/gl/gl/gl/gl/gl/gl/gl/gl/gl/gl/gl/gl/gl/gl/gl/gl/gl/gl/gl/gl/gl/gl/gl/gl/gl/gl/gl/gl/gl/gl/gl/gl/gl/gl/gl/gl/gl/gl/gl/gl/gl/gl/gl/gl/gl/gl/gl/gl/gl/gl/gl/gl/gl/gl/gl/gl/gl/gl/gl/gl/gl/gl/gl/gl/gl/gl/gl/gl/gl/gl/gl/gl/gl/gl/gl/gl/gl/gl/gl/gl/gl/gl/gl/gl/gl/gl/gl/gl/gl/gl/gl/gl/gl/gl/gl/gl/gl/gl/gl/gl/gl/gl/gl/gl/gl/gl/gl/gl/gl/gl/gl/gl/gl/gl/gl/gl/tags/renda HTTP/1.1" 404 3636 "-" "Mozilla/5.0 (compatible; SemrushBot/7~bl; +http://www.semrush.com/bot.html)"
66.249.78.72 - - [14/Aug/2026:06:33:29 +0000] "GET /detail/3e3402847322 HTTP/1.1" 404 3674 "-" "Mozilla/5.0 (Linux; Android 6.0.1; Nexus 5X Build/MMB29P) AppleWebKit/537.36 (KHTML, like Gecko) Chrome/150.0.7871.186 Mobile Safari/537.36 (compatible; Googlebot/2.1; +http://www.google.com/bot.html)"
66.249.78.72 - - [14/Aug/2026:06:33:29 +0000] "GET /detail/0914302951434 HTTP/1.1" 404 536 "-" "Mozilla/5.0 (Linux; Android 6.0.1; Nexus 5X Build/MMB29P) AppleWebKit/537.36 (KHTML, like Gecko) Chrome/150.0.7871.186 Mobile Safari/537.36 (compatible; Googlebot/2.1; +http://www.google.com/bot.html)"
66.249.75.168 - - [14/Aug/2026:06:33:33 +0000] "GET /detail/2fa6462110977 HTTP/1.1" 404 3672 "-" "Mozilla/5.0 (Linux; Android 6.0.1; Nexus 5X Build/MMB29P) AppleWebKit/537.36 (KHTML, like Gecko) Chrome/150.0.7871.186 Mobile Safari/537.36 (compatible; Googlebot/2.1; +http://www.google.com/bot.html)"
66.249.78.72 - - [14/Aug/2026:06:33:39 +0000] "GET /detail/86f5874949384 HTTP/1.1" 404 3674 "-" "Mozilla/5.0 (Linux; Android 6.0.1; Nexus 5X Build/MMB29P) AppleWebKit/537.36 (KHTML, like Gecko) Chrome/150.0.7871.186 Mobile Safari/537.36 (compatible; Googlebot/2.1; +http://www.google.com/bot.html)"
41.90.33.52 - - [14/Aug/2026:06:33:42 +0000] "GET /detail/bee9962685839 HTTP/1.1" 404 3689 "-" "Mozilla/5.0 (Windows NT 10.0; Win64; x64) AppleWebKit/537.36 (KHTML, like Gecko) Chrome/149.0.0.0 Safari/537.36"
66.249.75.168 - - [14/Aug/2026:06:33:42 +0000] "GET /detail/2466352030688 HTTP/1.1" 404 3674 "-" "Mozilla/5.0 (Linux; Android 6.0.1; Nexus 5X Build/MMB29P) AppleWebKit/537.36 (KHTML, like Gecko) Chrome/150.0.7871.186 Mobile Safari/537.36 (compatible; Googlebot/2.1; +http://www.google.com/bot.html)"
66.249.75.168 - - [14/Aug/2026:06:33:45 +0000] "GET /detail/5c81524277795 HTTP/1.1" 404 536 "-" "Mozilla/5.0 (Linux; Android 6.0.1; Nexus 5X Build/MMB29P) AppleWebKit/537.36 (KHTML, like Gecko) Chrome/150.0.7871.186 Mobile Safari/537.36 (compatible; Googlebot/2.1; +http://www.google.com/bot.html)"
66.249.78.72 - - [14/Aug/2026:06:33:51 +0000] "GET /detail/0b9b3d1830691 HTTP/1.1" 404 3672 "-" "Mozilla/5.0 (Linux; Android 6.0.1; Nexus 5X Build/MMB29P) AppleWebKit/537.36 (KHTML, like Gecko) Chrome/150.0.7871.186 Mobile Safari/537.36 (compatible; Googlebot/2.1; +http://www.google.com/bot.html)"
66.249.78.72 - - [14/Aug/2026:06:33:51 +0000] "GET /detail/02353a2157417 HTTP/1.1" 404 536 "-" "Mozilla/5.0 (Linux; Android 6.0.1; Nexus 5X Build/MMB29P) AppleWebKit/537.36 (KHTML, like Gecko) Chrome/150.0.7871.186 Mobile Safari/537.36 (compatible; Googlebot/2.1; +http://www.google.com/bot.html)"
47.128.41.74 - - [14/Aug/2026:06:33:52 +0000] "GET /en HTTP/1.1" 301 619 "-" "Mozilla/5.0 (Linux; Android 5.0) AppleWebKit/537.36 (KHTML, like Gecko) Mobile Safari/537.36 (compatible; Bytespider; https://bytedance.sg.larkoffice.com/docx/K5bxdypulop3IIxrJb0lOjLVgFe)"
47.128.41.74 - - [14/Aug/2026:06:33:53 +0000] "GET /en HTTP/1.1" 404 507 "-" "Mozilla/5.0 (Linux; Android 5.0) AppleWebKit/537.36 (KHTML, like Gecko) Mobile Safari/537.36 (compatible; Bytespider; https://bytedance.sg.larkoffice.com/docx/K5bxdypulop3IIxrJb0lOjLVgFe)"
202.134.13.141 - - [14/Aug/2026:06:33:56 +0000] "GET /detail/719c712108426 HTTP/1.1" 404 3481 "-" "Mozilla/5.0 (Macintosh; Intel Mac OS X 10_15_7) AppleWebKit/537.36 (KHTML, like Gecko) Chrome/145.0.0.0 Safari/537.36"
66.249.78.72 - - [14/Aug/2026:06:33:57 +0000] "GET /detail/be5347438956 HTTP/1.1" 404 3672 "-" "Mozilla/5.0 (Linux; Android 6.0.1; Nexus 5X Build/MMB29P) AppleWebKit/537.36 (KHTML, like Gecko) Chrome/150.0.7871.186 Mobile Safari/537.36 (compatible; Googlebot/2.1; +http://www.google.com/bot.html)"
66.249.77.193 - - [14/Aug/2026:06:33:58 +0000] "GET /items/U181077277 HTTP/1.1" 404 3676 "-" "Mozilla/5.0 (Linux; Android 6.0.1; Nexus 5X Build/MMB29P) AppleWebKit/537.36 (KHTML, like Gecko) Chrome/150.0.7871.186 Mobile Safari/537.36 (compatible; Googlebot/2.1; +http://www.google.com/bot.html)"
85.208.96.211 - - [14/Aug/2026:06:34:02 +0000] "GET /gl/gl/gl/gl/gl/gl/gl/gl/gl/gl/gl/gl/gl/gl/gl/gl/gl/gl/gl/gl/gl/gl/gl/gl/gl/gl/gl/gl/gl/gl/gl/gl/gl/gl/gl/gl/gl/gl/gl/gl/gl/gl/gl/gl/gl/gl/gl/gl/gl/gl/gl/gl/gl/gl/gl/gl/gl/gl/gl/gl/gl/gl/gl/gl/gl/gl/gl/gl/gl/gl/gl/gl/gl/gl/gl/gl/gl/gl/gl/gl/gl/gl/gl/gl/gl/gl/gl/gl/gl/gl/gl/gl/gl/gl/gl/gl/gl/gl/gl/gl/gl/gl/gl/gl/gl/gl/gl/gl/gl/gl/gl/gl/gl/gl/gl/gl/gl/gl/gl/gl/gl/gl/gl/gl/gl/gl/gl/gl/gl/gl/gl/gl/gl/gl/gl/gl/gl/gl/gl/gl/gl/gl/gl/gl/gl/nova/cabalgata-dos-reis-magos-percorrer%C3%A1-pobra HTTP/1.1" 404 3635 "-" "Mozilla/5.0 (compatible; SemrushBot/7~bl; +http://www.semrush.com/bot.html)"
66.249.75.168 - - [14/Aug/2026:06:34:04 +0000] "GET /detail/36049f2715096 HTTP/1.1" 404 3673 "-" "Mozilla/5.0 (Linux; Android 6.0.1; Nexus 5X Build/MMB29P) AppleWebKit/537.36 (KHTML, like Gecko) Chrome/150.0.7871.186 Mobile Safari/537.36 (compatible; Googlebot/2.1; +http://www.google.com/bot.html)"
3.221.156.96 - - [14/Aug/2026:06:34:04 +0000] "GET /es/nova/plazas-libres-en-gimnasia-yoga-y-pilates-partir-de-enero-2023 HTTP/1.1" 404 470 "-" "Mozilla/5.0 AppleWebKit/537.36 (KHTML, like Gecko; compatible; Amazonbot/0.1; +https://developer.amazon.com/support/amazonbot) Chrome/119.0.6045.214 Safari/537.36"
44.207.252.58 - - [14/Aug/2026:06:34:08 +0000] "GET /gl/nova/abre-o-prazo-de-inscrici%C3%B3n-no-campamento-de-ver%C3%A1n HTTP/1.1" 404 3426 "-" "Mozilla/5.0 AppleWebKit/537.36 (KHTML, like Gecko; compatible; Amazonbot/0.1; +https://developer.amazon.com/support/amazonbot) Chrome/119.0.6045.214 Safari/537.36"
66.249.78.72 - - [14/Aug/2026:06:34:09 +0000] "GET /detail/39d4a13679784 HTTP/1.1" 404 3674 "-" "Mozilla/5.0 (Linux; Android 6.0.1; Nexus 5X Build/MMB29P) AppleWebKit/537.36 (KHTML, like Gecko) Chrome/150.0.7871.186 Mobile Safari/537.36 (compatible; Googlebot/2.1; +http://www.google.com/bot.html)"
92.97.106.26 - - [14/Aug/2026:06:34:10 +0000] "GET /gl/tags/c%C3%A1ncer HTTP/1.1" 404 3687 "-" "Mozilla/5.0 (X11; Linux x86_64) AppleWebKit/537.36 (KHTML, like Gecko) Chrome/150.0.0.0 Safari/537.36"
92.97.106.26 - - [14/Aug/2026:06:34:10 +0000] "GET /favicon.ico HTTP/1.1" 404 536 "https://concellodapobradobrollon.gal/gl/tags/c%C3%A1ncer" "Mozilla/5.0 (X11; Linux x86_64) AppleWebKit/537.36 (KHTML, like Gecko) Chrome/150.0.0.0 Safari/537.36"
66.249.75.169 - - [14/Aug/2026:06:34:11 +0000] "GET /detail/310002849459 HTTP/1.1" 404 3673 "-" "Mozilla/5.0 (Linux; Android 6.0.1; Nexus 5X Build/MMB29P) AppleWebKit/537.36 (KHTML, like Gecko) Chrome/150.0.7871.186 Mobile Safari/537.36 (compatible; Googlebot/2.1; +http://www.google.com/bot.html)"
185.191.171.9 - - [14/Aug/2026:06:34:12 +0000] "GET /en/en/en/en/en/en/en/en/en/en/en/en/en/en/en/en/en/en/en/en/en/en/en/en/en/en/en/en/en/en/en/en/en/en/en/en/en/en/en/en/en/en/en/en/en/en/en/en/en/en/en/en/en/en/en/en/en/en/en/en/en/en/en/en/en/en/en/en/en/en/en/en/en/en/en/en/en/en/en/en/en/en/en/en/en/en/en/en/en/en/en/en/en/en/en/en/en/en/en/en/en/en/en/en/en/en/en/en/en/en/en/en/en/en/en/en/en/en/en/en/en/en/en/tags/pymes HTTP/1.1" 404 3636 "-" "Mozilla/5.0 (compatible; SemrushBot/7~bl; +http://www.semrush.com/bot.html)"
66.249.75.168 - - [14/Aug/2026:06:34:16 +0000] "GET /detail/262c0b4417617 HTTP/1.1" 404 3673 "-" "Mozilla/5.0 (Linux; Android 6.0.1; Nexus 5X Build/MMB29P) AppleWebKit/537.36 (KHTML, like Gecko) Chrome/150.0.7871.186 Mobile Safari/537.36 (compatible; Googlebot/2.1; +http://www.google.com/bot.html)"
144.124.199.222 - - [14/Aug/2026:06:34:18 +0000] "GET /detail/c15635267435 HTTP/1.1" 404 3688 "-" "Mozilla/5.0 (Windows NT 10.0; Win64; x64) AppleWebKit/537.36 (KHTML, like Gecko) Chrome/137.0.0.0 Safari/537.36"
66.249.78.72 - - [14/Aug/2026:06:34:22 +0000] "GET /detail/6841964316212 HTTP/1.1" 404 3673 "-" "Mozilla/5.0 (Linux; Android 6.0.1; Nexus 5X Build/MMB29P) AppleWebKit/537.36 (KHTML, like Gecko) Chrome/150.0.7871.186 Mobile Safari/537.36 (compatible; Googlebot/2.1; +http://www.google.com/bot.html)"
185.191.171.2 - - [14/Aug/2026:06:34:22 +0000] "GET /en/en/en/en/en/en/en/en/en/en/en/en/en/en/en/en/en/en/en/en/en/en/en/en/en/en/en/en/en/en/en/en/en/en/en/en/en/en/en/en/en/en/en/en/en/en/en/en/en/en/en/en/en/en/en/en/en/en/en/en/en/en/en/en/en/en/en/en/en/en/en/en/en/en/en/en/en/en/en/en/en/en/en/en/en/en/en/en/en/en/en/en/en/en/en/en/en/en/en/en/en/en/en/en/en/en/en/en/en/en/en/en/en/en/en/en/en/en/en/node/1415 HTTP/1.1" 404 3636 "-" "Mozilla/5.0 (compatible; SemrushBot/7~bl; +http://www.semrush.com/bot.html)"
66.249.75.168 - - [14/Aug/2026:06:34:22 +0000] "GET /detail/13374a1835152 HTTP/1.1" 404 3674 "-" "Mozilla/5.0 (Linux; Android 6.0.1; Nexus 5X Build/MMB29P) AppleWebKit/537.36 (KHTML, like Gecko) Chrome/150.0.7871.186 Mobile Safari/537.36 (compatible; Googlebot/2.1; +http://www.google.com/bot.html)"
40.77.167.6 - - [14/Aug/2026:06:34:24 +0000] "GET /gl/items/A212522705 HTTP/1.1" 404 3665 "-" "Mozilla/5.0 AppleWebKit/537.36 (KHTML, like Gecko; compatible; bingbot/2.0; +http://www.bing.com/bingbot.htm) Chrome/116.0.1938.76 Safari/537.36"
66.249.75.168 - - [14/Aug/2026:06:34:28 +0000] "GET /detail/509abc1128654 HTTP/1.1" 404 3673 "-" "Mozilla/5.0 (Linux; Android 6.0.1; Nexus 5X Build/MMB29P) AppleWebKit/537.36 (KHTML, like Gecko) Chrome/150.0.7871.186 Mobile Safari/537.36 (compatible; Googlebot/2.1; +http://www.google.com/bot.html)"
66.249.75.168 - - [14/Aug/2026:06:34:29 +0000] "GET /detail/5689213442905 HTTP/1.1" 404 536 "-" "Mozilla/5.0 (Linux; Android 6.0.1; Nexus 5X Build/MMB29P) AppleWebKit/537.36 (KHTML, like Gecko) Chrome/150.0.7871.186 Mobile Safari/537.36 (compatible; Googlebot/2.1; +http://www.google.com/bot.html)"
85.208.96.205 - - [14/Aug/2026:06:34:31 +0000] "GET /en/en/en/en/en/en/en/en/en/en/en/en/en/en/en/en/en/en/en/en/en/en/en/en/en/en/en/en/en/en/en/en/en/en/en/en/en/en/en/en/en/en/en/en/en/en/en/en/en/en/en/en/en/en/en/en/en/en/en/en/en/en/en/en/en/en/en/en/en/en/en/en/en/en/en/en/en/en/en/en/en/en/en/en/en/en/en/en/en/en/en/en/en/en/en/en/en/en/en/en/en/en/en/en/en/en/en/en/en/en/en/en/en/en/en/en/en/node/736 HTTP/1.1" 404 3636 "-" "Mozilla/5.0 (compatible; SemrushBot/7~bl; +http://www.semrush.com/bot.html)"
66.249.78.72 - - [14/Aug/2026:06:34:32 +0000] "GET /detail/2f34701460301 HTTP/1.1" 404 3672 "-" "Mozilla/5.0 (Linux; Android 6.0.1; Nexus 5X Build/MMB29P) AppleWebKit/537.36 (KHTML, like Gecko) Chrome/150.0.7871.186 Mobile Safari/537.36 (compatible; Googlebot/2.1; +http://www.google.com/bot.html)"
66.249.78.72 - - [14/Aug/2026:06:34:34 +0000] "GET /detail/4c193a3677080 HTTP/1.1" 404 536 "-" "Mozilla/5.0 (Linux; Android 6.0.1; Nexus 5X Build/MMB29P) AppleWebKit/537.36 (KHTML, like Gecko) Chrome/150.0.7871.186 Mobile Safari/537.36 (compatible; Googlebot/2.1; +http://www.google.com/bot.html)"
85.208.96.209 - - [14/Aug/2026:06:34:40 +0000] "GET /en/en/en/en/en/en/en/en/en/en/en/en/en/en/en/en/en/en/en/en/en/en/en/en/en/en/en/en/en/en/en/en/en/en/en/en/en/en/en/en/en/en/en/en/en/en/en/en/en/en/en/en/en/en/en/en/en/en/en/en/en/en/en/en/en/en/en/en/en/en/en/en/en/en/en/en/en/en/en/en/en/en/en/en/en/en/en/en/en/en/en/en/en/en/en/en/en/en/en/en/en/en/en/en/en/en/en/en/en/en/en/en/en/en/en/en/en/en/en/en/en/en/en/en/en/en/portfolio-categories/turismo HTTP/1.1" 404 3636 "-" "Mozilla/5.0 (compatible; SemrushBot/7~bl; +http://www.semrush.com/bot.html)"
66.249.75.168 - - [14/Aug/2026:06:34:40 +0000] "GET /detail/154d37210612 HTTP/1.1" 404 3674 "-" "Mozilla/5.0 (Linux; Android 6.0.1; Nexus 5X Build/MMB29P) AppleWebKit/537.36 (KHTML, like Gecko) Chrome/150.0.7871.186 Mobile Safari/537.36 (compatible; Googlebot/2.1; +http://www.google.com/bot.html)"
66.249.75.168 - - [14/Aug/2026:06:34:46 +0000] "GET /detail/927c08601564 HTTP/1.1" 404 3673 "-" "Mozilla/5.0 (Linux; Android 6.0.1; Nexus 5X Build/MMB29P) AppleWebKit/537.36 (KHTML, like Gecko) Chrome/150.0.7871.186 Mobile Safari/537.36 (compatible; Googlebot/2.1; +http://www.google.com/bot.html)"
14.224.103.144 - - [14/Aug/2026:06:34:50 +0000] "GET /gl/nova/campamento-de-conciliaci%C3%B3n-semana-santa-2026 HTTP/1.1" 404 3410 "-" "Mozilla/5.0 (Windows NT 10.0; Win64; x64) AppleWebKit/537.36 (KHTML, like Gecko) Chrome/104.0.5112.81 Safari/537.36"
45.7.27.135 - - [14/Aug/2026:06:34:50 +0000] "GET /detail/b8e17d1247694 HTTP/1.1" 404 3691 "-" "Mozilla/5.0 (Windows NT 10.0; Win64; x64) AppleWebKit/537.36 (KHTML, like Gecko) Chrome/138.0.0.0 Safari/537.36"
66.249.75.168 - - [14/Aug/2026:06:34:53 +0000] "GET /detail/01532e3376195 HTTP/1.1" 404 3672 "-" "Mozilla/5.0 (Linux; Android 6.0.1; Nexus 5X Build/MMB29P) AppleWebKit/537.36 (KHTML, like Gecko) Chrome/150.0.7871.186 Mobile Safari/537.36 (compatible; Googlebot/2.1; +http://www.google.com/bot.html)"
66.249.75.168 - - [14/Aug/2026:06:34:59 +0000] "GET /detail/dccd701315045 HTTP/1.1" 404 3673 "-" "Mozilla/5.0 (Linux; Android 6.0.1; Nexus 5X Build/MMB29P) AppleWebKit/537.36 (KHTML, like Gecko) Chrome/150.0.7871.186 Mobile Safari/537.36 (compatible; Googlebot/2.1; +http://www.google.com/bot.html)"
66.249.78.64 - - [14/Aug/2026:06:35:04 +0000] "GET /detail/21b3651465431 HTTP/1.1" 404 3674 "-" "Mozilla/5.0 (Linux; Android 6.0.1; Nexus 5X Build/MMB29P) AppleWebKit/537.36 (KHTML, like Gecko) Chrome/150.0.7871.186 Mobile Safari/537.36 (compatible; Googlebot/2.1; +http://www.google.com/bot.html)"
66.249.78.64 - - [14/Aug/2026:06:35:05 +0000] "GET /detail/b778a41075927 HTTP/1.1" 404 536 "-" "Mozilla/5.0 (Linux; Android 6.0.1; Nexus 5X Build/MMB29P) AppleWebKit/537.36 (KHTML, like Gecko) Chrome/150.0.7871.186 Mobile Safari/537.36 (compatible; Googlebot/2.1; +http://www.google.com/bot.html)"
66.249.78.72 - - [14/Aug/2026:06:35:11 +0000] "GET /detail/4ba2214338451 HTTP/1.1" 404 3672 "-" "Mozilla/5.0 (Linux; Android 6.0.1; Nexus 5X Build/MMB29P) AppleWebKit/537.36 (KHTML, like Gecko) Chrome/150.0.7871.186 Mobile Safari/537.36 (compatible; Googlebot/2.1; +http://www.google.com/bot.html)"
66.249.75.168 - - [14/Aug/2026:06:35:17 +0000] "GET /detail/653d313772161 HTTP/1.1" 404 3673 "-" "Mozilla/5.0 (Linux; Android 6.0.1; Nexus 5X Build/MMB29P) AppleWebKit/537.36 (KHTML, like Gecko) Chrome/150.0.7871.186 Mobile Safari/537.36 (compatible; Googlebot/2.1; +http://www.google.com/bot.html)"
66.249.78.72 - - [14/Aug/2026:06:35:18 +0000] "GET /detail/36b9831539032 HTTP/1.1" 404 3674 "-" "Mozilla/5.0 (Linux; Android 6.0.1; Nexus 5X Build/MMB29P) AppleWebKit/537.36 (KHTML, like Gecko) Chrome/150.0.7871.186 Mobile Safari/537.36 (compatible; Googlebot/2.1; +http://www.google.com/bot.html)"
185.191.171.5 - - [14/Aug/2026:06:35:20 +0000] "GET /gl/gl/gl/gl/gl/gl/gl/gl/gl/gl/gl/gl/gl/gl/gl/gl/gl/gl/gl/gl/gl/gl/gl/gl/gl/gl/gl/gl/gl/gl/gl/gl/gl/gl/gl/gl/gl/gl/gl/gl/gl/gl/gl/gl/gl/gl/gl/gl/gl/gl/gl/gl/gl/gl/gl/gl/gl/gl/gl/gl/gl/gl/gl/gl/gl/gl/gl/gl/gl/gl/gl/gl/gl/gl/gl/gl/gl/gl/gl/gl/gl/gl/gl/gl/gl/gl/gl/gl/gl/gl/gl/gl/gl/gl/gl/gl/gl/gl/gl/gl/gl/gl/gl/gl/gl/gl/gl/gl/gl/gl/gl/gl/gl/gl/gl/gl/gl/gl/gl/gl/gl/gl/gl/gl/gl/gl/gl/gl/gl/gl/gl/nova/informaci%C3%B3n-sobre-o-cobro-dos-recibos-de-auga HTTP/1.1" 404 3637 "-" "Mozilla/5.0 (compatible; SemrushBot/7~bl; +http://www.semrush.com/bot.html)"
179.25.65.187 - - [14/Aug/2026:06:35:21 +0000] "GET /detail/c109554982406 HTTP/1.1" 404 3688 "-" "Mozilla/5.0 (Windows NT 10.0; Win64; x64) AppleWebKit/537.36 (KHTML, like Gecko) Chrome/141.0.0.0 Safari/537.36"
66.249.75.168 - - [14/Aug/2026:06:35:23 +0000] "GET /detail/5d2a7c4813489 HTTP/1.1" 404 3674 "-" "Mozilla/5.0 (Linux; Android 6.0.1; Nexus 5X Build/MMB29P) AppleWebKit/537.36 (KHTML, like Gecko) Chrome/150.0.7871.186 Mobile Safari/537.36 (compatible; Googlebot/2.1; +http://www.google.com/bot.html)"
136.70.86.67 - - [14/Aug/2026:06:35:24 +0000] "GET / HTTP/1.1" 200 3853 "-" "Mozilla/5.0 (Windows NT 10.0; Win64; x64) AppleWebKit/537.36 (KHTML, like Gecko) Chrome/152.0.0.0 Safari/537.36"
136.70.86.67 - - [14/Aug/2026:06:35:24 +0000] "GET /?C=N;O=D HTTP/1.1" 200 702 "-" "Mozilla/5.0 (Windows NT 10.0; Win64; x64) AppleWebKit/537.36 (KHTML, like Gecko) Chrome/152.0.0.0 Safari/537.36"
136.70.86.67 - - [14/Aug/2026:06:35:25 +0000] "GET /z9x8c7v6b5-debug-trigger-concellodapobradobrollon.gal HTTP/1.1" 404 481 "-" "Mozilla/5.0 (compatible; DeepSeekBot/1.0; +https://www.deepseek.com/bot)"
136.70.86.67 - - [14/Aug/2026:06:35:25 +0000] "GET /.npmrc HTTP/1.1" 404 481 "-" "Mozilla/5.0 (compatible; DeepSeekBot/1.0; +https://www.deepseek.com/bot)"
136.70.86.67 - - [14/Aug/2026:06:35:26 +0000] "GET /rclone.conf HTTP/1.1" 404 481 "-" "Mozilla/5.0 (compatible; DeepSeekBot/1.0; +https://www.deepseek.com/bot)"
136.70.86.67 - - [14/Aug/2026:06:35:26 +0000] "GET /.github/.env HTTP/1.1" 404 3633 "-" "Mozilla/5.0 (compatible; DeepSeekBot/1.0; +https://www.deepseek.com/bot)"
136.70.86.67 - - [14/Aug/2026:06:35:26 +0000] "GET /.s3cfg HTTP/1.1" 404 3633 "-" "Mozilla/5.0 (compatible; DeepSeekBot/1.0; +https://www.deepseek.com/bot)"
136.70.86.67 - - [14/Aug/2026:06:35:26 +0000] "GET /.docker/config.json HTTP/1.1" 404 3632 "-" "Mozilla/5.0 (compatible; DeepSeekBot/1.0; +https://www.deepseek.com/bot)"
136.70.86.67 - - [14/Aug/2026:06:35:26 +0000] "GET /.htpasswd HTTP/1.1" 403 3636 "-" "Mozilla/5.0 (compatible; DeepSeekBot/1.0; +https://www.deepseek.com/bot)"
136.70.86.67 - - [14/Aug/2026:06:35:26 +0000] "GET /?C=M;O=A HTTP/1.1" 200 3855 "-" "Mozilla/5.0 (Windows NT 10.0; Win64; x64) AppleWebKit/537.36 (KHTML, like Gecko) Chrome/152.0.0.0 Safari/537.36"
136.70.86.67 - - [14/Aug/2026:06:35:26 +0000] "POST /graphql HTTP/1.1" 404 3633 "https://concellodapobradobrollon.gal" "Mozilla/5.0 (Windows NT 10.0; Win64; x64) AppleWebKit/537.36 (KHTML, like Gecko) Chrome/152.0.0.0 Safari/537.36"
136.70.86.67 - - [14/Aug/2026:06:35:26 +0000] "GET /.boto HTTP/1.1" 404 3632 "-" "Mozilla/5.0 (compatible; DeepSeekBot/1.0; +https://www.deepseek.com/bot)"
136.70.86.67 - - [14/Aug/2026:06:35:26 +0000] "POST /api/graphql HTTP/1.1" 404 481 "https://concellodapobradobrollon.gal" "Mozilla/5.0 (Windows NT 10.0; Win64; x64) AppleWebKit/537.36 (KHTML, like Gecko) Chrome/152.0.0.0 Safari/537.36"
136.70.86.67 - - [14/Aug/2026:06:35:27 +0000] "GET /docker-compose.yaml HTTP/1.1" 404 481 "-" "Mozilla/5.0 (compatible; DeepSeekBot/1.0; +https://www.deepseek.com/bot)"
136.70.86.67 - - [14/Aug/2026:06:35:27 +0000] "GET /?C=S;O=A HTTP/1.1" 200 3854 "-" "Mozilla/5.0 (Windows NT 10.0; Win64; x64) AppleWebKit/537.36 (KHTML, like Gecko) Chrome/152.0.0.0 Safari/537.36"
136.70.86.67 - - [14/Aug/2026:06:35:27 +0000] "GET /terraform.tfstate HTTP/1.1" 404 481 "-" "Mozilla/5.0 (compatible; DeepSeekBot/1.0; +https://www.deepseek.com/bot)"
136.70.86.67 - - [14/Aug/2026:06:35:27 +0000] "GET /.svn/entries HTTP/1.1" 404 481 "-" "Mozilla/5.0 (compatible; DeepSeekBot/1.0; +https://www.deepseek.com/bot)"
14.161.122.60 - - [14/Aug/2026:06:35:28 +0000] "GET /detail/88e4651178125 HTTP/1.1" 404 3692 "-" "Mozilla/5.0 (Windows NT 10.0; Win64; x64) AppleWebKit/537.36 (KHTML, like Gecko) Chrome/143.0.0.0 Safari/537.36"
66.249.78.72 - - [14/Aug/2026:06:35:32 +0000] "GET /detail/2489683672482 HTTP/1.1" 404 3673 "-" "Mozilla/5.0 (Linux; Android 6.0.1; Nexus 5X Build/MMB29P) AppleWebKit/537.36 (KHTML, like Gecko) Chrome/150.0.7871.186 Mobile Safari/537.36 (compatible; Googlebot/2.1; +http://www.google.com/bot.html)"
66.249.78.72 - - [14/Aug/2026:06:35:32 +0000] "GET /detail/483db75136954 HTTP/1.1" 404 536 "-" "Mozilla/5.0 (Linux; Android 6.0.1; Nexus 5X Build/MMB29P) AppleWebKit/537.36 (KHTML, like Gecko) Chrome/150.0.7871.186 Mobile Safari/537.36 (compatible; Googlebot/2.1; +http://www.google.com/bot.html)"
66.249.75.168 - - [14/Aug/2026:06:35:32 +0000] "GET /detail/0023901675329 HTTP/1.1" 404 3673 "-" "Mozilla/5.0 (Linux; Android 6.0.1; Nexus 5X Build/MMB29P) AppleWebKit/537.36 (KHTML, like Gecko) Chrome/150.0.7871.186 Mobile Safari/537.36 (compatible; Googlebot/2.1; +http://www.google.com/bot.html)"
66.249.75.168 - - [14/Aug/2026:06:35:32 +0000] "GET /detail/083968265333 HTTP/1.1" 404 3673 "-" "Mozilla/5.0 (Linux; Android 6.0.1; Nexus 5X Build/MMB29P) AppleWebKit/537.36 (KHTML, like Gecko) Chrome/150.0.7871.186 Mobile Safari/537.36 (compatible; Googlebot/2.1; +http://www.google.com/bot.html)"
102.208.192.212 - - [14/Aug/2026:06:35:35 +0000] "GET /detail/45c48e4402078 HTTP/1.1" 404 3687 "-" "Mozilla/5.0 (Macintosh; Intel Mac OS X 10_15_7) AppleWebKit/537.36 (KHTML, like Gecko) Chrome/149.0.0.0 Safari/537.36"
66.249.64.44 - - [14/Aug/2026:06:35:35 +0000] "GET /detail/cc5e10946534 HTTP/1.1" 404 3672 "-" "Mozilla/5.0 (Linux; Android 6.0.1; Nexus 5X Build/MMB29P) AppleWebKit/537.36 (KHTML, like Gecko) Chrome/150.0.7871.186 Mobile Safari/537.36 (compatible; Googlebot/2.1; +http://www.google.com/bot.html)"
51.190.159.195 - - [14/Aug/2026:06:35:38 +0000] "GET /gl/tags/bando HTTP/1.1" 404 3688 "-" "Mozilla/5.0 (X11; Linux x86_64) AppleWebKit/537.36 (KHTML, like Gecko) Chrome/150.0.0.0 Safari/537.36"
51.190.159.195 - - [14/Aug/2026:06:35:38 +0000] "GET /favicon.ico HTTP/1.1" 404 536 "https://concellodapobradobrollon.gal/gl/tags/bando" "Mozilla/5.0 (X11; Linux x86_64) AppleWebKit/537.36 (KHTML, like Gecko) Chrome/150.0.0.0 Safari/537.36"
66.249.75.168 - - [14/Aug/2026:06:35:42 +0000] "GET /detail/2457d65197519 HTTP/1.1" 404 3672 "-" "Mozilla/5.0 (Linux; Android 6.0.1; Nexus 5X Build/MMB29P) AppleWebKit/537.36 (KHTML, like Gecko) Chrome/150.0.7871.186 Mobile Safari/537.36 (compatible; Googlebot/2.1; +http://www.google.com/bot.html)"
103.189.201.177 - - [14/Aug/2026:06:35:46 +0000] "POST /xmlrpc.php HTTP/1.1" 404 3673 "-" "Jetpack by WordPress.com (Jetpack 12.0; WordPress 6.3)"
66.249.75.168 - - [14/Aug/2026:06:35:48 +0000] "GET /detail/24a70f762022 HTTP/1.1" 404 3674 "-" "Mozilla/5.0 (Linux; Android 6.0.1; Nexus 5X Build/MMB29P) AppleWebKit/537.36 (KHTML, like Gecko) Chrome/150.0.7871.186 Mobile Safari/537.36 (compatible; Googlebot/2.1; +http://www.google.com/bot.html)"
185.191.171.5 - - [14/Aug/2026:06:35:49 +0000] "GET /gl?c=smirnoff-pink-lemonade-cc-grYzzXUK HTTP/1.1" 404 470 "-" "Mozilla/5.0 (compatible; SemrushBot/7~bl; +http://www.semrush.com/bot.html)"
66.249.75.168 - - [14/Aug/2026:06:35:54 +0000] "GET /detail/14f1812875271 HTTP/1.1" 404 3673 "-" "Mozilla/5.0 (Linux; Android 6.0.1; Nexus 5X Build/MMB29P) AppleWebKit/537.36 (KHTML, like Gecko) Chrome/150.0.7871.186 Mobile Safari/537.36 (compatible; Googlebot/2.1; +http://www.google.com/bot.html)"
66.249.75.168 - - [14/Aug/2026:06:35:54 +0000] "GET /detail/4931561747496 HTTP/1.1" 404 536 "-" "Mozilla/5.0 (Linux; Android 6.0.1; Nexus 5X Build/MMB29P) AppleWebKit/537.36 (KHTML, like Gecko) Chrome/150.0.7871.186 Mobile Safari/537.36 (compatible; Googlebot/2.1; +http://www.google.com/bot.html)"
103.189.201.177 - - [14/Aug/2026:06:35:56 +0000] "POST /xmlrpc.php HTTP/1.1" 404 3673 "-" "Jetpack by WordPress.com"
66.249.75.168 - - [14/Aug/2026:06:35:57 +0000] "GET /detail/382524313986 HTTP/1.1" 404 536 "-" "Mozilla/5.0 (Linux; Android 6.0.1; Nexus 5X Build/MMB29P) AppleWebKit/537.36 (KHTML, like Gecko) Chrome/150.0.7871.186 Mobile Safari/537.36 (compatible; Googlebot/2.1; +http://www.google.com/bot.html)"
186.18.187.85 - - [14/Aug/2026:06:35:59 +0000] "GET /detail/58200d3451827 HTTP/1.1" 404 3481 "-" "Mozilla/5.0 (Macintosh; Intel Mac OS X 10_15_7) AppleWebKit/537.36 (KHTML, like Gecko) Chrome/146.0.0.0 Safari/537.36"
66.249.75.170 - - [14/Aug/2026:06:36:01 +0000] "GET /detail/b87c872221060 HTTP/1.1" 404 3674 "-" "Mozilla/5.0 (Linux; Android 6.0.1; Nexus 5X Build/MMB29P) AppleWebKit/537.36 (KHTML, like Gecko) Chrome/150.0.7871.186 Mobile Safari/537.36 (compatible; Googlebot/2.1; +http://www.google.com/bot.html)"
85.208.96.209 - - [14/Aug/2026:06:36:02 +0000] "GET /gl/nova/comeza-cuarta-campa%C3%B1a-de-escavaci%C3%B3ns-no-castro-de-san-lourenzo HTTP/1.1" 404 470 "-" "Mozilla/5.0 (compatible; SemrushBot/7~bl; +http://www.semrush.com/bot.html)"
66.249.75.169 - - [14/Aug/2026:06:36:05 +0000] "GET /detail/3789f42956618 HTTP/1.1" 404 3673 "-" "Mozilla/5.0 (Linux; Android 6.0.1; Nexus 5X Build/MMB29P) AppleWebKit/537.36 (KHTML, like Gecko) Chrome/150.0.7871.186 Mobile Safari/537.36 (compatible; Googlebot/2.1; +http://www.google.com/bot.html)"
85.208.96.201 - - [14/Aug/2026:06:36:06 +0000] "GET /en/en/en/en/en/en/en/en/en/en/en/en/en/en/en/en/en/en/en/en/en/en/en/en/en/en/en/en/en/en/en/en/en/en/en/en/en/en/en/en/en/en/en/en/en/en/en/en/en/en/en/en/en/en/en/en/en/en/en/en/en/en/en/en/en/en/en/en/en/en/en/en/en/en/en/en/en/en/en/en/en/en/en/en/en/en/en/en/en/en/en/en/en/en/en/en/en/en/en/en/en/en/en/en/en/en/en/en/en/en/en/en/en/en/en/en/en/en/en/en/en/en/en/en/en/en/en/en/en/en/en/en/en/en/en/node/1678 HTTP/1.1" 404 3637 "-" "Mozilla/5.0 (compatible; SemrushBot/7~bl; +http://www.semrush.com/bot.html)"
66.249.75.168 - - [14/Aug/2026:06:36:06 +0000] "GET /detail/c1321d4861624 HTTP/1.1" 404 3673 "-" "Mozilla/5.0 (Linux; Android 6.0.1; Nexus 5X Build/MMB29P) AppleWebKit/537.36 (KHTML, like Gecko) Chrome/150.0.7871.186 Mobile Safari/537.36 (compatible; Googlebot/2.1; +http://www.google.com/bot.html)"
103.189.201.177 - - [14/Aug/2026:06:36:06 +0000] "POST /xmlrpc.php HTTP/1.1" 404 3673 "-" "WordPress.com; https://wordpress.com"
38.171.206.213 - - [14/Aug/2026:06:36:07 +0000] "GET /detail/b05c893841634 HTTP/1.1" 404 3477 "-" "Mozilla/5.0 (Macintosh; Intel Mac OS X 10_15_7) AppleWebKit/537.36 (KHTML, like Gecko) Chrome/142.0.0.0 Safari/537.36"
185.191.171.4 - - [14/Aug/2026:06:36:07 +0000] "GET /gl/gl/gl/gl/gl/gl/gl/gl/gl/gl/gl/gl/gl/gl/gl/gl/gl/gl/gl/gl/gl/gl/gl/gl/gl/gl/gl/gl/gl/gl/gl/gl/gl/gl/gl/gl/gl/gl/gl/gl/gl/gl/gl/gl/gl/gl/gl/gl/gl/gl/gl/gl/gl/gl/gl/gl/gl/gl/gl/gl/gl/gl/gl/gl/gl/gl/gl/gl/gl/gl/gl/gl/gl/gl/gl/gl/gl/gl/gl/gl/gl/gl/gl/gl/gl/gl/gl/gl/gl/gl/gl/gl/gl/gl/gl/gl/gl/gl/gl/gl/gl/gl/gl/gl/gl/gl/gl/gl/gl/gl/gl/gl/gl/gl/gl/gl/gl/gl/gl/gl/gl/gl/gl/gl/gl/gl/gl/gl/gl/gl/gl/gl/gl/gl/gl/gl/gl/gl/gl/gl/gl/gl/gl/gl/gl/gl/gl/gl/gl/gl/gl/nova/os-veci%C3%B1os-da-pobra-m%C3%A1is-cerca-de-santiago-polo-cami%C3%B1o-de-inverno HTTP/1.1" 404 3637 "-" "Mozilla/5.0 (compatible; SemrushBot/7~bl; +http://www.semrush.com/bot.html)"
66.249.75.168 - - [14/Aug/2026:06:36:12 +0000] "GET /detail/b4111973039 HTTP/1.1" 404 3673 "-" "Mozilla/5.0 (Linux; Android 6.0.1; Nexus 5X Build/MMB29P) AppleWebKit/537.36 (KHTML, like Gecko) Chrome/150.0.7871.186 Mobile Safari/537.36 (compatible; Googlebot/2.1; +http://www.google.com/bot.html)"
103.189.201.177 - - [14/Aug/2026:06:36:17 +0000] "POST /xmlrpc.php HTTP/1.1" 404 3673 "-" "Jetpack by WordPress.com"
66.249.75.168 - - [14/Aug/2026:06:36:18 +0000] "GET /detail/099524354220 HTTP/1.1" 404 3672 "-" "Mozilla/5.0 (Linux; Android 6.0.1; Nexus 5X Build/MMB29P) AppleWebKit/537.36 (KHTML, like Gecko) Chrome/150.0.7871.186 Mobile Safari/537.36 (compatible; Googlebot/2.1; +http://www.google.com/bot.html)"
66.249.78.72 - - [14/Aug/2026:06:36:18 +0000] "GET /detail/02cb103350094 HTTP/1.1" 404 3673 "-" "Mozilla/5.0 (Linux; Android 6.0.1; Nexus 5X Build/MMB29P) AppleWebKit/537.36 (KHTML, like Gecko) Chrome/150.0.7871.186 Mobile Safari/537.36 (compatible; Googlebot/2.1; +http://www.google.com/bot.html)"
85.208.96.198 - - [14/Aug/2026:06:36:22 +0000] "GET /en/en/en/en/en/en/en/en/en/en/en/en/en/en/en/en/en/en/en/en/en/en/en/en/en/en/en/en/en/en/en/en/en/en/en/en/en/en/en/en/en/en/en/en/en/en/en/en/en/en/en/en/en/en/en/en/en/en/en/en/en/en/en/en/en/en/en/en/en/en/en/en/en/en/en/en/en/en/en/en/en/en/en/en/en/en/en/en/en/en/en/en/en/en/en/en/en/en/en/en/en/en/en/en/en/en/en/en/en/en/en/en/en/en/en/en/en/en/en/node/1476 HTTP/1.1" 404 3636 "-" "Mozilla/5.0 (compatible; SemrushBot/7~bl; +http://www.semrush.com/bot.html)"
66.249.78.72 - - [14/Aug/2026:06:36:24 +0000] "GET /detail/d627a7632 HTTP/1.1" 404 3672 "-" "Mozilla/5.0 (Linux; Android 6.0.1; Nexus 5X Build/MMB29P) AppleWebKit/537.36 (KHTML, like Gecko) Chrome/150.0.7871.186 Mobile Safari/537.36 (compatible; Googlebot/2.1; +http://www.google.com/bot.html)"
103.189.201.177 - - [14/Aug/2026:06:36:27 +0000] "POST /xmlrpc.php HTTP/1.1" 404 3673 "-" "Jetpack by WordPress.com"
85.208.96.206 - - [14/Aug/2026:06:36:29 +0000] "GET /es/es/es/es/es/es/es/es/es/es/es/es/es/es/es/es/es/es/es/es/es/es/es/es/es/es/es/es/es/es/es/es/es/es/es/es/es/es/es/es/es/es/es/es/es/es/es/es/es/es/es/es/es/es/es/es/es/es/es/es/es/es/es/es/es/es/es/es/es/es/es/es/es/es/es/es/es/es/es/es/es/es/es/es/es/es/es/es/es/es/es/es/es/es/es/es/es/es/es/es/es/es/es/es/es/es/es/es/es/es/es/es/es/es/es/es/es/es/es/es/es/es/es/es/es/es/es/es/es/es/es/es/es/es/es/es/es/es/es/es/es/es/es/es/es/es/es/es/es/es/es/es/es/es/es/nova/abre-el-prazo-de-matr%C3%ADcula-para-la-escuela-de-m%C3%BAsica-samoeiro HTTP/1.1" 404 3635 "-" "Mozilla/5.0 (compatible; SemrushBot/7~bl; +http://www.semrush.com/bot.html)"
66.249.75.168 - - [14/Aug/2026:06:36:31 +0000] "GET /detail/2fb690468275 HTTP/1.1" 404 3674 "-" "Mozilla/5.0 (Linux; Android 6.0.1; Nexus 5X Build/MMB29P) AppleWebKit/537.36 (KHTML, like Gecko) Chrome/150.0.7871.186 Mobile Safari/537.36 (compatible; Googlebot/2.1; +http://www.google.com/bot.html)"
85.208.96.198 - - [14/Aug/2026:06:36:31 +0000] "GET /es/es/es/es/es/es/es/es/es/es/es/es/es/es/es/es/es/es/es/es/es/es/es/es/es/es/es/es/es/es/es/es/es/es/es/es/es/es/es/es/es/es/es/es/es/es/es/es/es/es/es/es/es/es/es/es/es/es/es/es/es/es/es/es/es/es/es/es/es/es/es/es/es/es/es/es/es/es/es/es/es/es/es/es/es/es/es/es/es/es/es/es/es/es/es/es/es/es/es/es/es/es/es/es/es/es/es/es/es/es/es/es/es/es/es/es/es/es/es/es/es/es/es/es/es/es/es/es/es/es/es/es/es/es/es/es/es/es/es/es/es/es/es/es/es/es/es/es/es/es/es/nova/actualizaci%C3%B3n-303-%E2%80%93-datos-de-covid-19-no-municipio-da-pobra-do-broll%C3%B3n HTTP/1.1" 404 3637 "-" "Mozilla/5.0 (compatible; SemrushBot/7~bl; +http://www.semrush.com/bot.html)"
66.249.75.168 - - [14/Aug/2026:06:36:37 +0000] "GET /detail/79990e2457627 HTTP/1.1" 404 3674 "-" "Mozilla/5.0 (Linux; Android 6.0.1; Nexus 5X Build/MMB29P) AppleWebKit/537.36 (KHTML, like Gecko) Chrome/150.0.7871.186 Mobile Safari/537.36 (compatible; Googlebot/2.1; +http://www.google.com/bot.html)"
223.123.72.12 - - [14/Aug/2026:06:36:38 +0000] "GET /detail/3de3503824041 HTTP/1.1" 404 3693 "-" "Mozilla/5.0 (Windows NT 10.0; Win64; x64) AppleWebKit/537.36 (KHTML, like Gecko) Chrome/137.0.0.0 Safari/537.36"
103.189.201.177 - - [14/Aug/2026:06:36:38 +0000] "POST /xmlrpc.php HTTP/1.1" 404 3672 "-" "Jetpack by WordPress.com"
85.208.96.201 - - [14/Aug/2026:06:36:40 +0000] "GET /gl/gl/gl/gl/gl/gl/gl/gl/gl/gl/gl/gl/gl/gl/gl/gl/gl/gl/gl/gl/gl/gl/gl/gl/gl/gl/gl/gl/gl/gl/gl/gl/gl/gl/gl/gl/gl/gl/gl/gl/gl/gl/gl/gl/gl/gl/gl/gl/gl/gl/gl/gl/gl/gl/gl/gl/gl/gl/gl/gl/gl/gl/gl/gl/gl/gl/gl/gl/gl/gl/gl/gl/gl/gl/gl/gl/gl/gl/gl/gl/gl/gl/gl/gl/gl/gl/gl/gl/gl/gl/gl/gl/gl/gl/gl/gl/gl/gl/gl/gl/gl/gl/gl/gl/gl/gl/gl/gl/gl/gl/gl/gl/gl/gl/gl/gl/gl/gl/gl/gl/gl/gl/gl/gl/gl/gl/gl/gl/gl/gl/gl/gl/gl/gl/gl/gl/gl/gl/gl/gl/gl/gl/gl/gl/gl/gl/gl/gl/gl/gl/gl/gl/nova/alerta-amarela-por-tormentas-e-choiva-para-o-m%C3%A9rcores-18 HTTP/1.1" 404 3635 "-" "Mozilla/5.0 (compatible; SemrushBot/7~bl; +http://www.semrush.com/bot.html)"
72.63.0.192 - - [14/Aug/2026:06:36:40 +0000] "GET /sites/default/files/u57/Mercado%20circular%20%28Publicacio%CC%81n%20de%20Instagram%29.png HTTP/1.1" 404 3481 "-" "Mozilla/5.0 (compatible; crawler)"
66.249.75.168 - - [14/Aug/2026:06:36:43 +0000] "GET /detail/87338f3078780 HTTP/1.1" 404 3673 "-" "Mozilla/5.0 (Linux; Android 6.0.1; Nexus 5X Build/MMB29P) AppleWebKit/537.36 (KHTML, like Gecko) Chrome/150.0.7871.186 Mobile Safari/537.36 (compatible; Googlebot/2.1; +http://www.google.com/bot.html)"
66.249.75.168 - - [14/Aug/2026:06:36:46 +0000] "GET /detail/3787521588739 HTTP/1.1" 404 536 "-" "Mozilla/5.0 (Linux; Android 6.0.1; Nexus 5X Build/MMB29P) AppleWebKit/537.36 (KHTML, like Gecko) Chrome/150.0.7871.186 Mobile Safari/537.36 (compatible; Googlebot/2.1; +http://www.google.com/bot.html)"
66.249.75.168 - - [14/Aug/2026:06:36:49 +0000] "GET /detail/d8c1351893193 HTTP/1.1" 404 536 "-" "Mozilla/5.0 (Linux; Android 6.0.1; Nexus 5X Build/MMB29P) AppleWebKit/537.36 (KHTML, like Gecko) Chrome/150.0.7871.186 Mobile Safari/537.36 (compatible; Googlebot/2.1; +http://www.google.com/bot.html)"
103.189.201.177 - - [14/Aug/2026:06:36:49 +0000] "POST /xmlrpc.php HTTP/1.1" 404 3673 "-" "WordPress.com; https://wordpress.com"
66.249.75.168 - - [14/Aug/2026:06:36:55 +0000] "GET /detail/ba62982648145 HTTP/1.1" 404 3672 "-" "Mozilla/5.0 (Linux; Android 6.0.1; Nexus 5X Build/MMB29P) AppleWebKit/537.36 (KHTML, like Gecko) Chrome/150.0.7871.186 Mobile Safari/537.36 (compatible; Googlebot/2.1; +http://www.google.com/bot.html)"
103.189.201.177 - - [14/Aug/2026:06:36:59 +0000] "POST /xmlrpc.php HTTP/1.1" 404 3672 "-" "Jetpack/12.0; WordPress/6.2; http://site86498696.com"
66.249.75.168 - - [14/Aug/2026:06:37:01 +0000] "GET /detail/44aed83748768 HTTP/1.1" 404 3674 "-" "Mozilla/5.0 (Linux; Android 6.0.1; Nexus 5X Build/MMB29P) AppleWebKit/537.36 (KHTML, like Gecko) Chrome/150.0.7871.186 Mobile Safari/537.36 (compatible; Googlebot/2.1; +http://www.google.com/bot.html)"
38.43.254.35 - - [14/Aug/2026:06:37:06 +0000] "GET http://concellodapobradobrollon.gal/detail/d746873558772 HTTP/1.1" 404 451 "-" "Mozilla/5.0 (Macintosh; Intel Mac OS X 10_15_7) AppleWebKit/537.36 (KHTML, like Gecko) Chrome/144.0.0.0 Safari/537.36"
85.208.96.197 - - [14/Aug/2026:06:37:07 +0000] "GET /gl/gl/gl/gl/gl/gl/gl/gl/gl/gl/gl/gl/gl/gl/gl/gl/gl/gl/gl/gl/gl/gl/gl/gl/gl/gl/gl/gl/gl/gl/gl/gl/gl/gl/gl/gl/gl/gl/gl/gl/gl/gl/gl/gl/gl/gl/gl/gl/gl/gl/gl/gl/gl/gl/gl/gl/gl/gl/gl/gl/gl/gl/gl/gl/gl/gl/gl/gl/gl/gl/gl/gl/gl/gl/gl/gl/gl/gl/gl/gl/gl/gl/gl/gl/gl/gl/gl/gl/gl/gl/gl/gl/gl/gl/gl/gl/gl/gl/gl/gl/gl/gl/gl/gl/gl/gl/gl/gl/gl/gl/gl/gl/gl/gl/gl/gl/gl/gl/gl/gl/gl/gl/gl/gl/gl/gl/gl/gl/gl/gl/gl/gl/gl/gl/gl/gl/gl/gl/gl/gl/gl/gl/gl/gl/gl/gl/gl/gl/gl/gl/gl/gl/nova/informaci%C3%B3n-sobre-axudas-da-%C3%A1rea-de-rehabilitaci%C3%B3n-integral-da-ribeira-sacra HTTP/1.1" 404 3636 "-" "Mozilla/5.0 (compatible; SemrushBot/7~bl; +http://www.semrush.com/bot.html)"
66.249.78.73 - - [14/Aug/2026:06:37:07 +0000] "GET /detail/87ced32372917 HTTP/1.1" 404 3672 "-" "Mozilla/5.0 (Linux; Android 6.0.1; Nexus 5X Build/MMB29P) AppleWebKit/537.36 (KHTML, like Gecko) Chrome/150.0.7871.186 Mobile Safari/537.36 (compatible; Googlebot/2.1; +http://www.google.com/bot.html)"
85.208.96.202 - - [14/Aug/2026:06:37:09 +0000] "GET /gl/gl/gl/gl/gl/gl/gl/gl/gl/gl/gl/gl/gl/gl/gl/gl/gl/gl/gl/gl/gl/gl/gl/gl/gl/gl/gl/gl/gl/gl/gl/gl/gl/gl/gl/gl/gl/gl/gl/gl/gl/gl/gl/gl/gl/gl/gl/gl/gl/gl/gl/gl/gl/gl/gl/gl/gl/gl/gl/gl/gl/gl/gl/gl/gl/gl/gl/gl/gl/gl/gl/gl/gl/gl/gl/gl/gl/gl/gl/gl/gl/gl/gl/gl/gl/gl/gl/gl/gl/gl/gl/gl/gl/gl/gl/gl/gl/gl/gl/gl/gl/gl/gl/gl/gl/gl/gl/gl/gl/gl/gl/gl/gl/gl/gl/gl/gl/gl/gl/gl/gl/gl/gl/gl/gl/gl/gl/gl/gl/gl/gl/gl/gl/gl/gl/gl/gl/gl/gl/gl/gl/gl/gl/gl/gl/gl/gl/gl/gl/gl/nova/emotivo-acto-de-dignidade-e-xustiza-na-pobra-do-broll%C3%B3n-para-entregar-%C3%A1s-s%C3%BAas-familias-os HTTP/1.1" 404 3637 "-" "Mozilla/5.0 (compatible; SemrushBot/7~bl; +http://www.semrush.com/bot.html)"
103.189.201.177 - - [14/Aug/2026:06:37:11 +0000] "POST /xmlrpc.php HTTP/1.1" 404 3672 "-" "WordPress.com; https://wordpress.com"
43.173.178.146 - - [14/Aug/2026:06:37:13 +0000] "GET /gl/node/1904 HTTP/1.1" 404 3410 "-" "Mozilla/5.0 (Windows NT 10.0; Win64; x64) AppleWebKit/537.36 (KHTML, like Gecko) Chrome/131.0.0.0 Safari/537.36"
66.249.75.168 - - [14/Aug/2026:06:37:13 +0000] "GET /detail/787b281785731 HTTP/1.1" 404 3673 "-" "Mozilla/5.0 (Linux; Android 6.0.1; Nexus 5X Build/MMB29P) AppleWebKit/537.36 (KHTML, like Gecko) Chrome/150.0.7871.186 Mobile Safari/537.36 (compatible; Googlebot/2.1; +http://www.google.com/bot.html)"
86.152.116.219 - - [14/Aug/2026:06:37:15 +0000] "GET /en/tags/cruz-vermella HTTP/1.1" 404 3689 "-" "Mozilla/5.0 (X11; Linux x86_64) AppleWebKit/537.36 (KHTML, like Gecko) Chrome/150.0.0.0 Safari/537.36"
86.152.116.219 - - [14/Aug/2026:06:37:15 +0000] "GET /favicon.ico HTTP/1.1" 404 536 "https://concellodapobradobrollon.gal/en/tags/cruz-vermella" "Mozilla/5.0 (X11; Linux x86_64) AppleWebKit/537.36 (KHTML, like Gecko) Chrome/150.0.0.0 Safari/537.36"
66.249.75.168 - - [14/Aug/2026:06:37:16 +0000] "GET /detail/8909714408088 HTTP/1.1" 404 536 "-" "Mozilla/5.0 (Linux; Android 6.0.1; Nexus 5X Build/MMB29P) AppleWebKit/537.36 (KHTML, like Gecko) Chrome/150.0.7871.186 Mobile Safari/537.36 (compatible; Googlebot/2.1; +http://www.google.com/bot.html)"
66.249.78.72 - - [14/Aug/2026:06:37:17 +0000] "GET /detail/38a8334221038 HTTP/1.1" 404 3674 "-" "Mozilla/5.0 (Linux; Android 6.0.1; Nexus 5X Build/MMB29P) AppleWebKit/537.36 (KHTML, like Gecko) Chrome/150.0.7871.186 Mobile Safari/537.36 (compatible; Googlebot/2.1; +http://www.google.com/bot.html)"
85.208.96.196 - - [14/Aug/2026:06:37:18 +0000] "GET /es/es/es/es/es/es/es/es/es/es/es/es/es/es/es/es/es/es/es/es/es/es/es/es/es/es/es/es/es/es/es/es/es/es/es/es/es/es/es/es/es/es/es/es/es/es/es/es/es/es/es/es/es/es/es/es/es/es/es/es/es/es/es/es/es/es/es/es/es/es/es/es/es/es/es/es/es/es/es/es/es/es/es/es/es/es/es/es/es/es/es/es/es/es/es/es/es/es/es/es/es/es/es/es/es/es/es/es/es/es/es/es/es/es/es/es/es/es/es/es/es/es/es/es/es/es/es/es/es/es/es/es/es/es/es/es/es/es/es/es/es/es/es/es/es/es/es/es/es/es/es/es/es/es/es/es/es/es/nova/llega-la-segunda-foliada-gu%C3%ADmara-con-la-participaci%C3%B3n-de-xerezade HTTP/1.1" 404 3635 "-" "Mozilla/5.0 (compatible; SemrushBot/7~bl; +http://www.semrush.com/bot.html)"
66.249.78.72 - - [14/Aug/2026:06:37:19 +0000] "GET /detail/6df50d1384283 HTTP/1.1" 404 536 "-" "Mozilla/5.0 (Linux; Android 6.0.1; Nexus 5X Build/MMB29P) AppleWebKit/537.36 (KHTML, like Gecko) Chrome/150.0.7871.186 Mobile Safari/537.36 (compatible; Googlebot/2.1; +http://www.google.com/bot.html)"
103.189.201.177 - - [14/Aug/2026:06:37:21 +0000] "POST /xmlrpc.php HTTP/1.1" 404 3673 "-" "Jetpack/13.0; WordPress/6.1; http://site71761767.com"
189.216.42.221 - - [14/Aug/2026:06:37:21 +0000] "GET /detail/9e7d041746640 HTTP/1.1" 404 3692 "-" "Mozilla/5.0 (Windows NT 10.0; Win64; x64) AppleWebKit/537.36 (KHTML, like Gecko) Chrome/135.0.0.0 Safari/537.36"
85.208.96.206 - - [14/Aug/2026:06:37:24 +0000] "GET /gl/gl/gl/gl/gl/gl/gl/gl/gl/gl/gl/gl/gl/gl/gl/gl/gl/gl/gl/gl/gl/gl/gl/gl/gl/gl/gl/gl/gl/gl/gl/gl/gl/gl/gl/gl/gl/gl/gl/gl/gl/gl/gl/gl/gl/gl/gl/gl/gl/gl/gl/gl/gl/gl/gl/gl/gl/gl/gl/gl/gl/gl/gl/gl/gl/gl/gl/gl/gl/gl/gl/gl/gl/gl/gl/gl/gl/gl/gl/gl/gl/gl/gl/gl/gl/gl/gl/gl/gl/gl/gl/gl/gl/gl/gl/gl/gl/gl/gl/gl/gl/gl/gl/gl/gl/gl/gl/gl/gl/gl/gl/gl/gl/gl/gl/gl/gl/gl/gl/gl/gl/gl/gl/gl/gl/gl/gl/gl/gl/gl/gl/gl/gl/gl/gl/gl/gl/gl/gl/gl/gl/gl/gl/nova/recibe-os-eventos-da-pobra-do-broll%C3%B3n-no-teu-m%C3%B3bil-con-info-guimaralia HTTP/1.1" 404 3636 "-" "Mozilla/5.0 (compatible; SemrushBot/7~bl; +http://www.semrush.com/bot.html)"
66.249.75.168 - - [14/Aug/2026:06:37:26 +0000] "GET /detail/214a614130894 HTTP/1.1" 404 3673 "-" "Mozilla/5.0 (Linux; Android 6.0.1; Nexus 5X Build/MMB29P) AppleWebKit/537.36 (KHTML, like Gecko) Chrome/150.0.7871.186 Mobile Safari/537.36 (compatible; Googlebot/2.1; +http://www.google.com/bot.html)"
66.249.75.168 - - [14/Aug/2026:06:37:32 +0000] "GET /detail/3527cc2299967 HTTP/1.1" 404 3672 "-" "Mozilla/5.0 (Linux; Android 6.0.1; Nexus 5X Build/MMB29P) AppleWebKit/537.36 (KHTML, like Gecko) Chrome/150.0.7871.186 Mobile Safari/537.36 (compatible; Googlebot/2.1; +http://www.google.com/bot.html)"
103.189.201.177 - - [14/Aug/2026:06:37:32 +0000] "POST /xmlrpc.php HTTP/1.1" 404 3674 "-" "Jetpack by WordPress.com"
156.199.43.198 - - [14/Aug/2026:06:37:35 +0000] "GET /detail/5231851223560 HTTP/1.1" 404 3687 "-" "Mozilla/5.0 (Windows NT 10.0; Win64; x64) AppleWebKit/537.36 (KHTML, like Gecko) Chrome/146.0.0.0 Safari/537.36"
114.119.149.171 - - [14/Aug/2026:06:37:35 +0000] "GET /es/nova/las-actividades-de-gimnasia-y-manualidades-se-retoman-en-febrero HTTP/1.1" 404 3429 "https://www.concellodapobradobrollon.gal/gl/nova/actividades-de-ximnasia-e-manualidades-ret%C3%B3manse-en-febreiro" "Mozilla/5.0 (Linux; Android 7.0;) AppleWebKit/537.36 (HTML, like Gecko) Mobile Safari/537.36 (compatible; PetalBot;+https://webmaster.petalsearch.com/site/petalbot)"
66.249.78.72 - - [14/Aug/2026:06:37:38 +0000] "GET /detail/7a1a032429761 HTTP/1.1" 404 3673 "-" "Mozilla/5.0 (Linux; Android 6.0.1; Nexus 5X Build/MMB29P) AppleWebKit/537.36 (KHTML, like Gecko) Chrome/150.0.7871.186 Mobile Safari/537.36 (compatible; Googlebot/2.1; +http://www.google.com/bot.html)"
66.249.78.72 - - [14/Aug/2026:06:37:38 +0000] "GET /detail/054843937927 HTTP/1.1" 404 536 "-" "Mozilla/5.0 (Linux; Android 6.0.1; Nexus 5X Build/MMB29P) AppleWebKit/537.36 (KHTML, like Gecko) Chrome/150.0.7871.186 Mobile Safari/537.36 (compatible; Googlebot/2.1; +http://www.google.com/bot.html)"
185.191.171.2 - - [14/Aug/2026:06:37:43 +0000] "GET /es/es/es/es/es/es/es/es/es/es/es/es/es/es/es/es/es/es/es/es/es/es/es/es/es/es/es/es/es/es/es/es/es/es/es/es/es/es/es/es/es/es/es/es/es/es/es/es/es/es/es/es/es/es/es/es/es/es/es/es/es/es/es/es/es/es/es/es/es/es/es/es/es/es/es/es/es/es/es/es/es/es/es/es/es/es/es/es/es/es/es/es/es/es/es/es/es/es/es/es/es/es/es/es/es/es/es/es/es/es/es/es/es/es/es/es/es/es/es/es/es/es/es/es/es/es/es/es/es/es/es/es/es/es/es/es/es/es/es/es/es/es/es/es/es/es/es/es/es/es/es/es/es/es/es/es/es/es/es/es/tags/taller HTTP/1.1" 404 3636 "-" "Mozilla/5.0 (compatible; SemrushBot/7~bl; +http://www.semrush.com/bot.html)"
103.189.201.177 - - [14/Aug/2026:06:37:43 +0000] "POST /xmlrpc.php HTTP/1.1" 404 3674 "-" "WordPress.com; https://wordpress.com"
66.249.75.168 - - [14/Aug/2026:06:37:44 +0000] "GET /detail/7f48645162428 HTTP/1.1" 404 3672 "-" "Mozilla/5.0 (Linux; Android 6.0.1; Nexus 5X Build/MMB29P) AppleWebKit/537.36 (KHTML, like Gecko) Chrome/150.0.7871.186 Mobile Safari/537.36 (compatible; Googlebot/2.1; +http://www.google.com/bot.html)"
185.191.171.2 - - [14/Aug/2026:06:37:45 +0000] "GET /es/nova/red-de-recursos-tur%C3%ADsticos-de-pobra-do-broll%C3%B3n-mina-dos-medos HTTP/1.1" 404 470 "-" "Mozilla/5.0 (compatible; SemrushBot/7~bl; +http://www.semrush.com/bot.html)"
66.249.78.72 - - [14/Aug/2026:06:37:50 +0000] "GET /detail/44a59f702005 HTTP/1.1" 404 3673 "-" "Mozilla/5.0 (Linux; Android 6.0.1; Nexus 5X Build/MMB29P) AppleWebKit/537.36 (KHTML, like Gecko) Chrome/150.0.7871.186 Mobile Safari/537.36 (compatible; Googlebot/2.1; +http://www.google.com/bot.html)"
66.249.75.168 - - [14/Aug/2026:06:37:53 +0000] "GET /detail/739a84244169 HTTP/1.1" 404 3674 "-" "Mozilla/5.0 (Linux; Android 6.0.1; Nexus 5X Build/MMB29P) AppleWebKit/537.36 (KHTML, like Gecko) Chrome/150.0.7871.186 Mobile Safari/537.36 (compatible; Googlebot/2.1; +http://www.google.com/bot.html)"
66.249.75.168 - - [14/Aug/2026:06:37:53 +0000] "GET /robots.txt HTTP/1.1" 404 3673 "-" "Mozilla/5.0 (compatible; Googlebot/2.1; +http://www.google.com/bot.html)"
103.189.201.177 - - [14/Aug/2026:06:37:54 +0000] "POST /xmlrpc.php HTTP/1.1" 404 3672 "-" "Jetpack by WordPress.com (Jetpack 12.0; WordPress 6.2)"
66.249.78.72 - - [14/Aug/2026:06:37:56 +0000] "GET /detail/b44e53299389 HTTP/1.1" 404 3674 "-" "Mozilla/5.0 (Linux; Android 6.0.1; Nexus 5X Build/MMB29P) AppleWebKit/537.36 (KHTML, like Gecko) Chrome/150.0.7871.186 Mobile Safari/537.36 (compatible; Googlebot/2.1; +http://www.google.com/bot.html)"
