216.73.216.176 - - [14/Aug/2026:07:57:11 +0000] "GET /sites/all/modules/ctools/page_manager/images/arrow-active.png HTTP/1.1" 200 571 "-" "Mozilla/5.0 AppleWebKit/537.36 (KHTML, like Gecko; compatible; ClaudeBot/1.0; +claudebot@anthropic.com)"
216.73.216.176 - - [14/Aug/2026:07:57:11 +0000] "GET /sites/all/modules/views/help/images/style-breakdown-large.png HTTP/1.1" 200 47729 "-" "Mozilla/5.0 AppleWebKit/537.36 (KHTML, like Gecko; compatible; ClaudeBot/1.0; +claudebot@anthropic.com)"
216.73.216.176 - - [14/Aug/2026:07:57:11 +0000] "GET /sites/all/modules/ctools/tests/plugins/not_cached/?C=N&O=A HTTP/1.1" 200 793 "-" "Mozilla/5.0 AppleWebKit/537.36 (KHTML, like Gecko; compatible; ClaudeBot/1.0; +claudebot@anthropic.com)"
216.73.216.176 - - [14/Aug/2026:07:57:12 +0000] "GET /modules/simpletest/tests/themes/test_theme/templates/?C=S&O=D HTTP/1.1" 200 720 "-" "Mozilla/5.0 AppleWebKit/537.36 (KHTML, like Gecko; compatible; ClaudeBot/1.0; +claudebot@anthropic.com)"
216.73.216.176 - - [14/Aug/2026:07:57:12 +0000] "GET /sites/all/modules/commerce/rules/tests/?C=M&O=A HTTP/1.1" 200 843 "-" "Mozilla/5.0 AppleWebKit/537.36 (KHTML, like Gecko; compatible; ClaudeBot/1.0; +claudebot@anthropic.com)"
185.191.171.9 - - [14/Aug/2026:07:57:13 +0000] "GET /gl/gl/gl/gl/gl/gl/gl/gl/gl/gl/gl/gl/gl/gl/gl/gl/gl/gl/gl/gl/gl/gl/gl/gl/gl/gl/gl/gl/gl/gl/gl/gl/gl/gl/gl/gl/gl/gl/gl/gl/gl/gl/gl/gl/gl/gl/gl/gl/gl/gl/gl/gl/gl/gl/gl/gl/gl/gl/gl/gl/gl/gl/gl/gl/gl/gl/gl/gl/gl/gl/gl/gl/gl/gl/gl/gl/gl/gl/gl/gl/gl/gl/gl/gl/gl/gl/gl/gl/gl/gl/gl/gl/gl/gl/gl/gl/gl/gl/gl/gl/gl/gl/gl/gl/gl/gl/gl/gl/gl/gl/gl/gl/gl/gl/gl/gl/gl/gl/gl/gl/gl/gl/gl/gl/gl/gl/gl/gl/gl/gl/gl/gl/gl/gl/gl/gl/gl/gl/gl/gl/gl/gl/gl/gl/gl/gl/gl/gl/gl/gl/gl/gl/gl/nova/cita-coa-m%C3%BAsica-e-cultura HTTP/1.1" 404 3635 "-" "Mozilla/5.0 (compatible; SemrushBot/7~bl; +http://www.semrush.com/bot.html)"
73.1.116.239 - - [14/Aug/2026:07:57:14 +0000] "GET /gl/nova/entroido-2018 HTTP/1.1" 404 3689 "-" "Mozilla/5.0 (X11; Linux x86_64) AppleWebKit/537.36 (KHTML, like Gecko) Chrome/150.0.0.0 Safari/537.36"
73.1.116.239 - - [14/Aug/2026:07:57:14 +0000] "GET /favicon.ico HTTP/1.1" 404 536 "https://concellodapobradobrollon.gal/gl/nova/entroido-2018" "Mozilla/5.0 (X11; Linux x86_64) AppleWebKit/537.36 (KHTML, like Gecko) Chrome/150.0.0.0 Safari/537.36"
66.249.77.195 - - [14/Aug/2026:07:57:14 +0000] "GET /detail/978955769119 HTTP/1.1" 404 3678 "-" "Mozilla/5.0 (Linux; Android 6.0.1; Nexus 5X Build/MMB29P) AppleWebKit/537.36 (KHTML, like Gecko) Chrome/150.0.7871.186 Mobile Safari/537.36 (compatible; Googlebot/2.1; +http://www.google.com/bot.html)"
66.249.75.168 - - [14/Aug/2026:07:57:21 +0000] "GET /detail/d12b683025550 HTTP/1.1" 404 3673 "-" "Mozilla/5.0 (Linux; Android 6.0.1; Nexus 5X Build/MMB29P) AppleWebKit/537.36 (KHTML, like Gecko) Chrome/150.0.7871.186 Mobile Safari/537.36 (compatible; Googlebot/2.1; +http://www.google.com/bot.html)"
66.249.78.72 - - [14/Aug/2026:07:57:23 +0000] "GET /detail/ccc03e3885880 HTTP/1.1" 404 3673 "-" "Mozilla/5.0 (Linux; Android 6.0.1; Nexus 5X Build/MMB29P) AppleWebKit/537.36 (KHTML, like Gecko) Chrome/150.0.7871.186 Mobile Safari/537.36 (compatible; Googlebot/2.1; +http://www.google.com/bot.html)"
216.73.216.176 - - [14/Aug/2026:07:57:23 +0000] "GET /sites/all/modules/media/js/plugins/?C=M&O=D HTTP/1.1" 200 3943 "-" "Mozilla/5.0 AppleWebKit/537.36 (KHTML, like Gecko; compatible; ClaudeBot/1.0; +claudebot@anthropic.com)"
216.73.216.176 - - [14/Aug/2026:07:57:23 +0000] "GET /sites/all/modules/recaptcha/recaptcha-php/tests/?C=N&O=A HTTP/1.1" 200 3852 "-" "Mozilla/5.0 AppleWebKit/537.36 (KHTML, like Gecko; compatible; ClaudeBot/1.0; +claudebot@anthropic.com)"
216.73.216.176 - - [14/Aug/2026:07:57:23 +0000] "GET /sites/all/modules/views/tests/comment/?C=S&O=D HTTP/1.1" 200 753 "-" "Mozilla/5.0 AppleWebKit/537.36 (KHTML, like Gecko; compatible; ClaudeBot/1.0; +claudebot@anthropic.com)"
216.73.216.176 - - [14/Aug/2026:07:57:23 +0000] "GET /sites/all/modules/webform/js/?C=D&O=A HTTP/1.1" 200 760 "-" "Mozilla/5.0 AppleWebKit/537.36 (KHTML, like Gecko; compatible; ClaudeBot/1.0; +claudebot@anthropic.com)"
216.73.216.176 - - [14/Aug/2026:07:57:23 +0000] "GET /sites/all/modules/webform/includes/exporters/webform_exporter_excel_xlsx.inc HTTP/1.1" 200 11186 "-" "Mozilla/5.0 AppleWebKit/537.36 (KHTML, like Gecko; compatible; ClaudeBot/1.0; +claudebot@anthropic.com)"
216.73.216.176 - - [14/Aug/2026:07:57:24 +0000] "GET /sites/all/modules/eu_cookie_compliance/plugins/?C=N&O=D HTTP/1.1" 200 3866 "-" "Mozilla/5.0 AppleWebKit/537.36 (KHTML, like Gecko; compatible; ClaudeBot/1.0; +claudebot@anthropic.com)"
216.73.216.176 - - [14/Aug/2026:07:57:24 +0000] "GET /sites/all/modules/jquery_update/js/?C=S&O=A HTTP/1.1" 200 710 "-" "Mozilla/5.0 AppleWebKit/537.36 (KHTML, like Gecko; compatible; ClaudeBot/1.0; +claudebot@anthropic.com)"
185.191.171.10 - - [14/Aug/2026:07:57:24 +0000] "GET /en/en/en/en/en/en/en/en/en/en/en/en/en/en/en/en/en/en/en/en/en/en/en/en/en/en/en/en/en/en/en/en/en/en/en/en/en/en/en/en/en/en/en/en/en/en/en/en/en/en/en/en/en/en/en/en/en/en/en/en/en/en/en/en/en/en/en/en/en/en/en/en/en/en/en/en/en/en/en/en/en/en/en/en/en/en/en/en/en/en/en/en/en/en/en/en/en/en/en/en/en/en/en/en/en/en/en/en/en/en/en/en/en/en/en/en/en/en/node/1585 HTTP/1.1" 404 3636 "-" "Mozilla/5.0 (compatible; SemrushBot/7~bl; +http://www.semrush.com/bot.html)"
216.73.216.176 - - [14/Aug/2026:07:57:25 +0000] "GET /sites/all/modules/i18n/i18n_translation/i18n_translation.api.php HTTP/1.1" 200 176 "-" "Mozilla/5.0 AppleWebKit/537.36 (KHTML, like Gecko; compatible; ClaudeBot/1.0; +claudebot@anthropic.com)"
216.73.216.176 - - [14/Aug/2026:07:57:25 +0000] "GET /misc/typo3/phar-stream-wrapper/src/Phar/?C=M&O=D HTTP/1.1" 200 808 "-" "Mozilla/5.0 AppleWebKit/537.36 (KHTML, like Gecko; compatible; ClaudeBot/1.0; +claudebot@anthropic.com)"
216.73.216.176 - - [14/Aug/2026:07:57:25 +0000] "GET /sites/all/themes/hawell/js/jquery.backgroundvideo.min.js HTTP/1.1" 200 4333 "-" "Mozilla/5.0 AppleWebKit/537.36 (KHTML, like Gecko; compatible; ClaudeBot/1.0; +claudebot@anthropic.com)"
216.73.216.176 - - [14/Aug/2026:07:57:26 +0000] "GET /sites/all/modules/drupaletexp_animation/?C=D&O=D HTTP/1.1" 200 776 "-" "Mozilla/5.0 AppleWebKit/537.36 (KHTML, like Gecko; compatible; ClaudeBot/1.0; +claudebot@anthropic.com)"
37.28.22.106 - - [14/Aug/2026:07:57:26 +0000] "GET /detail/748592217814 HTTP/1.1" 404 3691 "-" "Mozilla/5.0 (Windows NT 10.0; Win64; x64) AppleWebKit/537.36 (KHTML, like Gecko) Chrome/142.0.0.0 Safari/537.36"
216.73.216.176 - - [14/Aug/2026:07:57:26 +0000] "GET /sites/all/modules/ckeditor/includes/?C=M&O=A HTTP/1.1" 200 909 "-" "Mozilla/5.0 AppleWebKit/537.36 (KHTML, like Gecko; compatible; ClaudeBot/1.0; +claudebot@anthropic.com)"
216.73.216.176 - - [14/Aug/2026:07:57:27 +0000] "GET /sites/all/modules/entity/views/?C=M&O=A HTTP/1.1" 200 778 "-" "Mozilla/5.0 AppleWebKit/537.36 (KHTML, like Gecko; compatible; ClaudeBot/1.0; +claudebot@anthropic.com)"
216.73.216.176 - - [14/Aug/2026:07:57:27 +0000] "GET /sites/all/modules/ctools/ctools_ajax_sample/?C=N&O=A HTTP/1.1" 200 788 "-" "Mozilla/5.0 AppleWebKit/537.36 (KHTML, like Gecko; compatible; ClaudeBot/1.0; +claudebot@anthropic.com)"
66.249.75.168 - - [14/Aug/2026:07:57:27 +0000] "GET /detail/37ea3d2799831 HTTP/1.1" 404 3674 "-" "Mozilla/5.0 (Linux; Android 6.0.1; Nexus 5X Build/MMB29P) AppleWebKit/537.36 (KHTML, like Gecko) Chrome/150.0.7871.186 Mobile Safari/537.36 (compatible; Googlebot/2.1; +http://www.google.com/bot.html)"
216.73.216.176 - - [14/Aug/2026:07:57:27 +0000] "GET /sites/all/modules/recaptcha/recaptcha-php/?C=S&O=A HTTP/1.1" 200 850 "-" "Mozilla/5.0 AppleWebKit/537.36 (KHTML, like Gecko; compatible; ClaudeBot/1.0; +claudebot@anthropic.com)"
216.73.216.176 - - [14/Aug/2026:07:57:27 +0000] "GET /sites/all/modules/recaptcha/src/ReCaptcha/?C=S&O=A HTTP/1.1" 200 705 "-" "Mozilla/5.0 AppleWebKit/537.36 (KHTML, like Gecko; compatible; ClaudeBot/1.0; +claudebot@anthropic.com)"
51.83.7.228 - - [14/Aug/2026:07:57:27 +0000] "GET /robots.txt HTTP/1.1" 301 635 "-" "Mozilla/5.0 (compatible; MJ12bot/v1.4.8; http://mj12bot.com/)"
216.73.216.176 - - [14/Aug/2026:07:57:27 +0000] "GET /sites/all/modules/views/theme/?C=M&O=A HTTP/1.1" 200 1001 "-" "Mozilla/5.0 AppleWebKit/537.36 (KHTML, like Gecko; compatible; ClaudeBot/1.0; +claudebot@anthropic.com)"
216.73.216.176 - - [14/Aug/2026:07:57:27 +0000] "GET /sites/all/modules/views/help/images/views3-semanticviews.png HTTP/1.1" 200 5900 "-" "Mozilla/5.0 AppleWebKit/537.36 (KHTML, like Gecko; compatible; ClaudeBot/1.0; +claudebot@anthropic.com)"
216.73.216.176 - - [14/Aug/2026:07:57:28 +0000] "GET /sites/all/modules/ctools/js/?C=D&O=A HTTP/1.1" 200 868 "-" "Mozilla/5.0 AppleWebKit/537.36 (KHTML, like Gecko; compatible; ClaudeBot/1.0; +claudebot@anthropic.com)"
216.73.216.176 - - [14/Aug/2026:07:57:28 +0000] "GET /sites/all/modules/md_slider/css/?C=M&O=A HTTP/1.1" 200 784 "-" "Mozilla/5.0 AppleWebKit/537.36 (KHTML, like Gecko; compatible; ClaudeBot/1.0; +claudebot@anthropic.com)"
216.73.216.176 - - [14/Aug/2026:07:57:28 +0000] "GET /sites/all/modules/commerce/addressfield/example/?C=N&O=A HTTP/1.1" 200 772 "-" "Mozilla/5.0 AppleWebKit/537.36 (KHTML, like Gecko; compatible; ClaudeBot/1.0; +claudebot@anthropic.com)"
51.83.7.228 - - [14/Aug/2026:07:57:28 +0000] "GET /robots.txt HTTP/1.1" 404 507 "-" "Mozilla/5.0 (compatible; MJ12bot/v1.4.8; http://mj12bot.com/)"
216.73.216.176 - - [14/Aug/2026:07:57:28 +0000] "GET /sites/all/modules/webform/tests/?C=N&O=A HTTP/1.1" 200 814 "-" "Mozilla/5.0 AppleWebKit/537.36 (KHTML, like Gecko; compatible; ClaudeBot/1.0; +claudebot@anthropic.com)"
216.73.216.176 - - [14/Aug/2026:07:57:28 +0000] "GET /sites/all/modules/views/tests/comment/?C=D&O=D HTTP/1.1" 200 752 "-" "Mozilla/5.0 AppleWebKit/537.36 (KHTML, like Gecko; compatible; ClaudeBot/1.0; +claudebot@anthropic.com)"
216.73.216.176 - - [14/Aug/2026:07:57:28 +0000] "GET /sites/all/modules/i18n/i18n_block/i18n_block.test HTTP/1.1" 200 9309 "-" "Mozilla/5.0 AppleWebKit/537.36 (KHTML, like Gecko; compatible; ClaudeBot/1.0; +claudebot@anthropic.com)"
216.73.216.176 - - [14/Aug/2026:07:57:28 +0000] "GET /modules/simpletest/tests/themes/engines/?C=N&O=A HTTP/1.1" 200 704 "-" "Mozilla/5.0 AppleWebKit/537.36 (KHTML, like Gecko; compatible; ClaudeBot/1.0; +claudebot@anthropic.com)"
85.208.96.202 - - [14/Aug/2026:07:57:29 +0000] "GET /gl?c=wine-%2475-and-over-bedford-wine-merchants-cc-oG1edAUz HTTP/1.1" 404 470 "-" "Mozilla/5.0 (compatible; SemrushBot/7~bl; +http://www.semrush.com/bot.html)"
216.73.216.176 - - [14/Aug/2026:07:57:29 +0000] "GET /sites/all/modules/ckeditor/?C=M&O=D HTTP/1.1" 200 963 "-" "Mozilla/5.0 AppleWebKit/537.36 (KHTML, like Gecko; compatible; ClaudeBot/1.0; +claudebot@anthropic.com)"
216.73.216.176 - - [14/Aug/2026:07:57:29 +0000] "GET /sites/all/modules/commerce/rules/ui/?C=M&O=A HTTP/1.1" 200 868 "-" "Mozilla/5.0 AppleWebKit/537.36 (KHTML, like Gecko; compatible; ClaudeBot/1.0; +claudebot@anthropic.com)"
216.73.216.176 - - [14/Aug/2026:07:57:29 +0000] "GET /sites/all/modules/captcha/?C=N&O=A HTTP/1.1" 200 882 "-" "Mozilla/5.0 AppleWebKit/537.36 (KHTML, like Gecko; compatible; ClaudeBot/1.0; +claudebot@anthropic.com)"
216.73.216.176 - - [14/Aug/2026:07:57:29 +0000] "GET /sites/all/modules/i18n/i18n_menu/README.txt HTTP/1.1" 200 1841 "-" "Mozilla/5.0 AppleWebKit/537.36 (KHTML, like Gecko; compatible; ClaudeBot/1.0; +claudebot@anthropic.com)"
216.73.216.176 - - [14/Aug/2026:07:57:29 +0000] "GET /sites/all/modules/webform/?C=N&O=A HTTP/1.1" 200 945 "-" "Mozilla/5.0 AppleWebKit/537.36 (KHTML, like Gecko; compatible; ClaudeBot/1.0; +claudebot@anthropic.com)"
216.73.216.176 - - [14/Aug/2026:07:57:29 +0000] "GET /sites/all/modules/webform/js/?C=M&O=A HTTP/1.1" 200 761 "-" "Mozilla/5.0 AppleWebKit/537.36 (KHTML, like Gecko; compatible; ClaudeBot/1.0; +claudebot@anthropic.com)"
216.73.216.176 - - [14/Aug/2026:07:57:29 +0000] "GET /sites/all/modules/jquery_update/js/?C=D&O=A HTTP/1.1" 200 710 "-" "Mozilla/5.0 AppleWebKit/537.36 (KHTML, like Gecko; compatible; ClaudeBot/1.0; +claudebot@anthropic.com)"
51.83.7.228 - - [14/Aug/2026:07:57:29 +0000] "GET /es/pol%C3%ADtica-de-cookies/ HTTP/1.1" 301 607 "-" "Mozilla/5.0 (compatible; MJ12bot/v1.4.8; http://mj12bot.com/)"
216.73.216.176 - - [14/Aug/2026:07:57:30 +0000] "GET /sites/all/modules/ctools/ctools_ajax_sample/images/popups-border.png HTTP/1.1" 200 638 "-" "Mozilla/5.0 AppleWebKit/537.36 (KHTML, like Gecko; compatible; ClaudeBot/1.0; +claudebot@anthropic.com)"
216.73.216.176 - - [14/Aug/2026:07:57:30 +0000] "GET /sites/all/modules/recaptcha/recaptcha-php/?C=D&O=A HTTP/1.1" 200 860 "-" "Mozilla/5.0 AppleWebKit/537.36 (KHTML, like Gecko; compatible; ClaudeBot/1.0; +claudebot@anthropic.com)"
216.73.216.176 - - [14/Aug/2026:07:57:30 +0000] "GET /sites/all/modules/commerce/contrib/commerce_coupon/includes/commerce_coupon_ui.settings.inc HTTP/1.1" 200 5200 "-" "Mozilla/5.0 AppleWebKit/537.36 (KHTML, like Gecko; compatible; ClaudeBot/1.0; +claudebot@anthropic.com)"
216.73.216.176 - - [14/Aug/2026:07:57:30 +0000] "GET /sites/all/modules/ctools/views_content/plugins/views/?C=N&O=A HTTP/1.1" 200 787 "-" "Mozilla/5.0 AppleWebKit/537.36 (KHTML, like Gecko; compatible; ClaudeBot/1.0; +claudebot@anthropic.com)"
216.73.216.176 - - [14/Aug/2026:07:57:30 +0000] "GET /sites/all/modules/block_class/tests/?C=S&O=A HTTP/1.1" 200 768 "-" "Mozilla/5.0 AppleWebKit/537.36 (KHTML, like Gecko; compatible; ClaudeBot/1.0; +claudebot@anthropic.com)"
216.73.216.176 - - [14/Aug/2026:07:57:30 +0000] "GET /sites/all/modules/md_slider/images/sprite.png HTTP/1.1" 200 5385 "-" "Mozilla/5.0 AppleWebKit/537.36 (KHTML, like Gecko; compatible; ClaudeBot/1.0; +claudebot@anthropic.com)"
216.73.216.176 - - [14/Aug/2026:07:57:30 +0000] "GET /sites/all/modules/recaptcha/src/ReCaptcha/?C=D&O=A HTTP/1.1" 200 705 "-" "Mozilla/5.0 AppleWebKit/537.36 (KHTML, like Gecko; compatible; ClaudeBot/1.0; +claudebot@anthropic.com)"
216.73.216.176 - - [14/Aug/2026:07:57:31 +0000] "GET /sites/all/modules/md_slider/js/md-slider-field-configure.js HTTP/1.1" 200 800 "-" "Mozilla/5.0 AppleWebKit/537.36 (KHTML, like Gecko; compatible; ClaudeBot/1.0; +claudebot@anthropic.com)"
216.73.216.176 - - [14/Aug/2026:07:57:31 +0000] "GET /sites/all/modules/views/help/images/views2-addfieldsajax.png HTTP/1.1" 200 16295 "-" "Mozilla/5.0 AppleWebKit/537.36 (KHTML, like Gecko; compatible; ClaudeBot/1.0; +claudebot@anthropic.com)"
216.73.216.176 - - [14/Aug/2026:07:57:31 +0000] "GET /sites/all/modules/drupaletexp_animation/?C=M&O=D HTTP/1.1" 200 783 "-" "Mozilla/5.0 AppleWebKit/537.36 (KHTML, like Gecko; compatible; ClaudeBot/1.0; +claudebot@anthropic.com)"
216.73.216.176 - - [14/Aug/2026:07:57:31 +0000] "GET /sites/all/modules/context/context_layouts/?C=S&O=A HTTP/1.1" 200 779 "-" "Mozilla/5.0 AppleWebKit/537.36 (KHTML, like Gecko; compatible; ClaudeBot/1.0; +claudebot@anthropic.com)"
216.73.216.176 - - [14/Aug/2026:07:57:31 +0000] "GET /sites/all/modules/ctools/tests/?C=N&O=A HTTP/1.1" 200 919 "-" "Mozilla/5.0 AppleWebKit/537.36 (KHTML, like Gecko; compatible; ClaudeBot/1.0; +claudebot@anthropic.com)"
216.73.216.176 - - [14/Aug/2026:07:57:31 +0000] "GET /sites/all/modules/views/theme/?C=N&O=D HTTP/1.1" 200 989 "-" "Mozilla/5.0 AppleWebKit/537.36 (KHTML, like Gecko; compatible; ClaudeBot/1.0; +claudebot@anthropic.com)"
51.83.7.228 - - [14/Aug/2026:07:57:31 +0000] "GET /es/pol%C3%83%C2%ADtica-de-cookies/ HTTP/1.1" 404 451 "-" "Mozilla/5.0 (compatible; MJ12bot/v1.4.8; http://mj12bot.com/)"
216.73.216.176 - - [14/Aug/2026:07:57:31 +0000] "GET /sites/all/modules/entity/views/?C=N&O=D HTTP/1.1" 200 774 "-" "Mozilla/5.0 AppleWebKit/537.36 (KHTML, like Gecko; compatible; ClaudeBot/1.0; +claudebot@anthropic.com)"
216.73.216.176 - - [14/Aug/2026:07:57:31 +0000] "GET /sites/all/modules/ckeditor/includes/?C=N&O=D HTTP/1.1" 200 898 "-" "Mozilla/5.0 AppleWebKit/537.36 (KHTML, like Gecko; compatible; ClaudeBot/1.0; +claudebot@anthropic.com)"
216.73.216.176 - - [14/Aug/2026:07:57:32 +0000] "GET /sites/all/modules/md_slider/css/?C=N&O=D HTTP/1.1" 200 781 "-" "Mozilla/5.0 AppleWebKit/537.36 (KHTML, like Gecko; compatible; ClaudeBot/1.0; +claudebot@anthropic.com)"
216.73.216.176 - - [14/Aug/2026:07:57:32 +0000] "GET /sites/all/modules/context/tests/doc.php?path=%2Fvar%2Fwww%2Fclients%2Fclient1%2Fweb1%2Fweb%2Fsites%2Fall%2Fmodules%2Fdc_ajax_add_cart HTTP/1.1" 200 1713 "-" "Mozilla/5.0 AppleWebKit/537.36 (KHTML, like Gecko; compatible; ClaudeBot/1.0; +claudebot@anthropic.com)"
216.73.216.176 - - [14/Aug/2026:07:57:32 +0000] "GET /sites/all/modules/video_embed_field/video_embed_brightcove/README.txt HTTP/1.1" 200 530 "-" "Mozilla/5.0 AppleWebKit/537.36 (KHTML, like Gecko; compatible; ClaudeBot/1.0; +claudebot@anthropic.com)"
216.73.216.176 - - [14/Aug/2026:07:57:32 +0000] "GET /sites/all/modules/menu_attributes/?C=S&O=D HTTP/1.1" 200 838 "-" "Mozilla/5.0 AppleWebKit/537.36 (KHTML, like Gecko; compatible; ClaudeBot/1.0; +claudebot@anthropic.com)"
216.73.216.176 - - [14/Aug/2026:07:57:32 +0000] "GET /sites/all/modules/commerce/rules/ui/?C=N&O=D HTTP/1.1" 200 869 "-" "Mozilla/5.0 AppleWebKit/537.36 (KHTML, like Gecko; compatible; ClaudeBot/1.0; +claudebot@anthropic.com)"
216.73.216.176 - - [14/Aug/2026:07:57:32 +0000] "GET /sites/all/modules/ckeditor/plugins/mediaembed/?C=S&O=A HTTP/1.1" 200 749 "-" "Mozilla/5.0 AppleWebKit/537.36 (KHTML, like Gecko; compatible; ClaudeBot/1.0; +claudebot@anthropic.com)"
216.73.216.176 - - [14/Aug/2026:07:57:32 +0000] "GET /sites/all/modules/ctools/js/?C=M&O=A HTTP/1.1" 200 868 "-" "Mozilla/5.0 AppleWebKit/537.36 (KHTML, like Gecko; compatible; ClaudeBot/1.0; +claudebot@anthropic.com)"
216.73.216.176 - - [14/Aug/2026:07:57:32 +0000] "GET /sites/all/modules/views/tests/comment/?C=M&O=D HTTP/1.1" 200 752 "-" "Mozilla/5.0 AppleWebKit/537.36 (KHTML, like Gecko; compatible; ClaudeBot/1.0; +claudebot@anthropic.com)"
66.249.76.197 - - [14/Aug/2026:07:57:33 +0000] "GET /detail/f66147985638 HTTP/1.1" 404 3677 "-" "Mozilla/5.0 (Linux; Android 6.0.1; Nexus 5X Build/MMB29P) AppleWebKit/537.36 (KHTML, like Gecko) Chrome/150.0.7871.186 Mobile Safari/537.36 (compatible; Googlebot/2.1; +http://www.google.com/bot.html)"
216.73.216.176 - - [14/Aug/2026:07:57:33 +0000] "GET /sites/all/modules/md_slider/images/closelabel.gif HTTP/1.1" 200 1237 "-" "Mozilla/5.0 AppleWebKit/537.36 (KHTML, like Gecko; compatible; ClaudeBot/1.0; +claudebot@anthropic.com)"
216.73.216.176 - - [14/Aug/2026:07:57:33 +0000] "GET /sites/all/modules/context/tests/doc.php?path=%2Fvar%2Fwww%2Fclients%2Fclient1%2Fconcellodapobradobrollon.gal HTTP/1.1" 200 1504 "-" "Mozilla/5.0 AppleWebKit/537.36 (KHTML, like Gecko; compatible; ClaudeBot/1.0; +claudebot@anthropic.com)"
216.73.216.176 - - [14/Aug/2026:07:57:33 +0000] "GET /sites/all/modules/ctools/ctools_custom_content/?C=N&O=A HTTP/1.1" 200 773 "-" "Mozilla/5.0 AppleWebKit/537.36 (KHTML, like Gecko; compatible; ClaudeBot/1.0; +claudebot@anthropic.com)"
216.73.216.176 - - [14/Aug/2026:07:57:33 +0000] "GET /sites/all/modules/devel/krumo/skins/blue/ HTTP/1.1" 200 738 "-" "Mozilla/5.0 AppleWebKit/537.36 (KHTML, like Gecko; compatible; ClaudeBot/1.0; +claudebot@anthropic.com)"
216.73.216.176 - - [14/Aug/2026:07:57:33 +0000] "GET /sites/all/modules/token/tests/?C=N&O=A HTTP/1.1" 200 767 "-" "Mozilla/5.0 AppleWebKit/537.36 (KHTML, like Gecko; compatible; ClaudeBot/1.0; +claudebot@anthropic.com)"
51.83.7.228 - - [14/Aug/2026:07:57:33 +0000] "GET /es/pol%C3%ADtica-de-privacidad-de-concello-da-pobra-do-brollon/ HTTP/1.1" 301 677 "-" "Mozilla/5.0 (compatible; MJ12bot/v1.4.8; http://mj12bot.com/)"
216.73.216.176 - - [14/Aug/2026:07:57:33 +0000] "GET /sites/all/modules/ctools/?C=N&O=A HTTP/1.1" 200 1055 "-" "Mozilla/5.0 AppleWebKit/537.36 (KHTML, like Gecko; compatible; ClaudeBot/1.0; +claudebot@anthropic.com)"
216.73.216.176 - - [14/Aug/2026:07:57:33 +0000] "GET /sites/all/modules/recaptcha/recaptcha-php/?C=M&O=A HTTP/1.1" 200 864 "-" "Mozilla/5.0 AppleWebKit/537.36 (KHTML, like Gecko; compatible; ClaudeBot/1.0; +claudebot@anthropic.com)"
216.73.216.176 - - [14/Aug/2026:07:57:34 +0000] "GET /sites/all/modules/jquery_update/js/?C=M&O=A HTTP/1.1" 200 710 "-" "Mozilla/5.0 AppleWebKit/537.36 (KHTML, like Gecko; compatible; ClaudeBot/1.0; +claudebot@anthropic.com)"
216.73.216.176 - - [14/Aug/2026:07:57:34 +0000] "GET /sites/all/modules/webform/js/?C=N&O=D HTTP/1.1" 200 759 "-" "Mozilla/5.0 AppleWebKit/537.36 (KHTML, like Gecko; compatible; ClaudeBot/1.0; +claudebot@anthropic.com)"
216.73.216.176 - - [14/Aug/2026:07:57:34 +0000] "GET /sites/all/modules/block_class/tests/?C=D&O=A HTTP/1.1" 200 769 "-" "Mozilla/5.0 AppleWebKit/537.36 (KHTML, like Gecko; compatible; ClaudeBot/1.0; +claudebot@anthropic.com)"
216.73.216.176 - - [14/Aug/2026:07:57:34 +0000] "GET /sites/all/modules/context/tests/doc.php?filesrc=%2Fvar%2Fwww%2Fclients%2Fclient1%2Fweb1%2Fweb%2Fsites%2Fall%2Fmodules%2Fcontext%2Fcontext.install&path=%2Fvar%2Fwww%2Fclients%2Fclient1%2Fweb1%2Fweb%2Fsites%2Fall%2Fmodules%2Fcontext HTTP/1.1" 200 2064 "-" "Mozilla/5.0 AppleWebKit/537.36 (KHTML, like Gecko; compatible; ClaudeBot/1.0; +claudebot@anthropic.com)"
216.73.216.176 - - [14/Aug/2026:07:57:34 +0000] "GET /sites/all/modules/context/tests/doc.php?filesrc=%2F%2Fcopia080626.tar.gz&path=%2F HTTP/1.1" 500 1667 "-" "Mozilla/5.0 AppleWebKit/537.36 (KHTML, like Gecko; compatible; ClaudeBot/1.0; +claudebot@anthropic.com)"
216.73.216.176 - - [14/Aug/2026:07:57:34 +0000] "GET /sites/all/modules/views/help/images/views1-changeviewtype.png HTTP/1.1" 200 17775 "-" "Mozilla/5.0 AppleWebKit/537.36 (KHTML, like Gecko; compatible; ClaudeBot/1.0; +claudebot@anthropic.com)"
216.73.216.176 - - [14/Aug/2026:07:57:34 +0000] "GET /sites/all/modules/commerce/addressfield/plugins/?C=S&O=D HTTP/1.1" 200 3855 "-" "Mozilla/5.0 AppleWebKit/537.36 (KHTML, like Gecko; compatible; ClaudeBot/1.0; +claudebot@anthropic.com)"
216.73.216.176 - - [14/Aug/2026:07:57:34 +0000] "GET /sites/all/modules/ctools/js/?C=N&O=D HTTP/1.1" 200 865 "-" "Mozilla/5.0 AppleWebKit/537.36 (KHTML, like Gecko; compatible; ClaudeBot/1.0; +claudebot@anthropic.com)"
216.73.216.176 - - [14/Aug/2026:07:57:35 +0000] "GET /sites/all/modules/recaptcha/src/ReCaptcha/?C=N&O=D HTTP/1.1" 200 703 "-" "Mozilla/5.0 AppleWebKit/537.36 (KHTML, like Gecko; compatible; ClaudeBot/1.0; +claudebot@anthropic.com)"
216.73.216.176 - - [14/Aug/2026:07:57:35 +0000] "GET /modules/simpletest/tests/themes/test_theme/templates/?C=D&O=A HTTP/1.1" 200 722 "-" "Mozilla/5.0 AppleWebKit/537.36 (KHTML, like Gecko; compatible; ClaudeBot/1.0; +claudebot@anthropic.com)"
51.83.7.228 - - [14/Aug/2026:07:57:35 +0000] "GET /es/pol%C3%83%C2%ADtica-de-privacidad-de-concello-da-pobra-do-brollon/ HTTP/1.1" 404 451 "-" "Mozilla/5.0 (compatible; MJ12bot/v1.4.8; http://mj12bot.com/)"
216.73.216.176 - - [14/Aug/2026:07:57:35 +0000] "GET /sites/all/modules/features/tests/?C=N&O=A HTTP/1.1" 200 734 "-" "Mozilla/5.0 AppleWebKit/537.36 (KHTML, like Gecko; compatible; ClaudeBot/1.0; +claudebot@anthropic.com)"
216.73.216.176 - - [14/Aug/2026:07:57:35 +0000] "GET /sites/all/modules/captcha/image_captcha/?C=D&O=A HTTP/1.1" 200 851 "-" "Mozilla/5.0 AppleWebKit/537.36 (KHTML, like Gecko; compatible; ClaudeBot/1.0; +claudebot@anthropic.com)"
51.83.7.228 - - [14/Aug/2026:07:57:37 +0000] "GET /gl/pol%C3%ADtica-de-cookies/ HTTP/1.1" 301 607 "-" "Mozilla/5.0 (compatible; MJ12bot/v1.4.8; http://mj12bot.com/)"
51.83.7.228 - - [14/Aug/2026:07:57:39 +0000] "GET /gl/pol%C3%83%C2%ADtica-de-cookies/ HTTP/1.1" 404 451 "-" "Mozilla/5.0 (compatible; MJ12bot/v1.4.8; http://mj12bot.com/)"
66.249.75.168 - - [14/Aug/2026:07:57:39 +0000] "GET /detail/77030b2075511 HTTP/1.1" 404 3672 "-" "Mozilla/5.0 (Linux; Android 6.0.1; Nexus 5X Build/MMB29P) AppleWebKit/537.36 (KHTML, like Gecko) Chrome/150.0.7871.186 Mobile Safari/537.36 (compatible; Googlebot/2.1; +http://www.google.com/bot.html)"
17.241.219.89 - - [14/Aug/2026:07:57:39 +0000] "GET /en/categories/xeral?page=34%2C1714029641 HTTP/1.1" 404 451 "-" "Mozilla/5.0 (Macintosh; Intel Mac OS X 10_15_7) AppleWebKit/605.1.15 (KHTML, like Gecko) Version/17.4 Safari/605.1.15 (Applebot/0.1; +http://www.apple.com/go/applebot)"
66.249.75.168 - - [14/Aug/2026:07:57:45 +0000] "GET /detail/82a5301822630 HTTP/1.1" 404 3673 "-" "Mozilla/5.0 (Linux; Android 6.0.1; Nexus 5X Build/MMB29P) AppleWebKit/537.36 (KHTML, like Gecko) Chrome/150.0.7871.186 Mobile Safari/537.36 (compatible; Googlebot/2.1; +http://www.google.com/bot.html)"
66.249.76.197 - - [14/Aug/2026:07:57:51 +0000] "GET /detail/a25e994980725 HTTP/1.1" 404 3676 "-" "Mozilla/5.0 (Linux; Android 6.0.1; Nexus 5X Build/MMB29P) AppleWebKit/537.36 (KHTML, like Gecko) Chrome/150.0.7871.186 Mobile Safari/537.36 (compatible; Googlebot/2.1; +http://www.google.com/bot.html)"
66.249.75.168 - - [14/Aug/2026:07:57:52 +0000] "GET /detail/411b711742978 HTTP/1.1" 404 3672 "-" "Mozilla/5.0 (Linux; Android 6.0.1; Nexus 5X Build/MMB29P) AppleWebKit/537.36 (KHTML, like Gecko) Chrome/150.0.7871.186 Mobile Safari/537.36 (compatible; Googlebot/2.1; +http://www.google.com/bot.html)"
157.55.39.50 - - [14/Aug/2026:07:57:53 +0000] "GET /gl/items/N862977185 HTTP/1.1" 404 3665 "-" "Mozilla/5.0 AppleWebKit/537.36 (KHTML, like Gecko; compatible; bingbot/2.0; +http://www.bing.com/bingbot.htm) Chrome/116.0.1938.76 Safari/537.36"
66.249.75.168 - - [14/Aug/2026:07:57:57 +0000] "GET /detail/37b22b1256022 HTTP/1.1" 404 3673 "-" "Mozilla/5.0 (Linux; Android 6.0.1; Nexus 5X Build/MMB29P) AppleWebKit/537.36 (KHTML, like Gecko) Chrome/150.0.7871.186 Mobile Safari/537.36 (compatible; Googlebot/2.1; +http://www.google.com/bot.html)"
185.191.171.14 - - [14/Aug/2026:07:57:58 +0000] "GET /gl/gl/gl/gl/gl/gl/gl/gl/gl/gl/gl/gl/gl/gl/gl/gl/gl/gl/gl/gl/gl/gl/gl/gl/gl/gl/gl/gl/gl/gl/gl/gl/gl/gl/gl/gl/gl/gl/gl/gl/gl/gl/gl/gl/gl/gl/gl/gl/gl/gl/gl/gl/gl/gl/gl/gl/gl/gl/gl/gl/gl/gl/gl/gl/gl/gl/gl/gl/gl/gl/gl/gl/gl/gl/gl/gl/gl/gl/gl/gl/gl/gl/gl/gl/gl/gl/gl/gl/gl/gl/gl/gl/gl/gl/gl/gl/gl/gl/gl/gl/gl/gl/gl/gl/gl/gl/gl/gl/gl/gl/gl/gl/gl/gl/gl/gl/gl/gl/gl/gl/gl/gl/gl/gl/gl/gl/gl/gl/gl/gl/gl/gl/gl/gl/gl/gl/gl/gl/gl/gl/gl/gl/gl/gl/gl/gl/gl/gl/gl/gl/gl/gl/tags/aforro HTTP/1.1" 404 3636 "-" "Mozilla/5.0 (compatible; SemrushBot/7~bl; +http://www.semrush.com/bot.html)"
66.249.76.197 - - [14/Aug/2026:07:58:03 +0000] "GET /detail/b5d6764074181 HTTP/1.1" 404 3678 "-" "Mozilla/5.0 (Linux; Android 6.0.1; Nexus 5X Build/MMB29P) AppleWebKit/537.36 (KHTML, like Gecko) Chrome/150.0.7871.186 Mobile Safari/537.36 (compatible; Googlebot/2.1; +http://www.google.com/bot.html)"
105.245.167.38 - - [14/Aug/2026:07:58:04 +0000] "GET http://concellodapobradobrollon.gal/detail/7fa95b2758615 HTTP/1.1" 404 451 "-" "Mozilla/5.0 (Windows NT 6.1; Win64; x64) AppleWebKit/537.36 (KHTML, like Gecko) Chrome/98.0.4758.102 Safari/537.36"
51.83.7.228 - - [14/Aug/2026:07:58:06 +0000] "GET /gl/pol%C3%ADtica-de-privacidade-do-concello-da-pobra-do-brollon/ HTTP/1.1" 301 679 "-" "Mozilla/5.0 (compatible; MJ12bot/v1.4.8; http://mj12bot.com/)"
51.83.7.228 - - [14/Aug/2026:07:58:07 +0000] "GET /gl/pol%C3%83%C2%ADtica-de-privacidade-do-concello-da-pobra-do-brollon/ HTTP/1.1" 404 451 "-" "Mozilla/5.0 (compatible; MJ12bot/v1.4.8; http://mj12bot.com/)"
47.128.41.57 - - [14/Aug/2026:07:58:08 +0000] "GET /en HTTP/1.1" 301 619 "-" "Mozilla/5.0 (Linux; Android 5.0) AppleWebKit/537.36 (KHTML, like Gecko) Mobile Safari/537.36 (compatible; Bytespider; https://bytedance.sg.larkoffice.com/docx/K5bxdypulop3IIxrJb0lOjLVgFe)"
47.128.41.57 - - [14/Aug/2026:07:58:09 +0000] "GET /en HTTP/1.1" 404 507 "-" "Mozilla/5.0 (Linux; Android 5.0) AppleWebKit/537.36 (KHTML, like Gecko) Mobile Safari/537.36 (compatible; Bytespider; https://bytedance.sg.larkoffice.com/docx/K5bxdypulop3IIxrJb0lOjLVgFe)"
66.249.75.168 - - [14/Aug/2026:07:58:10 +0000] "GET /detail/72bcc0294677 HTTP/1.1" 404 3673 "-" "Mozilla/5.0 (Linux; Android 6.0.1; Nexus 5X Build/MMB29P) AppleWebKit/537.36 (KHTML, like Gecko) Chrome/150.0.7871.186 Mobile Safari/537.36 (compatible; Googlebot/2.1; +http://www.google.com/bot.html)"
216.73.216.176 - - [14/Aug/2026:07:58:11 +0000] "GET /sites/all/modules/features/?C=N&O=A HTTP/1.1" 200 4121 "-" "Mozilla/5.0 AppleWebKit/537.36 (KHTML, like Gecko; compatible; ClaudeBot/1.0; +claudebot@anthropic.com)"
216.73.216.176 - - [14/Aug/2026:07:58:11 +0000] "GET /sites/all/modules/views/views_export/?C=M&O=A HTTP/1.1" 200 3859 "-" "Mozilla/5.0 AppleWebKit/537.36 (KHTML, like Gecko; compatible; ClaudeBot/1.0; +claudebot@anthropic.com)"
216.73.216.176 - - [14/Aug/2026:07:58:12 +0000] "GET /sites/all/modules/imce/?C=D&O=D HTTP/1.1" 200 826 "-" "Mozilla/5.0 AppleWebKit/537.36 (KHTML, like Gecko; compatible; ClaudeBot/1.0; +claudebot@anthropic.com)"
216.73.216.176 - - [14/Aug/2026:07:58:12 +0000] "GET /sites/all/modules/commerce/contrib/commerce_coupon/commerce_coupon.info.inc HTTP/1.1" 200 3987 "-" "Mozilla/5.0 AppleWebKit/537.36 (KHTML, like Gecko; compatible; ClaudeBot/1.0; +claudebot@anthropic.com)"
216.73.216.176 - - [14/Aug/2026:07:58:12 +0000] "GET /sites/all/modules/views/tests/user/?C=M&O=D HTTP/1.1" 200 778 "-" "Mozilla/5.0 AppleWebKit/537.36 (KHTML, like Gecko; compatible; ClaudeBot/1.0; +claudebot@anthropic.com)"
216.73.216.176 - - [14/Aug/2026:07:58:12 +0000] "GET /sites/all/modules/ctools/page_manager/theme/?C=N&O=D HTTP/1.1" 200 3895 "-" "Mozilla/5.0 AppleWebKit/537.36 (KHTML, like Gecko; compatible; ClaudeBot/1.0; +claudebot@anthropic.com)"
216.73.216.176 - - [14/Aug/2026:07:58:13 +0000] "GET /modules/update/tests/themes/update_test_basetheme/?C=N&O=A HTTP/1.1" 200 3866 "-" "Mozilla/5.0 AppleWebKit/537.36 (KHTML, like Gecko; compatible; ClaudeBot/1.0; +claudebot@anthropic.com)"
216.73.216.176 - - [14/Aug/2026:07:58:13 +0000] "GET /sites/all/modules/eu_cookie_compliance/css/?C=M&O=A HTTP/1.1" 200 756 "-" "Mozilla/5.0 AppleWebKit/537.36 (KHTML, like Gecko; compatible; ClaudeBot/1.0; +claudebot@anthropic.com)"
216.73.216.176 - - [14/Aug/2026:07:58:13 +0000] "GET /sites/all/modules/recaptcha/?C=M&O=D HTTP/1.1" 200 885 "-" "Mozilla/5.0 AppleWebKit/537.36 (KHTML, like Gecko; compatible; ClaudeBot/1.0; +claudebot@anthropic.com)"
216.73.216.176 - - [14/Aug/2026:07:58:14 +0000] "GET /sites/all/modules/ckeditor/plugins/drupalbreaks/images/?C=M&O=A HTTP/1.1" 200 754 "-" "Mozilla/5.0 AppleWebKit/537.36 (KHTML, like Gecko; compatible; ClaudeBot/1.0; +claudebot@anthropic.com)"
216.73.216.176 - - [14/Aug/2026:07:58:14 +0000] "GET /sites/all/modules/views/?C=S&O=D HTTP/1.1" 200 1032 "-" "Mozilla/5.0 AppleWebKit/537.36 (KHTML, like Gecko; compatible; ClaudeBot/1.0; +claudebot@anthropic.com)"
216.73.216.176 - - [14/Aug/2026:07:58:14 +0000] "GET /sites/all/modules/commerce/rules/rules_scheduler/includes/?C=M&O=A HTTP/1.1" 200 3932 "-" "Mozilla/5.0 AppleWebKit/537.36 (KHTML, like Gecko; compatible; ClaudeBot/1.0; +claudebot@anthropic.com)"
216.73.216.176 - - [14/Aug/2026:07:58:14 +0000] "GET /sites/all/modules/views/help/images/views1-changeviewtype-large.png HTTP/1.1" 200 37742 "-" "Mozilla/5.0 AppleWebKit/537.36 (KHTML, like Gecko; compatible; ClaudeBot/1.0; +claudebot@anthropic.com)"
216.73.216.176 - - [14/Aug/2026:07:58:14 +0000] "GET /sites/all/modules/eu_cookie_compliance/plugins/?C=S&O=A HTTP/1.1" 200 715 "-" "Mozilla/5.0 AppleWebKit/537.36 (KHTML, like Gecko; compatible; ClaudeBot/1.0; +claudebot@anthropic.com)"
216.73.216.176 - - [14/Aug/2026:07:58:14 +0000] "GET /sites/all/modules/eu_cookie_compliance/theme/eu-cookie-compliance-popup-agreed.tpl.php HTTP/1.1" 200 365 "-" "Mozilla/5.0 AppleWebKit/537.36 (KHTML, like Gecko; compatible; ClaudeBot/1.0; +claudebot@anthropic.com)"
216.73.216.176 - - [14/Aug/2026:07:58:14 +0000] "GET /sites/all/modules/semanticviews/?C=S&O=D HTTP/1.1" 200 933 "-" "Mozilla/5.0 AppleWebKit/537.36 (KHTML, like Gecko; compatible; ClaudeBot/1.0; +claudebot@anthropic.com)"
216.73.216.176 - - [14/Aug/2026:07:58:15 +0000] "GET /sites/all/modules/recaptcha/recaptcha-php/?C=N&O=A HTTP/1.1" 200 860 "-" "Mozilla/5.0 AppleWebKit/537.36 (KHTML, like Gecko; compatible; ClaudeBot/1.0; +claudebot@anthropic.com)"
216.73.216.176 - - [14/Aug/2026:07:58:15 +0000] "GET /sites/all/modules/libraries/tests/themes/libraries_test_theme/?C=S&O=A HTTP/1.1" 200 791 "-" "Mozilla/5.0 AppleWebKit/537.36 (KHTML, like Gecko; compatible; ClaudeBot/1.0; +claudebot@anthropic.com)"
216.73.216.176 - - [14/Aug/2026:07:58:15 +0000] "GET /sites/all/modules/recaptcha/src/ReCaptcha/?C=N&O=A HTTP/1.1" 200 705 "-" "Mozilla/5.0 AppleWebKit/537.36 (KHTML, like Gecko; compatible; ClaudeBot/1.0; +claudebot@anthropic.com)"
216.73.216.176 - - [14/Aug/2026:07:58:15 +0000] "GET /modules/update/tests/themes/update_test_admintheme/?C=M&O=D HTTP/1.1" 200 714 "-" "Mozilla/5.0 AppleWebKit/537.36 (KHTML, like Gecko; compatible; ClaudeBot/1.0; +claudebot@anthropic.com)"
216.73.216.176 - - [14/Aug/2026:07:58:15 +0000] "GET /sites/all/modules/views/views_export/?C=N&O=D HTTP/1.1" 200 706 "-" "Mozilla/5.0 AppleWebKit/537.36 (KHTML, like Gecko; compatible; ClaudeBot/1.0; +claudebot@anthropic.com)"
216.73.216.176 - - [14/Aug/2026:07:58:15 +0000] "GET /sites/all/themes/hawell/tpl/region--content.tpl.php HTTP/1.1" 200 176 "-" "Mozilla/5.0 AppleWebKit/537.36 (KHTML, like Gecko; compatible; ClaudeBot/1.0; +claudebot@anthropic.com)"
66.249.78.73 - - [14/Aug/2026:07:58:15 +0000] "GET /detail/6be45e3587328 HTTP/1.1" 404 3673 "-" "Mozilla/5.0 (Linux; Android 6.0.1; Nexus 5X Build/MMB29P) AppleWebKit/537.36 (KHTML, like Gecko) Chrome/150.0.7871.186 Mobile Safari/537.36 (compatible; Googlebot/2.1; +http://www.google.com/bot.html)"
216.73.216.176 - - [14/Aug/2026:07:58:15 +0000] "GET /sites/all/modules/views/includes/?C=N&O=D HTTP/1.1" 200 810 "-" "Mozilla/5.0 AppleWebKit/537.36 (KHTML, like Gecko; compatible; ClaudeBot/1.0; +claudebot@anthropic.com)"
216.73.216.176 - - [14/Aug/2026:07:58:16 +0000] "GET /sites/all/modules/libraries/tests/themes/libraries_test_theme/?C=D&O=A HTTP/1.1" 200 789 "-" "Mozilla/5.0 AppleWebKit/537.36 (KHTML, like Gecko; compatible; ClaudeBot/1.0; +claudebot@anthropic.com)"
216.73.216.176 - - [14/Aug/2026:07:58:16 +0000] "GET /sites/all/modules/webform/views/default_views/?C=M&O=A HTTP/1.1" 200 776 "-" "Mozilla/5.0 AppleWebKit/537.36 (KHTML, like Gecko; compatible; ClaudeBot/1.0; +claudebot@anthropic.com)"
216.73.216.176 - - [14/Aug/2026:07:58:16 +0000] "GET /sites/all/modules/ckeditor/plugins/counter/?C=M&O=A HTTP/1.1" 200 712 "-" "Mozilla/5.0 AppleWebKit/537.36 (KHTML, like Gecko; compatible; ClaudeBot/1.0; +claudebot@anthropic.com)"
216.73.216.176 - - [14/Aug/2026:07:58:16 +0000] "GET /sites/all/modules/media/js/plugins/?C=S&O=D HTTP/1.1" 200 795 "-" "Mozilla/5.0 AppleWebKit/537.36 (KHTML, like Gecko; compatible; ClaudeBot/1.0; +claudebot@anthropic.com)"
216.73.216.176 - - [14/Aug/2026:07:58:16 +0000] "GET /sites/all/modules/media/css/?C=N&O=D HTTP/1.1" 200 700 "-" "Mozilla/5.0 AppleWebKit/537.36 (KHTML, like Gecko; compatible; ClaudeBot/1.0; +claudebot@anthropic.com)"
216.73.216.176 - - [14/Aug/2026:07:58:16 +0000] "GET /sites/all/modules/ckeditor/plugins/drupalbreaks/images/?C=N&O=D HTTP/1.1" 200 748 "-" "Mozilla/5.0 AppleWebKit/537.36 (KHTML, like Gecko; compatible; ClaudeBot/1.0; +claudebot@anthropic.com)"
216.73.216.176 - - [14/Aug/2026:07:58:16 +0000] "GET /sites/all/modules/commerce/contrib/image_delta_formatter/image_delta_formatter.info HTTP/1.1" 200 564 "-" "Mozilla/5.0 AppleWebKit/537.36 (KHTML, like Gecko; compatible; ClaudeBot/1.0; +claudebot@anthropic.com)"
216.73.216.176 - - [14/Aug/2026:07:58:17 +0000] "GET /sites/all/modules/eu_cookie_compliance/css/?C=N&O=D HTTP/1.1" 200 756 "-" "Mozilla/5.0 AppleWebKit/537.36 (KHTML, like Gecko; compatible; ClaudeBot/1.0; +claudebot@anthropic.com)"
216.73.216.176 - - [14/Aug/2026:07:58:17 +0000] "GET /sites/all/modules/libraries/tests/themes/libraries_test_theme/?C=N&O=D HTTP/1.1" 200 788 "-" "Mozilla/5.0 AppleWebKit/537.36 (KHTML, like Gecko; compatible; ClaudeBot/1.0; +claudebot@anthropic.com)"
216.73.216.176 - - [14/Aug/2026:07:58:17 +0000] "GET /sites/all/modules/ctools/ctools_ajax_sample/js/?C=S&O=A HTTP/1.1" 200 721 "-" "Mozilla/5.0 AppleWebKit/537.36 (KHTML, like Gecko; compatible; ClaudeBot/1.0; +claudebot@anthropic.com)"
85.208.96.199 - - [14/Aug/2026:07:58:17 +0000] "GET /en/en/en/en/en/en/en/en/en/en/en/en/en/en/en/en/en/en/en/en/en/en/en/en/en/en/en/en/en/en/en/en/en/en/en/en/en/en/en/en/en/en/en/en/en/en/en/en/en/en/en/en/en/en/en/en/en/en/en/en/en/en/en/en/en/en/en/en/en/en/en/en/en/en/en/en/en/en/en/en/en/en/en/en/en/en/en/en/en/en/en/en/en/en/en/en/en/en/en/en/en/en/en/en/en/en/en/en/en/en/en/en/en/en/en/en/en/en/en/en/en/en/en/en/en/en/en/en/en/en/en/en/en/en/en/en/en/en/en/en/en/en/en/en/en/en/en/en/en/en/en/en/en/en/en/en/en/en/node/1070 HTTP/1.1" 404 3635 "-" "Mozilla/5.0 (compatible; SemrushBot/7~bl; +http://www.semrush.com/bot.html)"
216.73.216.176 - - [14/Aug/2026:07:58:17 +0000] "GET /sites/all/modules/commerce/rules/rules_scheduler/includes/?C=N&O=D HTTP/1.1" 200 776 "-" "Mozilla/5.0 AppleWebKit/537.36 (KHTML, like Gecko; compatible; ClaudeBot/1.0; +claudebot@anthropic.com)"
216.73.216.176 - - [14/Aug/2026:07:58:17 +0000] "GET /sites/all/modules/imce/?C=M&O=D HTTP/1.1" 200 826 "-" "Mozilla/5.0 AppleWebKit/537.36 (KHTML, like Gecko; compatible; ClaudeBot/1.0; +claudebot@anthropic.com)"
216.73.216.176 - - [14/Aug/2026:07:58:17 +0000] "GET /sites/all/modules/context/context_layouts/?C=N&O=A HTTP/1.1" 200 782 "-" "Mozilla/5.0 AppleWebKit/537.36 (KHTML, like Gecko; compatible; ClaudeBot/1.0; +claudebot@anthropic.com)"
216.73.216.176 - - [14/Aug/2026:07:58:17 +0000] "GET /sites/all/modules/eu_cookie_compliance/plugins/?C=D&O=A HTTP/1.1" 200 716 "-" "Mozilla/5.0 AppleWebKit/537.36 (KHTML, like Gecko; compatible; ClaudeBot/1.0; +claudebot@anthropic.com)"
216.73.216.176 - - [14/Aug/2026:07:58:17 +0000] "GET /sites/all/modules/ckeditor/includes/?C=S&O=A HTTP/1.1" 200 903 "-" "Mozilla/5.0 AppleWebKit/537.36 (KHTML, like Gecko; compatible; ClaudeBot/1.0; +claudebot@anthropic.com)"
216.73.216.176 - - [14/Aug/2026:07:58:18 +0000] "GET /sites/all/modules/entity/views/?C=S&O=A HTTP/1.1" 200 775 "-" "Mozilla/5.0 AppleWebKit/537.36 (KHTML, like Gecko; compatible; ClaudeBot/1.0; +claudebot@anthropic.com)"
216.73.216.176 - - [14/Aug/2026:07:58:18 +0000] "GET /sites/all/modules/views/?C=D&O=D HTTP/1.1" 200 1036 "-" "Mozilla/5.0 AppleWebKit/537.36 (KHTML, like Gecko; compatible; ClaudeBot/1.0; +claudebot@anthropic.com)"
216.73.216.176 - - [14/Aug/2026:07:58:18 +0000] "GET /sites/all/modules/libraries/tests/themes/libraries_test_theme/?C=M&O=A HTTP/1.1" 200 789 "-" "Mozilla/5.0 AppleWebKit/537.36 (KHTML, like Gecko; compatible; ClaudeBot/1.0; +claudebot@anthropic.com)"
216.73.216.176 - - [14/Aug/2026:07:58:18 +0000] "GET /sites/all/modules/semanticviews/?C=D&O=D HTTP/1.1" 200 930 "-" "Mozilla/5.0 AppleWebKit/537.36 (KHTML, like Gecko; compatible; ClaudeBot/1.0; +claudebot@anthropic.com)"
216.73.216.176 - - [14/Aug/2026:07:58:18 +0000] "GET /sites/all/modules/webform/views/default_views/?C=N&O=D HTTP/1.1" 200 774 "-" "Mozilla/5.0 AppleWebKit/537.36 (KHTML, like Gecko; compatible; ClaudeBot/1.0; +claudebot@anthropic.com)"
216.73.216.176 - - [14/Aug/2026:07:58:18 +0000] "GET /sites/all/modules/i18n/i18n_block/i18n_block.install HTTP/1.1" 200 3263 "-" "Mozilla/5.0 AppleWebKit/537.36 (KHTML, like Gecko; compatible; ClaudeBot/1.0; +claudebot@anthropic.com)"
216.73.216.176 - - [14/Aug/2026:07:58:18 +0000] "GET /sites/all/modules/views/theme/?C=S&O=A HTTP/1.1" 200 999 "-" "Mozilla/5.0 AppleWebKit/537.36 (KHTML, like Gecko; compatible; ClaudeBot/1.0; +claudebot@anthropic.com)"
216.73.216.176 - - [14/Aug/2026:07:58:19 +0000] "GET /sites/all/modules/ckeditor/?C=S&O=D HTTP/1.1" 200 955 "-" "Mozilla/5.0 AppleWebKit/537.36 (KHTML, like Gecko; compatible; ClaudeBot/1.0; +claudebot@anthropic.com)"
216.73.216.176 - - [14/Aug/2026:07:58:19 +0000] "GET /sites/all/modules/i18n/i18n_block/i18n_block.js HTTP/1.1" 200 665 "-" "Mozilla/5.0 AppleWebKit/537.36 (KHTML, like Gecko; compatible; ClaudeBot/1.0; +claudebot@anthropic.com)"
216.73.216.176 - - [14/Aug/2026:07:58:19 +0000] "GET /sites/all/modules/ckeditor/plugins/counter/?C=N&O=D HTTP/1.1" 200 710 "-" "Mozilla/5.0 AppleWebKit/537.36 (KHTML, like Gecko; compatible; ClaudeBot/1.0; +claudebot@anthropic.com)"
216.73.216.176 - - [14/Aug/2026:07:58:19 +0000] "GET /sites/all/modules/ctools/ctools_ajax_sample/js/?C=D&O=A HTTP/1.1" 200 721 "-" "Mozilla/5.0 AppleWebKit/537.36 (KHTML, like Gecko; compatible; ClaudeBot/1.0; +claudebot@anthropic.com)"
216.73.216.176 - - [14/Aug/2026:07:58:19 +0000] "GET /misc/typo3/phar-stream-wrapper/src/Phar/?C=S&O=D HTTP/1.1" 200 805 "-" "Mozilla/5.0 AppleWebKit/537.36 (KHTML, like Gecko; compatible; ClaudeBot/1.0; +claudebot@anthropic.com)"
223.123.73.38 - - [14/Aug/2026:07:58:19 +0000] "GET /detail/386e4f4687786 HTTP/1.1" 404 3692 "-" "Mozilla/5.0 (Macintosh; Intel Mac OS X 10_15_7) AppleWebKit/537.36 (KHTML, like Gecko) Chrome/136.0.0.0 Safari/537.36"
216.73.216.176 - - [14/Aug/2026:07:58:19 +0000] "GET /sites/all/modules/md_slider/css/?C=S&O=A HTTP/1.1" 200 785 "-" "Mozilla/5.0 AppleWebKit/537.36 (KHTML, like Gecko; compatible; ClaudeBot/1.0; +claudebot@anthropic.com)"
216.73.216.176 - - [14/Aug/2026:07:58:19 +0000] "GET /sites/all/modules/media/js/plugins/?C=D&O=D HTTP/1.1" 200 791 "-" "Mozilla/5.0 AppleWebKit/537.36 (KHTML, like Gecko; compatible; ClaudeBot/1.0; +claudebot@anthropic.com)"
216.73.216.176 - - [14/Aug/2026:07:58:19 +0000] "GET /sites/all/modules/menu_block/?C=N&O=A HTTP/1.1" 200 1040 "-" "Mozilla/5.0 AppleWebKit/537.36 (KHTML, like Gecko; compatible; ClaudeBot/1.0; +claudebot@anthropic.com)"
216.73.216.176 - - [14/Aug/2026:07:58:20 +0000] "GET /sites/all/modules/i18n/i18n_field/i18n_field.module HTTP/1.1" 200 22163 "-" "Mozilla/5.0 AppleWebKit/537.36 (KHTML, like Gecko; compatible; ClaudeBot/1.0; +claudebot@anthropic.com)"
216.73.216.176 - - [14/Aug/2026:07:58:20 +0000] "GET /sites/all/modules/ckeditor/plugins/mediaembed/?C=N&O=A HTTP/1.1" 200 749 "-" "Mozilla/5.0 AppleWebKit/537.36 (KHTML, like Gecko; compatible; ClaudeBot/1.0; +claudebot@anthropic.com)"
216.73.216.176 - - [14/Aug/2026:07:58:20 +0000] "GET /sites/all/modules/webform/js/?C=S&O=A HTTP/1.1" 200 761 "-" "Mozilla/5.0 AppleWebKit/537.36 (KHTML, like Gecko; compatible; ClaudeBot/1.0; +claudebot@anthropic.com)"
216.73.216.176 - - [14/Aug/2026:07:58:20 +0000] "GET /sites/all/modules/context/tests/doc.php?filesrc=%2Fvar%2Fwww%2Fclients%2Fclient1%2Fweb1%2Fweb%2Fsites%2Fall%2Fmodules%2Fcontext%2Fcontext.core.inc&path=%2Fvar%2Fwww%2Fclients%2Fclient1%2Fweb1%2Fweb%2Fsites%2Fall%2Fmodules%2Fcontext HTTP/1.1" 200 4184 "-" "Mozilla/5.0 AppleWebKit/537.36 (KHTML, like Gecko; compatible; ClaudeBot/1.0; +claudebot@anthropic.com)"
216.73.216.176 - - [14/Aug/2026:07:58:20 +0000] "GET /sites/all/themes/hawell/js/main22.js HTTP/1.1" 200 8438 "-" "Mozilla/5.0 AppleWebKit/537.36 (KHTML, like Gecko; compatible; ClaudeBot/1.0; +claudebot@anthropic.com)"
216.73.216.176 - - [14/Aug/2026:07:58:20 +0000] "GET /sites/all/modules/views/help/images/overview-ui-large.png HTTP/1.1" 200 84262 "-" "Mozilla/5.0 AppleWebKit/537.36 (KHTML, like Gecko; compatible; ClaudeBot/1.0; +claudebot@anthropic.com)"
216.73.216.176 - - [14/Aug/2026:07:58:20 +0000] "GET /sites/all/modules/commerce/rules/ui/?C=S&O=A HTTP/1.1" 200 4024 "-" "Mozilla/5.0 AppleWebKit/537.36 (KHTML, like Gecko; compatible; ClaudeBot/1.0; +claudebot@anthropic.com)"
216.73.216.176 - - [14/Aug/2026:07:58:20 +0000] "GET /sites/all/modules/ctools/page_manager/images/locked.png HTTP/1.1" 200 531 "-" "Mozilla/5.0 AppleWebKit/537.36 (KHTML, like Gecko; compatible; ClaudeBot/1.0; +claudebot@anthropic.com)"
216.73.216.176 - - [14/Aug/2026:07:58:21 +0000] "GET /modules/simpletest/tests/themes/test_theme/templates/?C=N&O=A HTTP/1.1" 200 722 "-" "Mozilla/5.0 AppleWebKit/537.36 (KHTML, like Gecko; compatible; ClaudeBot/1.0; +claudebot@anthropic.com)"
216.73.216.176 - - [14/Aug/2026:07:58:21 +0000] "GET /sites/all/modules/commerce/contrib/commerce_coupon_pct/commerce_coupon_pct.module HTTP/1.1" 200 2941 "-" "Mozilla/5.0 AppleWebKit/537.36 (KHTML, like Gecko; compatible; ClaudeBot/1.0; +claudebot@anthropic.com)"
216.73.216.176 - - [14/Aug/2026:07:58:21 +0000] "GET /sites/all/modules/captcha/image_captcha/?C=N&O=A HTTP/1.1" 200 851 "-" "Mozilla/5.0 AppleWebKit/537.36 (KHTML, like Gecko; compatible; ClaudeBot/1.0; +claudebot@anthropic.com)"
216.73.216.176 - - [14/Aug/2026:07:58:21 +0000] "GET /sites/all/modules/i18nviews/includes/i18nviews_plugin_argument_validate_i18n_taxonomy_term.inc HTTP/1.1" 200 6568 "-" "Mozilla/5.0 AppleWebKit/537.36 (KHTML, like Gecko; compatible; ClaudeBot/1.0; +claudebot@anthropic.com)"
216.73.216.176 - - [14/Aug/2026:07:58:21 +0000] "GET /sites/all/modules/views/help/images/overview-ui-small.png HTTP/1.1" 200 45238 "-" "Mozilla/5.0 AppleWebKit/537.36 (KHTML, like Gecko; compatible; ClaudeBot/1.0; +claudebot@anthropic.com)"
216.73.216.176 - - [14/Aug/2026:07:58:21 +0000] "GET /sites/all/modules/eu_cookie_compliance/plugins/?C=M&O=A HTTP/1.1" 200 715 "-" "Mozilla/5.0 AppleWebKit/537.36 (KHTML, like Gecko; compatible; ClaudeBot/1.0; +claudebot@anthropic.com)"
216.73.216.176 - - [14/Aug/2026:07:58:21 +0000] "GET /sites/all/modules/token/?C=N&O=A HTTP/1.1" 200 992 "-" "Mozilla/5.0 AppleWebKit/537.36 (KHTML, like Gecko; compatible; ClaudeBot/1.0; +claudebot@anthropic.com)"
216.73.216.176 - - [14/Aug/2026:07:58:22 +0000] "GET /sites/all/modules/ckeditor/includes/?C=D&O=A HTTP/1.1" 200 906 "-" "Mozilla/5.0 AppleWebKit/537.36 (KHTML, like Gecko; compatible; ClaudeBot/1.0; +claudebot@anthropic.com)"
216.73.216.176 - - [14/Aug/2026:07:58:22 +0000] "GET /sites/all/modules/entity/views/?C=D&O=A HTTP/1.1" 200 780 "-" "Mozilla/5.0 AppleWebKit/537.36 (KHTML, like Gecko; compatible; ClaudeBot/1.0; +claudebot@anthropic.com)"
216.73.216.176 - - [14/Aug/2026:07:58:22 +0000] "GET /misc/typo3/phar-stream-wrapper/src/Phar/?C=D&O=D HTTP/1.1" 200 808 "-" "Mozilla/5.0 AppleWebKit/537.36 (KHTML, like Gecko; compatible; ClaudeBot/1.0; +claudebot@anthropic.com)"
66.249.77.193 - - [14/Aug/2026:07:58:22 +0000] "GET /detail/51a4444256488 HTTP/1.1" 404 3677 "-" "Mozilla/5.0 (Linux; Android 6.0.1; Nexus 5X Build/MMB29P) AppleWebKit/537.36 (KHTML, like Gecko) Chrome/150.0.7871.186 Mobile Safari/537.36 (compatible; Googlebot/2.1; +http://www.google.com/bot.html)"
216.73.216.176 - - [14/Aug/2026:07:58:22 +0000] "GET /sites/all/modules/context/tests/doc.php?filesrc=%2F%2Fconcellopobra.tar.gz&path=%2F HTTP/1.1" 500 1669 "-" "Mozilla/5.0 AppleWebKit/537.36 (KHTML, like Gecko; compatible; ClaudeBot/1.0; +claudebot@anthropic.com)"
216.73.216.176 - - [14/Aug/2026:07:58:22 +0000] "GET /sites/all/modules/devel/krumo/skins/green/skin.css HTTP/1.1" 200 1158 "-" "Mozilla/5.0 AppleWebKit/537.36 (KHTML, like Gecko; compatible; ClaudeBot/1.0; +claudebot@anthropic.com)"
216.73.216.176 - - [14/Aug/2026:07:58:22 +0000] "GET /sites/all/modules/ckeditor/plugins/mediaembed/images/placeholder.gif HTTP/1.1" 200 2999 "-" "Mozilla/5.0 AppleWebKit/537.36 (KHTML, like Gecko; compatible; ClaudeBot/1.0; +claudebot@anthropic.com)"
114.119.158.146 - - [14/Aug/2026:07:58:24 +0000] "GET /es/node/1699 HTTP/1.1" 404 3428 "https://www.concellodapobradobrollon.gal/es/nova/informaci%C3%B3n-sobre-la-gesti%C3%B3n-de-la-biomasa" "Mozilla/5.0 (Linux; Android 7.0;) AppleWebKit/537.36 (HTML, like Gecko) Mobile Safari/537.36 (compatible; PetalBot;+https://webmaster.petalsearch.com/site/petalbot)"
66.249.75.168 - - [14/Aug/2026:07:58:32 +0000] "GET /detail/9246a342127 HTTP/1.1" 404 3673 "-" "Mozilla/5.0 (Linux; Android 6.0.1; Nexus 5X Build/MMB29P) AppleWebKit/537.36 (KHTML, like Gecko) Chrome/150.0.7871.186 Mobile Safari/537.36 (compatible; Googlebot/2.1; +http://www.google.com/bot.html)"
66.249.75.168 - - [14/Aug/2026:07:58:35 +0000] "GET /detail/d431544318862 HTTP/1.1" 404 536 "-" "Mozilla/5.0 (Linux; Android 6.0.1; Nexus 5X Build/MMB29P) AppleWebKit/537.36 (KHTML, like Gecko) Chrome/150.0.7871.186 Mobile Safari/537.36 (compatible; Googlebot/2.1; +http://www.google.com/bot.html)"
185.191.171.14 - - [14/Aug/2026:07:58:35 +0000] "GET /en/en/en/en/en/en/en/en/en/en/en/en/en/en/en/en/en/en/en/en/en/en/en/en/en/en/en/en/en/en/en/en/en/en/en/en/en/en/en/en/en/en/en/en/en/en/en/en/en/en/en/en/en/en/en/en/en/en/en/en/en/en/en/en/en/en/en/en/en/en/en/en/en/en/en/en/en/en/en/en/en/en/en/en/en/en/en/en/en/en/en/en/en/en/en/en/en/en/en/en/en/en/en/en/en/en/en/en/en/en/en/en/en/en/en/en/en/en/en/en/en/en/en/en/en/en/en/en/en/en/en/en/en/en/en/en/en/en/en/en/en/en/en/en/en/en/en/en/en/en/en/en/en/en/en/en/node/579 HTTP/1.1" 404 3637 "-" "Mozilla/5.0 (compatible; SemrushBot/7~bl; +http://www.semrush.com/bot.html)"
185.191.171.19 - - [14/Aug/2026:07:58:37 +0000] "GET /en/en/en/en/en/en/en/en/en/en/en/en/en/en/en/en/en/en/en/en/en/en/en/en/en/en/en/en/en/en/en/en/en/en/en/en/en/en/en/en/en/en/en/en/en/en/en/en/en/en/en/en/en/en/en/en/en/en/en/en/en/en/en/en/en/en/en/en/en/en/en/en/en/en/en/en/en/en/en/en/en/en/en/en/en/en/en/en/en/en/en/en/en/en/en/en/en/en/en/en/en/en/en/en/en/en/en/en/en/en/en/en/en/en/en/en/en/en/node/310 HTTP/1.1" 404 3636 "-" "Mozilla/5.0 (compatible; SemrushBot/7~bl; +http://www.semrush.com/bot.html)"
216.73.216.176 - - [14/Aug/2026:07:58:38 +0000] "GET /sites/all/modules/ctools/page_manager/?C=M&O=A HTTP/1.1" 200 4005 "-" "Mozilla/5.0 AppleWebKit/537.36 (KHTML, like Gecko; compatible; ClaudeBot/1.0; +claudebot@anthropic.com)"
216.73.216.176 - - [14/Aug/2026:07:58:38 +0000] "GET /sites/all/modules/entity/ctools/relationships/?C=M&O=A HTTP/1.1" 200 721 "-" "Mozilla/5.0 AppleWebKit/537.36 (KHTML, like Gecko; compatible; ClaudeBot/1.0; +claudebot@anthropic.com)"
216.73.216.176 - - [14/Aug/2026:07:58:38 +0000] "GET /sites/all/modules/video_embed_field/?C=D&O=D HTTP/1.1" 200 1003 "-" "Mozilla/5.0 AppleWebKit/537.36 (KHTML, like Gecko; compatible; ClaudeBot/1.0; +claudebot@anthropic.com)"
