216.73.216.176 - - [14/Aug/2026:06:51:11 +0000] "GET /misc/typo3/phar-stream-wrapper/src/Resolver/?C=S&O=D HTTP/1.1" 200 755 "-" "Mozilla/5.0 AppleWebKit/537.36 (KHTML, like Gecko; compatible; ClaudeBot/1.0; +claudebot@anthropic.com)"
216.73.216.176 - - [14/Aug/2026:06:51:11 +0000] "GET /sites/all/themes/hawell/tpl/node--blog.tpl.php HTTP/1.1" 500 214 "-" "Mozilla/5.0 AppleWebKit/537.36 (KHTML, like Gecko; compatible; ClaudeBot/1.0; +claudebot@anthropic.com)"
216.73.216.176 - - [14/Aug/2026:06:51:12 +0000] "GET /sites/all/modules/ckeditor/plugins/drupalbreaks/?C=D&O=D HTTP/1.1" 200 738 "-" "Mozilla/5.0 AppleWebKit/537.36 (KHTML, like Gecko; compatible; ClaudeBot/1.0; +claudebot@anthropic.com)"
66.249.78.72 - - [14/Aug/2026:06:51:12 +0000] "GET /detail/978fe33864757 HTTP/1.1" 404 3673 "-" "Mozilla/5.0 (Linux; Android 6.0.1; Nexus 5X Build/MMB29P) AppleWebKit/537.36 (KHTML, like Gecko) Chrome/150.0.7871.186 Mobile Safari/537.36 (compatible; Googlebot/2.1; +http://www.google.com/bot.html)"
216.73.216.176 - - [14/Aug/2026:06:51:12 +0000] "GET /sites/all/modules/languageicons/flags/eo.png HTTP/1.1" 200 410 "-" "Mozilla/5.0 AppleWebKit/537.36 (KHTML, like Gecko; compatible; ClaudeBot/1.0; +claudebot@anthropic.com)"
216.73.216.176 - - [14/Aug/2026:06:51:12 +0000] "GET /sites/all/modules/webform/css/?C=D&O=D HTTP/1.1" 200 718 "-" "Mozilla/5.0 AppleWebKit/537.36 (KHTML, like Gecko; compatible; ClaudeBot/1.0; +claudebot@anthropic.com)"
216.73.216.176 - - [14/Aug/2026:06:51:12 +0000] "GET /sites/all/themes/hawell/tpl/node--portfolio.tpl.php HTTP/1.1" 200 181 "-" "Mozilla/5.0 AppleWebKit/537.36 (KHTML, like Gecko; compatible; ClaudeBot/1.0; +claudebot@anthropic.com)"
216.73.216.176 - - [14/Aug/2026:06:51:12 +0000] "GET /sites/all/themes/hawell/tpl/comment.tpl.php HTTP/1.1" 500 214 "-" "Mozilla/5.0 AppleWebKit/537.36 (KHTML, like Gecko; compatible; ClaudeBot/1.0; +claudebot@anthropic.com)"
216.73.216.176 - - [14/Aug/2026:06:51:12 +0000] "GET /sites/all/modules/ctools/tests/plugins/?C=D&O=D HTTP/1.1" 200 3863 "-" "Mozilla/5.0 AppleWebKit/537.36 (KHTML, like Gecko; compatible; ClaudeBot/1.0; +claudebot@anthropic.com)"
216.73.216.176 - - [14/Aug/2026:06:51:12 +0000] "GET /sites/all/modules/ctools/plugins/export_ui/?C=N&O=D HTTP/1.1" 200 739 "-" "Mozilla/5.0 AppleWebKit/537.36 (KHTML, like Gecko; compatible; ClaudeBot/1.0; +claudebot@anthropic.com)"
66.249.75.168 - - [14/Aug/2026:06:51:12 +0000] "GET /detail/05f2212663231 HTTP/1.1" 404 3673 "-" "Mozilla/5.0 (Linux; Android 6.0.1; Nexus 5X Build/MMB29P) AppleWebKit/537.36 (KHTML, like Gecko) Chrome/150.0.7871.186 Mobile Safari/537.36 (compatible; Googlebot/2.1; +http://www.google.com/bot.html)"
216.73.216.176 - - [14/Aug/2026:06:51:12 +0000] "GET /sites/all/modules/languageicons/flags/sl.png HTTP/1.1" 200 454 "-" "Mozilla/5.0 AppleWebKit/537.36 (KHTML, like Gecko; compatible; ClaudeBot/1.0; +claudebot@anthropic.com)"
216.73.216.176 - - [14/Aug/2026:06:51:13 +0000] "GET /sites/all/modules/i18nviews/includes/i18nviews_handler_field_term_node_tid.inc HTTP/1.1" 200 2186 "-" "Mozilla/5.0 AppleWebKit/537.36 (KHTML, like Gecko; compatible; ClaudeBot/1.0; +claudebot@anthropic.com)"
216.73.216.176 - - [14/Aug/2026:06:51:13 +0000] "GET /sites/all/modules/devel/krumo/skins/default/ HTTP/1.1" 200 741 "-" "Mozilla/5.0 AppleWebKit/537.36 (KHTML, like Gecko; compatible; ClaudeBot/1.0; +claudebot@anthropic.com)"
216.73.216.176 - - [14/Aug/2026:06:51:13 +0000] "GET /sites/all/modules/ctools/plugins/contexts/?C=D&O=D HTTP/1.1" 200 856 "-" "Mozilla/5.0 AppleWebKit/537.36 (KHTML, like Gecko; compatible; ClaudeBot/1.0; +claudebot@anthropic.com)"
216.73.216.176 - - [14/Aug/2026:06:51:13 +0000] "GET /sites/all/modules/commerce/rules/rules_admin/?C=S&O=D HTTP/1.1" 200 756 "-" "Mozilla/5.0 AppleWebKit/537.36 (KHTML, like Gecko; compatible; ClaudeBot/1.0; +claudebot@anthropic.com)"
216.73.216.176 - - [14/Aug/2026:06:51:13 +0000] "GET /misc/typo3/phar-stream-wrapper/src/Resolver/?C=M&O=D HTTP/1.1" 200 755 "-" "Mozilla/5.0 AppleWebKit/537.36 (KHTML, like Gecko; compatible; ClaudeBot/1.0; +claudebot@anthropic.com)"
216.73.216.176 - - [14/Aug/2026:06:51:13 +0000] "GET /sites/all/modules/languageicons/flags/mn.png HTTP/1.1" 200 495 "-" "Mozilla/5.0 AppleWebKit/537.36 (KHTML, like Gecko; compatible; ClaudeBot/1.0; +claudebot@anthropic.com)"
216.73.216.176 - - [14/Aug/2026:06:51:13 +0000] "GET /sites/all/modules/jquery_update/replace/ui/?C=S&O=A HTTP/1.1" 200 778 "-" "Mozilla/5.0 AppleWebKit/537.36 (KHTML, like Gecko; compatible; ClaudeBot/1.0; +claudebot@anthropic.com)"
216.73.216.176 - - [14/Aug/2026:06:51:13 +0000] "GET /sites/all/modules/views/handlers/views_handler_field_url.inc HTTP/1.1" 200 1521 "-" "Mozilla/5.0 AppleWebKit/537.36 (KHTML, like Gecko; compatible; ClaudeBot/1.0; +claudebot@anthropic.com)"
216.73.216.176 - - [14/Aug/2026:06:51:14 +0000] "GET /sites/all/modules/ctools/css/?C=M&O=D HTTP/1.1" 200 867 "-" "Mozilla/5.0 AppleWebKit/537.36 (KHTML, like Gecko; compatible; ClaudeBot/1.0; +claudebot@anthropic.com)"
216.73.216.176 - - [14/Aug/2026:06:51:14 +0000] "GET /sites/all/modules/ctools/plugins/?C=S&O=D HTTP/1.1" 200 771 "-" "Mozilla/5.0 AppleWebKit/537.36 (KHTML, like Gecko; compatible; ClaudeBot/1.0; +claudebot@anthropic.com)"
216.73.216.176 - - [14/Aug/2026:06:51:14 +0000] "GET /sites/all/modules/i18n/i18n_string/README.txt HTTP/1.1" 200 1635 "-" "Mozilla/5.0 AppleWebKit/537.36 (KHTML, like Gecko; compatible; ClaudeBot/1.0; +claudebot@anthropic.com)"
216.73.216.176 - - [14/Aug/2026:06:51:14 +0000] "GET /sites/all/themes/hawell/tpl/header.tpl.php HTTP/1.1" 500 214 "-" "Mozilla/5.0 AppleWebKit/537.36 (KHTML, like Gecko; compatible; ClaudeBot/1.0; +claudebot@anthropic.com)"
216.73.216.176 - - [14/Aug/2026:06:51:14 +0000] "GET /sites/all/modules/rate/templates/yesno/ HTTP/1.1" 200 3898 "-" "Mozilla/5.0 AppleWebKit/537.36 (KHTML, like Gecko; compatible; ClaudeBot/1.0; +claudebot@anthropic.com)"
216.73.216.176 - - [14/Aug/2026:06:51:14 +0000] "GET /sites/all/modules/i18n/i18n_sync/i18n_sync.install HTTP/1.1" 200 1038 "-" "Mozilla/5.0 AppleWebKit/537.36 (KHTML, like Gecko; compatible; ClaudeBot/1.0; +claudebot@anthropic.com)"
216.73.216.176 - - [14/Aug/2026:06:51:15 +0000] "GET /sites/all/modules/jquery_update/replace/ui/?C=D&O=A HTTP/1.1" 200 3937 "-" "Mozilla/5.0 AppleWebKit/537.36 (KHTML, like Gecko; compatible; ClaudeBot/1.0; +claudebot@anthropic.com)"
216.73.216.176 - - [14/Aug/2026:06:51:16 +0000] "GET /sites/all/modules/context/theme/?C=S&O=D HTTP/1.1" 200 3919 "-" "Mozilla/5.0 AppleWebKit/537.36 (KHTML, like Gecko; compatible; ClaudeBot/1.0; +claudebot@anthropic.com)"
216.73.216.176 - - [14/Aug/2026:06:51:16 +0000] "GET /sites/all/modules/languageicons/flags/bg.png HTTP/1.1" 200 3526 "-" "Mozilla/5.0 AppleWebKit/537.36 (KHTML, like Gecko; compatible; ClaudeBot/1.0; +claudebot@anthropic.com)"
216.73.216.176 - - [14/Aug/2026:06:51:16 +0000] "GET /sites/all/modules/languageicons/flags/tg.png HTTP/1.1" 200 468 "-" "Mozilla/5.0 AppleWebKit/537.36 (KHTML, like Gecko; compatible; ClaudeBot/1.0; +claudebot@anthropic.com)"
216.73.216.176 - - [14/Aug/2026:06:51:17 +0000] "GET /sites/all/modules/i18nviews/includes/i18nviews_handler_argument_taxonomy_term_language.inc HTTP/1.1" 200 1008 "-" "Mozilla/5.0 AppleWebKit/537.36 (KHTML, like Gecko; compatible; ClaudeBot/1.0; +claudebot@anthropic.com)"
216.73.216.176 - - [14/Aug/2026:06:51:17 +0000] "GET /sites/all/modules/video_embed_field/video_embed_facebook/img/ HTTP/1.1" 200 3874 "-" "Mozilla/5.0 AppleWebKit/537.36 (KHTML, like Gecko; compatible; ClaudeBot/1.0; +claudebot@anthropic.com)"
216.73.216.176 - - [14/Aug/2026:06:51:17 +0000] "GET /sites/all/modules/webform_localization/includes/?C=S&O=D HTTP/1.1" 200 756 "-" "Mozilla/5.0 AppleWebKit/537.36 (KHTML, like Gecko; compatible; ClaudeBot/1.0; +claudebot@anthropic.com)"
216.73.216.176 - - [14/Aug/2026:06:51:17 +0000] "GET /misc/typo3/phar-stream-wrapper/src/Resolver/?C=N&O=A HTTP/1.1" 200 758 "-" "Mozilla/5.0 AppleWebKit/537.36 (KHTML, like Gecko; compatible; ClaudeBot/1.0; +claudebot@anthropic.com)"
216.73.216.176 - - [14/Aug/2026:06:51:17 +0000] "GET /sites/all/modules/media/js/media.popups.js HTTP/1.1" 200 3254 "-" "Mozilla/5.0 AppleWebKit/537.36 (KHTML, like Gecko; compatible; ClaudeBot/1.0; +claudebot@anthropic.com)"
216.73.216.176 - - [14/Aug/2026:06:51:17 +0000] "GET /sites/all/modules/i18n/i18n_path/i18n_path.inc HTTP/1.1" 200 1975 "-" "Mozilla/5.0 AppleWebKit/537.36 (KHTML, like Gecko; compatible; ClaudeBot/1.0; +claudebot@anthropic.com)"
216.73.216.176 - - [14/Aug/2026:06:51:17 +0000] "GET /sites/all/themes/hawell/tpl/block.tpl.php HTTP/1.1" 500 214 "-" "Mozilla/5.0 AppleWebKit/537.36 (KHTML, like Gecko; compatible; ClaudeBot/1.0; +claudebot@anthropic.com)"
216.73.216.176 - - [14/Aug/2026:06:51:17 +0000] "GET /sites/all/modules/commerce/contrib/entityreference/?C=N&O=D HTTP/1.1" 200 1087 "-" "Mozilla/5.0 AppleWebKit/537.36 (KHTML, like Gecko; compatible; ClaudeBot/1.0; +claudebot@anthropic.com)"
66.249.78.72 - - [14/Aug/2026:06:51:18 +0000] "GET /detail/380ab91382436 HTTP/1.1" 404 3673 "-" "Mozilla/5.0 (Linux; Android 6.0.1; Nexus 5X Build/MMB29P) AppleWebKit/537.36 (KHTML, like Gecko) Chrome/150.0.7871.186 Mobile Safari/537.36 (compatible; Googlebot/2.1; +http://www.google.com/bot.html)"
5.31.248.104 - - [14/Aug/2026:06:51:18 +0000] "POST /xmlrpc.php HTTP/1.1" 404 3673 "-" "Jetpack/12.0; WordPress/6.4; http://site57671992.com"
66.249.75.168 - - [14/Aug/2026:06:51:24 +0000] "GET /detail/2c07fb1417748 HTTP/1.1" 404 3672 "-" "Mozilla/5.0 (Linux; Android 6.0.1; Nexus 5X Build/MMB29P) AppleWebKit/537.36 (KHTML, like Gecko) Chrome/150.0.7871.186 Mobile Safari/537.36 (compatible; Googlebot/2.1; +http://www.google.com/bot.html)"
103.189.201.177 - - [14/Aug/2026:06:51:25 +0000] "POST /xmlrpc.php HTTP/1.1" 404 3673 "-" "WordPress.com; https://wordpress.com"
66.249.75.168 - - [14/Aug/2026:06:51:25 +0000] "GET /detail/5445503654382 HTTP/1.1" 404 536 "-" "Mozilla/5.0 (Linux; Android 6.0.1; Nexus 5X Build/MMB29P) AppleWebKit/537.36 (KHTML, like Gecko) Chrome/150.0.7871.186 Mobile Safari/537.36 (compatible; Googlebot/2.1; +http://www.google.com/bot.html)"
216.73.216.176 - - [14/Aug/2026:06:51:28 +0000] "GET /sites/all/modules/ctools/plugins/?C=N&O=A HTTP/1.1" 200 3925 "-" "Mozilla/5.0 AppleWebKit/537.36 (KHTML, like Gecko; compatible; ClaudeBot/1.0; +claudebot@anthropic.com)"
5.31.248.104 - - [14/Aug/2026:06:51:28 +0000] "POST /xmlrpc.php HTTP/1.1" 404 3673 "-" "WordPress.com; https://wordpress.com"
66.249.78.72 - - [14/Aug/2026:06:51:30 +0000] "GET /detail/b3b2e33174987 HTTP/1.1" 404 3673 "-" "Mozilla/5.0 (Linux; Android 6.0.1; Nexus 5X Build/MMB29P) AppleWebKit/537.36 (KHTML, like Gecko) Chrome/150.0.7871.186 Mobile Safari/537.36 (compatible; Googlebot/2.1; +http://www.google.com/bot.html)"
114.119.146.252 - - [14/Aug/2026:06:51:30 +0000] "GET /es/nova/caminando-de-la-mano-de-%E2%80%A6-felipe-castro%C2%A0para-hacer-la-ruta-de-la-casta%C3%B1a-y-de-la-miel HTTP/1.1" 404 3425 "https://concellodapobradobrollon.gal/es/node/450" "Mozilla/5.0 (Linux; Android 7.0;) AppleWebKit/537.36 (HTML, like Gecko) Mobile Safari/537.36 (compatible; PetalBot;+https://webmaster.petalsearch.com/site/petalbot)"
189.235.71.50 - - [14/Aug/2026:06:51:32 +0000] "GET http://concellodapobradobrollon.gal/detail/45ccf11902681 HTTP/1.1" 404 451 "-" "Mozilla/5.0 (Windows NT 10.0; Win64; x64) AppleWebKit/537.36 (KHTML, like Gecko) Chrome/149.0.0.0 Safari/537.36"
103.189.201.177 - - [14/Aug/2026:06:51:33 +0000] "POST /xmlrpc.php HTTP/1.1" 404 3674 "-" "Jetpack by WordPress.com (Jetpack 12.5; WordPress 6.3)"
216.73.216.176 - - [14/Aug/2026:06:51:33 +0000] "GET /sites/all/modules/ctools/ctools_ajax_sample/css/?C=N&O=D HTTP/1.1" 200 3871 "-" "Mozilla/5.0 AppleWebKit/537.36 (KHTML, like Gecko; compatible; ClaudeBot/1.0; +claudebot@anthropic.com)"
66.249.78.72 - - [14/Aug/2026:06:51:33 +0000] "GET /detail/626996808357 HTTP/1.1" 404 536 "-" "Mozilla/5.0 (Linux; Android 6.0.1; Nexus 5X Build/MMB29P) AppleWebKit/537.36 (KHTML, like Gecko) Chrome/150.0.7871.186 Mobile Safari/537.36 (compatible; Googlebot/2.1; +http://www.google.com/bot.html)"
66.249.78.72 - - [14/Aug/2026:06:51:36 +0000] "GET /detail/49143a3971314 HTTP/1.1" 404 536 "-" "Mozilla/5.0 (Linux; Android 6.0.1; Nexus 5X Build/MMB29P) AppleWebKit/537.36 (KHTML, like Gecko) Chrome/150.0.7871.186 Mobile Safari/537.36 (compatible; Googlebot/2.1; +http://www.google.com/bot.html)"
216.73.216.176 - - [14/Aug/2026:06:51:37 +0000] "GET /sites/all/modules/context/context_ui/theme/?C=N&O=D HTTP/1.1" 200 792 "-" "Mozilla/5.0 AppleWebKit/537.36 (KHTML, like Gecko; compatible; ClaudeBot/1.0; +claudebot@anthropic.com)"
5.31.248.104 - - [14/Aug/2026:06:51:39 +0000] "POST /xmlrpc.php HTTP/1.1" 404 3673 "-" "Jetpack/12.0; WordPress/6.2; http://site53539916.com"
188.114.222.94 - - [14/Aug/2026:06:51:41 +0000] "GET /detail/b877831506357 HTTP/1.1" 404 3692 "-" "Mozilla/5.0 (Windows NT 10.0; Win64; x64) AppleWebKit/537.36 (KHTML, like Gecko) Chrome/141.0.0.0 Safari/537.36"
216.73.216.176 - - [14/Aug/2026:06:51:42 +0000] "GET /sites/all/modules/webform_localization/tests/?C=D&O=D HTTP/1.1" 200 715 "-" "Mozilla/5.0 AppleWebKit/537.36 (KHTML, like Gecko; compatible; ClaudeBot/1.0; +claudebot@anthropic.com)"
66.249.78.72 - - [14/Aug/2026:06:51:44 +0000] "GET /detail/1842454999062 HTTP/1.1" 404 3674 "-" "Mozilla/5.0 (Linux; Android 6.0.1; Nexus 5X Build/MMB29P) AppleWebKit/537.36 (KHTML, like Gecko) Chrome/150.0.7871.186 Mobile Safari/537.36 (compatible; Googlebot/2.1; +http://www.google.com/bot.html)"
103.189.201.177 - - [14/Aug/2026:06:51:44 +0000] "POST /xmlrpc.php HTTP/1.1" 404 3674 "-" "WordPress.com; https://wordpress.com"
66.249.78.72 - - [14/Aug/2026:06:51:44 +0000] "GET /detail/37bd8d1033968 HTTP/1.1" 404 536 "-" "Mozilla/5.0 (Linux; Android 6.0.1; Nexus 5X Build/MMB29P) AppleWebKit/537.36 (KHTML, like Gecko) Chrome/150.0.7871.186 Mobile Safari/537.36 (compatible; Googlebot/2.1; +http://www.google.com/bot.html)"
66.249.78.72 - - [14/Aug/2026:06:51:45 +0000] "GET /detail/6e6411361596 HTTP/1.1" 404 536 "-" "Mozilla/5.0 (Linux; Android 6.0.1; Nexus 5X Build/MMB29P) AppleWebKit/537.36 (KHTML, like Gecko) Chrome/150.0.7871.186 Mobile Safari/537.36 (compatible; Googlebot/2.1; +http://www.google.com/bot.html)"
216.73.216.176 - - [14/Aug/2026:06:51:47 +0000] "GET /sites/all/modules/features/theme/?C=S&O=D HTTP/1.1" 200 739 "-" "Mozilla/5.0 AppleWebKit/537.36 (KHTML, like Gecko; compatible; ClaudeBot/1.0; +claudebot@anthropic.com)"
66.249.78.72 - - [14/Aug/2026:06:51:48 +0000] "GET /detail/ce37744411234 HTTP/1.1" 404 536 "-" "Mozilla/5.0 (Linux; Android 6.0.1; Nexus 5X Build/MMB29P) AppleWebKit/537.36 (KHTML, like Gecko) Chrome/150.0.7871.186 Mobile Safari/537.36 (compatible; Googlebot/2.1; +http://www.google.com/bot.html)"
5.31.248.104 - - [14/Aug/2026:06:51:50 +0000] "POST /xmlrpc.php HTTP/1.1" 404 3672 "-" "Jetpack/13.0; WordPress/6.2; http://site35340530.com"
103.189.201.177 - - [14/Aug/2026:06:51:54 +0000] "POST /xmlrpc.php HTTP/1.1" 404 3673 "-" "Jetpack by WordPress.com (Jetpack 13.0; WordPress 6.4)"
66.249.78.72 - - [14/Aug/2026:06:51:54 +0000] "GET /detail/214e802122675 HTTP/1.1" 404 3673 "-" "Mozilla/5.0 (Linux; Android 6.0.1; Nexus 5X Build/MMB29P) AppleWebKit/537.36 (KHTML, like Gecko) Chrome/150.0.7871.186 Mobile Safari/537.36 (compatible; Googlebot/2.1; +http://www.google.com/bot.html)"
216.73.216.176 - - [14/Aug/2026:06:51:58 +0000] "GET /sites/all/modules/views/plugins/?C=D&O=D HTTP/1.1" 200 4587 "-" "Mozilla/5.0 AppleWebKit/537.36 (KHTML, like Gecko; compatible; ClaudeBot/1.0; +claudebot@anthropic.com)"
5.31.248.104 - - [14/Aug/2026:06:52:00 +0000] "POST /xmlrpc.php HTTP/1.1" 404 3673 "-" "Jetpack/12.5; WordPress/6.3; http://site96792405.com"
66.249.78.73 - - [14/Aug/2026:06:52:00 +0000] "GET /detail/9783f92757262 HTTP/1.1" 404 3674 "-" "Mozilla/5.0 (Linux; Android 6.0.1; Nexus 5X Build/MMB29P) AppleWebKit/537.36 (KHTML, like Gecko) Chrome/150.0.7871.186 Mobile Safari/537.36 (compatible; Googlebot/2.1; +http://www.google.com/bot.html)"
216.73.216.176 - - [14/Aug/2026:06:52:03 +0000] "GET /sites/all/modules/i18n/i18n_block/i18n_block.module HTTP/1.1" 200 13228 "-" "Mozilla/5.0 AppleWebKit/537.36 (KHTML, like Gecko; compatible; ClaudeBot/1.0; +claudebot@anthropic.com)"
185.191.171.16 - - [14/Aug/2026:06:52:03 +0000] "GET /es/es/es/es/es/es/es/es/es/es/es/es/es/es/es/es/es/es/es/es/es/es/es/es/es/es/es/es/es/es/es/es/es/es/es/es/es/es/es/es/es/es/es/es/es/es/es/es/es/es/es/es/es/es/es/es/es/es/es/es/es/es/es/es/es/es/es/es/es/es/es/es/es/es/es/es/es/es/es/es/es/es/es/es/es/es/es/es/es/es/es/es/es/es/es/es/es/es/es/es/es/es/es/es/es/es/es/es/es/es/es/es/es/es/es/es/es/es/es/es/es/es/es/es/es/es/es/es/es/es/es/es/es/es/es/es/es/es/es/nova/fin-de-semana-canino HTTP/1.1" 404 3635 "-" "Mozilla/5.0 (compatible; SemrushBot/7~bl; +http://www.semrush.com/bot.html)"
185.191.171.9 - - [14/Aug/2026:06:52:05 +0000] "GET /es/es/es/es/es/es/es/es/es/es/es/es/es/es/es/es/es/es/es/es/es/es/es/es/es/es/es/es/es/es/es/es/es/es/es/es/es/es/es/es/es/es/es/es/es/es/es/es/es/es/es/es/es/es/es/es/es/es/es/es/es/es/es/es/es/es/es/es/es/es/es/es/es/es/es/es/es/es/es/es/es/es/es/es/es/es/es/es/es/es/es/es/es/es/es/es/es/es/es/es/es/es/es/es/es/es/es/es/es/es/es/es/es/es/es/es/es/es/es/es/es/es/es/es/es/es/es/es/es/es/es/es/es/es/es/es/es/es/es/es/es/es/es/es/es/es/es/es/es/es/es/es/es/es/es/es/es/es/es/es/es/es/es/es/es/es/es/es/es/es/es/es/es/es/es/es/es/es/es/es/es/es/es/es/es/es/tags/campo-de-traballo HTTP/1.1" 404 3635 "-" "Mozilla/5.0 (compatible; SemrushBot/7~bl; +http://www.semrush.com/bot.html)"
103.189.201.177 - - [14/Aug/2026:06:52:05 +0000] "POST /xmlrpc.php HTTP/1.1" 404 3674 "-" "Jetpack/12.5; WordPress/6.4; http://site15001017.com"
170.84.181.222 - - [14/Aug/2026:06:52:06 +0000] "GET /detail/5a30f52065932 HTTP/1.1" 404 3693 "-" "Mozilla/5.0 (Windows NT 10.0; Win64; x64) AppleWebKit/537.36 (KHTML, like Gecko) Chrome/140.0.0.0 Safari/537.36"
66.249.78.73 - - [14/Aug/2026:06:52:07 +0000] "GET /detail/947b054109381 HTTP/1.1" 404 3672 "-" "Mozilla/5.0 (Linux; Android 6.0.1; Nexus 5X Build/MMB29P) AppleWebKit/537.36 (KHTML, like Gecko) Chrome/150.0.7871.186 Mobile Safari/537.36 (compatible; Googlebot/2.1; +http://www.google.com/bot.html)"
216.73.216.176 - - [14/Aug/2026:06:52:08 +0000] "GET /sites/all/modules/ctools/plugins/arguments/?C=D&O=A HTTP/1.1" 200 852 "-" "Mozilla/5.0 AppleWebKit/537.36 (KHTML, like Gecko; compatible; ClaudeBot/1.0; +claudebot@anthropic.com)"
144.124.196.8 - - [14/Aug/2026:06:52:11 +0000] "GET http://concellodapobradobrollon.gal/detail/c3b3444466739 HTTP/1.1" 404 451 "-" "Mozilla/5.0 (Macintosh; Intel Mac OS X 10_15_7) AppleWebKit/537.36 (KHTML, like Gecko) Chrome/138.0.0.0 Safari/537.36"
5.31.248.104 - - [14/Aug/2026:06:52:11 +0000] "POST /xmlrpc.php HTTP/1.1" 404 3673 "-" "Jetpack by WordPress.com (Jetpack 12.5; WordPress 6.3)"
216.73.216.176 - - [14/Aug/2026:06:52:13 +0000] "GET /sites/all/modules/ctools/plugins/access/?C=D&O=A HTTP/1.1" 200 1066 "-" "Mozilla/5.0 AppleWebKit/537.36 (KHTML, like Gecko; compatible; ClaudeBot/1.0; +claudebot@anthropic.com)"
66.249.78.72 - - [14/Aug/2026:06:52:13 +0000] "GET /detail/30c392271306 HTTP/1.1" 404 3673 "-" "Mozilla/5.0 (Linux; Android 6.0.1; Nexus 5X Build/MMB29P) AppleWebKit/537.36 (KHTML, like Gecko) Chrome/150.0.7871.186 Mobile Safari/537.36 (compatible; Googlebot/2.1; +http://www.google.com/bot.html)"
103.189.201.177 - - [14/Aug/2026:06:52:16 +0000] "POST /xmlrpc.php HTTP/1.1" 404 3672 "-" "Jetpack by WordPress.com"
66.249.78.72 - - [14/Aug/2026:06:52:17 +0000] "GET /detail/833a624140276 HTTP/1.1" 404 3674 "-" "Mozilla/5.0 (Linux; Android 6.0.1; Nexus 5X Build/MMB29P) AppleWebKit/537.36 (KHTML, like Gecko) Chrome/150.0.7871.186 Mobile Safari/537.36 (compatible; Googlebot/2.1; +http://www.google.com/bot.html)"
66.249.78.72 - - [14/Aug/2026:06:52:19 +0000] "GET /detail/68bce91460423 HTTP/1.1" 404 536 "-" "Mozilla/5.0 (Linux; Android 6.0.1; Nexus 5X Build/MMB29P) AppleWebKit/537.36 (KHTML, like Gecko) Chrome/150.0.7871.186 Mobile Safari/537.36 (compatible; Googlebot/2.1; +http://www.google.com/bot.html)"
5.31.248.104 - - [14/Aug/2026:06:52:21 +0000] "POST /xmlrpc.php HTTP/1.1" 404 3674 "-" "WordPress.com; https://wordpress.com"
216.73.216.176 - - [14/Aug/2026:06:52:23 +0000] "GET /sites/all/modules/ctools/tests/ctools_export_test/?C=N&O=D HTTP/1.1" 200 3937 "-" "Mozilla/5.0 AppleWebKit/537.36 (KHTML, like Gecko; compatible; ClaudeBot/1.0; +claudebot@anthropic.com)"
66.249.78.72 - - [14/Aug/2026:06:52:25 +0000] "GET /detail/367cf11553795 HTTP/1.1" 404 3673 "-" "Mozilla/5.0 (Linux; Android 6.0.1; Nexus 5X Build/MMB29P) AppleWebKit/537.36 (KHTML, like Gecko) Chrome/150.0.7871.186 Mobile Safari/537.36 (compatible; Googlebot/2.1; +http://www.google.com/bot.html)"
14.188.182.196 - - [14/Aug/2026:06:52:26 +0000] "GET /gl/nova/servizo-de-recollida-domiciliaria-de-residuos-partir-do-13-de-abril HTTP/1.1" 404 3410 "-" "Mozilla/5.0 (Windows NT 10.0; Win64; x64) AppleWebKit/537.36 (KHTML, like Gecko) Chrome/103.0.0.0 Safari/537.36"
103.189.201.177 - - [14/Aug/2026:06:52:27 +0000] "POST /xmlrpc.php HTTP/1.1" 404 3674 "-" "Jetpack/12.1; WordPress/6.1; http://site57547029.com"
185.191.171.18 - - [14/Aug/2026:06:52:27 +0000] "GET /gl?c=pok%C3%A9mon-card-display-pokemon-decor-pokemon-craft-pokemon-diy-cc-a6Le06hY HTTP/1.1" 404 470 "-" "Mozilla/5.0 (compatible; SemrushBot/7~bl; +http://www.semrush.com/bot.html)"
216.73.216.176 - - [14/Aug/2026:06:52:28 +0000] "GET /sites/all/modules/context/context_layouts/plugins/?C=S&O=A HTTP/1.1" 200 767 "-" "Mozilla/5.0 AppleWebKit/537.36 (KHTML, like Gecko; compatible; ClaudeBot/1.0; +claudebot@anthropic.com)"
176.20.156.230 - - [14/Aug/2026:06:52:29 +0000] "GET /gl/nova/comeza-segunda-fase-de-co%C3%B1ece-o-teu-cami%C3%B1o-paso-paso HTTP/1.1" 404 3687 "-" "Mozilla/5.0 (X11; Linux x86_64) AppleWebKit/537.36 (KHTML, like Gecko) Chrome/150.0.0.0 Safari/537.36"
85.208.96.194 - - [14/Aug/2026:06:52:29 +0000] "GET /en/en/en/en/en/en/en/en/en/en/en/en/en/en/en/en/en/en/en/en/en/en/en/en/en/en/en/en/en/en/en/en/en/en/en/en/en/en/en/en/en/en/en/en/en/en/en/en/en/en/en/en/en/en/en/en/en/en/en/en/en/en/en/en/en/en/en/en/en/en/en/en/en/en/en/en/en/en/en/en/en/en/en/en/en/en/en/en/en/en/en/en/en/en/en/en/en/en/en/en/en/en/en/en/en/en/en/en/en/en/en/en/en/en/en/en/en/en/tags/mago HTTP/1.1" 404 3636 "-" "Mozilla/5.0 (compatible; SemrushBot/7~bl; +http://www.semrush.com/bot.html)"
176.20.156.230 - - [14/Aug/2026:06:52:29 +0000] "GET /favicon.ico HTTP/1.1" 404 536 "https://concellodapobradobrollon.gal/gl/nova/comeza-segunda-fase-de-co%C3%B1ece-o-teu-cami%C3%B1o-paso-paso" "Mozilla/5.0 (X11; Linux x86_64) AppleWebKit/537.36 (KHTML, like Gecko) Chrome/150.0.0.0 Safari/537.36"
85.208.96.204 - - [14/Aug/2026:06:52:31 +0000] "GET /en/node/2030 HTTP/1.1" 404 470 "-" "Mozilla/5.0 (compatible; SemrushBot/7~bl; +http://www.semrush.com/bot.html)"
66.249.75.168 - - [14/Aug/2026:06:52:31 +0000] "GET /detail/59d2313014239 HTTP/1.1" 404 3673 "-" "Mozilla/5.0 (Linux; Android 6.0.1; Nexus 5X Build/MMB29P) AppleWebKit/537.36 (KHTML, like Gecko) Chrome/150.0.7871.186 Mobile Safari/537.36 (compatible; Googlebot/2.1; +http://www.google.com/bot.html)"
5.31.248.104 - - [14/Aug/2026:06:52:32 +0000] "POST /xmlrpc.php HTTP/1.1" 404 3673 "-" "Jetpack by WordPress.com (Jetpack 12.5; WordPress 6.1)"
216.73.216.176 - - [14/Aug/2026:06:52:33 +0000] "GET /sites/all/modules/languageicons/flags/sk.png HTTP/1.1" 200 517 "-" "Mozilla/5.0 AppleWebKit/537.36 (KHTML, like Gecko; compatible; ClaudeBot/1.0; +claudebot@anthropic.com)"
103.189.201.177 - - [14/Aug/2026:06:52:37 +0000] "POST /xmlrpc.php HTTP/1.1" 404 3673 "-" "Jetpack by WordPress.com (Jetpack 12.0; WordPress 6.4)"
66.249.75.168 - - [14/Aug/2026:06:52:38 +0000] "GET /detail/c8bafc1792572 HTTP/1.1" 404 3673 "-" "Mozilla/5.0 (Linux; Android 6.0.1; Nexus 5X Build/MMB29P) AppleWebKit/537.36 (KHTML, like Gecko) Chrome/150.0.7871.186 Mobile Safari/537.36 (compatible; Googlebot/2.1; +http://www.google.com/bot.html)"
216.73.216.176 - - [14/Aug/2026:06:52:38 +0000] "GET /sites/all/modules/commerce/contrib/commerce_coupon/commerce_coupon.rules_defaults.inc HTTP/1.1" 200 3003 "-" "Mozilla/5.0 AppleWebKit/537.36 (KHTML, like Gecko; compatible; ClaudeBot/1.0; +claudebot@anthropic.com)"
5.31.248.104 - - [14/Aug/2026:06:52:42 +0000] "POST /xmlrpc.php HTTP/1.1" 404 3673 "-" "Jetpack/13.0; WordPress/6.3; http://site64615741.com"
216.73.216.176 - - [14/Aug/2026:06:52:43 +0000] "GET /sites/all/modules/entity/views/plugins/?C=M&O=A HTTP/1.1" 200 725 "-" "Mozilla/5.0 AppleWebKit/537.36 (KHTML, like Gecko; compatible; ClaudeBot/1.0; +claudebot@anthropic.com)"
66.249.78.72 - - [14/Aug/2026:06:52:43 +0000] "GET /detail/d731844007144 HTTP/1.1" 404 3673 "-" "Mozilla/5.0 (Linux; Android 6.0.1; Nexus 5X Build/MMB29P) AppleWebKit/537.36 (KHTML, like Gecko) Chrome/150.0.7871.186 Mobile Safari/537.36 (compatible; Googlebot/2.1; +http://www.google.com/bot.html)"
66.249.78.72 - - [14/Aug/2026:06:52:43 +0000] "GET /detail/9d6d41824828 HTTP/1.1" 404 536 "-" "Mozilla/5.0 (Linux; Android 6.0.1; Nexus 5X Build/MMB29P) AppleWebKit/537.36 (KHTML, like Gecko) Chrome/150.0.7871.186 Mobile Safari/537.36 (compatible; Googlebot/2.1; +http://www.google.com/bot.html)"
66.249.78.72 - - [14/Aug/2026:06:52:44 +0000] "GET /detail/0964412365351 HTTP/1.1" 404 536 "-" "Mozilla/5.0 (Linux; Android 6.0.1; Nexus 5X Build/MMB29P) AppleWebKit/537.36 (KHTML, like Gecko) Chrome/150.0.7871.186 Mobile Safari/537.36 (compatible; Googlebot/2.1; +http://www.google.com/bot.html)"
185.191.171.9 - - [14/Aug/2026:06:52:44 +0000] "GET /en/en/en/en/en/en/en/en/en/en/en/en/en/en/en/en/en/en/en/en/en/en/en/en/en/en/en/en/en/en/en/en/en/en/en/en/en/en/en/en/en/en/en/en/en/en/en/en/en/en/en/en/en/en/en/en/en/en/en/en/en/en/en/en/en/en/en/en/en/en/en/en/en/en/en/en/en/en/en/en/en/en/en/en/en/en/en/en/en/en/en/en/en/en/en/en/en/en/en/en/en/en/en/en/en/en/en/en/en/en/en/en/en/en/en/en/en/en/en/en/en/en/en/en/en/en/en/en/en/en/en/en/en/en/en/en/en/en/en/en/en/en/en/en/en/en/en/en/en/en/tags/cata HTTP/1.1" 404 3637 "-" "Mozilla/5.0 (compatible; SemrushBot/7~bl; +http://www.semrush.com/bot.html)"
187.255.223.110 - - [14/Aug/2026:06:52:46 +0000] "GET /detail/d839d44851982 HTTP/1.1" 404 3692 "-" "Mozilla/5.0 (Windows NT 10.0; Win64; x64) AppleWebKit/537.36 (KHTML, like Gecko) Chrome/138.0.0.0 Safari/537.36"
123.21.80.253 - - [14/Aug/2026:06:52:46 +0000] "GET http://concellodapobradobrollon.gal/detail/4029b9382666 HTTP/1.1" 404 507 "-" "Mozilla/5.0 (Macintosh; Intel Mac OS X 11_2_1) AppleWebKit/537.36 (KHTML, like Gecko) Brave Chrome/88.0.4324.182 Safari/537.36"
103.189.201.177 - - [14/Aug/2026:06:52:48 +0000] "POST /xmlrpc.php HTTP/1.1" 404 3673 "-" "Jetpack by WordPress.com (Jetpack 12.0; WordPress 6.4)"
216.73.216.176 - - [14/Aug/2026:06:52:48 +0000] "GET /sites/all/modules/webform/css/?C=N&O=A HTTP/1.1" 200 719 "-" "Mozilla/5.0 AppleWebKit/537.36 (KHTML, like Gecko; compatible; ClaudeBot/1.0; +claudebot@anthropic.com)"
185.191.171.10 - - [14/Aug/2026:06:52:48 +0000] "GET /en/en/en/en/en/en/en/en/en/en/en/en/en/en/en/en/en/en/en/en/en/en/en/en/en/en/en/en/en/en/en/en/en/en/en/en/en/en/en/en/en/en/en/en/en/en/en/en/en/en/en/en/en/en/en/en/en/en/en/en/en/en/en/en/en/en/en/en/en/en/en/en/en/en/en/en/en/en/en/en/en/en/en/en/en/en/en/en/en/en/en/en/en/en/en/en/en/en/en/en/en/en/en/en/en/en/en/en/en/en/en/en/en/en/en/en/en/en/en/en/en/en/en/en/en/en/en/en/en/en/en/en/node/1529 HTTP/1.1" 404 3636 "-" "Mozilla/5.0 (compatible; SemrushBot/7~bl; +http://www.semrush.com/bot.html)"
66.249.78.72 - - [14/Aug/2026:06:52:49 +0000] "GET /detail/39642a4239854 HTTP/1.1" 404 3673 "-" "Mozilla/5.0 (Linux; Android 6.0.1; Nexus 5X Build/MMB29P) AppleWebKit/537.36 (KHTML, like Gecko) Chrome/150.0.7871.186 Mobile Safari/537.36 (compatible; Googlebot/2.1; +http://www.google.com/bot.html)"
185.191.171.6 - - [14/Aug/2026:06:52:50 +0000] "GET /en/en/en/en/en/en/en/en/en/en/en/en/en/en/en/en/en/en/en/en/en/en/en/en/en/en/en/en/en/en/en/en/en/en/en/en/en/en/en/en/en/en/en/en/en/en/en/en/en/en/en/en/en/en/en/en/en/en/en/en/en/en/en/en/en/en/en/en/en/en/en/en/en/en/en/en/en/en/en/en/en/en/en/en/en/en/en/en/en/en/en/en/en/en/en/en/en/en/en/en/en/en/en/en/en/en/en/en/en/en/en/en/en/en/en/en/en/en/en/node/1703 HTTP/1.1" 404 3635 "-" "Mozilla/5.0 (compatible; SemrushBot/7~bl; +http://www.semrush.com/bot.html)"
185.191.171.19 - - [14/Aug/2026:06:52:51 +0000] "GET /es/es/es/es/es/es/es/es/es/es/es/es/es/es/es/es/es/es/es/es/es/es/es/es/es/es/es/es/es/es/es/es/es/es/es/es/es/es/es/es/es/es/es/es/es/es/es/es/es/es/es/es/es/es/es/es/es/es/es/es/es/es/es/es/es/es/es/es/es/es/es/es/es/es/es/es/es/es/es/es/es/es/es/es/es/es/es/es/es/es/es/es/es/es/es/es/es/es/es/es/es/es/es/es/es/es/es/es/es/es/es/es/es/es/es/es/es/es/es/es/es/es/es/es/es/es/es/es/es/es/es/es/es/es/es/nova/informaci%C3%B3n-sobre-el-taller-dual-de-empleo-broll%C3%B3n-o-incio-b%C3%B3veda HTTP/1.1" 404 3636 "-" "Mozilla/5.0 (compatible; SemrushBot/7~bl; +http://www.semrush.com/bot.html)"
216.73.216.176 - - [14/Aug/2026:06:52:53 +0000] "GET /sites/all/modules/languageicons/flags/km.png HTTP/1.1" 200 531 "-" "Mozilla/5.0 AppleWebKit/537.36 (KHTML, like Gecko; compatible; ClaudeBot/1.0; +claudebot@anthropic.com)"
5.31.248.104 - - [14/Aug/2026:06:52:53 +0000] "POST /xmlrpc.php HTTP/1.1" 404 3674 "-" "Jetpack by WordPress.com (Jetpack 13.0; WordPress 6.3)"
114.119.130.168 - - [14/Aug/2026:06:52:54 +0000] "GET /sites/default/files/Concentracion%20en%20negro%20insta%20%28Post%20de%20Instagram%20%2845%29%29%20copy.png HTTP/1.1" 404 3425 "https://concellodapobradobrollon.gal/es/tags/igualdad" "Mozilla/5.0 (Linux; Android 7.0;) AppleWebKit/537.36 (HTML, like Gecko) Mobile Safari/537.36 (compatible; PetalBot;+https://webmaster.petalsearch.com/site/petalbot)"
66.249.78.72 - - [14/Aug/2026:06:52:56 +0000] "GET /detail/b600c24047819 HTTP/1.1" 404 3674 "-" "Mozilla/5.0 (Linux; Android 6.0.1; Nexus 5X Build/MMB29P) AppleWebKit/537.36 (KHTML, like Gecko) Chrome/150.0.7871.186 Mobile Safari/537.36 (compatible; Googlebot/2.1; +http://www.google.com/bot.html)"
216.73.216.176 - - [14/Aug/2026:06:52:58 +0000] "GET /sites/all/modules/entity/includes/?C=M&O=D HTTP/1.1" 200 769 "-" "Mozilla/5.0 AppleWebKit/537.36 (KHTML, like Gecko; compatible; ClaudeBot/1.0; +claudebot@anthropic.com)"
103.189.201.177 - - [14/Aug/2026:06:52:59 +0000] "POST /xmlrpc.php HTTP/1.1" 404 3673 "-" "Jetpack/12.5; WordPress/6.3; http://site40742863.com"
161.153.17.109 - - [14/Aug/2026:06:53:01 +0000] "GET /es/node/689 HTTP/1.1" 404 451 "-" "Scrapy/2.17.0 (+https://scrapy.org)"
66.249.78.64 - - [14/Aug/2026:06:53:02 +0000] "GET /detail/dca4084930559 HTTP/1.1" 404 3673 "-" "Mozilla/5.0 (Linux; Android 6.0.1; Nexus 5X Build/MMB29P) AppleWebKit/537.36 (KHTML, like Gecko) Chrome/150.0.7871.186 Mobile Safari/537.36 (compatible; Googlebot/2.1; +http://www.google.com/bot.html)"
216.73.216.176 - - [14/Aug/2026:06:53:03 +0000] "GET /modules/simpletest/tests/psr_0_test/lib/?C=N&O=A HTTP/1.1" 200 703 "-" "Mozilla/5.0 AppleWebKit/537.36 (KHTML, like Gecko; compatible; ClaudeBot/1.0; +claudebot@anthropic.com)"
5.31.248.104 - - [14/Aug/2026:06:53:03 +0000] "POST /xmlrpc.php HTTP/1.1" 404 3674 "-" "WordPress.com; https://wordpress.com"
216.73.216.176 - - [14/Aug/2026:06:53:08 +0000] "GET /sites/all/themes/hawell/js/jquery.equalheights.js HTTP/1.1" 200 3865 "-" "Mozilla/5.0 AppleWebKit/537.36 (KHTML, like Gecko; compatible; ClaudeBot/1.0; +claudebot@anthropic.com)"
66.249.78.73 - - [14/Aug/2026:06:53:08 +0000] "GET /detail/1f2c581777873 HTTP/1.1" 404 3673 "-" "Mozilla/5.0 (Linux; Android 6.0.1; Nexus 5X Build/MMB29P) AppleWebKit/537.36 (KHTML, like Gecko) Chrome/150.0.7871.186 Mobile Safari/537.36 (compatible; Googlebot/2.1; +http://www.google.com/bot.html)"
66.249.78.73 - - [14/Aug/2026:06:53:09 +0000] "GET /detail/2568504389566 HTTP/1.1" 404 536 "-" "Mozilla/5.0 (Linux; Android 6.0.1; Nexus 5X Build/MMB29P) AppleWebKit/537.36 (KHTML, like Gecko) Chrome/150.0.7871.186 Mobile Safari/537.36 (compatible; Googlebot/2.1; +http://www.google.com/bot.html)"
103.189.201.177 - - [14/Aug/2026:06:53:09 +0000] "POST /xmlrpc.php HTTP/1.1" 404 3673 "-" "WordPress.com; https://wordpress.com"
185.191.171.14 - - [14/Aug/2026:06:53:10 +0000] "GET /es/es/es/es/es/es/es/es/es/es/es/es/es/es/es/es/es/es/es/es/es/es/es/es/es/es/es/es/es/es/es/es/es/es/es/es/es/es/es/es/es/es/es/es/es/es/es/es/es/es/es/es/es/es/es/es/es/es/es/es/es/es/es/es/es/es/es/es/es/es/es/es/es/es/es/es/es/es/es/es/es/es/es/es/es/es/es/es/es/es/es/es/es/es/es/es/es/es/es/es/es/es/es/es/es/es/es/es/es/es/es/es/es/es/es/es/es/es/es/es/es/es/es/es/es/es/es/es/es/es/es/es/es/es/es/es/es/es/es/es/es/es/es/es/es/es/es/es/es/es/es/es/es/nova/comienza-el-cuarto-campo-de-voluntariado-en-el-castro-de-san-lourenzo HTTP/1.1" 404 470 "-" "Mozilla/5.0 (compatible; SemrushBot/7~bl; +http://www.semrush.com/bot.html)"
47.128.41.92 - - [14/Aug/2026:06:53:12 +0000] "GET /en/blog HTTP/1.1" 301 629 "-" "Mozilla/5.0 (Linux; Android 5.0) AppleWebKit/537.36 (KHTML, like Gecko) Mobile Safari/537.36 (compatible; Bytespider; https://bytedance.sg.larkoffice.com/docx/K5bxdypulop3IIxrJb0lOjLVgFe)"
47.128.41.92 - - [14/Aug/2026:06:53:12 +0000] "GET /en/blog HTTP/1.1" 404 507 "-" "Mozilla/5.0 (Linux; Android 5.0) AppleWebKit/537.36 (KHTML, like Gecko) Mobile Safari/537.36 (compatible; Bytespider; https://bytedance.sg.larkoffice.com/docx/K5bxdypulop3IIxrJb0lOjLVgFe)"
216.73.216.176 - - [14/Aug/2026:06:53:13 +0000] "GET /sites/all/modules/ctools/help/?C=D&O=D HTTP/1.1" 200 1061 "-" "Mozilla/5.0 AppleWebKit/537.36 (KHTML, like Gecko; compatible; ClaudeBot/1.0; +claudebot@anthropic.com)"
66.249.78.72 - - [14/Aug/2026:06:53:14 +0000] "GET /detail/111d102288766 HTTP/1.1" 404 3672 "-" "Mozilla/5.0 (Linux; Android 6.0.1; Nexus 5X Build/MMB29P) AppleWebKit/537.36 (KHTML, like Gecko) Chrome/150.0.7871.186 Mobile Safari/537.36 (compatible; Googlebot/2.1; +http://www.google.com/bot.html)"
5.31.248.104 - - [14/Aug/2026:06:53:14 +0000] "POST /xmlrpc.php HTTP/1.1" 404 3674 "-" "Jetpack by WordPress.com (Jetpack 12.1; WordPress 6.2)"
216.73.216.176 - - [14/Aug/2026:06:53:18 +0000] "GET /sites/all/modules/multiblock/?C=S&O=D HTTP/1.1" 200 787 "-" "Mozilla/5.0 AppleWebKit/537.36 (KHTML, like Gecko; compatible; ClaudeBot/1.0; +claudebot@anthropic.com)"
103.189.201.177 - - [14/Aug/2026:06:53:20 +0000] "POST /xmlrpc.php HTTP/1.1" 404 3673 "-" "Jetpack by WordPress.com"
66.249.78.72 - - [14/Aug/2026:06:53:20 +0000] "GET /detail/0e09681119565 HTTP/1.1" 404 3674 "-" "Mozilla/5.0 (Linux; Android 6.0.1; Nexus 5X Build/MMB29P) AppleWebKit/537.36 (KHTML, like Gecko) Chrome/150.0.7871.186 Mobile Safari/537.36 (compatible; Googlebot/2.1; +http://www.google.com/bot.html)"
66.249.78.72 - - [14/Aug/2026:06:53:20 +0000] "GET /detail/35103358100 HTTP/1.1" 404 536 "-" "Mozilla/5.0 (Linux; Android 6.0.1; Nexus 5X Build/MMB29P) AppleWebKit/537.36 (KHTML, like Gecko) Chrome/150.0.7871.186 Mobile Safari/537.36 (compatible; Googlebot/2.1; +http://www.google.com/bot.html)"
216.73.216.176 - - [14/Aug/2026:06:53:23 +0000] "GET /sites/all/modules/ctools/views_content/plugins/?C=D&O=A HTTP/1.1" 200 747 "-" "Mozilla/5.0 AppleWebKit/537.36 (KHTML, like Gecko; compatible; ClaudeBot/1.0; +claudebot@anthropic.com)"
66.249.75.168 - - [14/Aug/2026:06:53:23 +0000] "GET /detail/238e98722482 HTTP/1.1" 404 3673 "-" "Mozilla/5.0 (Linux; Android 6.0.1; Nexus 5X Build/MMB29P) AppleWebKit/537.36 (KHTML, like Gecko) Chrome/150.0.7871.186 Mobile Safari/537.36 (compatible; Googlebot/2.1; +http://www.google.com/bot.html)"
5.31.248.104 - - [14/Aug/2026:06:53:25 +0000] "POST /xmlrpc.php HTTP/1.1" 404 3672 "-" "Jetpack by WordPress.com (Jetpack 12.1; WordPress 6.1)"
216.73.216.176 - - [14/Aug/2026:06:53:28 +0000] "GET /sites/all/modules/views/images/overridden.gif HTTP/1.1" 200 432 "-" "Mozilla/5.0 AppleWebKit/537.36 (KHTML, like Gecko; compatible; ClaudeBot/1.0; +claudebot@anthropic.com)"
66.249.78.72 - - [14/Aug/2026:06:53:28 +0000] "GET /detail/9099e62749010 HTTP/1.1" 404 3674 "-" "Mozilla/5.0 (Linux; Android 6.0.1; Nexus 5X Build/MMB29P) AppleWebKit/537.36 (KHTML, like Gecko) Chrome/150.0.7871.186 Mobile Safari/537.36 (compatible; Googlebot/2.1; +http://www.google.com/bot.html)"
187.14.33.37 - - [14/Aug/2026:06:53:30 +0000] "GET /gl/nova/unidade-m%C3%B3bil-de-doaz%C3%B3n-de-sangue-chega-%C3%A1-pobra-o-luns-8-de-novembro HTTP/1.1" 404 451 "-" "Mozilla/5.0 (Macintosh; Intel Mac OS X 10_15_7) AppleWebKit/537.36 (KHTML, like Gecko) Chrome/146.0.0.0 Safari/537.36"
45.183.112.133 - - [14/Aug/2026:06:53:30 +0000] "GET /gl/tags/biomasa HTTP/1.1" 404 451 "-" "Mozilla/5.0 (Macintosh; Intel Mac OS X 10_15_7) AppleWebKit/537.36 (KHTML, like Gecko) Chrome/146.0.0.0 Safari/537.36"
103.189.201.177 - - [14/Aug/2026:06:53:30 +0000] "POST /xmlrpc.php HTTP/1.1" 404 3673 "-" "Jetpack by WordPress.com (Jetpack 13.0; WordPress 6.3)"
185.191.171.4 - - [14/Aug/2026:06:53:31 +0000] "GET /gl/gl/gl/gl/gl/gl/gl/gl/gl/gl/gl/gl/gl/gl/gl/gl/gl/gl/gl/gl/gl/gl/gl/gl/gl/gl/gl/gl/gl/gl/gl/gl/gl/gl/gl/gl/gl/gl/gl/gl/gl/gl/gl/gl/gl/gl/gl/gl/gl/gl/gl/gl/gl/gl/gl/gl/gl/gl/gl/gl/gl/gl/gl/gl/gl/gl/gl/gl/gl/gl/gl/gl/gl/gl/gl/gl/gl/gl/gl/gl/gl/gl/gl/gl/gl/gl/gl/gl/gl/gl/gl/gl/gl/gl/gl/gl/gl/gl/gl/gl/gl/gl/gl/gl/gl/gl/gl/gl/gl/gl/gl/gl/gl/gl/gl/gl/gl/gl/gl/gl/gl/gl/gl/gl/gl/gl/gl/gl/gl/gl/gl/gl/gl/gl/gl/gl/gl/gl/gl/gl/gl/gl/gl/gl/gl/gl/gl/gl/gl/gl/gl/gl/gl/gl/gl/gl/gl/gl/gl/gl/tags/teatro HTTP/1.1" 404 3637 "-" "Mozilla/5.0 (compatible; SemrushBot/7~bl; +http://www.semrush.com/bot.html)"
77.248.236.121 - - [14/Aug/2026:06:53:32 +0000] "GET /detail/29692d2106976 HTTP/1.1" 404 3478 "-" "Mozilla/5.0 (Macintosh; Intel Mac OS X 10_15_7) AppleWebKit/537.36 (KHTML, like Gecko) Chrome/119.0.0.0 Safari/537.36"
66.249.78.72 - - [14/Aug/2026:06:53:32 +0000] "GET /detail/c575364814233 HTTP/1.1" 404 3674 "-" "Mozilla/5.0 (Linux; Android 6.0.1; Nexus 5X Build/MMB29P) AppleWebKit/537.36 (KHTML, like Gecko) Chrome/150.0.7871.186 Mobile Safari/537.36 (compatible; Googlebot/2.1; +http://www.google.com/bot.html)"
216.73.216.176 - - [14/Aug/2026:06:53:33 +0000] "GET /sites/all/modules/context/tests/?C=S&O=D HTTP/1.1" 200 755 "-" "Mozilla/5.0 AppleWebKit/537.36 (KHTML, like Gecko; compatible; ClaudeBot/1.0; +claudebot@anthropic.com)"
5.31.248.104 - - [14/Aug/2026:06:53:35 +0000] "POST /xmlrpc.php HTTP/1.1" 404 3672 "-" "Jetpack/12.1; WordPress/6.3; http://site76204132.com"
66.249.78.72 - - [14/Aug/2026:06:53:36 +0000] "GET /detail/9950434419170 HTTP/1.1" 404 3673 "-" "Mozilla/5.0 (Linux; Android 6.0.1; Nexus 5X Build/MMB29P) AppleWebKit/537.36 (KHTML, like Gecko) Chrome/150.0.7871.186 Mobile Safari/537.36 (compatible; Googlebot/2.1; +http://www.google.com/bot.html)"
216.73.216.176 - - [14/Aug/2026:06:53:38 +0000] "GET /sites/all/modules/context/?C=S&O=D HTTP/1.1" 200 915 "-" "Mozilla/5.0 AppleWebKit/537.36 (KHTML, like Gecko; compatible; ClaudeBot/1.0; +claudebot@anthropic.com)"
66.249.75.168 - - [14/Aug/2026:06:53:39 +0000] "GET /detail/802e7b1473609 HTTP/1.1" 404 3672 "-" "Mozilla/5.0 (Linux; Android 6.0.1; Nexus 5X Build/MMB29P) AppleWebKit/537.36 (KHTML, like Gecko) Chrome/150.0.7871.186 Mobile Safari/537.36 (compatible; Googlebot/2.1; +http://www.google.com/bot.html)"
103.189.201.177 - - [14/Aug/2026:06:53:41 +0000] "POST /xmlrpc.php HTTP/1.1" 404 3672 "-" "Jetpack/13.0; WordPress/6.1; http://site64695985.com"
216.73.216.176 - - [14/Aug/2026:06:53:43 +0000] "GET /sites/all/modules/ctools/term_depth/?C=M&O=D HTTP/1.1" 200 749 "-" "Mozilla/5.0 AppleWebKit/537.36 (KHTML, like Gecko; compatible; ClaudeBot/1.0; +claudebot@anthropic.com)"
185.191.171.7 - - [14/Aug/2026:06:53:43 +0000] "GET /gl/gl/gl/gl/gl/gl/gl/gl/gl/gl/gl/gl/gl/gl/gl/gl/gl/gl/gl/gl/gl/gl/gl/gl/gl/gl/gl/gl/gl/gl/gl/gl/gl/gl/gl/gl/gl/gl/gl/gl/gl/gl/gl/gl/gl/gl/gl/gl/gl/gl/gl/gl/gl/gl/gl/gl/gl/gl/gl/gl/gl/gl/gl/gl/gl/gl/gl/gl/gl/gl/gl/gl/gl/gl/gl/gl/gl/gl/gl/gl/gl/gl/gl/gl/gl/gl/gl/gl/gl/gl/gl/gl/gl/gl/gl/gl/gl/gl/gl/gl/gl/gl/gl/gl/gl/gl/gl/gl/gl/gl/gl/gl/gl/gl/gl/gl/gl/gl/gl/gl/gl/gl/gl/gl/gl/gl/gl/gl/gl/gl/gl/gl/gl/gl/gl/gl/gl/gl/gl/gl/gl/gl/gl/gl/gl/gl/gl/gl/gl/gl/gl/gl/gl/gl/gl/gl/gl/gl/gl/gl/gl/gl/gl/gl/gl/nova/contacontos-no-cole-polo-d%C3%ADa-da-paz HTTP/1.1" 404 3635 "-" "Mozilla/5.0 (compatible; SemrushBot/7~bl; +http://www.semrush.com/bot.html)"
66.249.78.72 - - [14/Aug/2026:06:53:45 +0000] "GET /detail/319c92140839 HTTP/1.1" 404 3672 "-" "Mozilla/5.0 (Linux; Android 6.0.1; Nexus 5X Build/MMB29P) AppleWebKit/537.36 (KHTML, like Gecko) Chrome/150.0.7871.186 Mobile Safari/537.36 (compatible; Googlebot/2.1; +http://www.google.com/bot.html)"
5.31.248.104 - - [14/Aug/2026:06:53:46 +0000] "POST /xmlrpc.php HTTP/1.1" 404 3674 "-" "Jetpack by WordPress.com"
216.73.216.176 - - [14/Aug/2026:06:53:48 +0000] "GET /sites/all/modules/i18nviews/includes/i18nviews.views.inc HTTP/1.1" 200 9940 "-" "Mozilla/5.0 AppleWebKit/537.36 (KHTML, like Gecko; compatible; ClaudeBot/1.0; +claudebot@anthropic.com)"
185.191.171.12 - - [14/Aug/2026:06:53:48 +0000] "GET /en/en/en/en/en/en/en/en/en/en/en/en/en/en/en/en/en/en/en/en/en/en/en/en/en/en/en/en/en/en/en/en/en/en/en/en/en/en/en/en/en/en/en/en/en/en/en/en/en/en/en/en/en/en/en/en/en/en/en/en/en/en/en/en/en/en/en/en/en/en/en/en/en/en/en/en/en/en/en/en/en/en/en/en/en/en/en/en/en/en/en/en/en/en/en/en/en/en/en/en/en/en/en/en/en/en/en/en/en/en/en/en/en/en/en/en/en/en/node/1895 HTTP/1.1" 404 3636 "-" "Mozilla/5.0 (compatible; SemrushBot/7~bl; +http://www.semrush.com/bot.html)"
85.208.96.195 - - [14/Aug/2026:06:53:50 +0000] "GET /gl/gl/gl/gl/gl/gl/gl/gl/gl/gl/gl/gl/gl/gl/gl/gl/gl/gl/gl/gl/gl/gl/gl/gl/gl/gl/gl/gl/gl/gl/gl/gl/gl/gl/gl/gl/gl/gl/gl/gl/gl/gl/gl/gl/gl/gl/gl/gl/gl/gl/gl/gl/gl/gl/gl/gl/gl/gl/gl/gl/gl/gl/gl/gl/gl/gl/gl/gl/gl/gl/gl/gl/gl/gl/gl/gl/gl/gl/gl/gl/gl/gl/gl/gl/gl/gl/gl/gl/gl/gl/gl/gl/gl/gl/gl/gl/gl/gl/gl/gl/gl/gl/gl/gl/gl/gl/gl/gl/gl/gl/gl/gl/gl/gl/gl/gl/gl/gl/gl/gl/gl/gl/gl/gl/gl/gl/gl/gl/gl/gl/gl/gl/gl/gl/gl/gl/gl/gl/gl/gl/gl/gl/gl/gl/gl/gl/gl/gl/gl/gl/gl/gl/gl/gl/gl/nova/fagamos-por-converter-pobra-do-broll%C3%B3n-nun-exemplo-de-calidade-de-vida-xos%C3%A9-lois-maceda HTTP/1.1" 404 3637 "-" "Mozilla/5.0 (compatible; SemrushBot/7~bl; +http://www.semrush.com/bot.html)"
66.249.78.72 - - [14/Aug/2026:06:53:51 +0000] "GET /detail/48210b2217364 HTTP/1.1" 404 3673 "-" "Mozilla/5.0 (Linux; Android 6.0.1; Nexus 5X Build/MMB29P) AppleWebKit/537.36 (KHTML, like Gecko) Chrome/150.0.7871.186 Mobile Safari/537.36 (compatible; Googlebot/2.1; +http://www.google.com/bot.html)"
85.208.96.194 - - [14/Aug/2026:06:53:51 +0000] "GET /gl?c=neurosky-mindwave-mobile-eeg-sensor-starter-kit-robotshop-cc-3Grrrvs0 HTTP/1.1" 404 470 "-" "Mozilla/5.0 (compatible; SemrushBot/7~bl; +http://www.semrush.com/bot.html)"
103.189.201.177 - - [14/Aug/2026:06:53:52 +0000] "POST /xmlrpc.php HTTP/1.1" 404 3673 "-" "WordPress.com; https://wordpress.com"
216.73.216.176 - - [14/Aug/2026:06:53:53 +0000] "GET /sites/all/modules/commerce/contrib/commerce_coupon/README.txt HTTP/1.1" 200 1446 "-" "Mozilla/5.0 AppleWebKit/537.36 (KHTML, like Gecko; compatible; ClaudeBot/1.0; +claudebot@anthropic.com)"
5.31.248.104 - - [14/Aug/2026:06:53:56 +0000] "POST /xmlrpc.php HTTP/1.1" 404 3673 "-" "Jetpack by WordPress.com"
66.249.78.72 - - [14/Aug/2026:06:53:57 +0000] "GET /detail/5393b680667 HTTP/1.1" 404 3674 "-" "Mozilla/5.0 (Linux; Android 6.0.1; Nexus 5X Build/MMB29P) AppleWebKit/537.36 (KHTML, like Gecko) Chrome/150.0.7871.186 Mobile Safari/537.36 (compatible; Googlebot/2.1; +http://www.google.com/bot.html)"
216.73.216.176 - - [14/Aug/2026:06:53:58 +0000] "GET /sites/all/modules/video_embed_field/video_embed_brightcove/video_embed_brightcove.module HTTP/1.1" 200 4561 "-" "Mozilla/5.0 AppleWebKit/537.36 (KHTML, like Gecko; compatible; ClaudeBot/1.0; +claudebot@anthropic.com)"
66.249.78.72 - - [14/Aug/2026:06:54:00 +0000] "GET /detail/d846821063995 HTTP/1.1" 404 536 "-" "Mozilla/5.0 (Linux; Android 6.0.1; Nexus 5X Build/MMB29P) AppleWebKit/537.36 (KHTML, like Gecko) Chrome/150.0.7871.186 Mobile Safari/537.36 (compatible; Googlebot/2.1; +http://www.google.com/bot.html)"
66.249.78.72 - - [14/Aug/2026:06:54:03 +0000] "GET /detail/340f2441930 HTTP/1.1" 404 536 "-" "Mozilla/5.0 (Linux; Android 6.0.1; Nexus 5X Build/MMB29P) AppleWebKit/537.36 (KHTML, like Gecko) Chrome/150.0.7871.186 Mobile Safari/537.36 (compatible; Googlebot/2.1; +http://www.google.com/bot.html)"
14.228.8.53 - - [14/Aug/2026:06:54:03 +0000] "GET /detail/86f56e5089637 HTTP/1.1" 404 3692 "-" "Mozilla/5.0 (Windows NT 10.0; Win64; x64) AppleWebKit/537.36 (KHTML, like Gecko) Chrome/141.0.0.0 Safari/537.36"
103.189.201.177 - - [14/Aug/2026:06:54:03 +0000] "POST /xmlrpc.php HTTP/1.1" 404 3674 "-" "Jetpack/12.1; WordPress/6.3; http://site36897523.com"
216.73.216.176 - - [14/Aug/2026:06:54:03 +0000] "GET /sites/all/modules/recaptcha/src/ReCaptcha/?C=M&O=A HTTP/1.1" 200 3856 "-" "Mozilla/5.0 AppleWebKit/537.36 (KHTML, like Gecko; compatible; ClaudeBot/1.0; +claudebot@anthropic.com)"
85.208.96.201 - - [14/Aug/2026:06:54:06 +0000] "GET /gl/gl/gl/gl/gl/gl/gl/gl/gl/gl/gl/gl/gl/gl/gl/gl/gl/gl/gl/gl/gl/gl/gl/gl/gl/gl/gl/gl/gl/gl/gl/gl/gl/gl/gl/gl/gl/gl/gl/gl/gl/gl/gl/gl/gl/gl/gl/gl/gl/gl/gl/gl/gl/gl/gl/gl/gl/gl/gl/gl/gl/gl/gl/gl/gl/gl/gl/gl/gl/gl/gl/gl/gl/gl/gl/gl/gl/gl/gl/gl/gl/gl/gl/gl/gl/gl/gl/gl/gl/gl/gl/gl/gl/gl/gl/gl/gl/gl/gl/gl/gl/gl/gl/gl/gl/gl/gl/gl/gl/gl/gl/gl/gl/gl/gl/gl/gl/gl/gl/gl/gl/gl/gl/gl/gl/gl/gl/gl/gl/gl/gl/gl/gl/gl/gl/gl/gl/gl/gl/gl/gl/gl/gl/gl/gl/gl/gl/gl/gl/gl/gl/gl/gl/gl/gl/nova/red%C3%BAcese-atenci%C3%B3n-no-fogar-e-susp%C3%A9ndense-eventos-culturais-ante-os-gromos-de-covid-19-en HTTP/1.1" 404 3636 "-" "Mozilla/5.0 (compatible; SemrushBot/7~bl; +http://www.semrush.com/bot.html)"
5.31.248.104 - - [14/Aug/2026:06:54:07 +0000] "POST /xmlrpc.php HTTP/1.1" 404 3672 "-" "WordPress.com; https://wordpress.com"
216.73.216.176 - - [14/Aug/2026:06:54:08 +0000] "GET /sites/all/modules/context/context_layouts/?C=D&O=A HTTP/1.1" 200 782 "-" "Mozilla/5.0 AppleWebKit/537.36 (KHTML, like Gecko; compatible; ClaudeBot/1.0; +claudebot@anthropic.com)"
66.249.78.64 - - [14/Aug/2026:06:54:09 +0000] "GET /detail/7c02652290960 HTTP/1.1" 404 3672 "-" "Mozilla/5.0 (Linux; Android 6.0.1; Nexus 5X Build/MMB29P) AppleWebKit/537.36 (KHTML, like Gecko) Chrome/150.0.7871.186 Mobile Safari/537.36 (compatible; Googlebot/2.1; +http://www.google.com/bot.html)"
14.235.243.205 - - [14/Aug/2026:06:54:09 +0000] "GET /detail/f07f263603917 HTTP/1.1" 404 3478 "-" "Mozilla/5.0 (Windows NT 10.0; Win64; x64) AppleWebKit/537.36 (KHTML, like Gecko) Chrome/85.0.4183.48 Safari/537.36"
14.232.25.255 - - [14/Aug/2026:06:54:10 +0000] "GET /gl/nova/contacontos-no-cole-polo-d%C3%ADa-da-paz HTTP/1.1" 404 3410 "-" "Mozilla/5.0 (Windows NT 10.0; Win64; x64) AppleWebKit/537.36 (KHTML, like Gecko) Chrome/107.0.0.0 Safari/537.36"
103.189.201.177 - - [14/Aug/2026:06:54:13 +0000] "POST /xmlrpc.php HTTP/1.1" 404 3674 "-" "Jetpack/12.1; WordPress/6.3; http://site72441350.com"
216.73.216.176 - - [14/Aug/2026:06:54:13 +0000] "GET /sites/all/modules/devel/krumo/skins/green/ HTTP/1.1" 200 740 "-" "Mozilla/5.0 AppleWebKit/537.36 (KHTML, like Gecko; compatible; ClaudeBot/1.0; +claudebot@anthropic.com)"
185.191.171.17 - - [14/Aug/2026:06:54:14 +0000] "GET /gl/gl/gl/gl/gl/gl/gl/gl/gl/gl/gl/gl/gl/gl/gl/gl/gl/gl/gl/gl/gl/gl/gl/gl/gl/gl/gl/gl/gl/gl/gl/gl/gl/gl/gl/gl/gl/gl/gl/gl/gl/gl/gl/gl/gl/gl/gl/gl/gl/gl/gl/gl/gl/gl/gl/gl/gl/gl/gl/gl/gl/gl/gl/gl/gl/gl/gl/gl/gl/gl/gl/gl/gl/gl/gl/gl/gl/gl/gl/gl/gl/gl/gl/gl/gl/gl/gl/gl/gl/gl/gl/gl/gl/gl/gl/gl/gl/gl/gl/gl/gl/gl/gl/gl/gl/gl/gl/gl/gl/gl/gl/gl/gl/gl/gl/gl/gl/gl/gl/gl/gl/gl/gl/gl/gl/gl/gl/gl/gl/gl/gl/gl/gl/gl/gl/gl/gl/gl/gl/gl/gl/gl/gl/gl/gl/gl/gl/gl/nova/volven-andainas-da-man-de HTTP/1.1" 404 3636 "-" "Mozilla/5.0 (compatible; SemrushBot/7~bl; +http://www.semrush.com/bot.html)"
185.106.30.144 - - [14/Aug/2026:06:54:14 +0000] "GET /detail/c374652904869 HTTP/1.1" 404 3691 "-" "Mozilla/5.0 (Windows NT 10.0; Win64; x64) AppleWebKit/537.36 (KHTML, like Gecko) Chrome/143.0.0.0 Safari/537.36"
66.249.78.72 - - [14/Aug/2026:06:54:15 +0000] "GET /detail/4d879f4976030 HTTP/1.1" 404 3672 "-" "Mozilla/5.0 (Linux; Android 6.0.1; Nexus 5X Build/MMB29P) AppleWebKit/537.36 (KHTML, like Gecko) Chrome/150.0.7871.186 Mobile Safari/537.36 (compatible; Googlebot/2.1; +http://www.google.com/bot.html)"
5.31.248.104 - - [14/Aug/2026:06:54:17 +0000] "POST /xmlrpc.php HTTP/1.1" 404 3673 "-" "Jetpack by WordPress.com"
114.119.130.168 - - [14/Aug/2026:06:54:18 +0000] "GET /gl/devesa-de-loureiro-e-sequeiros-do-mazo HTTP/1.1" 404 3429 "https://www.concellodapobradobrollon.gal/es/devesa-de-loureiro-y-sequeiros-do-mazo" "Mozilla/5.0 (Linux; Android 7.0;) AppleWebKit/537.36 (HTML, like Gecko) Mobile Safari/537.36 (compatible; PetalBot;+https://webmaster.petalsearch.com/site/petalbot)"
216.73.216.176 - - [14/Aug/2026:06:54:18 +0000] "GET /sites/all/modules/captcha/image_captcha/?C=S&O=A HTTP/1.1" 200 848 "-" "Mozilla/5.0 AppleWebKit/537.36 (KHTML, like Gecko; compatible; ClaudeBot/1.0; +claudebot@anthropic.com)"
66.249.78.72 - - [14/Aug/2026:06:54:21 +0000] "GET /detail/912e8b3058895 HTTP/1.1" 404 3672 "-" "Mozilla/5.0 (Linux; Android 6.0.1; Nexus 5X Build/MMB29P) AppleWebKit/537.36 (KHTML, like Gecko) Chrome/150.0.7871.186 Mobile Safari/537.36 (compatible; Googlebot/2.1; +http://www.google.com/bot.html)"
216.73.216.176 - - [14/Aug/2026:06:54:23 +0000] "GET /sites/all/modules/jquery_update/?C=N&O=A HTTP/1.1" 200 850 "-" "Mozilla/5.0 AppleWebKit/537.36 (KHTML, like Gecko; compatible; ClaudeBot/1.0; +claudebot@anthropic.com)"
103.189.201.177 - - [14/Aug/2026:06:54:24 +0000] "POST /xmlrpc.php HTTP/1.1" 404 3673 "-" "WordPress.com; https://wordpress.com"
