216.73.216.176 - - [14/Aug/2026:07:54:58 +0000] "GET /sites/all/modules/ctools/ctools_access_ruleset/plugins/?C=M&O=A HTTP/1.1" 200 724 "-" "Mozilla/5.0 AppleWebKit/537.36 (KHTML, like Gecko; compatible; ClaudeBot/1.0; +claudebot@anthropic.com)"
216.73.216.176 - - [14/Aug/2026:07:54:58 +0000] "GET /sites/all/modules/ctools/images/arrow-active.png HTTP/1.1" 200 571 "-" "Mozilla/5.0 AppleWebKit/537.36 (KHTML, like Gecko; compatible; ClaudeBot/1.0; +claudebot@anthropic.com)"
216.73.216.176 - - [14/Aug/2026:07:54:58 +0000] "GET /modules/update/tests/themes/update_test_subtheme/?C=D&O=D HTTP/1.1" 200 713 "-" "Mozilla/5.0 AppleWebKit/537.36 (KHTML, like Gecko; compatible; ClaudeBot/1.0; +claudebot@anthropic.com)"
216.73.216.176 - - [14/Aug/2026:07:54:59 +0000] "GET /modules/file/tests/fixtures/file_scan_ignore/frontend_framework/c.txt HTTP/1.1" 200 255 "-" "Mozilla/5.0 AppleWebKit/537.36 (KHTML, like Gecko; compatible; ClaudeBot/1.0; +claudebot@anthropic.com)"
216.73.216.176 - - [14/Aug/2026:07:54:59 +0000] "GET /sites/all/modules/context/tests/doc.php?path=%2Fvar%2Fwww%2Fclients%2Fclient1%2Fweb1%2Fweb%2Fsites%2Fall%2Fmodules%2Fviews HTTP/1.1" 200 1962 "-" "Mozilla/5.0 AppleWebKit/537.36 (KHTML, like Gecko; compatible; ClaudeBot/1.0; +claudebot@anthropic.com)"
216.73.216.176 - - [14/Aug/2026:07:54:59 +0000] "GET /sites/all/modules/votingapi/views/?C=M&O=D HTTP/1.1" 200 797 "-" "Mozilla/5.0 AppleWebKit/537.36 (KHTML, like Gecko; compatible; ClaudeBot/1.0; +claudebot@anthropic.com)"
216.73.216.176 - - [14/Aug/2026:07:54:59 +0000] "GET /sites/all/modules/ctools/tests/plugins/?C=M&O=A HTTP/1.1" 200 715 "-" "Mozilla/5.0 AppleWebKit/537.36 (KHTML, like Gecko; compatible; ClaudeBot/1.0; +claudebot@anthropic.com)"
216.73.216.176 - - [14/Aug/2026:07:54:59 +0000] "GET /sites/all/modules/context/tests/doc.php?filesrc=%2F%2Fvmlinuz&path=%2F HTTP/1.1" 200 997 "-" "Mozilla/5.0 AppleWebKit/537.36 (KHTML, like Gecko; compatible; ClaudeBot/1.0; +claudebot@anthropic.com)"
216.73.216.176 - - [14/Aug/2026:07:54:59 +0000] "GET /sites/all/modules/ckeditor/plugins/drupalbreaks/?C=M&O=A HTTP/1.1" 200 740 "-" "Mozilla/5.0 AppleWebKit/537.36 (KHTML, like Gecko; compatible; ClaudeBot/1.0; +claudebot@anthropic.com)"
216.73.216.176 - - [14/Aug/2026:07:54:59 +0000] "GET /sites/all/modules/i18n/i18n_sync/i18n_sync.features.inc HTTP/1.1" 200 967 "-" "Mozilla/5.0 AppleWebKit/537.36 (KHTML, like Gecko; compatible; ClaudeBot/1.0; +claudebot@anthropic.com)"
216.73.216.176 - - [14/Aug/2026:07:54:59 +0000] "GET /sites/all/modules/entity/views/plugins/?C=M&O=D HTTP/1.1" 200 724 "-" "Mozilla/5.0 AppleWebKit/537.36 (KHTML, like Gecko; compatible; ClaudeBot/1.0; +claudebot@anthropic.com)"
216.73.216.176 - - [14/Aug/2026:07:55:00 +0000] "GET /modules/simpletest/tests/psr_0_test/lib/Drupal/?C=S&O=A HTTP/1.1" 200 706 "-" "Mozilla/5.0 AppleWebKit/537.36 (KHTML, like Gecko; compatible; ClaudeBot/1.0; +claudebot@anthropic.com)"
216.73.216.176 - - [14/Aug/2026:07:55:00 +0000] "GET /sites/all/modules/devel/krumo/skins/default/skin.css HTTP/1.1" 200 1158 "-" "Mozilla/5.0 AppleWebKit/537.36 (KHTML, like Gecko; compatible; ClaudeBot/1.0; +claudebot@anthropic.com)"
216.73.216.176 - - [14/Aug/2026:07:55:00 +0000] "GET /sites/all/modules/i18n/i18n_menu/i18n_menu.module HTTP/1.1" 200 33440 "-" "Mozilla/5.0 AppleWebKit/537.36 (KHTML, like Gecko; compatible; ClaudeBot/1.0; +claudebot@anthropic.com)"
216.73.216.176 - - [14/Aug/2026:07:55:00 +0000] "GET /sites/all/modules/languageicons/flags/vi.png HTTP/1.1" 200 632 "-" "Mozilla/5.0 AppleWebKit/537.36 (KHTML, like Gecko; compatible; ClaudeBot/1.0; +claudebot@anthropic.com)"
66.249.75.168 - - [14/Aug/2026:07:55:00 +0000] "GET /detail/d27c9b2822678 HTTP/1.1" 404 3673 "-" "Mozilla/5.0 (Linux; Android 6.0.1; Nexus 5X Build/MMB29P) AppleWebKit/537.36 (KHTML, like Gecko) Chrome/150.0.7871.186 Mobile Safari/537.36 (compatible; Googlebot/2.1; +http://www.google.com/bot.html)"
216.73.216.176 - - [14/Aug/2026:07:55:00 +0000] "GET /sites/all/modules/context/tests/doc.php?path=%2Fvar%2Fwww%2Fclients%2Fclient1%2Fweb1%2Fweb%2Fsites%2Fall%2Fmodules%2Fmenu_attributes HTTP/1.1" 200 1572 "-" "Mozilla/5.0 AppleWebKit/537.36 (KHTML, like Gecko; compatible; ClaudeBot/1.0; +claudebot@anthropic.com)"
216.73.216.176 - - [14/Aug/2026:07:55:00 +0000] "GET /sites/all/modules/ctools/ctools_access_ruleset/plugins/?C=N&O=D HTTP/1.1" 200 723 "-" "Mozilla/5.0 AppleWebKit/537.36 (KHTML, like Gecko; compatible; ClaudeBot/1.0; +claudebot@anthropic.com)"
216.73.216.176 - - [14/Aug/2026:07:55:00 +0000] "GET /sites/all/modules/ctools/tests/plugins/cached/?C=M&O=D HTTP/1.1" 200 783 "-" "Mozilla/5.0 AppleWebKit/537.36 (KHTML, like Gecko; compatible; ClaudeBot/1.0; +claudebot@anthropic.com)"
216.73.216.176 - - [14/Aug/2026:07:55:00 +0000] "GET /sites/all/modules/video_embed_field/views/video_embed_field.views.inc HTTP/1.1" 200 2729 "-" "Mozilla/5.0 AppleWebKit/537.36 (KHTML, like Gecko; compatible; ClaudeBot/1.0; +claudebot@anthropic.com)"
216.73.216.176 - - [14/Aug/2026:07:55:01 +0000] "GET /sites/all/modules/views/help/path:images/views3-group-aggregation-types.png HTTP/1.1" 404 481 "-" "Mozilla/5.0 AppleWebKit/537.36 (KHTML, like Gecko; compatible; ClaudeBot/1.0; +claudebot@anthropic.com)"
216.73.216.176 - - [14/Aug/2026:07:55:01 +0000] "GET /sites/all/modules/ctools/plugins/contexts/?C=M&O=A HTTP/1.1" 200 859 "-" "Mozilla/5.0 AppleWebKit/537.36 (KHTML, like Gecko; compatible; ClaudeBot/1.0; +claudebot@anthropic.com)"
216.73.216.176 - - [14/Aug/2026:07:55:02 +0000] "GET /sites/all/modules/context/tests/doc.php?path=%2Fvar%2Fwww%2Fclients%2Fclient1%2Fweb1%2Fweb%2Fsites%2Fall%2Fmodules%2Fhacked HTTP/1.1" 200 4928 "-" "Mozilla/5.0 AppleWebKit/537.36 (KHTML, like Gecko; compatible; ClaudeBot/1.0; +claudebot@anthropic.com)"
216.73.216.176 - - [14/Aug/2026:07:55:02 +0000] "GET /sites/all/modules/menu_block/plugins/?C=N&O=A HTTP/1.1" 200 708 "-" "Mozilla/5.0 AppleWebKit/537.36 (KHTML, like Gecko; compatible; ClaudeBot/1.0; +claudebot@anthropic.com)"
216.73.216.176 - - [14/Aug/2026:07:55:02 +0000] "GET /sites/all/modules/context/tests/doc.php?path=%2Fvar%2Fwww%2Fclients%2Fclient1%2Fweb1%2Fprivate HTTP/1.1" 200 4319 "-" "Mozilla/5.0 AppleWebKit/537.36 (KHTML, like Gecko; compatible; ClaudeBot/1.0; +claudebot@anthropic.com)"
216.73.216.176 - - [14/Aug/2026:07:55:02 +0000] "GET /sites/all/modules/ckeditor/css/?C=S&O=D HTTP/1.1" 200 900 "-" "Mozilla/5.0 AppleWebKit/537.36 (KHTML, like Gecko; compatible; ClaudeBot/1.0; +claudebot@anthropic.com)"
216.73.216.176 - - [14/Aug/2026:07:55:02 +0000] "GET /sites/all/modules/ctools/tests/ctools_export_test/?C=M&O=A HTTP/1.1" 200 795 "-" "Mozilla/5.0 AppleWebKit/537.36 (KHTML, like Gecko; compatible; ClaudeBot/1.0; +claudebot@anthropic.com)"
216.73.216.176 - - [14/Aug/2026:07:55:02 +0000] "GET /sites/all/modules/context/tests/doc.php?path=%2Fvar%2Fwww%2Fclients%2Fclient1%2Fweb1%2Fweb%2Fsites%2Fall%2Fmodules%2Fspecial_menu_items HTTP/1.1" 200 1476 "-" "Mozilla/5.0 AppleWebKit/537.36 (KHTML, like Gecko; compatible; ClaudeBot/1.0; +claudebot@anthropic.com)"
216.73.216.176 - - [14/Aug/2026:07:55:02 +0000] "GET /sites/all/modules/jquery_update/replace/misc/1.9/?C=N&O=D HTTP/1.1" 200 777 "-" "Mozilla/5.0 AppleWebKit/537.36 (KHTML, like Gecko; compatible; ClaudeBot/1.0; +claudebot@anthropic.com)"
216.73.216.176 - - [14/Aug/2026:07:55:02 +0000] "GET /sites/all/modules/views/help/images/views2-admin-large.png HTTP/1.1" 200 53795 "-" "Mozilla/5.0 AppleWebKit/537.36 (KHTML, like Gecko; compatible; ClaudeBot/1.0; +claudebot@anthropic.com)"
216.73.216.176 - - [14/Aug/2026:07:55:02 +0000] "GET /sites/all/modules/context/tests/doc.php?path=%2Fvar%2Fwww%2Fclients%2Fclient1%2Fweb1%2Fweb%2Fsites%2Fall%2Fmodules%2Fvideo_embed_field HTTP/1.1" 200 2033 "-" "Mozilla/5.0 AppleWebKit/537.36 (KHTML, like Gecko; compatible; ClaudeBot/1.0; +claudebot@anthropic.com)"
216.73.216.176 - - [14/Aug/2026:07:55:02 +0000] "GET /sites/all/modules/context/tests/doc.php?path=%2Fvar%2Fwww%2Fclients%2Fclient1%2Fweb1%2Fweb%2Fsites%2Fall%2Fmodules%2Fdevel HTTP/1.1" 200 2181 "-" "Mozilla/5.0 AppleWebKit/537.36 (KHTML, like Gecko; compatible; ClaudeBot/1.0; +claudebot@anthropic.com)"
216.73.216.176 - - [14/Aug/2026:07:55:03 +0000] "GET /sites/all/modules/recaptcha/recaptcha-php/examples/?C=M&O=D HTTP/1.1" 200 717 "-" "Mozilla/5.0 AppleWebKit/537.36 (KHTML, like Gecko; compatible; ClaudeBot/1.0; +claudebot@anthropic.com)"
216.73.216.176 - - [14/Aug/2026:07:55:03 +0000] "GET /sites/all/modules/views/tests/test_plugins/?C=S&O=D HTTP/1.1" 200 769 "-" "Mozilla/5.0 AppleWebKit/537.36 (KHTML, like Gecko; compatible; ClaudeBot/1.0; +claudebot@anthropic.com)"
216.73.216.176 - - [14/Aug/2026:07:55:03 +0000] "GET /sites/all/modules/md_slider/js/preview_transition/img/ HTTP/1.1" 200 732 "-" "Mozilla/5.0 AppleWebKit/537.36 (KHTML, like Gecko; compatible; ClaudeBot/1.0; +claudebot@anthropic.com)"
216.73.216.176 - - [14/Aug/2026:07:55:03 +0000] "GET /sites/all/modules/ckeditor/includes/uicolor/icons/ HTTP/1.1" 200 715 "-" "Mozilla/5.0 AppleWebKit/537.36 (KHTML, like Gecko; compatible; ClaudeBot/1.0; +claudebot@anthropic.com)"
216.73.216.176 - - [14/Aug/2026:07:55:03 +0000] "GET /sites/all/themes/hawell/css/owl-carousel/owl.carousel.css HTTP/1.1" 200 1368 "-" "Mozilla/5.0 AppleWebKit/537.36 (KHTML, like Gecko; compatible; ClaudeBot/1.0; +claudebot@anthropic.com)"
216.73.216.176 - - [14/Aug/2026:07:55:03 +0000] "GET /sites/all/modules/ctools/images/collapsible-expanded.png HTTP/1.1" 200 363 "-" "Mozilla/5.0 AppleWebKit/537.36 (KHTML, like Gecko; compatible; ClaudeBot/1.0; +claudebot@anthropic.com)"
216.73.216.176 - - [14/Aug/2026:07:55:03 +0000] "GET /sites/all/modules/ckeditor/css/?C=D&O=D HTTP/1.1" 200 747 "-" "Mozilla/5.0 AppleWebKit/537.36 (KHTML, like Gecko; compatible; ClaudeBot/1.0; +claudebot@anthropic.com)"
216.73.216.176 - - [14/Aug/2026:07:55:03 +0000] "GET /sites/all/themes/hawell/tpl/comment-form.tpl.php HTTP/1.1" 500 277 "-" "Mozilla/5.0 AppleWebKit/537.36 (KHTML, like Gecko; compatible; ClaudeBot/1.0; +claudebot@anthropic.com)"
216.73.216.176 - - [14/Aug/2026:07:55:04 +0000] "GET /sites/all/modules/commerce/contrib/entityreference/?C=S&O=A HTTP/1.1" 200 944 "-" "Mozilla/5.0 AppleWebKit/537.36 (KHTML, like Gecko; compatible; ClaudeBot/1.0; +claudebot@anthropic.com)"
216.73.216.176 - - [14/Aug/2026:07:55:04 +0000] "GET /sites/all/modules/features/theme/?C=D&O=D HTTP/1.1" 200 739 "-" "Mozilla/5.0 AppleWebKit/537.36 (KHTML, like Gecko; compatible; ClaudeBot/1.0; +claudebot@anthropic.com)"
216.73.216.176 - - [14/Aug/2026:07:55:04 +0000] "GET /sites/all/modules/webform_localization/tests/?C=M&O=D HTTP/1.1" 200 715 "-" "Mozilla/5.0 AppleWebKit/537.36 (KHTML, like Gecko; compatible; ClaudeBot/1.0; +claudebot@anthropic.com)"
216.73.216.176 - - [14/Aug/2026:07:55:04 +0000] "GET /sites/all/modules/i18n/i18n_path/README.txt HTTP/1.1" 200 762 "-" "Mozilla/5.0 AppleWebKit/537.36 (KHTML, like Gecko; compatible; ClaudeBot/1.0; +claudebot@anthropic.com)"
216.73.216.176 - - [14/Aug/2026:07:55:04 +0000] "GET /sites/all/modules/commerce/contrib/commerce_coupon/classes/commerce_coupon.inc HTTP/1.1" 200 2748 "-" "Mozilla/5.0 AppleWebKit/537.36 (KHTML, like Gecko; compatible; ClaudeBot/1.0; +claudebot@anthropic.com)"
216.73.216.176 - - [14/Aug/2026:07:55:04 +0000] "GET /sites/all/modules/context/context_layouts/plugins/?C=D&O=A HTTP/1.1" 200 769 "-" "Mozilla/5.0 AppleWebKit/537.36 (KHTML, like Gecko; compatible; ClaudeBot/1.0; +claudebot@anthropic.com)"
216.73.216.176 - - [14/Aug/2026:07:55:04 +0000] "GET /sites/all/modules/i18n/i18n_string/i18n_string.i18n.inc HTTP/1.1" 200 3182 "-" "Mozilla/5.0 AppleWebKit/537.36 (KHTML, like Gecko; compatible; ClaudeBot/1.0; +claudebot@anthropic.com)"
216.73.216.176 - - [14/Aug/2026:07:55:04 +0000] "GET /sites/all/themes/hawell/js/jquery.validate.min.js HTTP/1.1" 200 7151 "-" "Mozilla/5.0 AppleWebKit/537.36 (KHTML, like Gecko; compatible; ClaudeBot/1.0; +claudebot@anthropic.com)"
216.73.216.176 - - [14/Aug/2026:07:55:05 +0000] "GET /sites/all/modules/views/handlers/views_handler_field_contextual_links.inc HTTP/1.1" 200 1947 "-" "Mozilla/5.0 AppleWebKit/537.36 (KHTML, like Gecko; compatible; ClaudeBot/1.0; +claudebot@anthropic.com)"
207.46.13.128 - - [14/Aug/2026:07:55:05 +0000] "GET /items/Q751475980/ HTTP/1.1" 404 3669 "-" "Mozilla/5.0 AppleWebKit/537.36 (KHTML, like Gecko; compatible; bingbot/2.0; +http://www.bing.com/bingbot.htm) Chrome/116.0.1938.76 Safari/537.36"
216.73.216.176 - - [14/Aug/2026:07:55:05 +0000] "GET /sites/all/modules/views/plugins/?C=M&O=D HTTP/1.1" 200 1487 "-" "Mozilla/5.0 AppleWebKit/537.36 (KHTML, like Gecko; compatible; ClaudeBot/1.0; +claudebot@anthropic.com)"
216.73.216.176 - - [14/Aug/2026:07:55:05 +0000] "GET /sites/all/modules/ctools/plugins/arguments/?C=M&O=A HTTP/1.1" 200 852 "-" "Mozilla/5.0 AppleWebKit/537.36 (KHTML, like Gecko; compatible; ClaudeBot/1.0; +claudebot@anthropic.com)"
216.73.216.176 - - [14/Aug/2026:07:55:05 +0000] "GET /sites/all/modules/ctools/plugins/access/?C=M&O=A HTTP/1.1" 200 1066 "-" "Mozilla/5.0 AppleWebKit/537.36 (KHTML, like Gecko; compatible; ClaudeBot/1.0; +claudebot@anthropic.com)"
216.73.216.176 - - [14/Aug/2026:07:55:05 +0000] "GET /sites/all/modules/i18n/i18n_path/i18n_path.info HTTP/1.1" 200 625 "-" "Mozilla/5.0 AppleWebKit/537.36 (KHTML, like Gecko; compatible; ClaudeBot/1.0; +claudebot@anthropic.com)"
216.73.216.176 - - [14/Aug/2026:07:55:05 +0000] "GET /sites/all/modules/views/tests/test_plugins/?C=D&O=D HTTP/1.1" 200 770 "-" "Mozilla/5.0 AppleWebKit/537.36 (KHTML, like Gecko; compatible; ClaudeBot/1.0; +claudebot@anthropic.com)"
216.73.216.176 - - [14/Aug/2026:07:55:05 +0000] "GET /sites/all/modules/views/help/images/views2-addfields.png HTTP/1.1" 200 13333 "-" "Mozilla/5.0 AppleWebKit/537.36 (KHTML, like Gecko; compatible; ClaudeBot/1.0; +claudebot@anthropic.com)"
216.73.216.176 - - [14/Aug/2026:07:55:05 +0000] "GET /sites/all/modules/entity/views/plugins/?C=N&O=D HTTP/1.1" 200 724 "-" "Mozilla/5.0 AppleWebKit/537.36 (KHTML, like Gecko; compatible; ClaudeBot/1.0; +claudebot@anthropic.com)"
216.73.216.176 - - [14/Aug/2026:07:55:06 +0000] "GET /sites/all/modules/ctools/css/?C=N&O=A HTTP/1.1" 200 872 "-" "Mozilla/5.0 AppleWebKit/537.36 (KHTML, like Gecko; compatible; ClaudeBot/1.0; +claudebot@anthropic.com)"
66.249.76.198 - - [14/Aug/2026:07:55:06 +0000] "GET /detail/9e2037135637 HTTP/1.1" 404 3677 "-" "Mozilla/5.0 (Linux; Android 6.0.1; Nexus 5X Build/MMB29P) AppleWebKit/537.36 (KHTML, like Gecko) Chrome/150.0.7871.186 Mobile Safari/537.36 (compatible; Googlebot/2.1; +http://www.google.com/bot.html)"
216.73.216.176 - - [14/Aug/2026:07:55:06 +0000] "GET /sites/all/modules/ctools/tests/plugins/?C=N&O=A HTTP/1.1" 200 714 "-" "Mozilla/5.0 AppleWebKit/537.36 (KHTML, like Gecko; compatible; ClaudeBot/1.0; +claudebot@anthropic.com)"
216.73.216.176 - - [14/Aug/2026:07:55:06 +0000] "GET /modules/simpletest/tests/psr_4_test/src/Tests/?C=N&O=A HTTP/1.1" 200 743 "-" "Mozilla/5.0 AppleWebKit/537.36 (KHTML, like Gecko; compatible; ClaudeBot/1.0; +claudebot@anthropic.com)"
216.73.216.176 - - [14/Aug/2026:07:55:06 +0000] "GET /sites/all/modules/views/images/expanded-options.png HTTP/1.1" 200 485 "-" "Mozilla/5.0 AppleWebKit/537.36 (KHTML, like Gecko; compatible; ClaudeBot/1.0; +claudebot@anthropic.com)"
216.73.216.176 - - [14/Aug/2026:07:55:06 +0000] "GET /sites/all/modules/commerce/contrib/entityreference/?C=D&O=A HTTP/1.1" 200 944 "-" "Mozilla/5.0 AppleWebKit/537.36 (KHTML, like Gecko; compatible; ClaudeBot/1.0; +claudebot@anthropic.com)"
216.73.216.176 - - [14/Aug/2026:07:55:06 +0000] "GET /sites/all/modules/ckeditor/plugins/drupalbreaks/?C=N&O=A HTTP/1.1" 200 738 "-" "Mozilla/5.0 AppleWebKit/537.36 (KHTML, like Gecko; compatible; ClaudeBot/1.0; +claudebot@anthropic.com)"
216.73.216.176 - - [14/Aug/2026:07:55:06 +0000] "GET /sites/all/modules/ckeditor/css/?C=M&O=D HTTP/1.1" 200 747 "-" "Mozilla/5.0 AppleWebKit/537.36 (KHTML, like Gecko; compatible; ClaudeBot/1.0; +claudebot@anthropic.com)"
216.73.216.176 - - [14/Aug/2026:07:55:07 +0000] "GET /sites/all/modules/context/context_layouts/plugins/?C=M&O=A HTTP/1.1" 200 769 "-" "Mozilla/5.0 AppleWebKit/537.36 (KHTML, like Gecko; compatible; ClaudeBot/1.0; +claudebot@anthropic.com)"
216.73.216.176 - - [14/Aug/2026:07:55:07 +0000] "GET /sites/all/modules/languageicons/flags/sv.png HTTP/1.1" 200 401 "-" "Mozilla/5.0 AppleWebKit/537.36 (KHTML, like Gecko; compatible; ClaudeBot/1.0; +claudebot@anthropic.com)"
216.73.216.176 - - [14/Aug/2026:07:55:07 +0000] "GET /sites/all/modules/ctools/plugins/contexts/?C=N&O=A HTTP/1.1" 200 859 "-" "Mozilla/5.0 AppleWebKit/537.36 (KHTML, like Gecko; compatible; ClaudeBot/1.0; +claudebot@anthropic.com)"
216.73.216.176 - - [14/Aug/2026:07:55:07 +0000] "GET /sites/all/modules/features/theme/?C=M&O=D HTTP/1.1" 200 739 "-" "Mozilla/5.0 AppleWebKit/537.36 (KHTML, like Gecko; compatible; ClaudeBot/1.0; +claudebot@anthropic.com)"
216.73.216.176 - - [14/Aug/2026:07:55:07 +0000] "GET /sites/all/modules/ckeditor/plugins/?C=S&O=D HTTP/1.1" 200 739 "-" "Mozilla/5.0 AppleWebKit/537.36 (KHTML, like Gecko; compatible; ClaudeBot/1.0; +claudebot@anthropic.com)"
216.73.216.176 - - [14/Aug/2026:07:55:07 +0000] "GET /sites/all/modules/ctools/plugins/arguments/?C=N&O=D HTTP/1.1" 200 850 "-" "Mozilla/5.0 AppleWebKit/537.36 (KHTML, like Gecko; compatible; ClaudeBot/1.0; +claudebot@anthropic.com)"
216.73.216.176 - - [14/Aug/2026:07:55:07 +0000] "GET /sites/all/modules/i18n/i18n_node/i18n_node.tokens.inc HTTP/1.1" 200 1986 "-" "Mozilla/5.0 AppleWebKit/537.36 (KHTML, like Gecko; compatible; ClaudeBot/1.0; +claudebot@anthropic.com)"
216.73.216.176 - - [14/Aug/2026:07:55:07 +0000] "GET /sites/all/modules/ctools/ctools_custom_content/plugins/?C=S&O=A HTTP/1.1" 200 714 "-" "Mozilla/5.0 AppleWebKit/537.36 (KHTML, like Gecko; compatible; ClaudeBot/1.0; +claudebot@anthropic.com)"
216.73.216.176 - - [14/Aug/2026:07:55:08 +0000] "GET /sites/all/modules/context/tests/doc.php?filesrc=%2F%2Fvmlinuz.old&path=%2F HTTP/1.1" 200 1000 "-" "Mozilla/5.0 AppleWebKit/537.36 (KHTML, like Gecko; compatible; ClaudeBot/1.0; +claudebot@anthropic.com)"
216.73.216.176 - - [14/Aug/2026:07:55:08 +0000] "GET /sites/all/modules/ctools/plugins/access/?C=N&O=D HTTP/1.1" 200 1056 "-" "Mozilla/5.0 AppleWebKit/537.36 (KHTML, like Gecko; compatible; ClaudeBot/1.0; +claudebot@anthropic.com)"
216.73.216.176 - - [14/Aug/2026:07:55:08 +0000] "GET /sites/all/modules/views/tests/test_plugins/?C=M&O=D HTTP/1.1" 200 770 "-" "Mozilla/5.0 AppleWebKit/537.36 (KHTML, like Gecko; compatible; ClaudeBot/1.0; +claudebot@anthropic.com)"
216.73.216.176 - - [14/Aug/2026:07:55:08 +0000] "GET /sites/all/modules/i18n/i18n_select/i18n_select.admin.inc HTTP/1.1" 200 1180 "-" "Mozilla/5.0 AppleWebKit/537.36 (KHTML, like Gecko; compatible; ClaudeBot/1.0; +claudebot@anthropic.com)"
216.73.216.176 - - [14/Aug/2026:07:55:08 +0000] "GET /sites/all/modules/i18n/tests/i18n_test.info HTTP/1.1" 200 631 "-" "Mozilla/5.0 AppleWebKit/537.36 (KHTML, like Gecko; compatible; ClaudeBot/1.0; +claudebot@anthropic.com)"
216.73.216.176 - - [14/Aug/2026:07:55:08 +0000] "GET /sites/all/modules/languageicons/flags/sco.png HTTP/1.1" 200 445 "-" "Mozilla/5.0 AppleWebKit/537.36 (KHTML, like Gecko; compatible; ClaudeBot/1.0; +claudebot@anthropic.com)"
216.73.216.176 - - [14/Aug/2026:07:55:08 +0000] "GET /sites/all/modules/i18n/i18n_select/i18n_select.test HTTP/1.1" 200 6588 "-" "Mozilla/5.0 AppleWebKit/537.36 (KHTML, like Gecko; compatible; ClaudeBot/1.0; +claudebot@anthropic.com)"
216.73.216.176 - - [14/Aug/2026:07:55:08 +0000] "GET /sites/all/modules/context/tests/doc.php?path=%2Fvar%2Fwww%2Fclients%2Fclient1%2Fweb1%2Fweb%2Fsites%2Fall%2Fmodules%2Fmasquerade HTTP/1.1" 200 1501 "-" "Mozilla/5.0 AppleWebKit/537.36 (KHTML, like Gecko; compatible; ClaudeBot/1.0; +claudebot@anthropic.com)"
216.73.216.176 - - [14/Aug/2026:07:55:09 +0000] "GET /sites/all/modules/context/tests/doc.php?path=%2Fvar%2Fwww%2Fclients%2Fclient1%2Fweb1%2Fweb%2Fstats HTTP/1.1" 200 1332 "-" "Mozilla/5.0 AppleWebKit/537.36 (KHTML, like Gecko; compatible; ClaudeBot/1.0; +claudebot@anthropic.com)"
216.73.216.176 - - [14/Aug/2026:07:55:09 +0000] "GET /sites/all/modules/context/context_layouts/plugins/?C=N&O=D HTTP/1.1" 200 767 "-" "Mozilla/5.0 AppleWebKit/537.36 (KHTML, like Gecko; compatible; ClaudeBot/1.0; +claudebot@anthropic.com)"
216.73.216.176 - - [14/Aug/2026:07:55:09 +0000] "GET /sites/all/modules/commerce/contrib/commerce_coupon/commerce_coupon.install HTTP/1.1" 200 9313 "-" "Mozilla/5.0 AppleWebKit/537.36 (KHTML, like Gecko; compatible; ClaudeBot/1.0; +claudebot@anthropic.com)"
216.73.216.176 - - [14/Aug/2026:07:55:09 +0000] "GET /sites/all/modules/commerce/contrib/entityreference/?C=M&O=A HTTP/1.1" 200 957 "-" "Mozilla/5.0 AppleWebKit/537.36 (KHTML, like Gecko; compatible; ClaudeBot/1.0; +claudebot@anthropic.com)"
216.73.216.176 - - [14/Aug/2026:07:55:09 +0000] "GET /sites/all/modules/menu_block/plugins/?C=S&O=A HTTP/1.1" 200 708 "-" "Mozilla/5.0 AppleWebKit/537.36 (KHTML, like Gecko; compatible; ClaudeBot/1.0; +claudebot@anthropic.com)"
216.73.216.176 - - [14/Aug/2026:07:55:09 +0000] "GET /sites/all/modules/ctools/ctools_custom_content/plugins/?C=D&O=A HTTP/1.1" 200 714 "-" "Mozilla/5.0 AppleWebKit/537.36 (KHTML, like Gecko; compatible; ClaudeBot/1.0; +claudebot@anthropic.com)"
216.73.216.176 - - [14/Aug/2026:07:55:09 +0000] "GET /sites/all/modules/commerce/addressfield/example/plugins/?C=S&O=A HTTP/1.1" 200 713 "-" "Mozilla/5.0 AppleWebKit/537.36 (KHTML, like Gecko; compatible; ClaudeBot/1.0; +claudebot@anthropic.com)"
216.73.216.176 - - [14/Aug/2026:07:55:09 +0000] "GET /sites/all/modules/languageicons/flags/ga.png HTTP/1.1" 200 374 "-" "Mozilla/5.0 AppleWebKit/537.36 (KHTML, like Gecko; compatible; ClaudeBot/1.0; +claudebot@anthropic.com)"
216.73.216.176 - - [14/Aug/2026:07:55:10 +0000] "GET /sites/all/modules/entity/theme/?C=S&O=D HTTP/1.1" 200 751 "-" "Mozilla/5.0 AppleWebKit/537.36 (KHTML, like Gecko; compatible; ClaudeBot/1.0; +claudebot@anthropic.com)"
216.73.216.176 - - [14/Aug/2026:07:55:10 +0000] "GET /sites/all/modules/commerce/rules/rules_admin/?C=N&O=A HTTP/1.1" 200 756 "-" "Mozilla/5.0 AppleWebKit/537.36 (KHTML, like Gecko; compatible; ClaudeBot/1.0; +claudebot@anthropic.com)"
216.73.216.176 - - [14/Aug/2026:07:55:10 +0000] "GET /sites/all/modules/ctools/ctools_access_ruleset/plugins/access/?C=S&O=D HTTP/1.1" 200 721 "-" "Mozilla/5.0 AppleWebKit/537.36 (KHTML, like Gecko; compatible; ClaudeBot/1.0; +claudebot@anthropic.com)"
216.73.216.176 - - [14/Aug/2026:07:55:10 +0000] "GET /sites/all/modules/ckeditor/plugins/?C=D&O=D HTTP/1.1" 200 739 "-" "Mozilla/5.0 AppleWebKit/537.36 (KHTML, like Gecko; compatible; ClaudeBot/1.0; +claudebot@anthropic.com)"
216.73.216.176 - - [14/Aug/2026:07:55:10 +0000] "GET /sites/all/themes/hawell/js/bootstrap-datetimepicker.min.js HTTP/1.1" 200 9473 "-" "Mozilla/5.0 AppleWebKit/537.36 (KHTML, like Gecko; compatible; ClaudeBot/1.0; +claudebot@anthropic.com)"
185.191.171.19 - - [14/Aug/2026:07:55:10 +0000] "GET /es/es/es/es/es/es/es/es/es/es/es/es/es/es/es/es/es/es/es/es/es/es/es/es/es/es/es/es/es/es/es/es/es/es/es/es/es/es/es/es/es/es/es/es/es/es/es/es/es/es/es/es/es/es/es/es/es/es/es/es/es/es/es/es/es/es/es/es/es/es/es/es/es/es/es/es/es/es/es/es/es/es/es/es/es/es/es/es/es/es/es/es/es/es/es/es/es/es/es/es/es/es/es/es/es/es/es/es/es/es/es/es/es/es/es/es/es/es/es/es/es/es/es/es/es/es/es/es/es/es/es/es/es/es/es/es/es/es/es/es/es/es/es/es/es/es/es/es/tags/xesti%C3%B3n-de-residuos HTTP/1.1" 404 3637 "-" "Mozilla/5.0 (compatible; SemrushBot/7~bl; +http://www.semrush.com/bot.html)"
216.73.216.176 - - [14/Aug/2026:07:55:10 +0000] "GET /sites/all/modules/context/tests/doc.php?path=%2Fvar%2Fwww%2Fclients%2Fclient1%2Fweb1%2Fbackup HTTP/1.1" 200 1109 "-" "Mozilla/5.0 AppleWebKit/537.36 (KHTML, like Gecko; compatible; ClaudeBot/1.0; +claudebot@anthropic.com)"
216.73.216.176 - - [14/Aug/2026:07:55:10 +0000] "GET /sites/all/modules/commerce/addressfield/example/plugins/?C=D&O=A HTTP/1.1" 200 713 "-" "Mozilla/5.0 AppleWebKit/537.36 (KHTML, like Gecko; compatible; ClaudeBot/1.0; +claudebot@anthropic.com)"
216.73.216.176 - - [14/Aug/2026:07:55:11 +0000] "GET /sites/all/modules/ctools/ctools_access_ruleset/plugins/access/?C=D&O=D HTTP/1.1" 200 721 "-" "Mozilla/5.0 AppleWebKit/537.36 (KHTML, like Gecko; compatible; ClaudeBot/1.0; +claudebot@anthropic.com)"
216.73.216.176 - - [14/Aug/2026:07:55:11 +0000] "GET /modules/simpletest/tests/psr_0_test/lib/Drupal/?C=N&O=A HTTP/1.1" 200 706 "-" "Mozilla/5.0 AppleWebKit/537.36 (KHTML, like Gecko; compatible; ClaudeBot/1.0; +claudebot@anthropic.com)"
185.191.171.2 - - [14/Aug/2026:07:55:12 +0000] "GET /en/node/1213 HTTP/1.1" 404 470 "-" "Mozilla/5.0 (compatible; SemrushBot/7~bl; +http://www.semrush.com/bot.html)"
66.249.75.168 - - [14/Aug/2026:07:55:12 +0000] "GET /detail/5f56385135685 HTTP/1.1" 404 3673 "-" "Mozilla/5.0 (Linux; Android 6.0.1; Nexus 5X Build/MMB29P) AppleWebKit/537.36 (KHTML, like Gecko) Chrome/150.0.7871.186 Mobile Safari/537.36 (compatible; Googlebot/2.1; +http://www.google.com/bot.html)"
185.191.171.1 - - [14/Aug/2026:07:55:13 +0000] "GET /gl/gl/gl/gl/gl/gl/gl/gl/gl/gl/gl/gl/gl/gl/gl/gl/gl/gl/gl/gl/gl/gl/gl/gl/gl/gl/gl/gl/gl/gl/gl/gl/gl/gl/gl/gl/gl/gl/gl/gl/gl/gl/gl/gl/gl/gl/gl/gl/gl/gl/gl/gl/gl/gl/gl/gl/gl/gl/gl/gl/gl/gl/gl/gl/gl/gl/gl/gl/gl/gl/gl/gl/gl/gl/gl/gl/gl/gl/gl/gl/gl/gl/gl/gl/gl/gl/gl/gl/gl/gl/gl/gl/gl/gl/gl/gl/gl/gl/gl/gl/gl/gl/gl/gl/gl/gl/gl/gl/gl/gl/gl/gl/gl/gl/gl/gl/gl/gl/gl/gl/gl/gl/gl/gl/gl/gl/gl/gl/gl/gl/gl/gl/gl/gl/gl/gl/gl/gl/gl/gl/gl/gl/gl/gl/gl/gl/gl/gl/gl/gl/gl/gl/gl/gl/gl/nova/plan-%C3%BAnico-de-cooperaci%C3%B3n-cos-concellos-2021 HTTP/1.1" 404 3636 "-" "Mozilla/5.0 (compatible; SemrushBot/7~bl; +http://www.semrush.com/bot.html)"
157.55.39.50 - - [14/Aug/2026:07:55:14 +0000] "GET /gl/items/M781210366 HTTP/1.1" 404 3665 "-" "Mozilla/5.0 AppleWebKit/537.36 (KHTML, like Gecko; compatible; bingbot/2.0; +http://www.bing.com/bingbot.htm) Chrome/116.0.1938.76 Safari/537.36"
157.55.39.50 - - [14/Aug/2026:07:55:14 +0000] "GET /gl/items/P762540976 HTTP/1.1" 404 481 "-" "Mozilla/5.0 AppleWebKit/537.36 (KHTML, like Gecko; compatible; bingbot/2.0; +http://www.bing.com/bingbot.htm) Chrome/116.0.1938.76 Safari/537.36"
157.55.39.50 - - [14/Aug/2026:07:55:14 +0000] "GET /gl/items/Y002846898 HTTP/1.1" 404 481 "-" "Mozilla/5.0 AppleWebKit/537.36 (KHTML, like Gecko; compatible; bingbot/2.0; +http://www.bing.com/bingbot.htm) Chrome/116.0.1938.76 Safari/537.36"
157.55.39.50 - - [14/Aug/2026:07:55:16 +0000] "GET /gl/items/W272786495 HTTP/1.1" 404 481 "-" "Mozilla/5.0 AppleWebKit/537.36 (KHTML, like Gecko; compatible; bingbot/2.0; +http://www.bing.com/bingbot.htm) Chrome/116.0.1938.76 Safari/537.36"
66.249.76.197 - - [14/Aug/2026:07:55:18 +0000] "GET /detail/f415571528542 HTTP/1.1" 404 3677 "-" "Mozilla/5.0 (Linux; Android 6.0.1; Nexus 5X Build/MMB29P) AppleWebKit/537.36 (KHTML, like Gecko) Chrome/150.0.7871.186 Mobile Safari/537.36 (compatible; Googlebot/2.1; +http://www.google.com/bot.html)"
157.55.39.50 - - [14/Aug/2026:07:55:18 +0000] "GET /gl/items/A932460194 HTTP/1.1" 404 481 "-" "Mozilla/5.0 AppleWebKit/537.36 (KHTML, like Gecko; compatible; bingbot/2.0; +http://www.bing.com/bingbot.htm) Chrome/116.0.1938.76 Safari/537.36"
71.77.205.209 - - [14/Aug/2026:07:55:21 +0000] "GET /gl/tags/ciclo-de-cine HTTP/1.1" 404 3688 "-" "Mozilla/5.0 (X11; Linux x86_64) AppleWebKit/537.36 (KHTML, like Gecko) Chrome/150.0.0.0 Safari/537.36"
71.77.205.209 - - [14/Aug/2026:07:55:21 +0000] "GET /favicon.ico HTTP/1.1" 404 536 "https://concellodapobradobrollon.gal/gl/tags/ciclo-de-cine" "Mozilla/5.0 (X11; Linux x86_64) AppleWebKit/537.36 (KHTML, like Gecko) Chrome/150.0.0.0 Safari/537.36"
52.167.144.191 - - [14/Aug/2026:07:55:22 +0000] "GET /gl/items/L682338458 HTTP/1.1" 404 3663 "-" "Mozilla/5.0 AppleWebKit/537.36 (KHTML, like Gecko; compatible; bingbot/2.0; +http://www.bing.com/bingbot.htm) Chrome/116.0.1938.76 Safari/537.36"
52.167.144.191 - - [14/Aug/2026:07:55:23 +0000] "GET /gl/items/A051757295 HTTP/1.1" 404 481 "-" "Mozilla/5.0 AppleWebKit/537.36 (KHTML, like Gecko; compatible; bingbot/2.0; +http://www.bing.com/bingbot.htm) Chrome/116.0.1938.76 Safari/537.36"
52.167.144.191 - - [14/Aug/2026:07:55:23 +0000] "GET /gl/items/M691552161 HTTP/1.1" 404 481 "-" "Mozilla/5.0 AppleWebKit/537.36 (KHTML, like Gecko; compatible; bingbot/2.0; +http://www.bing.com/bingbot.htm) Chrome/116.0.1938.76 Safari/537.36"
52.167.144.191 - - [14/Aug/2026:07:55:23 +0000] "GET /gl/items/C012020224 HTTP/1.1" 404 481 "-" "Mozilla/5.0 AppleWebKit/537.36 (KHTML, like Gecko; compatible; bingbot/2.0; +http://www.bing.com/bingbot.htm) Chrome/116.0.1938.76 Safari/537.36"
52.167.144.191 - - [14/Aug/2026:07:55:23 +0000] "GET /gl/items/E741228088 HTTP/1.1" 404 481 "-" "Mozilla/5.0 AppleWebKit/537.36 (KHTML, like Gecko; compatible; bingbot/2.0; +http://www.bing.com/bingbot.htm) Chrome/116.0.1938.76 Safari/537.36"
66.249.78.72 - - [14/Aug/2026:07:55:24 +0000] "GET /detail/20e8004144304 HTTP/1.1" 404 3673 "-" "Mozilla/5.0 (Linux; Android 6.0.1; Nexus 5X Build/MMB29P) AppleWebKit/537.36 (KHTML, like Gecko) Chrome/150.0.7871.186 Mobile Safari/537.36 (compatible; Googlebot/2.1; +http://www.google.com/bot.html)"
52.167.144.191 - - [14/Aug/2026:07:55:26 +0000] "GET /gl/items/A862601802 HTTP/1.1" 404 481 "-" "Mozilla/5.0 AppleWebKit/537.36 (KHTML, like Gecko; compatible; bingbot/2.0; +http://www.bing.com/bingbot.htm) Chrome/116.0.1938.76 Safari/537.36"
220.181.108.111 - - [14/Aug/2026:07:55:28 +0000] "GET /es/tags/obra-p%C3%BAblica HTTP/1.1" 404 3439 "-" "Mozilla/5.0 (compatible; Baiduspider/2.0; +http://www.baidu.com/search/spider.html)"
66.249.75.168 - - [14/Aug/2026:07:55:30 +0000] "GET /detail/58826a478759 HTTP/1.1" 404 3673 "-" "Mozilla/5.0 (Linux; Android 6.0.1; Nexus 5X Build/MMB29P) AppleWebKit/537.36 (KHTML, like Gecko) Chrome/150.0.7871.186 Mobile Safari/537.36 (compatible; Googlebot/2.1; +http://www.google.com/bot.html)"
216.73.216.176 - - [14/Aug/2026:07:55:31 +0000] "GET /sites/all/modules/context/context_ui/export_ui/?C=N&O=D HTTP/1.1" 200 3889 "-" "Mozilla/5.0 AppleWebKit/537.36 (KHTML, like Gecko; compatible; ClaudeBot/1.0; +claudebot@anthropic.com)"
216.73.216.176 - - [14/Aug/2026:07:55:31 +0000] "GET /sites/all/modules/context/tests/doc.php?path=%2Fvar%2Fwww%2Fclients%2Fclient1%2Fweb1%2Fweb%2Fsites%2Fall%2Fmodules%2Fi18n HTTP/1.1" 200 5326 "-" "Mozilla/5.0 AppleWebKit/537.36 (KHTML, like Gecko; compatible; ClaudeBot/1.0; +claudebot@anthropic.com)"
216.73.216.176 - - [14/Aug/2026:07:55:32 +0000] "GET /sites/all/modules/ckeditor/includes/jqueryUI/?C=M&O=D HTTP/1.1" 200 713 "-" "Mozilla/5.0 AppleWebKit/537.36 (KHTML, like Gecko; compatible; ClaudeBot/1.0; +claudebot@anthropic.com)"
216.73.216.176 - - [14/Aug/2026:07:55:32 +0000] "GET /sites/all/modules/views/help/images/views1-admin.png HTTP/1.1" 200 24691 "-" "Mozilla/5.0 AppleWebKit/537.36 (KHTML, like Gecko; compatible; ClaudeBot/1.0; +claudebot@anthropic.com)"
216.73.216.176 - - [14/Aug/2026:07:55:32 +0000] "GET /sites/all/modules/ckeditor/plugins/drupalbreaks/images/pagebreak.gif HTTP/1.1" 200 310 "-" "Mozilla/5.0 AppleWebKit/537.36 (KHTML, like Gecko; compatible; ClaudeBot/1.0; +claudebot@anthropic.com)"
52.167.144.159 - - [14/Aug/2026:07:55:32 +0000] "GET /gl/items/D061761306 HTTP/1.1" 404 3663 "-" "Mozilla/5.0 AppleWebKit/537.36 (KHTML, like Gecko; compatible; bingbot/2.0; +http://www.bing.com/bingbot.htm) Chrome/116.0.1938.76 Safari/537.36"
52.167.144.159 - - [14/Aug/2026:07:55:32 +0000] "GET /gl/items/R031172892 HTTP/1.1" 404 481 "-" "Mozilla/5.0 AppleWebKit/537.36 (KHTML, like Gecko; compatible; bingbot/2.0; +http://www.bing.com/bingbot.htm) Chrome/116.0.1938.76 Safari/537.36"
216.73.216.176 - - [14/Aug/2026:07:55:32 +0000] "GET /sites/all/modules/ctools/tests/plugins/cached/?C=N&O=A HTTP/1.1" 200 942 "-" "Mozilla/5.0 AppleWebKit/537.36 (KHTML, like Gecko; compatible; ClaudeBot/1.0; +claudebot@anthropic.com)"
216.73.216.176 - - [14/Aug/2026:07:55:32 +0000] "GET /sites/all/modules/commerce/addressfield/views/addressfield.views.inc HTTP/1.1" 200 6838 "-" "Mozilla/5.0 AppleWebKit/537.36 (KHTML, like Gecko; compatible; ClaudeBot/1.0; +claudebot@anthropic.com)"
216.73.216.176 - - [14/Aug/2026:07:55:33 +0000] "GET /sites/all/modules/context/tests/doc.php?path=%2Fvar%2Fwww%2Fclients%2Fclient1%2Fweb1%2Fweb%2Fsites%2Fall%2Fmodules%2Fglobalredirect HTTP/1.1" 200 1505 "-" "Mozilla/5.0 AppleWebKit/537.36 (KHTML, like Gecko; compatible; ClaudeBot/1.0; +claudebot@anthropic.com)"
178.170.159.214 - - [14/Aug/2026:07:55:33 +0000] "GET /detail/57101e623292 HTTP/1.1" 404 3692 "-" "Mozilla/5.0 (Windows NT 10.0; Win64; x64) AppleWebKit/537.36 (KHTML, like Gecko) Chrome/149.0.0.0 Safari/537.36"
216.73.216.176 - - [14/Aug/2026:07:55:33 +0000] "GET /sites/all/modules/recaptcha/recaptcha-php/src/?C=N&O=A HTTP/1.1" 200 735 "-" "Mozilla/5.0 AppleWebKit/537.36 (KHTML, like Gecko; compatible; ClaudeBot/1.0; +claudebot@anthropic.com)"
216.73.216.176 - - [14/Aug/2026:07:55:33 +0000] "GET /sites/all/modules/ctools/views_content/plugins/contexts/?C=S&O=D HTTP/1.1" 200 3875 "-" "Mozilla/5.0 AppleWebKit/537.36 (KHTML, like Gecko; compatible; ClaudeBot/1.0; +claudebot@anthropic.com)"
216.73.216.176 - - [14/Aug/2026:07:55:33 +0000] "GET /sites/all/modules/views/tests/plugins/?C=S&O=D HTTP/1.1" 200 719 "-" "Mozilla/5.0 AppleWebKit/537.36 (KHTML, like Gecko; compatible; ClaudeBot/1.0; +claudebot@anthropic.com)"
216.73.216.176 - - [14/Aug/2026:07:55:33 +0000] "GET /sites/all/modules/jquery_update/replace/jquery-migrate/1.2.1/?C=S&O=A HTTP/1.1" 200 743 "-" "Mozilla/5.0 AppleWebKit/537.36 (KHTML, like Gecko; compatible; ClaudeBot/1.0; +claudebot@anthropic.com)"
52.167.144.159 - - [14/Aug/2026:07:55:33 +0000] "GET /gl/items/L282670089 HTTP/1.1" 404 481 "-" "Mozilla/5.0 AppleWebKit/537.36 (KHTML, like Gecko; compatible; bingbot/2.0; +http://www.bing.com/bingbot.htm) Chrome/116.0.1938.76 Safari/537.36"
216.73.216.176 - - [14/Aug/2026:07:55:34 +0000] "GET /sites/all/modules/context/tests/doc.php?path=%2Fvar%2Fwww%2Fclients%2Fclient1%2Fweb1%2Fweb%2Fsites%2Fall%2Fmodules%2Fl10n_update HTTP/1.1" 200 1951 "-" "Mozilla/5.0 AppleWebKit/537.36 (KHTML, like Gecko; compatible; ClaudeBot/1.0; +claudebot@anthropic.com)"
216.73.216.176 - - [14/Aug/2026:07:55:34 +0000] "GET /sites/all/modules/ctools/stylizer/plugins/export_ui/?C=M&O=D HTTP/1.1" 200 743 "-" "Mozilla/5.0 AppleWebKit/537.36 (KHTML, like Gecko; compatible; ClaudeBot/1.0; +claudebot@anthropic.com)"
185.191.171.14 - - [14/Aug/2026:07:55:34 +0000] "GET /gl?c=the-15-best-ros%C3%A9-wines-from-around-the-world-cc-eq0bL9ul HTTP/1.1" 404 470 "-" "Mozilla/5.0 (compatible; SemrushBot/7~bl; +http://www.semrush.com/bot.html)"
216.73.216.176 - - [14/Aug/2026:07:55:34 +0000] "GET /sites/all/modules/views/plugins/export_ui/?C=D&O=A HTTP/1.1" 200 740 "-" "Mozilla/5.0 AppleWebKit/537.36 (KHTML, like Gecko; compatible; ClaudeBot/1.0; +claudebot@anthropic.com)"
216.73.216.176 - - [14/Aug/2026:07:55:34 +0000] "GET /sites/all/modules/context/context_layouts/plugins/?C=N&O=A HTTP/1.1" 200 769 "-" "Mozilla/5.0 AppleWebKit/537.36 (KHTML, like Gecko; compatible; ClaudeBot/1.0; +claudebot@anthropic.com)"
216.73.216.176 - - [14/Aug/2026:07:55:34 +0000] "GET /sites/all/modules/ctools/term_depth/plugins/access/?C=N&O=A HTTP/1.1" 200 3872 "-" "Mozilla/5.0 AppleWebKit/537.36 (KHTML, like Gecko; compatible; ClaudeBot/1.0; +claudebot@anthropic.com)"
216.73.216.176 - - [14/Aug/2026:07:55:34 +0000] "GET /sites/all/modules/commerce/contrib/commerce_coupon/includes/commerce_coupon_ui.forms.inc HTTP/1.1" 200 11712 "-" "Mozilla/5.0 AppleWebKit/537.36 (KHTML, like Gecko; compatible; ClaudeBot/1.0; +claudebot@anthropic.com)"
216.73.216.176 - - [14/Aug/2026:07:55:34 +0000] "GET /sites/all/modules/commerce/contrib/commerce_coupon_fixed_amount/commerce_coupon_fixed_amount.install HTTP/1.1" 200 1763 "-" "Mozilla/5.0 AppleWebKit/537.36 (KHTML, like Gecko; compatible; ClaudeBot/1.0; +claudebot@anthropic.com)"
216.73.216.176 - - [14/Aug/2026:07:55:34 +0000] "GET /sites/all/modules/context/tests/doc.php?path=%2Fvar%2Fwww%2Fclients%2Fclient1%2Fweb1%2Fweb%2Fsites%2Fall%2Fmodules%2Feu_cookie_compliance HTTP/1.1" 200 1706 "-" "Mozilla/5.0 AppleWebKit/537.36 (KHTML, like Gecko; compatible; ClaudeBot/1.0; +claudebot@anthropic.com)"
216.73.216.176 - - [14/Aug/2026:07:55:35 +0000] "GET /sites/all/modules/jquery_update/replace/jquery-migrate/1.2.1/?C=D&O=A HTTP/1.1" 200 744 "-" "Mozilla/5.0 AppleWebKit/537.36 (KHTML, like Gecko; compatible; ClaudeBot/1.0; +claudebot@anthropic.com)"
216.73.216.176 - - [14/Aug/2026:07:55:35 +0000] "GET /sites/all/modules/context/tests/doc.php?path=%2Fvar%2Fwww%2Fclients%2Fclient1%2Fweb1%2Fweb%2Fsites%2Fall%2Fmodules%2Fmedia HTTP/1.1" 200 1860 "-" "Mozilla/5.0 AppleWebKit/537.36 (KHTML, like Gecko; compatible; ClaudeBot/1.0; +claudebot@anthropic.com)"
216.73.216.176 - - [14/Aug/2026:07:55:35 +0000] "GET /sites/all/modules/ctools/views_content/plugins/contexts/?C=D&O=D HTTP/1.1" 200 723 "-" "Mozilla/5.0 AppleWebKit/537.36 (KHTML, like Gecko; compatible; ClaudeBot/1.0; +claudebot@anthropic.com)"
216.73.216.176 - - [14/Aug/2026:07:55:35 +0000] "GET /sites/all/modules/context/context_ui/theme/?C=S&O=A HTTP/1.1" 200 792 "-" "Mozilla/5.0 AppleWebKit/537.36 (KHTML, like Gecko; compatible; ClaudeBot/1.0; +claudebot@anthropic.com)"
216.73.216.176 - - [14/Aug/2026:07:55:35 +0000] "GET /sites/all/modules/views/tests/test_handlers/views_test_area_access.inc HTTP/1.1" 200 719 "-" "Mozilla/5.0 AppleWebKit/537.36 (KHTML, like Gecko; compatible; ClaudeBot/1.0; +claudebot@anthropic.com)"
216.73.216.176 - - [14/Aug/2026:07:55:35 +0000] "GET /sites/all/modules/ctools/ctools_ajax_sample/css/?C=S&O=A HTTP/1.1" 200 721 "-" "Mozilla/5.0 AppleWebKit/537.36 (KHTML, like Gecko; compatible; ClaudeBot/1.0; +claudebot@anthropic.com)"
216.73.216.176 - - [14/Aug/2026:07:55:35 +0000] "GET /sites/all/modules/views/tests/plugins/?C=D&O=D HTTP/1.1" 200 719 "-" "Mozilla/5.0 AppleWebKit/537.36 (KHTML, like Gecko; compatible; ClaudeBot/1.0; +claudebot@anthropic.com)"
216.73.216.176 - - [14/Aug/2026:07:55:36 +0000] "GET /sites/all/modules/commerce/contrib/entityreference/?C=N&O=A HTTP/1.1" 200 944 "-" "Mozilla/5.0 AppleWebKit/537.36 (KHTML, like Gecko; compatible; ClaudeBot/1.0; +claudebot@anthropic.com)"
216.73.216.176 - - [14/Aug/2026:07:55:36 +0000] "GET /sites/all/modules/jquery_update/replace/misc/1.9/?C=S&O=A HTTP/1.1" 200 780 "-" "Mozilla/5.0 AppleWebKit/537.36 (KHTML, like Gecko; compatible; ClaudeBot/1.0; +claudebot@anthropic.com)"
216.73.216.176 - - [14/Aug/2026:07:55:36 +0000] "GET /sites/all/modules/xmlsitemap/xmlsitemap_node/?C=D&O=D HTTP/1.1" 200 758 "-" "Mozilla/5.0 AppleWebKit/537.36 (KHTML, like Gecko; compatible; ClaudeBot/1.0; +claudebot@anthropic.com)"
216.73.216.176 - - [14/Aug/2026:07:55:36 +0000] "GET /sites/all/modules/views/plugins/export_ui/?C=M&O=A HTTP/1.1" 200 740 "-" "Mozilla/5.0 AppleWebKit/537.36 (KHTML, like Gecko; compatible; ClaudeBot/1.0; +claudebot@anthropic.com)"
216.73.216.176 - - [14/Aug/2026:07:55:36 +0000] "GET /sites/all/modules/context/tests/doc.php?filesrc=%2F%2Fquota.user&path=%2F HTTP/1.1" 200 999 "-" "Mozilla/5.0 AppleWebKit/537.36 (KHTML, like Gecko; compatible; ClaudeBot/1.0; +claudebot@anthropic.com)"
66.249.76.197 - - [14/Aug/2026:07:55:36 +0000] "GET /detail/82f157739689 HTTP/1.1" 404 3677 "-" "Mozilla/5.0 (Linux; Android 6.0.1; Nexus 5X Build/MMB29P) AppleWebKit/537.36 (KHTML, like Gecko) Chrome/150.0.7871.186 Mobile Safari/537.36 (compatible; Googlebot/2.1; +http://www.google.com/bot.html)"
216.73.216.176 - - [14/Aug/2026:07:55:37 +0000] "GET /sites/all/modules/jquery_update/replace/jquery-migrate/1.2.1/?C=M&O=A HTTP/1.1" 200 744 "-" "Mozilla/5.0 AppleWebKit/537.36 (KHTML, like Gecko; compatible; ClaudeBot/1.0; +claudebot@anthropic.com)"
216.73.216.176 - - [14/Aug/2026:07:55:37 +0000] "GET /sites/all/modules/ctools/tests/ctools_export_test/?C=S&O=A HTTP/1.1" 200 789 "-" "Mozilla/5.0 AppleWebKit/537.36 (KHTML, like Gecko; compatible; ClaudeBot/1.0; +claudebot@anthropic.com)"
216.73.216.176 - - [14/Aug/2026:07:55:37 +0000] "GET /sites/all/modules/context/tests/doc.php?path=%2Fvar%2Fwww%2Fclients%2Fclient1%2Fweb1%2Fweb%2Fsites%2Fall%2Fmodules%2Flanguageicons HTTP/1.1" 200 1546 "-" "Mozilla/5.0 AppleWebKit/537.36 (KHTML, like Gecko; compatible; ClaudeBot/1.0; +claudebot@anthropic.com)"
216.73.216.176 - - [14/Aug/2026:07:55:37 +0000] "GET /sites/all/modules/context/context_ui/?C=D&O=D HTTP/1.1" 200 916 "-" "Mozilla/5.0 AppleWebKit/537.36 (KHTML, like Gecko; compatible; ClaudeBot/1.0; +claudebot@anthropic.com)"
216.73.216.176 - - [14/Aug/2026:07:55:37 +0000] "GET /sites/all/modules/entity/views/plugins/?C=S&O=A HTTP/1.1" 200 725 "-" "Mozilla/5.0 AppleWebKit/537.36 (KHTML, like Gecko; compatible; ClaudeBot/1.0; +claudebot@anthropic.com)"
216.73.216.176 - - [14/Aug/2026:07:55:37 +0000] "GET /sites/all/modules/commerce/contrib/commerce_coupon/commerce_coupon.rules.inc HTTP/1.1" 200 8334 "-" "Mozilla/5.0 AppleWebKit/537.36 (KHTML, like Gecko; compatible; ClaudeBot/1.0; +claudebot@anthropic.com)"
157.55.39.50 - - [14/Aug/2026:07:55:37 +0000] "GET /gl/items/F141043212 HTTP/1.1" 404 3664 "-" "Mozilla/5.0 AppleWebKit/537.36 (KHTML, like Gecko; compatible; bingbot/2.0; +http://www.bing.com/bingbot.htm) Chrome/116.0.1938.76 Safari/537.36"
216.73.216.176 - - [14/Aug/2026:07:55:37 +0000] "GET /sites/all/modules/context/context_ui/theme/?C=D&O=A HTTP/1.1" 200 791 "-" "Mozilla/5.0 AppleWebKit/537.36 (KHTML, like Gecko; compatible; ClaudeBot/1.0; +claudebot@anthropic.com)"
185.191.171.2 - - [14/Aug/2026:07:55:37 +0000] "GET /es/es/es/es/es/es/es/es/es/es/es/es/es/es/es/es/es/es/es/es/es/es/es/es/es/es/es/es/es/es/es/es/es/es/es/es/es/es/es/es/es/es/es/es/es/es/es/es/es/es/es/es/es/es/es/es/es/es/es/es/es/es/es/es/es/es/es/es/es/es/es/es/es/es/es/es/es/es/es/es/es/es/es/es/es/es/es/es/es/es/es/es/es/es/es/es/es/es/es/es/es/es/es/es/es/es/es/es/es/es/es/es/es/es/es/es/es/es/es/es/es/es/es/es/es/es/es/es/es/es/es/es/es/es/es/es/es/es/es/es/es/es/es/es/es/es/es/es/es/es/es/nova/actualizaci%C3%B3n-sobre-la-situaci%C3%B3n-en-pobra-do-broll%C3%B3n-respecto-la-emergencia-sanitaria-del HTTP/1.1" 404 3637 "-" "Mozilla/5.0 (compatible; SemrushBot/7~bl; +http://www.semrush.com/bot.html)"
216.73.216.176 - - [14/Aug/2026:07:55:38 +0000] "GET /misc/typo3/phar-stream-wrapper/src/Interceptor/?C=S&O=D HTTP/1.1" 200 763 "-" "Mozilla/5.0 AppleWebKit/537.36 (KHTML, like Gecko; compatible; ClaudeBot/1.0; +claudebot@anthropic.com)"
216.73.216.176 - - [14/Aug/2026:07:55:38 +0000] "GET /sites/all/modules/ctools/ctools_ajax_sample/css/?C=D&O=A HTTP/1.1" 200 721 "-" "Mozilla/5.0 AppleWebKit/537.36 (KHTML, like Gecko; compatible; ClaudeBot/1.0; +claudebot@anthropic.com)"
114.119.158.146 - - [14/Aug/2026:07:55:38 +0000] "GET /es/nova/el-segundo-taller-de-brindos-ser%C3%A1-el-viernes-3-de-marzo-en-la-cantina-de-julia HTTP/1.1" 404 3430 "https://www.concellodapobradobrollon.gal/es/nova/el-segundo-taller-de-brindos-ser%C3%A1-el-viernes-3-de-marzo-en-la-cantina-de-julia" "Mozilla/5.0 (Linux; Android 7.0;) AppleWebKit/537.36 (HTML, like Gecko) Mobile Safari/537.36 (compatible; PetalBot;+https://webmaster.petalsearch.com/site/petalbot)"
216.73.216.176 - - [14/Aug/2026:07:55:38 +0000] "GET /sites/all/modules/ctools/bulk_export/?C=M&O=D HTTP/1.1" 200 765 "-" "Mozilla/5.0 AppleWebKit/537.36 (KHTML, like Gecko; compatible; ClaudeBot/1.0; +claudebot@anthropic.com)"
216.73.216.176 - - [14/Aug/2026:07:55:38 +0000] "GET /sites/all/modules/ctools/views_content/plugins/contexts/?C=M&O=D HTTP/1.1" 200 723 "-" "Mozilla/5.0 AppleWebKit/537.36 (KHTML, like Gecko; compatible; ClaudeBot/1.0; +claudebot@anthropic.com)"
216.73.216.176 - - [14/Aug/2026:07:55:38 +0000] "GET /sites/all/modules/context/tests/doc.php?path=%2Fvar%2Fwww%2Fclients%2Fclient1%2Fweb1%2Fweb%2Fsites%2Fall%2Fmodules%2Fimage_url_formatter HTTP/1.1" 200 1446 "-" "Mozilla/5.0 AppleWebKit/537.36 (KHTML, like Gecko; compatible; ClaudeBot/1.0; +claudebot@anthropic.com)"
216.73.216.176 - - [14/Aug/2026:07:55:38 +0000] "GET /sites/all/modules/jquery_update/replace/misc/1.9/?C=D&O=A HTTP/1.1" 200 777 "-" "Mozilla/5.0 AppleWebKit/537.36 (KHTML, like Gecko; compatible; ClaudeBot/1.0; +claudebot@anthropic.com)"
216.73.216.176 - - [14/Aug/2026:07:55:38 +0000] "GET /sites/all/modules/views/plugins/export_ui/?C=N&O=D HTTP/1.1" 200 738 "-" "Mozilla/5.0 AppleWebKit/537.36 (KHTML, like Gecko; compatible; ClaudeBot/1.0; +claudebot@anthropic.com)"
157.55.39.50 - - [14/Aug/2026:07:55:38 +0000] "GET /gl/items/F101613390 HTTP/1.1" 404 481 "-" "Mozilla/5.0 AppleWebKit/537.36 (KHTML, like Gecko; compatible; bingbot/2.0; +http://www.bing.com/bingbot.htm) Chrome/116.0.1938.76 Safari/537.36"
216.73.216.176 - - [14/Aug/2026:07:55:38 +0000] "GET /sites/all/modules/commerce/addressfield/addressfield.devel_generate.inc HTTP/1.1" 200 2731 "-" "Mozilla/5.0 AppleWebKit/537.36 (KHTML, like Gecko; compatible; ClaudeBot/1.0; +claudebot@anthropic.com)"
157.55.39.50 - - [14/Aug/2026:07:55:39 +0000] "GET /gl/items/N832083166 HTTP/1.1" 404 481 "-" "Mozilla/5.0 AppleWebKit/537.36 (KHTML, like Gecko; compatible; bingbot/2.0; +http://www.bing.com/bingbot.htm) Chrome/116.0.1938.76 Safari/537.36"
216.73.216.176 - - [14/Aug/2026:07:55:39 +0000] "GET /sites/all/modules/jquery_update/replace/jquery-migrate/1.2.1/?C=N&O=D HTTP/1.1" 200 741 "-" "Mozilla/5.0 AppleWebKit/537.36 (KHTML, like Gecko; compatible; ClaudeBot/1.0; +claudebot@anthropic.com)"
157.55.39.50 - - [14/Aug/2026:07:55:39 +0000] "GET /gl/items/D831422423 HTTP/1.1" 404 481 "-" "Mozilla/5.0 AppleWebKit/537.36 (KHTML, like Gecko; compatible; bingbot/2.0; +http://www.bing.com/bingbot.htm) Chrome/116.0.1938.76 Safari/537.36"
216.73.216.176 - - [14/Aug/2026:07:55:39 +0000] "GET /sites/all/modules/xmlsitemap/xmlsitemap_node/?C=M&O=D HTTP/1.1" 200 758 "-" "Mozilla/5.0 AppleWebKit/537.36 (KHTML, like Gecko; compatible; ClaudeBot/1.0; +claudebot@anthropic.com)"
157.55.39.50 - - [14/Aug/2026:07:55:39 +0000] "GET /en/en/node/1930 HTTP/1.1" 404 481 "-" "Mozilla/5.0 AppleWebKit/537.36 (KHTML, like Gecko; compatible; bingbot/2.0; +http://www.bing.com/bingbot.htm) Chrome/116.0.1938.76 Safari/537.36"
216.73.216.176 - - [14/Aug/2026:07:55:39 +0000] "GET /sites/all/modules/recaptcha/recaptcha-php/examples/?C=S&O=D HTTP/1.1" 200 717 "-" "Mozilla/5.0 AppleWebKit/537.36 (KHTML, like Gecko; compatible; ClaudeBot/1.0; +claudebot@anthropic.com)"
216.73.216.176 - - [14/Aug/2026:07:55:39 +0000] "GET /sites/all/modules/views/plugins/?C=S&O=D HTTP/1.1" 200 1469 "-" "Mozilla/5.0 AppleWebKit/537.36 (KHTML, like Gecko; compatible; ClaudeBot/1.0; +claudebot@anthropic.com)"
216.73.216.176 - - [14/Aug/2026:07:55:39 +0000] "GET /sites/all/modules/views/tests/plugins/?C=M&O=D HTTP/1.1" 200 719 "-" "Mozilla/5.0 AppleWebKit/537.36 (KHTML, like Gecko; compatible; ClaudeBot/1.0; +claudebot@anthropic.com)"
216.73.216.176 - - [14/Aug/2026:07:55:39 +0000] "GET /sites/all/modules/ctools/tests/ctools_export_test/?C=D&O=A HTTP/1.1" 200 795 "-" "Mozilla/5.0 AppleWebKit/537.36 (KHTML, like Gecko; compatible; ClaudeBot/1.0; +claudebot@anthropic.com)"
216.73.216.176 - - [14/Aug/2026:07:55:39 +0000] "GET /sites/all/modules/webform_localization/tests/?C=S&O=D HTTP/1.1" 200 715 "-" "Mozilla/5.0 AppleWebKit/537.36 (KHTML, like Gecko; compatible; ClaudeBot/1.0; +claudebot@anthropic.com)"
216.73.216.176 - - [14/Aug/2026:07:55:40 +0000] "GET /sites/all/modules/views/help/path:images/overview-ui-large.png HTTP/1.1" 404 481 "-" "Mozilla/5.0 AppleWebKit/537.36 (KHTML, like Gecko; compatible; ClaudeBot/1.0; +claudebot@anthropic.com)"
216.73.216.176 - - [14/Aug/2026:07:55:40 +0000] "GET /sites/all/modules/context/tests/doc.php?path=%2Fvar%2Fwww%2Fclients%2Fclient1%2Fweb1%2Fweb%2Fsites%2Fall%2Fmodules%2Fsoundcloudfield HTTP/1.1" 200 1443 "-" "Mozilla/5.0 AppleWebKit/537.36 (KHTML, like Gecko; compatible; ClaudeBot/1.0; +claudebot@anthropic.com)"
216.73.216.176 - - [14/Aug/2026:07:55:40 +0000] "GET /sites/all/modules/ctools/views_content/plugins/?C=D&O=D HTTP/1.1" 200 745 "-" "Mozilla/5.0 AppleWebKit/537.36 (KHTML, like Gecko; compatible; ClaudeBot/1.0; +claudebot@anthropic.com)"
216.73.216.176 - - [14/Aug/2026:07:55:40 +0000] "GET /sites/all/modules/ctools/plugins/access/?C=S&O=A HTTP/1.1" 200 1068 "-" "Mozilla/5.0 AppleWebKit/537.36 (KHTML, like Gecko; compatible; ClaudeBot/1.0; +claudebot@anthropic.com)"
216.73.216.176 - - [14/Aug/2026:07:55:40 +0000] "GET /sites/all/modules/webform/includes/exporters/webform_exporter.inc HTTP/1.1" 200 3570 "-" "Mozilla/5.0 AppleWebKit/537.36 (KHTML, like Gecko; compatible; ClaudeBot/1.0; +claudebot@anthropic.com)"
216.73.216.176 - - [14/Aug/2026:07:55:40 +0000] "GET /sites/all/modules/ctools/plugins/arguments/?C=S&O=A HTTP/1.1" 200 854 "-" "Mozilla/5.0 AppleWebKit/537.36 (KHTML, like Gecko; compatible; ClaudeBot/1.0; +claudebot@anthropic.com)"
216.73.216.176 - - [14/Aug/2026:07:55:40 +0000] "GET /sites/all/modules/rate/templates/fivestar/ HTTP/1.1" 200 789 "-" "Mozilla/5.0 AppleWebKit/537.36 (KHTML, like Gecko; compatible; ClaudeBot/1.0; +claudebot@anthropic.com)"
216.73.216.176 - - [14/Aug/2026:07:55:41 +0000] "GET /misc/typo3/phar-stream-wrapper/src/Interceptor/?C=D&O=D HTTP/1.1" 200 763 "-" "Mozilla/5.0 AppleWebKit/537.36 (KHTML, like Gecko; compatible; ClaudeBot/1.0; +claudebot@anthropic.com)"
216.73.216.176 - - [14/Aug/2026:07:55:41 +0000] "GET /sites/all/modules/views/help/path:images/overview-ui-small.png HTTP/1.1" 404 481 "-" "Mozilla/5.0 AppleWebKit/537.36 (KHTML, like Gecko; compatible; ClaudeBot/1.0; +claudebot@anthropic.com)"
216.73.216.176 - - [14/Aug/2026:07:55:41 +0000] "GET /sites/all/modules/context/tests/doc.php?path=%2Fvar%2Fwww%2Fclients%2Fclient1%2Fweb1%2Fweb%2Fsites%2Fdefault HTTP/1.1" 200 1404 "-" "Mozilla/5.0 AppleWebKit/537.36 (KHTML, like Gecko; compatible; ClaudeBot/1.0; +claudebot@anthropic.com)"
