Aug  9 08:59:16 brollon postfix/smtps/smtpd[16162]: lost connection after AUTH from unknown[213.176.26.44]
Aug  9 08:59:16 brollon postfix/smtps/smtpd[16162]: disconnect from unknown[213.176.26.44] ehlo=1 auth=0/1 rset=1 commands=2/3
Aug  9 08:59:18 brollon postfix/submission/smtpd[15213]: connect from unknown[213.176.26.114]
Aug  9 08:59:25 brollon postfix/submission/smtpd[15213]: warning: unknown[213.176.26.114]: SASL LOGIN authentication failed: UGFzc3dvcmQ6
Aug  9 08:59:25 brollon postfix/submission/smtpd[15213]: disconnect from unknown[213.176.26.114] ehlo=1 auth=0/1 rset=1 quit=1 commands=3/4
Aug  9 08:59:31 brollon postfix/smtps/smtpd[17156]: connect from unknown[213.176.26.133]
Aug  9 08:59:32 brollon postfix/submission/smtpd[13393]: connect from unknown[213.176.26.159]
Aug  9 08:59:33 brollon postfix/submission/smtpd[15213]: connect from unknown[213.176.26.134]
Aug  9 08:59:38 brollon postfix/smtps/smtpd[17156]: warning: unknown[213.176.26.133]: SASL LOGIN authentication failed: UGFzc3dvcmQ6
Aug  9 08:59:39 brollon postfix/submission/smtpd[13393]: warning: unknown[213.176.26.159]: SASL LOGIN authentication failed: UGFzc3dvcmQ6
Aug  9 08:59:39 brollon postfix/submission/smtpd[15213]: warning: unknown[213.176.26.134]: SASL LOGIN authentication failed: UGFzc3dvcmQ6
Aug  9 08:59:39 brollon postfix/submission/smtpd[14200]: connect from unknown[213.176.26.144]
Aug  9 08:59:39 brollon postfix/submission/smtpd[15213]: disconnect from unknown[213.176.26.134] ehlo=1 auth=0/1 rset=1 quit=1 commands=3/4
Aug  9 08:59:39 brollon postfix/submission/smtpd[13393]: disconnect from unknown[213.176.26.159] ehlo=1 auth=0/1 rset=1 quit=1 commands=3/4
Aug  9 08:59:40 brollon postfix/smtps/smtpd[17156]: lost connection after AUTH from unknown[213.176.26.133]
Aug  9 08:59:40 brollon postfix/smtps/smtpd[17156]: disconnect from unknown[213.176.26.133] ehlo=1 auth=0/1 rset=1 commands=2/3
Aug  9 08:59:46 brollon postfix/submission/smtpd[14200]: warning: unknown[213.176.26.144]: SASL LOGIN authentication failed: UGFzc3dvcmQ6
Aug  9 08:59:47 brollon postfix/submission/smtpd[14200]: disconnect from unknown[213.176.26.144] ehlo=1 auth=0/1 rset=1 quit=1 commands=3/4
Aug  9 08:59:55 brollon postfix/submission/smtpd[15102]: connect from unknown[213.176.26.113]
Aug  9 08:59:57 brollon postfix/submission/smtpd[14200]: connect from unknown[213.176.26.78]
Aug  9 09:00:00 brollon postfix/submission/smtpd[13393]: connect from unknown[213.176.26.74]
Aug  9 09:00:01 brollon postfix/submission/smtpd[15213]: connect from unknown[213.176.26.76]
Aug  9 09:00:01 brollon postfix/smtpd[14670]: connect from localhost[127.0.0.1]
Aug  9 09:00:01 brollon postfix/smtpd[14670]: lost connection after CONNECT from localhost[127.0.0.1]
Aug  9 09:00:01 brollon postfix/smtpd[14670]: disconnect from localhost[127.0.0.1] commands=0/0
Aug  9 09:00:01 brollon dovecot: imap-login: Disconnected (no auth attempts in 0 secs): user=<>, rip=127.0.0.1, lip=127.0.0.1, secured, session=<7sp+dplYrrl/AAAB>
Aug  9 09:00:01 brollon dovecot: pop3-login: Disconnected (no auth attempts in 0 secs): user=<>, rip=127.0.0.1, lip=127.0.0.1, secured, session=<rtF+dplY3rF/AAAB>
Aug  9 09:00:01 brollon postfix/smtpd[14670]: connect from localhost[127.0.0.1]
Aug  9 09:00:01 brollon postfix/smtpd[14670]: lost connection after CONNECT from localhost[127.0.0.1]
Aug  9 09:00:01 brollon postfix/smtpd[14670]: disconnect from localhost[127.0.0.1] commands=0/0
Aug  9 09:00:01 brollon dovecot: imap-login: Disconnected (no auth attempts in 0 secs): user=<>, rip=127.0.0.1, lip=127.0.0.1, secured, session=<WNKDdplYvLl/AAAB>
Aug  9 09:00:01 brollon dovecot: pop3-login: Disconnected (no auth attempts in 0 secs): user=<>, rip=127.0.0.1, lip=127.0.0.1, secured, session=<DdWDdplY7LF/AAAB>
Aug  9 09:00:02 brollon postfix/submission/smtpd[15102]: warning: unknown[213.176.26.113]: SASL LOGIN authentication failed: UGFzc3dvcmQ6
Aug  9 09:00:02 brollon postfix/submission/smtpd[15102]: disconnect from unknown[213.176.26.113] ehlo=1 auth=0/1 rset=1 quit=1 commands=3/4
Aug  9 09:00:04 brollon postfix/submission/smtpd[14200]: warning: unknown[213.176.26.78]: SASL LOGIN authentication failed: UGFzc3dvcmQ6
Aug  9 09:00:04 brollon postfix/submission/smtpd[14200]: disconnect from unknown[213.176.26.78] ehlo=1 auth=0/1 rset=1 quit=1 commands=3/4
Aug  9 09:00:05 brollon postfix/submission/smtpd[15102]: connect from unknown[213.176.26.85]
Aug  9 09:00:06 brollon postfix/smtps/smtpd[16162]: connect from unknown[213.176.26.182]
Aug  9 09:00:07 brollon postfix/submission/smtpd[15213]: warning: unknown[213.176.26.76]: SASL LOGIN authentication failed: UGFzc3dvcmQ6
Aug  9 09:00:07 brollon postfix/submission/smtpd[13393]: warning: unknown[213.176.26.74]: SASL LOGIN authentication failed: UGFzc3dvcmQ6
Aug  9 09:00:07 brollon postfix/submission/smtpd[13393]: disconnect from unknown[213.176.26.74] ehlo=1 auth=0/1 rset=1 quit=1 commands=3/4
Aug  9 09:00:07 brollon postfix/submission/smtpd[15213]: disconnect from unknown[213.176.26.76] ehlo=1 auth=0/1 rset=1 quit=1 commands=3/4
Aug  9 09:00:10 brollon postfix/submission/smtpd[14200]: connect from unknown[213.176.26.64]
Aug  9 09:00:11 brollon postfix/smtps/smtpd[16162]: warning: unknown[213.176.26.182]: SASL LOGIN authentication failed: UGFzc3dvcmQ6
Aug  9 09:00:11 brollon postfix/smtps/smtpd[16162]: lost connection after AUTH from unknown[213.176.26.182]
Aug  9 09:00:11 brollon postfix/smtps/smtpd[16162]: disconnect from unknown[213.176.26.182] ehlo=1 auth=0/1 rset=1 commands=2/3
Aug  9 09:00:12 brollon postfix/submission/smtpd[15102]: warning: unknown[213.176.26.85]: SASL LOGIN authentication failed: UGFzc3dvcmQ6
Aug  9 09:00:12 brollon postfix/submission/smtpd[15102]: disconnect from unknown[213.176.26.85] ehlo=1 auth=0/1 rset=1 quit=1 commands=3/4
Aug  9 09:00:17 brollon postfix/submission/smtpd[14200]: warning: unknown[213.176.26.64]: SASL LOGIN authentication failed: UGFzc3dvcmQ6
Aug  9 09:00:17 brollon postfix/submission/smtpd[14200]: disconnect from unknown[213.176.26.64] ehlo=1 auth=0/1 rset=1 quit=1 commands=3/4
Aug  9 09:00:19 brollon postfix/submission/smtpd[13393]: connect from unknown[213.176.26.114]
Aug  9 09:00:23 brollon postfix/smtpd[14670]: connect from unknown[192.253.248.59]
Aug  9 09:00:25 brollon postfix/smtpd[14670]: warning: unknown[192.253.248.59]: SASL LOGIN authentication failed: UGFzc3dvcmQ6
Aug  9 09:00:26 brollon postfix/submission/smtpd[13393]: warning: unknown[213.176.26.114]: SASL LOGIN authentication failed: UGFzc3dvcmQ6
Aug  9 09:00:26 brollon postfix/submission/smtpd[13393]: disconnect from unknown[213.176.26.114] ehlo=1 auth=0/1 rset=1 quit=1 commands=3/4
Aug  9 09:00:28 brollon postfix/smtps/smtpd[17156]: connect from unknown[213.176.26.123]
Aug  9 09:00:31 brollon postfix/smtpd[14670]: warning: unknown[192.253.248.59]: SASL LOGIN authentication failed: UGFzc3dvcmQ6
Aug  9 09:00:32 brollon postfix/smtps/smtpd[17156]: warning: unknown[213.176.26.123]: SASL LOGIN authentication failed: UGFzc3dvcmQ6
Aug  9 09:00:33 brollon postfix/smtps/smtpd[17156]: lost connection after AUTH from unknown[213.176.26.123]
Aug  9 09:00:33 brollon postfix/smtps/smtpd[17156]: disconnect from unknown[213.176.26.123] ehlo=1 auth=0/1 rset=1 commands=2/3
Aug  9 09:00:34 brollon postfix/submission/smtpd[15213]: connect from unknown[213.176.26.159]
Aug  9 09:00:36 brollon postfix/submission/smtpd[13393]: connect from unknown[213.176.26.134]
Aug  9 09:00:41 brollon postfix/submission/smtpd[15213]: warning: unknown[213.176.26.159]: SASL LOGIN authentication failed: UGFzc3dvcmQ6
Aug  9 09:00:41 brollon postfix/smtpd[14670]: warning: unknown[192.253.248.59]: SASL LOGIN authentication failed: UGFzc3dvcmQ6
Aug  9 09:00:41 brollon postfix/smtpd[14670]: disconnect from unknown[192.253.248.59] ehlo=1 auth=0/3 rset=3 quit=1 commands=5/8
Aug  9 09:00:42 brollon postfix/submission/smtpd[15213]: disconnect from unknown[213.176.26.159] ehlo=1 auth=0/1 rset=1 quit=1 commands=3/4
Aug  9 09:00:42 brollon postfix/submission/smtpd[14200]: connect from unknown[213.176.26.144]
Aug  9 09:00:43 brollon postfix/submission/smtpd[13393]: warning: unknown[213.176.26.134]: SASL LOGIN authentication failed: UGFzc3dvcmQ6
Aug  9 09:00:43 brollon postfix/submission/smtpd[13393]: disconnect from unknown[213.176.26.134] ehlo=1 auth=0/1 rset=1 quit=1 commands=3/4
Aug  9 09:00:44 brollon postfix/submission/smtpd[15102]: connect from unknown[213.176.24.65]
Aug  9 09:00:49 brollon postfix/submission/smtpd[14200]: warning: unknown[213.176.26.144]: SASL LOGIN authentication failed: UGFzc3dvcmQ6
Aug  9 09:00:50 brollon postfix/submission/smtpd[14200]: disconnect from unknown[213.176.26.144] ehlo=1 auth=0/1 rset=1 quit=1 commands=3/4
Aug  9 09:00:56 brollon postfix/submission/smtpd[15213]: connect from unknown[213.176.26.113]
Aug  9 09:00:59 brollon postfix/submission/smtpd[15102]: warning: unknown[213.176.24.65]: SASL LOGIN authentication failed: UGFzc3dvcmQ6
Aug  9 09:00:59 brollon postfix/submission/smtpd[15102]: lost connection after AUTH from unknown[213.176.24.65]
Aug  9 09:00:59 brollon postfix/submission/smtpd[15102]: disconnect from unknown[213.176.24.65] ehlo=1 auth=0/1 rset=1 commands=2/3
Aug  9 09:01:00 brollon postfix/submission/smtpd[13393]: connect from unknown[213.176.26.78]
Aug  9 09:01:01 brollon postfix/submission/smtpd[15213]: warning: unknown[213.176.26.113]: SASL LOGIN authentication failed: UGFzc3dvcmQ6
Aug  9 09:01:01 brollon postfix/submission/smtpd[15213]: disconnect from unknown[213.176.26.113] ehlo=1 auth=0/1 rset=1 quit=1 commands=3/4
Aug  9 09:01:01 brollon postfix/smtpd[14670]: connect from localhost[127.0.0.1]
Aug  9 09:01:01 brollon postfix/smtpd[14670]: lost connection after CONNECT from localhost[127.0.0.1]
Aug  9 09:01:01 brollon postfix/smtpd[14670]: disconnect from localhost[127.0.0.1] commands=0/0
Aug  9 09:01:01 brollon dovecot: imap-login: Disconnected (no auth attempts in 0 secs): user=<>, rip=127.0.0.1, lip=127.0.0.1, secured, session=<RrYUeplYsLp/AAAB>
Aug  9 09:01:01 brollon dovecot: pop3-login: Disconnected (no auth attempts in 0 secs): user=<>, rip=127.0.0.1, lip=127.0.0.1, secured, session=<McQUeplY4LJ/AAAB>
Aug  9 09:01:01 brollon postfix/pickup[4717]: A9CB0439D8: uid=5004 from=<web1>
Aug  9 09:01:01 brollon postfix/cleanup[18757]: A9CB0439D8: message-id=<20260809090101.A9CB0439D8@brollon.galiciadigital.net>
Aug  9 09:01:01 brollon postfix/qmgr[1580]: A9CB0439D8: from=<web1@servidor-1.localdomain>, size=810, nrcpt=1 (queue active)
Aug  9 09:01:02 brollon postfix/smtpd[18771]: connect from localhost[127.0.0.1]
Aug  9 09:01:02 brollon postfix/smtpd[18771]: 4CE794324C: client=localhost[127.0.0.1]
Aug  9 09:01:02 brollon postfix/cleanup[18757]: 4CE794324C: message-id=<20260809090101.A9CB0439D8@brollon.galiciadigital.net>
Aug  9 09:01:02 brollon postfix/smtpd[18771]: disconnect from localhost[127.0.0.1] ehlo=1 mail=1 rcpt=1 data=1 quit=1 commands=5
Aug  9 09:01:02 brollon postfix/qmgr[1580]: 4CE794324C: from=<web1@servidor-1.localdomain>, size=1308, nrcpt=1 (queue active)
Aug  9 09:01:02 brollon amavis[12687]: (12687-20) Passed CLEAN {RelayedInternal}, LOCAL [127.0.0.1] <web1@servidor-1.localdomain> -> <web1@servidor-1.localdomain>, Message-ID: <20260809090101.A9CB0439D8@brollon.galiciadigital.net>, mail_id: A-swO8TjZ8iN, Hits: 1.178, size: 810, queued_as: 4CE794324C, 530 ms
Aug  9 09:01:02 brollon postfix/smtp[18768]: A9CB0439D8: to=<web1@servidor-1.localdomain>, orig_to=<web1>, relay=127.0.0.1[127.0.0.1]:10024, delay=0.7, delays=0.12/0.03/0.02/0.52, dsn=2.0.0, status=sent (250 2.0.0 from MTA(smtp:[127.0.0.1]:10025): 250 2.0.0 Ok: queued as 4CE794324C)
Aug  9 09:01:02 brollon postfix/qmgr[1580]: A9CB0439D8: removed
Aug  9 09:01:02 brollon postfix/smtp[18772]: 4CE794324C: to=<web1@servidor-1.localdomain>, relay=none, delay=0.05, delays=0.01/0.03/0.01/0, dsn=5.4.4, status=bounced (Host or domain name not found. Name service error for name=servidor-1.localdomain type=AAAA: Host not found)
Aug  9 09:01:02 brollon postfix/cleanup[18757]: 63B56439D8: message-id=<20260809090102.63B56439D8@brollon.galiciadigital.net>
Aug  9 09:01:02 brollon postfix/bounce[18773]: 4CE794324C: sender non-delivery notification: 63B56439D8
Aug  9 09:01:02 brollon postfix/qmgr[1580]: 63B56439D8: from=<>, size=3500, nrcpt=1 (queue active)
Aug  9 09:01:02 brollon postfix/qmgr[1580]: 4CE794324C: removed
Aug  9 09:01:02 brollon postfix/smtp[18772]: 63B56439D8: to=<web1@servidor-1.localdomain>, relay=none, delay=0.02, delays=0.01/0/0.01/0, dsn=5.4.4, status=bounced (Host or domain name not found. Name service error for name=servidor-1.localdomain type=AAAA: Host not found)
Aug  9 09:01:02 brollon postfix/qmgr[1580]: 63B56439D8: removed
Aug  9 09:01:04 brollon postfix/submission/smtpd[15102]: connect from unknown[213.176.26.74]
Aug  9 09:01:04 brollon postfix/submission/smtpd[14200]: connect from unknown[213.176.26.76]
Aug  9 09:01:07 brollon postfix/submission/smtpd[13393]: warning: unknown[213.176.26.78]: SASL LOGIN authentication failed: UGFzc3dvcmQ6
Aug  9 09:01:07 brollon postfix/submission/smtpd[13393]: disconnect from unknown[213.176.26.78] ehlo=1 auth=0/1 rset=1 quit=1 commands=3/4
Aug  9 09:01:08 brollon postfix/submission/smtpd[15213]: connect from unknown[213.176.26.85]
Aug  9 09:01:10 brollon postfix/submission/smtpd[15102]: warning: unknown[213.176.26.74]: SASL LOGIN authentication failed: UGFzc3dvcmQ6
Aug  9 09:01:10 brollon postfix/submission/smtpd[15102]: disconnect from unknown[213.176.26.74] ehlo=1 auth=0/1 rset=1 quit=1 commands=3/4
Aug  9 09:01:11 brollon postfix/submission/smtpd[14200]: warning: unknown[213.176.26.76]: SASL LOGIN authentication failed: UGFzc3dvcmQ6
Aug  9 09:01:12 brollon postfix/submission/smtpd[14200]: disconnect from unknown[213.176.26.76] ehlo=1 auth=0/1 rset=1 quit=1 commands=3/4
Aug  9 09:01:13 brollon postfix/smtpd[14670]: connect from unknown[92.118.39.223]
Aug  9 09:01:13 brollon postfix/submission/smtpd[13393]: connect from unknown[213.176.26.64]
Aug  9 09:01:15 brollon postfix/submission/smtpd[15213]: warning: unknown[213.176.26.85]: SASL LOGIN authentication failed: UGFzc3dvcmQ6
Aug  9 09:01:15 brollon postfix/smtpd[14670]: warning: unknown[92.118.39.223]: SASL LOGIN authentication failed: UGFzc3dvcmQ6
Aug  9 09:01:15 brollon postfix/submission/smtpd[15213]: disconnect from unknown[213.176.26.85] ehlo=1 auth=0/1 rset=1 quit=1 commands=3/4
Aug  9 09:01:15 brollon postfix/smtpd[14670]: disconnect from unknown[92.118.39.223] ehlo=1 auth=0/1 quit=1 commands=2/3
Aug  9 09:01:20 brollon postfix/submission/smtpd[13393]: warning: unknown[213.176.26.64]: SASL LOGIN authentication failed: UGFzc3dvcmQ6
Aug  9 09:01:20 brollon postfix/submission/smtpd[13393]: disconnect from unknown[213.176.26.64] ehlo=1 auth=0/1 rset=1 quit=1 commands=3/4
Aug  9 09:01:20 brollon postfix/submission/smtpd[15102]: connect from unknown[213.176.26.114]
Aug  9 09:01:27 brollon postfix/submission/smtpd[15102]: warning: unknown[213.176.26.114]: SASL LOGIN authentication failed: UGFzc3dvcmQ6
Aug  9 09:01:27 brollon postfix/submission/smtpd[15102]: disconnect from unknown[213.176.26.114] ehlo=1 auth=0/1 rset=1 quit=1 commands=3/4
Aug  9 09:01:36 brollon postfix/submission/smtpd[13393]: connect from unknown[213.176.26.159]
Aug  9 09:01:39 brollon postfix/submission/smtpd[15102]: connect from unknown[213.176.26.134]
Aug  9 09:01:43 brollon postfix/submission/smtpd[13393]: warning: unknown[213.176.26.159]: SASL LOGIN authentication failed: UGFzc3dvcmQ6
Aug  9 09:01:44 brollon postfix/submission/smtpd[13393]: disconnect from unknown[213.176.26.159] ehlo=1 auth=0/1 rset=1 quit=1 commands=3/4
Aug  9 09:01:46 brollon postfix/submission/smtpd[15102]: warning: unknown[213.176.26.134]: SASL LOGIN authentication failed: UGFzc3dvcmQ6
Aug  9 09:01:46 brollon postfix/submission/smtpd[15213]: connect from unknown[213.176.26.144]
Aug  9 09:01:47 brollon postfix/submission/smtpd[15102]: disconnect from unknown[213.176.26.134] ehlo=1 auth=0/1 rset=1 quit=1 commands=3/4
Aug  9 09:01:50 brollon postfix/submission/smtpd[15213]: warning: unknown[213.176.26.144]: SASL LOGIN authentication failed: VXNlcm5hbWU6
Aug  9 09:01:52 brollon postfix/submission/smtpd[15213]: disconnect from unknown[213.176.26.144] ehlo=1 auth=0/1 rset=1 quit=1 unknown=0/1 commands=3/5
Aug  9 09:01:57 brollon postfix/submission/smtpd[14200]: connect from unknown[213.176.26.113]
Aug  9 09:02:02 brollon postfix/smtpd[14670]: connect from localhost[127.0.0.1]
Aug  9 09:02:02 brollon postfix/smtpd[14670]: lost connection after CONNECT from localhost[127.0.0.1]
Aug  9 09:02:02 brollon postfix/smtpd[14670]: disconnect from localhost[127.0.0.1] commands=0/0
Aug  9 09:02:02 brollon dovecot: pop3-login: Disconnected (no auth attempts in 0 secs): user=<>, rip=127.0.0.1, lip=127.0.0.1, secured, session=<tWatfZlYHLR/AAAB>
Aug  9 09:02:02 brollon dovecot: imap-login: Disconnected (no auth attempts in 0 secs): user=<>, rip=127.0.0.1, lip=127.0.0.1, secured, session=<knqtfZlY7Lt/AAAB>
Aug  9 09:02:02 brollon postfix/submission/smtpd[14200]: warning: unknown[213.176.26.113]: SASL LOGIN authentication failed: UGFzc3dvcmQ6
Aug  9 09:02:02 brollon postfix/submission/smtpd[14200]: disconnect from unknown[213.176.26.113] ehlo=1 auth=0/1 rset=1 quit=1 commands=3/4
Aug  9 09:02:03 brollon postfix/submission/smtpd[15102]: connect from unknown[213.176.26.78]
Aug  9 09:02:07 brollon postfix/submission/smtpd[13393]: connect from unknown[213.176.26.74]
Aug  9 09:02:08 brollon postfix/submission/smtpd[14200]: connect from unknown[213.176.26.76]
Aug  9 09:02:10 brollon postfix/smtps/smtpd[17156]: connect from unknown[213.176.26.54]
Aug  9 09:02:10 brollon postfix/submission/smtpd[15102]: warning: unknown[213.176.26.78]: SASL LOGIN authentication failed: UGFzc3dvcmQ6
Aug  9 09:02:11 brollon postfix/submission/smtpd[15102]: disconnect from unknown[213.176.26.78] ehlo=1 auth=0/1 rset=1 quit=1 commands=3/4
Aug  9 09:02:11 brollon postfix/submission/smtpd[15213]: connect from unknown[213.176.26.85]
Aug  9 09:02:13 brollon postfix/submission/smtpd[13393]: warning: unknown[213.176.26.74]: SASL LOGIN authentication failed: UGFzc3dvcmQ6
Aug  9 09:02:13 brollon postfix/submission/smtpd[13393]: disconnect from unknown[213.176.26.74] ehlo=1 auth=0/1 rset=1 quit=1 commands=3/4
Aug  9 09:02:14 brollon postfix/submission/smtpd[14200]: warning: unknown[213.176.26.76]: SASL LOGIN authentication failed: UGFzc3dvcmQ6
Aug  9 09:02:14 brollon postfix/submission/smtpd[14200]: disconnect from unknown[213.176.26.76] ehlo=1 auth=0/1 rset=1 quit=1 commands=3/4
Aug  9 09:02:16 brollon postfix/submission/smtpd[15102]: connect from unknown[213.176.26.64]
Aug  9 09:02:17 brollon postfix/smtps/smtpd[17156]: warning: unknown[213.176.26.54]: SASL LOGIN authentication failed: UGFzc3dvcmQ6
Aug  9 09:02:18 brollon postfix/submission/smtpd[15213]: warning: unknown[213.176.26.85]: SASL LOGIN authentication failed: UGFzc3dvcmQ6
Aug  9 09:02:18 brollon postfix/submission/smtpd[15213]: disconnect from unknown[213.176.26.85] ehlo=1 auth=0/1 rset=1 quit=1 commands=3/4
Aug  9 09:02:19 brollon postfix/smtps/smtpd[17156]: lost connection after AUTH from unknown[213.176.26.54]
Aug  9 09:02:19 brollon postfix/smtps/smtpd[17156]: disconnect from unknown[213.176.26.54] ehlo=1 auth=0/1 rset=1 commands=2/3
Aug  9 09:02:20 brollon postfix/smtps/smtpd[17156]: connect from unknown[213.176.26.166]
Aug  9 09:02:21 brollon postfix/submission/smtpd[14200]: connect from unknown[213.176.26.114]
Aug  9 09:02:23 brollon postfix/submission/smtpd[15102]: warning: unknown[213.176.26.64]: SASL LOGIN authentication failed: UGFzc3dvcmQ6
Aug  9 09:02:23 brollon postfix/submission/smtpd[15102]: disconnect from unknown[213.176.26.64] ehlo=1 auth=0/1 rset=1 quit=1 commands=3/4
Aug  9 09:02:26 brollon postfix/smtps/smtpd[17156]: warning: unknown[213.176.26.166]: SASL LOGIN authentication failed: UGFzc3dvcmQ6
Aug  9 09:02:26 brollon postfix/smtps/smtpd[17156]: lost connection after AUTH from unknown[213.176.26.166]
Aug  9 09:02:26 brollon postfix/smtps/smtpd[17156]: disconnect from unknown[213.176.26.166] ehlo=1 auth=0/1 rset=1 commands=2/3
Aug  9 09:02:27 brollon postfix/submission/smtpd[14200]: warning: unknown[213.176.26.114]: SASL LOGIN authentication failed: UGFzc3dvcmQ6
Aug  9 09:02:27 brollon postfix/submission/smtpd[14200]: disconnect from unknown[213.176.26.114] ehlo=1 auth=0/1 rset=1 quit=1 commands=3/4
Aug  9 09:02:28 brollon postfix/smtps/smtpd[17156]: connect from unknown[213.176.26.63]
Aug  9 09:02:34 brollon postfix/smtps/smtpd[17156]: warning: unknown[213.176.26.63]: SASL LOGIN authentication failed: UGFzc3dvcmQ6
Aug  9 09:02:34 brollon postfix/smtps/smtpd[17156]: lost connection after AUTH from unknown[213.176.26.63]
Aug  9 09:02:34 brollon postfix/smtps/smtpd[17156]: disconnect from unknown[213.176.26.63] ehlo=1 auth=0/1 rset=1 commands=2/3
Aug  9 09:02:37 brollon postfix/submission/smtpd[13393]: connect from unknown[213.176.26.159]
Aug  9 09:02:42 brollon postfix/submission/smtpd[15102]: connect from unknown[213.176.26.134]
Aug  9 09:02:44 brollon postfix/submission/smtpd[13393]: warning: unknown[213.176.26.159]: SASL LOGIN authentication failed: UGFzc3dvcmQ6
Aug  9 09:02:45 brollon postfix/submission/smtpd[13393]: disconnect from unknown[213.176.26.159] ehlo=1 auth=0/1 rset=1 quit=1 commands=3/4
Aug  9 09:02:48 brollon postfix/submission/smtpd[15102]: warning: unknown[213.176.26.134]: SASL LOGIN authentication failed: UGFzc3dvcmQ6
Aug  9 09:02:48 brollon postfix/submission/smtpd[15102]: disconnect from unknown[213.176.26.134] ehlo=1 auth=0/1 rset=1 quit=1 commands=3/4
Aug  9 09:02:51 brollon postfix/submission/smtpd[14200]: connect from unknown[213.176.26.144]
Aug  9 09:02:58 brollon postfix/submission/smtpd[14200]: warning: unknown[213.176.26.144]: SASL LOGIN authentication failed: UGFzc3dvcmQ6
Aug  9 09:02:59 brollon postfix/submission/smtpd[14200]: disconnect from unknown[213.176.26.144] ehlo=1 auth=0/1 rset=1 quit=1 commands=3/4
Aug  9 09:02:59 brollon postfix/submission/smtpd[15102]: connect from unknown[213.176.26.113]
Aug  9 09:03:01 brollon postfix/smtpd[14670]: connect from localhost[127.0.0.1]
Aug  9 09:03:01 brollon postfix/smtpd[14670]: lost connection after CONNECT from localhost[127.0.0.1]
Aug  9 09:03:01 brollon postfix/smtpd[14670]: disconnect from localhost[127.0.0.1] commands=0/0
Aug  9 09:03:01 brollon dovecot: pop3-login: Disconnected (no auth attempts in 0 secs): user=<>, rip=127.0.0.1, lip=127.0.0.1, secured, session=<opQ0gZlYIrV/AAAB>
Aug  9 09:03:01 brollon dovecot: imap-login: Disconnected (no auth attempts in 0 secs): user=<>, rip=127.0.0.1, lip=127.0.0.1, secured, session=<btA0gZlY8rx/AAAB>
Aug  9 09:03:06 brollon postfix/smtps/smtpd[17156]: connect from unknown[213.176.26.42]
Aug  9 09:03:06 brollon postfix/submission/smtpd[15102]: warning: unknown[213.176.26.113]: SASL LOGIN authentication failed: UGFzc3dvcmQ6
Aug  9 09:03:06 brollon postfix/submission/smtpd[15102]: disconnect from unknown[213.176.26.113] ehlo=1 auth=0/1 rset=1 quit=1 commands=3/4
Aug  9 09:03:06 brollon postfix/submission/smtpd[13393]: connect from unknown[213.176.26.78]
Aug  9 09:03:09 brollon postfix/submission/smtpd[13393]: warning: unknown[213.176.26.78]: SASL LOGIN authentication failed: UGFzc3dvcmQ6
Aug  9 09:03:09 brollon postfix/submission/smtpd[13393]: disconnect from unknown[213.176.26.78] ehlo=1 auth=0/1 rset=1 quit=1 commands=3/4
Aug  9 09:03:10 brollon postfix/submission/smtpd[14200]: connect from unknown[213.176.26.74]
Aug  9 09:03:11 brollon postfix/smtps/smtpd[17156]: warning: unknown[213.176.26.42]: SASL LOGIN authentication failed: UGFzc3dvcmQ6
Aug  9 09:03:11 brollon postfix/smtps/smtpd[17156]: lost connection after AUTH from unknown[213.176.26.42]
Aug  9 09:03:11 brollon postfix/smtps/smtpd[17156]: disconnect from unknown[213.176.26.42] ehlo=1 auth=0/1 rset=1 commands=2/3
Aug  9 09:03:13 brollon postfix/submission/smtpd[13393]: connect from unknown[213.176.26.76]
Aug  9 09:03:14 brollon postfix/submission/smtpd[15213]: connect from unknown[213.176.26.85]
Aug  9 09:03:17 brollon postfix/submission/smtpd[14200]: warning: unknown[213.176.26.74]: SASL LOGIN authentication failed: UGFzc3dvcmQ6
Aug  9 09:03:17 brollon postfix/submission/smtpd[14200]: disconnect from unknown[213.176.26.74] ehlo=1 auth=0/1 rset=1 quit=1 commands=3/4
Aug  9 09:03:19 brollon postfix/submission/smtpd[15102]: connect from unknown[213.176.26.64]
Aug  9 09:03:20 brollon postfix/submission/smtpd[13393]: warning: unknown[213.176.26.76]: SASL LOGIN authentication failed: UGFzc3dvcmQ6
Aug  9 09:03:20 brollon postfix/submission/smtpd[13393]: disconnect from unknown[213.176.26.76] ehlo=1 auth=0/1 rset=1 quit=1 commands=3/4
Aug  9 09:03:21 brollon postfix/submission/smtpd[15213]: warning: unknown[213.176.26.85]: SASL LOGIN authentication failed: UGFzc3dvcmQ6
Aug  9 09:03:21 brollon postfix/submission/smtpd[15213]: disconnect from unknown[213.176.26.85] ehlo=1 auth=0/1 rset=1 quit=1 commands=3/4
Aug  9 09:03:22 brollon postfix/submission/smtpd[15102]: warning: unknown[213.176.26.64]: SASL LOGIN authentication failed: UGFzc3dvcmQ6
Aug  9 09:03:22 brollon postfix/submission/smtpd[15102]: disconnect from unknown[213.176.26.64] ehlo=1 auth=0/1 rset=1 quit=1 commands=3/4
Aug  9 09:03:22 brollon postfix/submission/smtpd[14200]: connect from unknown[213.176.26.114]
Aug  9 09:03:29 brollon postfix/submission/smtpd[14200]: warning: unknown[213.176.26.114]: SASL LOGIN authentication failed: UGFzc3dvcmQ6
Aug  9 09:03:29 brollon postfix/submission/smtpd[14200]: disconnect from unknown[213.176.26.114] ehlo=1 auth=0/1 rset=1 quit=1 commands=3/4
Aug  9 09:03:31 brollon postfix/smtpd[14670]: connect from unknown[157.66.224.129]
Aug  9 09:03:33 brollon postfix/smtpd[14670]: warning: unknown[157.66.224.129]: SASL LOGIN authentication failed: UGFzc3dvcmQ6
Aug  9 09:03:33 brollon postfix/smtpd[14670]: disconnect from unknown[157.66.224.129] ehlo=1 auth=0/1 quit=1 commands=2/3
Aug  9 09:03:37 brollon postfix/smtps/smtpd[17156]: connect from unknown[213.176.26.69]
Aug  9 09:03:40 brollon postfix/submission/smtpd[15213]: connect from unknown[213.176.26.159]
Aug  9 09:03:44 brollon postfix/smtps/smtpd[17156]: warning: unknown[213.176.26.69]: SASL LOGIN authentication failed: UGFzc3dvcmQ6
Aug  9 09:03:45 brollon postfix/submission/smtpd[14200]: connect from unknown[213.176.26.134]
Aug  9 09:03:46 brollon postfix/smtps/smtpd[17156]: lost connection after AUTH from unknown[213.176.26.69]
Aug  9 09:03:46 brollon postfix/smtps/smtpd[17156]: disconnect from unknown[213.176.26.69] ehlo=1 auth=0/1 rset=1 commands=2/3
Aug  9 09:03:46 brollon postfix/submission/smtpd[15213]: warning: unknown[213.176.26.159]: SASL LOGIN authentication failed: UGFzc3dvcmQ6
Aug  9 09:03:46 brollon postfix/submission/smtpd[15213]: disconnect from unknown[213.176.26.159] ehlo=1 auth=0/1 rset=1 quit=1 commands=3/4
Aug  9 09:03:51 brollon postfix/smtps/smtpd[17156]: connect from unknown[213.176.24.64]
Aug  9 09:03:52 brollon postfix/submission/smtpd[14200]: warning: unknown[213.176.26.134]: SASL LOGIN authentication failed: UGFzc3dvcmQ6
Aug  9 09:03:52 brollon postfix/smtps/smtpd[19017]: connect from unknown[213.176.26.175]
Aug  9 09:03:52 brollon postfix/submission/smtpd[14200]: disconnect from unknown[213.176.26.134] ehlo=1 auth=0/1 rset=1 quit=1 commands=3/4
Aug  9 09:03:54 brollon postfix/smtpd[14670]: connect from unknown[92.118.39.228]
Aug  9 09:03:55 brollon postfix/smtps/smtpd[19022]: connect from unknown[213.176.26.191]
Aug  9 09:03:55 brollon postfix/submission/smtpd[15102]: connect from unknown[213.176.26.144]
Aug  9 09:03:56 brollon postfix/smtpd[14670]: warning: unknown[92.118.39.228]: SASL LOGIN authentication failed: UGFzc3dvcmQ6
Aug  9 09:03:56 brollon postfix/smtpd[14670]: disconnect from unknown[92.118.39.228] ehlo=1 auth=0/1 quit=1 commands=2/3
Aug  9 09:03:57 brollon postfix/smtps/smtpd[19022]: warning: unknown[213.176.26.191]: SASL LOGIN authentication failed: UGFzc3dvcmQ6
Aug  9 09:03:57 brollon postfix/smtps/smtpd[19022]: lost connection after AUTH from unknown[213.176.26.191]
Aug  9 09:03:57 brollon postfix/smtps/smtpd[19022]: disconnect from unknown[213.176.26.191] ehlo=1 auth=0/1 rset=1 commands=2/3
Aug  9 09:03:58 brollon postfix/submission/smtpd[15102]: warning: unknown[213.176.26.144]: SASL LOGIN authentication failed: UGFzc3dvcmQ6
Aug  9 09:03:58 brollon postfix/smtps/smtpd[19017]: warning: unknown[213.176.26.175]: SASL LOGIN authentication failed: UGFzc3dvcmQ6
Aug  9 09:03:58 brollon postfix/smtps/smtpd[19017]: lost connection after AUTH from unknown[213.176.26.175]
Aug  9 09:03:58 brollon postfix/smtps/smtpd[19017]: disconnect from unknown[213.176.26.175] ehlo=1 auth=0/1 rset=1 commands=2/3
Aug  9 09:03:58 brollon postfix/submission/smtpd[15102]: disconnect from unknown[213.176.26.144] ehlo=1 auth=0/1 rset=1 quit=1 commands=3/4
Aug  9 09:04:00 brollon postfix/submission/smtpd[13393]: connect from unknown[213.176.26.113]
Aug  9 09:04:01 brollon postfix/smtpd[14670]: connect from localhost[127.0.0.1]
Aug  9 09:04:01 brollon postfix/smtpd[14670]: lost connection after CONNECT from localhost[127.0.0.1]
Aug  9 09:04:01 brollon postfix/smtpd[14670]: disconnect from localhost[127.0.0.1] commands=0/0
Aug  9 09:04:01 brollon dovecot: imap-login: Disconnected (no auth attempts in 0 secs): user=<>, rip=127.0.0.1, lip=127.0.0.1, secured, session=</CfMhJlYLr5/AAAB>
Aug  9 09:04:01 brollon dovecot: pop3-login: Disconnected (no auth attempts in 0 secs): user=<>, rip=127.0.0.1, lip=127.0.0.1, secured, session=<ETjMhJlYXrZ/AAAB>
Aug  9 09:04:02 brollon postfix/smtps/smtpd[19022]: connect from unknown[213.176.26.21]
Aug  9 09:04:06 brollon postfix/smtps/smtpd[19022]: warning: unknown[213.176.26.21]: SASL LOGIN authentication failed: UGFzc3dvcmQ6
Aug  9 09:04:06 brollon postfix/smtps/smtpd[19022]: lost connection after AUTH from unknown[213.176.26.21]
Aug  9 09:04:06 brollon postfix/smtps/smtpd[19022]: disconnect from unknown[213.176.26.21] ehlo=1 auth=0/1 rset=1 commands=2/3
Aug  9 09:04:07 brollon postfix/submission/smtpd[13393]: warning: unknown[213.176.26.113]: SASL LOGIN authentication failed: UGFzc3dvcmQ6
Aug  9 09:04:07 brollon postfix/submission/smtpd[13393]: disconnect from unknown[213.176.26.113] ehlo=1 auth=0/1 rset=1 quit=1 commands=3/4
Aug  9 09:04:09 brollon postfix/submission/smtpd[15213]: connect from unknown[213.176.26.78]
Aug  9 09:04:11 brollon postfix/smtps/smtpd[19017]: connect from unknown[213.176.26.122]
Aug  9 09:04:13 brollon postfix/smtps/smtpd[17156]: warning: unknown[213.176.24.64]: SASL LOGIN authentication failed: UGFzc3dvcmQ6
Aug  9 09:04:13 brollon postfix/smtps/smtpd[17156]: lost connection after AUTH from unknown[213.176.24.64]
Aug  9 09:04:13 brollon postfix/smtps/smtpd[17156]: disconnect from unknown[213.176.24.64] ehlo=1 auth=0/1 rset=1 commands=2/3
Aug  9 09:04:13 brollon postfix/submission/smtpd[14200]: connect from unknown[213.176.26.74]
Aug  9 09:04:15 brollon postfix/smtps/smtpd[19017]: warning: unknown[213.176.26.122]: SASL LOGIN authentication failed: UGFzc3dvcmQ6
Aug  9 09:04:15 brollon postfix/smtps/smtpd[19017]: lost connection after AUTH from unknown[213.176.26.122]
Aug  9 09:04:15 brollon postfix/smtps/smtpd[19017]: disconnect from unknown[213.176.26.122] ehlo=1 auth=0/1 rset=1 commands=2/3
Aug  9 09:04:16 brollon postfix/submission/smtpd[15102]: connect from unknown[213.176.26.76]
Aug  9 09:04:16 brollon postfix/submission/smtpd[15213]: warning: unknown[213.176.26.78]: SASL LOGIN authentication failed: UGFzc3dvcmQ6
Aug  9 09:04:16 brollon postfix/submission/smtpd[13393]: connect from unknown[213.176.26.85]
Aug  9 09:04:17 brollon postfix/submission/smtpd[15213]: disconnect from unknown[213.176.26.78] ehlo=1 auth=0/1 rset=1 quit=1 commands=3/4
Aug  9 09:04:18 brollon postfix/submission/smtpd[15102]: warning: unknown[213.176.26.76]: SASL LOGIN authentication failed: UGFzc3dvcmQ6
Aug  9 09:04:18 brollon postfix/submission/smtpd[15102]: disconnect from unknown[213.176.26.76] ehlo=1 auth=0/1 rset=1 quit=1 commands=3/4
Aug  9 09:04:19 brollon postfix/smtps/smtpd[19022]: connect from unknown[213.176.26.62]
Aug  9 09:04:20 brollon postfix/submission/smtpd[14200]: warning: unknown[213.176.26.74]: SASL LOGIN authentication failed: UGFzc3dvcmQ6
Aug  9 09:04:20 brollon postfix/submission/smtpd[14200]: disconnect from unknown[213.176.26.74] ehlo=1 auth=0/1 rset=1 quit=1 commands=3/4
Aug  9 09:04:22 brollon postfix/submission/smtpd[15213]: connect from unknown[213.176.26.64]
Aug  9 09:04:23 brollon postfix/submission/smtpd[13393]: warning: unknown[213.176.26.85]: SASL LOGIN authentication failed: UGFzc3dvcmQ6
Aug  9 09:04:23 brollon postfix/smtps/smtpd[19017]: connect from unknown[213.176.26.87]
Aug  9 09:04:23 brollon postfix/submission/smtpd[15102]: connect from unknown[213.176.26.114]
Aug  9 09:04:24 brollon postfix/submission/smtpd[13393]: disconnect from unknown[213.176.26.85] ehlo=1 auth=0/1 rset=1 quit=1 commands=3/4
Aug  9 09:04:26 brollon postfix/smtps/smtpd[19022]: warning: unknown[213.176.26.62]: SASL LOGIN authentication failed: UGFzc3dvcmQ6
Aug  9 09:04:27 brollon postfix/smtps/smtpd[19017]: warning: unknown[213.176.26.87]: SASL LOGIN authentication failed: UGFzc3dvcmQ6
Aug  9 09:04:27 brollon postfix/smtps/smtpd[19017]: lost connection after AUTH from unknown[213.176.26.87]
Aug  9 09:04:27 brollon postfix/smtps/smtpd[19017]: disconnect from unknown[213.176.26.87] ehlo=1 auth=0/1 rset=1 commands=2/3
Aug  9 09:04:27 brollon postfix/smtps/smtpd[17156]: connect from unknown[213.176.26.88]
Aug  9 09:04:28 brollon postfix/smtps/smtpd[19022]: lost connection after AUTH from unknown[213.176.26.62]
Aug  9 09:04:28 brollon postfix/smtps/smtpd[19022]: disconnect from unknown[213.176.26.62] ehlo=1 auth=0/1 rset=1 commands=2/3
Aug  9 09:04:29 brollon postfix/submission/smtpd[15213]: warning: unknown[213.176.26.64]: SASL LOGIN authentication failed: UGFzc3dvcmQ6
Aug  9 09:04:29 brollon postfix/submission/smtpd[15213]: disconnect from unknown[213.176.26.64] ehlo=1 auth=0/1 rset=1 quit=1 commands=3/4
Aug  9 09:04:30 brollon postfix/submission/smtpd[15102]: warning: unknown[213.176.26.114]: SASL LOGIN authentication failed: UGFzc3dvcmQ6
Aug  9 09:04:30 brollon postfix/smtps/smtpd[17156]: warning: unknown[213.176.26.88]: SASL LOGIN authentication failed: UGFzc3dvcmQ6
Aug  9 09:04:30 brollon postfix/submission/smtpd[15102]: disconnect from unknown[213.176.26.114] ehlo=1 auth=0/1 rset=1 quit=1 commands=3/4
Aug  9 09:04:30 brollon postfix/smtps/smtpd[17156]: lost connection after AUTH from unknown[213.176.26.88]
Aug  9 09:04:30 brollon postfix/smtps/smtpd[17156]: disconnect from unknown[213.176.26.88] ehlo=1 auth=0/1 rset=1 commands=2/3
Aug  9 09:04:31 brollon postfix/smtps/smtpd[19017]: connect from unknown[213.176.26.19]
Aug  9 09:04:34 brollon postfix/smtps/smtpd[17156]: connect from unknown[213.176.26.194]
Aug  9 09:04:34 brollon postfix/smtps/smtpd[19017]: warning: unknown[213.176.26.19]: SASL LOGIN authentication failed: UGFzc3dvcmQ6
Aug  9 09:04:34 brollon postfix/smtps/smtpd[19017]: lost connection after AUTH from unknown[213.176.26.19]
Aug  9 09:04:34 brollon postfix/smtps/smtpd[19017]: disconnect from unknown[213.176.26.19] ehlo=1 auth=0/1 rset=1 commands=2/3
Aug  9 09:04:39 brollon postfix/smtps/smtpd[19022]: connect from unknown[213.176.26.37]
Aug  9 09:04:40 brollon postfix/smtps/smtpd[17156]: warning: unknown[213.176.26.194]: SASL LOGIN authentication failed: UGFzc3dvcmQ6
Aug  9 09:04:40 brollon postfix/smtps/smtpd[17156]: lost connection after AUTH from unknown[213.176.26.194]
Aug  9 09:04:40 brollon postfix/smtps/smtpd[17156]: disconnect from unknown[213.176.26.194] ehlo=1 auth=0/1 rset=1 commands=2/3
Aug  9 09:04:40 brollon postfix/smtps/smtpd[19017]: connect from unknown[213.176.26.186]
Aug  9 09:04:41 brollon postfix/submission/smtpd[14200]: connect from unknown[213.176.26.159]
Aug  9 09:04:41 brollon postfix/smtps/smtpd[17156]: connect from unknown[213.176.26.77]
Aug  9 09:04:43 brollon postfix/smtps/smtpd[19017]: warning: unknown[213.176.26.186]: SASL LOGIN authentication failed: UGFzc3dvcmQ6
Aug  9 09:04:43 brollon postfix/smtps/smtpd[19017]: lost connection after AUTH from unknown[213.176.26.186]
Aug  9 09:04:43 brollon postfix/smtps/smtpd[19017]: disconnect from unknown[213.176.26.186] ehlo=1 auth=0/1 rset=1 commands=2/3
Aug  9 09:04:43 brollon postfix/smtpd[14670]: connect from unknown[92.118.39.229]
Aug  9 09:04:44 brollon postfix/smtps/smtpd[17156]: warning: unknown[213.176.26.77]: SASL LOGIN authentication failed: UGFzc3dvcmQ6
Aug  9 09:04:44 brollon postfix/smtps/smtpd[17156]: lost connection after AUTH from unknown[213.176.26.77]
Aug  9 09:04:44 brollon postfix/smtps/smtpd[17156]: disconnect from unknown[213.176.26.77] ehlo=1 auth=0/1 rset=1 commands=2/3
Aug  9 09:04:45 brollon postfix/smtpd[14670]: warning: unknown[92.118.39.229]: SASL LOGIN authentication failed: UGFzc3dvcmQ6
Aug  9 09:04:45 brollon postfix/smtps/smtpd[19022]: warning: unknown[213.176.26.37]: SASL LOGIN authentication failed: UGFzc3dvcmQ6
Aug  9 09:04:45 brollon postfix/smtpd[14670]: disconnect from unknown[92.118.39.229] ehlo=1 auth=0/1 quit=1 commands=2/3
Aug  9 09:04:45 brollon postfix/smtps/smtpd[19022]: lost connection after AUTH from unknown[213.176.26.37]
Aug  9 09:04:45 brollon postfix/smtps/smtpd[19022]: disconnect from unknown[213.176.26.37] ehlo=1 auth=0/1 rset=1 commands=2/3
Aug  9 09:04:48 brollon postfix/submission/smtpd[14200]: warning: unknown[213.176.26.159]: SASL LOGIN authentication failed: UGFzc3dvcmQ6
Aug  9 09:04:48 brollon postfix/submission/smtpd[14200]: disconnect from unknown[213.176.26.159] ehlo=1 auth=0/1 rset=1 quit=1 commands=3/4
Aug  9 09:04:49 brollon postfix/submission/smtpd[13393]: connect from unknown[213.176.26.134]
Aug  9 09:04:50 brollon postfix/smtps/smtpd[19017]: connect from unknown[213.176.26.94]
Aug  9 09:04:55 brollon postfix/submission/smtpd[13393]: warning: unknown[213.176.26.134]: SASL LOGIN authentication failed: UGFzc3dvcmQ6
Aug  9 09:04:55 brollon postfix/smtps/smtpd[19017]: warning: unknown[213.176.26.94]: SASL LOGIN authentication failed: UGFzc3dvcmQ6
Aug  9 09:04:55 brollon postfix/submission/smtpd[13393]: disconnect from unknown[213.176.26.134] ehlo=1 auth=0/1 rset=1 quit=1 commands=3/4
Aug  9 09:04:55 brollon postfix/smtps/smtpd[19017]: lost connection after AUTH from unknown[213.176.26.94]
Aug  9 09:04:55 brollon postfix/smtps/smtpd[19017]: disconnect from unknown[213.176.26.94] ehlo=1 auth=0/1 rset=1 commands=2/3
Aug  9 09:05:00 brollon postfix/submission/smtpd[15213]: connect from unknown[213.176.26.144]
Aug  9 09:05:01 brollon postfix/smtpd[14670]: connect from localhost[127.0.0.1]
Aug  9 09:05:01 brollon postfix/smtpd[14670]: lost connection after CONNECT from localhost[127.0.0.1]
Aug  9 09:05:01 brollon postfix/smtpd[14670]: disconnect from localhost[127.0.0.1] commands=0/0
Aug  9 09:05:01 brollon dovecot: imap-login: Disconnected (no auth attempts in 0 secs): user=<>, rip=127.0.0.1, lip=127.0.0.1, secured, session=<tUNiiJlY0L5/AAAB>
Aug  9 09:05:01 brollon dovecot: pop3-login: Disconnected (no auth attempts in 0 secs): user=<>, rip=127.0.0.1, lip=127.0.0.1, secured, session=<gktiiJlYALd/AAAB>
Aug  9 09:05:01 brollon postfix/smtpd[14670]: connect from localhost[127.0.0.1]
Aug  9 09:05:01 brollon postfix/smtpd[14670]: lost connection after CONNECT from localhost[127.0.0.1]
Aug  9 09:05:01 brollon postfix/smtpd[14670]: disconnect from localhost[127.0.0.1] commands=0/0
Aug  9 09:05:01 brollon dovecot: pop3-login: Disconnected (no auth attempts in 0 secs): user=<>, rip=127.0.0.1, lip=127.0.0.1, secured, session=<GDBmiJlYDLd/AAAB>
Aug  9 09:05:01 brollon dovecot: imap-login: Disconnected (no auth attempts in 0 secs): user=<>, rip=127.0.0.1, lip=127.0.0.1, secured, session=<qWxmiJlY3L5/AAAB>
Aug  9 09:05:02 brollon postfix/submission/smtpd[15102]: connect from unknown[213.176.26.113]
Aug  9 09:05:03 brollon postfix/smtps/smtpd[17156]: connect from unknown[213.176.26.52]
Aug  9 09:05:04 brollon postfix/submission/smtpd[15213]: warning: unknown[213.176.26.144]: SASL LOGIN authentication failed: UGFzc3dvcmQ6
Aug  9 09:05:04 brollon postfix/submission/smtpd[15213]: disconnect from unknown[213.176.26.144] ehlo=1 auth=0/1 rset=1 quit=1 commands=3/4
Aug  9 09:05:07 brollon postfix/submission/smtpd[15102]: warning: unknown[213.176.26.113]: SASL LOGIN authentication failed: UGFzc3dvcmQ6
Aug  9 09:05:07 brollon postfix/submission/smtpd[15102]: disconnect from unknown[213.176.26.113] ehlo=1 auth=0/1 rset=1 quit=1 commands=3/4
Aug  9 09:05:10 brollon postfix/smtps/smtpd[17156]: warning: unknown[213.176.26.52]: SASL LOGIN authentication failed: UGFzc3dvcmQ6
Aug  9 09:05:10 brollon postfix/smtps/smtpd[17156]: lost connection after AUTH from unknown[213.176.26.52]
Aug  9 09:05:10 brollon postfix/smtps/smtpd[17156]: disconnect from unknown[213.176.26.52] ehlo=1 auth=0/1 rset=1 commands=2/3
Aug  9 09:05:12 brollon postfix/submission/smtpd[14200]: connect from unknown[213.176.26.78]
Aug  9 09:05:14 brollon postfix/smtps/smtpd[19017]: connect from unknown[213.176.26.29]
Aug  9 09:05:17 brollon postfix/submission/smtpd[15102]: connect from unknown[213.176.26.74]
Aug  9 09:05:18 brollon postfix/submission/smtpd[14200]: warning: unknown[213.176.26.78]: SASL LOGIN authentication failed: UGFzc3dvcmQ6
Aug  9 09:05:18 brollon postfix/submission/smtpd[13393]: connect from unknown[213.176.26.85]
Aug  9 09:05:19 brollon postfix/submission/smtpd[14200]: disconnect from unknown[213.176.26.78] ehlo=1 auth=0/1 rset=1 quit=1 commands=3/4
Aug  9 09:05:19 brollon postfix/smtps/smtpd[19017]: warning: unknown[213.176.26.29]: SASL LOGIN authentication failed: UGFzc3dvcmQ6
Aug  9 09:05:19 brollon postfix/smtps/smtpd[19017]: lost connection after AUTH from unknown[213.176.26.29]
Aug  9 09:05:19 brollon postfix/smtps/smtpd[19017]: disconnect from unknown[213.176.26.29] ehlo=1 auth=0/1 rset=1 commands=2/3
Aug  9 09:05:19 brollon postfix/submission/smtpd[15213]: connect from unknown[213.176.26.76]
Aug  9 09:05:23 brollon postfix/submission/smtpd[15102]: warning: unknown[213.176.26.74]: SASL LOGIN authentication failed: UGFzc3dvcmQ6
Aug  9 09:05:23 brollon postfix/submission/smtpd[15102]: disconnect from unknown[213.176.26.74] ehlo=1 auth=0/1 rset=1 quit=1 commands=3/4
Aug  9 09:05:24 brollon postfix/submission/smtpd[15213]: warning: unknown[213.176.26.76]: SASL LOGIN authentication failed: UGFzc3dvcmQ6
Aug  9 09:05:24 brollon postfix/submission/smtpd[15213]: disconnect from unknown[213.176.26.76] ehlo=1 auth=0/1 rset=1 quit=1 commands=3/4
Aug  9 09:05:24 brollon postfix/submission/smtpd[14200]: connect from unknown[213.176.26.114]
Aug  9 09:05:25 brollon postfix/submission/smtpd[13393]: warning: unknown[213.176.26.85]: SASL LOGIN authentication failed: UGFzc3dvcmQ6
Aug  9 09:05:25 brollon postfix/submission/smtpd[13393]: disconnect from unknown[213.176.26.85] ehlo=1 auth=0/1 rset=1 quit=1 commands=3/4
Aug  9 09:05:25 brollon postfix/submission/smtpd[15213]: connect from unknown[213.176.26.64]
Aug  9 09:05:31 brollon postfix/submission/smtpd[14200]: warning: unknown[213.176.26.114]: SASL LOGIN authentication failed: UGFzc3dvcmQ6
Aug  9 09:05:31 brollon postfix/submission/smtpd[14200]: disconnect from unknown[213.176.26.114] ehlo=1 auth=0/1 rset=1 quit=1 commands=3/4
Aug  9 09:05:32 brollon postfix/submission/smtpd[15213]: warning: unknown[213.176.26.64]: SASL LOGIN authentication failed: UGFzc3dvcmQ6
Aug  9 09:05:32 brollon postfix/submission/smtpd[15213]: disconnect from unknown[213.176.26.64] ehlo=1 auth=0/1 rset=1 quit=1 commands=3/4
Aug  9 09:05:35 brollon postfix/smtpd[14670]: connect from unknown[92.118.39.227]
Aug  9 09:05:38 brollon postfix/smtpd[14670]: warning: unknown[92.118.39.227]: SASL LOGIN authentication failed: UGFzc3dvcmQ6
Aug  9 09:05:38 brollon postfix/smtpd[14670]: disconnect from unknown[92.118.39.227] ehlo=1 auth=0/1 quit=1 commands=2/3
Aug  9 09:05:43 brollon postfix/submission/smtpd[13393]: connect from unknown[213.176.26.159]
Aug  9 09:05:46 brollon postfix/smtpd[14670]: connect from unknown[92.118.39.233]
Aug  9 09:05:48 brollon postfix/smtpd[14670]: warning: unknown[92.118.39.233]: SASL LOGIN authentication failed: UGFzc3dvcmQ6
Aug  9 09:05:48 brollon postfix/smtpd[14670]: disconnect from unknown[92.118.39.233] ehlo=1 auth=0/1 quit=1 commands=2/3
Aug  9 09:05:50 brollon postfix/submission/smtpd[13393]: warning: unknown[213.176.26.159]: SASL LOGIN authentication failed: UGFzc3dvcmQ6
Aug  9 09:05:51 brollon postfix/submission/smtpd[13393]: disconnect from unknown[213.176.26.159] ehlo=1 auth=0/1 rset=1 quit=1 commands=3/4
Aug  9 09:05:52 brollon postfix/submission/smtpd[15102]: connect from unknown[213.176.26.134]
Aug  9 09:05:53 brollon postfix/smtpd[14670]: connect from unknown[92.118.39.231]
Aug  9 09:05:53 brollon postfix/smtps/smtpd[17156]: connect from unknown[213.176.26.23]
Aug  9 09:05:55 brollon postfix/smtpd[14670]: warning: unknown[92.118.39.231]: SASL LOGIN authentication failed: UGFzc3dvcmQ6
Aug  9 09:05:55 brollon postfix/smtpd[14670]: disconnect from unknown[92.118.39.231] ehlo=1 auth=0/1 quit=1 commands=2/3
Aug  9 09:05:56 brollon postfix/smtps/smtpd[17156]: warning: unknown[213.176.26.23]: SASL LOGIN authentication failed: UGFzc3dvcmQ6
Aug  9 09:05:56 brollon postfix/smtps/smtpd[17156]: lost connection after AUTH from unknown[213.176.26.23]
Aug  9 09:05:56 brollon postfix/smtps/smtpd[17156]: disconnect from unknown[213.176.26.23] ehlo=1 auth=0/1 rset=1 commands=2/3
Aug  9 09:05:58 brollon postfix/submission/smtpd[15102]: warning: unknown[213.176.26.134]: SASL LOGIN authentication failed: UGFzc3dvcmQ6
Aug  9 09:05:58 brollon postfix/submission/smtpd[15102]: disconnect from unknown[213.176.26.134] ehlo=1 auth=0/1 rset=1 quit=1 commands=3/4
Aug  9 09:06:01 brollon postfix/smtpd[14670]: connect from localhost[127.0.0.1]
Aug  9 09:06:01 brollon postfix/smtpd[14670]: lost connection after CONNECT from localhost[127.0.0.1]
Aug  9 09:06:01 brollon postfix/smtpd[14670]: disconnect from localhost[127.0.0.1] commands=0/0
Aug  9 09:06:01 brollon dovecot: pop3-login: Disconnected (no auth attempts in 0 secs): user=<>, rip=127.0.0.1, lip=127.0.0.1, secured, session=<V63ui5lYcLd/AAAB>
Aug  9 09:06:01 brollon dovecot: imap-login: Disconnected (disconnected before auth was ready, waited 0 secs): user=<>, rip=127.0.0.1, lip=127.0.0.1, secured, session=<o67ui5lYQL9/AAAB>
Aug  9 09:06:02 brollon postfix/smtps/smtpd[19017]: connect from unknown[213.176.26.82]
Aug  9 09:06:04 brollon postfix/submission/smtpd[13393]: connect from unknown[213.176.26.144]
Aug  9 09:06:04 brollon postfix/submission/smtpd[15102]: connect from unknown[213.176.26.113]
Aug  9 09:06:08 brollon postfix/smtpd[14670]: connect from unknown[92.118.39.224]
Aug  9 09:06:10 brollon postfix/smtpd[14670]: warning: unknown[92.118.39.224]: SASL LOGIN authentication failed: UGFzc3dvcmQ6
Aug  9 09:06:10 brollon postfix/smtps/smtpd[19017]: warning: unknown[213.176.26.82]: SASL LOGIN authentication failed: UGFzc3dvcmQ6
Aug  9 09:06:10 brollon postfix/smtpd[14670]: disconnect from unknown[92.118.39.224] ehlo=1 auth=0/1 quit=1 commands=2/3
Aug  9 09:06:11 brollon postfix/submission/smtpd[15102]: warning: unknown[213.176.26.113]: SASL LOGIN authentication failed: UGFzc3dvcmQ6
Aug  9 09:06:11 brollon postfix/submission/smtpd[13393]: warning: unknown[213.176.26.144]: SASL LOGIN authentication failed: UGFzc3dvcmQ6
Aug  9 09:06:11 brollon postfix/submission/smtpd[13393]: disconnect from unknown[213.176.26.144] ehlo=1 auth=0/1 rset=1 quit=1 commands=3/4
Aug  9 09:06:11 brollon postfix/submission/smtpd[15102]: disconnect from unknown[213.176.26.113] ehlo=1 auth=0/1 rset=1 quit=1 commands=3/4
Aug  9 09:06:12 brollon postfix/smtps/smtpd[19017]: lost connection after AUTH from unknown[213.176.26.82]
Aug  9 09:06:12 brollon postfix/smtps/smtpd[19017]: disconnect from unknown[213.176.26.82] ehlo=1 auth=0/1 rset=1 commands=2/3
Aug  9 09:06:15 brollon postfix/submission/smtpd[15213]: connect from unknown[213.176.26.78]
Aug  9 09:06:20 brollon postfix/smtps/smtpd[17156]: connect from unknown[213.176.26.165]
Aug  9 09:06:20 brollon postfix/submission/smtpd[15102]: connect from unknown[213.176.26.74]
Aug  9 09:06:21 brollon postfix/submission/smtpd[15213]: warning: unknown[213.176.26.78]: SASL LOGIN authentication failed: UGFzc3dvcmQ6
Aug  9 09:06:21 brollon postfix/submission/smtpd[13393]: connect from unknown[213.176.26.85]
Aug  9 09:06:22 brollon postfix/submission/smtpd[15213]: disconnect from unknown[213.176.26.78] ehlo=1 auth=0/1 rset=1 quit=1 commands=3/4
Aug  9 09:06:22 brollon postfix/smtps/smtpd[19017]: connect from unknown[213.176.26.34]
Aug  9 09:06:23 brollon postfix/submission/smtpd[14200]: connect from unknown[213.176.26.76]
Aug  9 09:06:25 brollon postfix/smtps/smtpd[19017]: warning: unknown[213.176.26.34]: SASL LOGIN authentication failed: UGFzc3dvcmQ6
Aug  9 09:06:25 brollon postfix/smtps/smtpd[19017]: lost connection after AUTH from unknown[213.176.26.34]
Aug  9 09:06:25 brollon postfix/smtps/smtpd[19017]: disconnect from unknown[213.176.26.34] ehlo=1 auth=0/1 rset=1 commands=2/3
Aug  9 09:06:25 brollon postfix/submission/smtpd[15213]: connect from unknown[213.176.26.114]
Aug  9 09:06:26 brollon postfix/smtps/smtpd[17156]: warning: unknown[213.176.26.165]: SASL LOGIN authentication failed: UGFzc3dvcmQ6
Aug  9 09:06:26 brollon postfix/smtps/smtpd[17156]: lost connection after AUTH from unknown[213.176.26.165]
Aug  9 09:06:26 brollon postfix/smtps/smtpd[17156]: disconnect from unknown[213.176.26.165] ehlo=1 auth=0/1 rset=1 commands=2/3
Aug  9 09:06:27 brollon postfix/submission/smtpd[15102]: warning: unknown[213.176.26.74]: SASL LOGIN authentication failed: UGFzc3dvcmQ6
Aug  9 09:06:27 brollon postfix/submission/smtpd[15102]: disconnect from unknown[213.176.26.74] ehlo=1 auth=0/1 rset=1 quit=1 commands=3/4
Aug  9 09:06:28 brollon postfix/submission/smtpd[13393]: warning: unknown[213.176.26.85]: SASL LOGIN authentication failed: UGFzc3dvcmQ6
