Aug  9 10:22:35 brollon postfix/smtps/smtpd[32665]: lost connection after AUTH from unknown[213.176.26.182]
Aug  9 10:22:35 brollon postfix/smtps/smtpd[32665]: disconnect from unknown[213.176.26.182] ehlo=1 auth=0/1 rset=1 commands=2/3
Aug  9 10:22:36 brollon postfix/smtps/smtpd[31733]: connect from unknown[213.176.26.109]
Aug  9 10:22:39 brollon postfix/smtps/smtpd[32665]: connect from unknown[213.176.26.69]
Aug  9 10:22:41 brollon postfix/submission/smtpd[28438]: connect from unknown[213.176.26.159]
Aug  9 10:22:42 brollon postfix/smtps/smtpd[31733]: warning: unknown[213.176.26.109]: SASL LOGIN authentication failed: UGFzc3dvcmQ6
Aug  9 10:22:42 brollon postfix/smtps/smtpd[31733]: lost connection after AUTH from unknown[213.176.26.109]
Aug  9 10:22:42 brollon postfix/smtps/smtpd[31733]: disconnect from unknown[213.176.26.109] ehlo=1 auth=0/1 rset=1 commands=2/3
Aug  9 10:22:43 brollon postfix/smtps/smtpd[31733]: connect from unknown[213.176.26.95]
Aug  9 10:22:44 brollon postfix/submission/smtpd[30793]: connect from unknown[213.176.26.113]
Aug  9 10:22:44 brollon postfix/submission/smtpd[27726]: connect from unknown[213.176.26.85]
Aug  9 10:22:46 brollon postfix/smtps/smtpd[32665]: warning: unknown[213.176.26.69]: SASL LOGIN authentication failed: UGFzc3dvcmQ6
Aug  9 10:22:47 brollon postfix/submission/smtpd[30793]: warning: unknown[213.176.26.113]: SASL LOGIN authentication failed: UGFzc3dvcmQ6
Aug  9 10:22:47 brollon postfix/submission/smtpd[30793]: disconnect from unknown[213.176.26.113] ehlo=1 auth=0/1 rset=1 quit=1 commands=3/4
Aug  9 10:22:48 brollon postfix/submission/smtpd[28438]: warning: unknown[213.176.26.159]: SASL LOGIN authentication failed: UGFzc3dvcmQ6
Aug  9 10:22:48 brollon postfix/smtps/smtpd[1189]: connect from unknown[213.176.26.153]
Aug  9 10:22:48 brollon postfix/smtps/smtpd[32665]: lost connection after AUTH from unknown[213.176.26.69]
Aug  9 10:22:48 brollon postfix/smtps/smtpd[32665]: disconnect from unknown[213.176.26.69] ehlo=1 auth=0/1 rset=1 commands=2/3
Aug  9 10:22:49 brollon postfix/smtps/smtpd[31733]: warning: unknown[213.176.26.95]: SASL LOGIN authentication failed: UGFzc3dvcmQ6
Aug  9 10:22:49 brollon postfix/submission/smtpd[28438]: disconnect from unknown[213.176.26.159] ehlo=1 auth=0/1 rset=1 quit=1 commands=3/4
Aug  9 10:22:49 brollon postfix/smtps/smtpd[31733]: lost connection after AUTH from unknown[213.176.26.95]
Aug  9 10:22:49 brollon postfix/smtps/smtpd[31733]: disconnect from unknown[213.176.26.95] ehlo=1 auth=0/1 rset=1 commands=2/3
Aug  9 10:22:51 brollon postfix/submission/smtpd[27726]: warning: unknown[213.176.26.85]: SASL LOGIN authentication failed: UGFzc3dvcmQ6
Aug  9 10:22:51 brollon postfix/submission/smtpd[27726]: disconnect from unknown[213.176.26.85] ehlo=1 auth=0/1 rset=1 quit=1 commands=3/4
Aug  9 10:22:52 brollon postfix/smtps/smtpd[32665]: connect from unknown[213.176.26.51]
Aug  9 10:22:52 brollon postfix/smtps/smtpd[31733]: connect from unknown[213.176.26.77]
Aug  9 10:22:55 brollon postfix/smtps/smtpd[1189]: warning: unknown[213.176.26.153]: SASL LOGIN authentication failed: UGFzc3dvcmQ6
Aug  9 10:22:55 brollon postfix/smtps/smtpd[1189]: lost connection after AUTH from unknown[213.176.26.153]
Aug  9 10:22:55 brollon postfix/smtps/smtpd[1189]: disconnect from unknown[213.176.26.153] ehlo=1 auth=0/1 rset=1 commands=2/3
Aug  9 10:22:55 brollon postfix/smtps/smtpd[1189]: connect from unknown[213.176.26.123]
Aug  9 10:22:57 brollon postfix/smtps/smtpd[32665]: warning: unknown[213.176.26.51]: SASL LOGIN authentication failed: UGFzc3dvcmQ6
Aug  9 10:22:57 brollon postfix/smtps/smtpd[32665]: lost connection after AUTH from unknown[213.176.26.51]
Aug  9 10:22:57 brollon postfix/smtps/smtpd[32665]: disconnect from unknown[213.176.26.51] ehlo=1 auth=0/1 rset=1 commands=2/3
Aug  9 10:22:58 brollon postfix/smtps/smtpd[31733]: warning: unknown[213.176.26.77]: SASL LOGIN authentication failed: UGFzc3dvcmQ6
Aug  9 10:22:58 brollon postfix/smtps/smtpd[31733]: lost connection after AUTH from unknown[213.176.26.77]
Aug  9 10:22:58 brollon postfix/smtps/smtpd[31733]: disconnect from unknown[213.176.26.77] ehlo=1 auth=0/1 rset=1 commands=2/3
Aug  9 10:22:59 brollon postfix/smtps/smtpd[1189]: warning: unknown[213.176.26.123]: SASL LOGIN authentication failed: UGFzc3dvcmQ6
Aug  9 10:23:00 brollon postfix/smtps/smtpd[1189]: lost connection after AUTH from unknown[213.176.26.123]
Aug  9 10:23:00 brollon postfix/smtps/smtpd[1189]: disconnect from unknown[213.176.26.123] ehlo=1 auth=0/1 rset=1 commands=2/3
Aug  9 10:23:01 brollon postfix/smtpd[30512]: connect from localhost[127.0.0.1]
Aug  9 10:23:01 brollon postfix/smtpd[30512]: lost connection after CONNECT from localhost[127.0.0.1]
Aug  9 10:23:01 brollon postfix/smtpd[30512]: disconnect from localhost[127.0.0.1] commands=0/0
Aug  9 10:23:01 brollon dovecot: imap-login: Disconnected (no auth attempts in 0 secs): user=<>, rip=127.0.0.1, lip=127.0.0.1, secured, session=<Y8Ran5pYDJp/AAAB>
Aug  9 10:23:01 brollon dovecot: pop3-login: Disconnected (no auth attempts in 0 secs): user=<>, rip=127.0.0.1, lip=127.0.0.1, secured, session=<OcVan5pYPJJ/AAAB>
Aug  9 10:23:10 brollon postfix/submission/smtpd[30793]: connect from unknown[213.176.26.134]
Aug  9 10:23:10 brollon postfix/submission/smtpd[27726]: connect from unknown[213.176.26.144]
Aug  9 10:23:13 brollon postfix/smtps/smtpd[1199]: connect from unknown[213.176.26.82]
Aug  9 10:23:15 brollon postfix/submission/smtpd[28438]: connect from unknown[213.176.26.76]
Aug  9 10:23:16 brollon postfix/submission/smtpd[30793]: warning: unknown[213.176.26.134]: SASL LOGIN authentication failed: UGFzc3dvcmQ6
Aug  9 10:23:16 brollon postfix/submission/smtpd[30793]: disconnect from unknown[213.176.26.134] ehlo=1 auth=0/1 rset=1 quit=1 commands=3/4
Aug  9 10:23:17 brollon postfix/submission/smtpd[30793]: connect from unknown[213.176.26.78]
Aug  9 10:23:17 brollon postfix/submission/smtpd[27726]: warning: unknown[213.176.26.144]: SASL LOGIN authentication failed: UGFzc3dvcmQ6
Aug  9 10:23:18 brollon postfix/submission/smtpd[27726]: disconnect from unknown[213.176.26.144] ehlo=1 auth=0/1 rset=1 quit=1 commands=3/4
Aug  9 10:23:19 brollon postfix/submission/smtpd[27726]: connect from unknown[213.176.26.114]
Aug  9 10:23:20 brollon postfix/smtps/smtpd[1189]: connect from unknown[213.176.26.22]
Aug  9 10:23:21 brollon postfix/submission/smtpd[28438]: warning: unknown[213.176.26.76]: SASL LOGIN authentication failed: UGFzc3dvcmQ6
Aug  9 10:23:21 brollon postfix/smtps/smtpd[1199]: warning: unknown[213.176.26.82]: SASL LOGIN authentication failed: UGFzc3dvcmQ6
Aug  9 10:23:21 brollon postfix/submission/smtpd[28438]: disconnect from unknown[213.176.26.76] ehlo=1 auth=0/1 rset=1 quit=1 commands=3/4
Aug  9 10:23:23 brollon postfix/smtps/smtpd[1199]: lost connection after AUTH from unknown[213.176.26.82]
Aug  9 10:23:23 brollon postfix/smtps/smtpd[1199]: disconnect from unknown[213.176.26.82] ehlo=1 auth=0/1 rset=1 commands=2/3
Aug  9 10:23:24 brollon postfix/submission/smtpd[30793]: warning: unknown[213.176.26.78]: SASL LOGIN authentication failed: UGFzc3dvcmQ6
Aug  9 10:23:24 brollon postfix/submission/smtpd[30793]: disconnect from unknown[213.176.26.78] ehlo=1 auth=0/1 rset=1 quit=1 commands=3/4
Aug  9 10:23:26 brollon postfix/smtps/smtpd[1189]: warning: unknown[213.176.26.22]: SASL LOGIN authentication failed: UGFzc3dvcmQ6
Aug  9 10:23:26 brollon postfix/submission/smtpd[27726]: warning: unknown[213.176.26.114]: SASL LOGIN authentication failed: UGFzc3dvcmQ6
Aug  9 10:23:26 brollon postfix/submission/smtpd[27726]: disconnect from unknown[213.176.26.114] ehlo=1 auth=0/1 rset=1 quit=1 commands=3/4
Aug  9 10:23:26 brollon postfix/smtps/smtpd[1189]: lost connection after AUTH from unknown[213.176.26.22]
Aug  9 10:23:26 brollon postfix/smtps/smtpd[1189]: disconnect from unknown[213.176.26.22] ehlo=1 auth=0/1 rset=1 commands=2/3
Aug  9 10:23:26 brollon postfix/smtps/smtpd[31733]: connect from unknown[213.176.26.72]
Aug  9 10:23:30 brollon postfix/submission/smtpd[28438]: connect from unknown[213.176.26.64]
Aug  9 10:23:31 brollon postfix/submission/smtpd[30793]: connect from unknown[213.176.26.74]
Aug  9 10:23:33 brollon postfix/smtps/smtpd[31733]: warning: unknown[213.176.26.72]: SASL LOGIN authentication failed: UGFzc3dvcmQ6
Aug  9 10:23:33 brollon postfix/smtps/smtpd[31733]: lost connection after AUTH from unknown[213.176.26.72]
Aug  9 10:23:33 brollon postfix/smtps/smtpd[31733]: disconnect from unknown[213.176.26.72] ehlo=1 auth=0/1 rset=1 commands=2/3
Aug  9 10:23:36 brollon postfix/submission/smtpd[28438]: warning: unknown[213.176.26.64]: SASL LOGIN authentication failed: UGFzc3dvcmQ6
Aug  9 10:23:36 brollon postfix/submission/smtpd[28438]: disconnect from unknown[213.176.26.64] ehlo=1 auth=0/1 rset=1 quit=1 commands=3/4
Aug  9 10:23:37 brollon postfix/submission/smtpd[30793]: warning: unknown[213.176.26.74]: SASL LOGIN authentication failed: UGFzc3dvcmQ6
Aug  9 10:23:37 brollon postfix/submission/smtpd[30793]: disconnect from unknown[213.176.26.74] ehlo=1 auth=0/1 rset=1 quit=1 commands=3/4
Aug  9 10:23:41 brollon postfix/smtps/smtpd[1199]: connect from unknown[213.176.26.58]
Aug  9 10:23:42 brollon postfix/submission/smtpd[27726]: connect from unknown[213.176.26.159]
Aug  9 10:23:45 brollon postfix/submission/smtpd[30793]: connect from unknown[213.176.26.113]
Aug  9 10:23:46 brollon postfix/submission/smtpd[28438]: connect from unknown[213.176.26.85]
Aug  9 10:23:47 brollon postfix/smtps/smtpd[1199]: warning: unknown[213.176.26.58]: SASL LOGIN authentication failed: UGFzc3dvcmQ6
Aug  9 10:23:47 brollon postfix/smtps/smtpd[1199]: lost connection after AUTH from unknown[213.176.26.58]
Aug  9 10:23:47 brollon postfix/smtps/smtpd[1199]: disconnect from unknown[213.176.26.58] ehlo=1 auth=0/1 rset=1 commands=2/3
Aug  9 10:23:49 brollon postfix/submission/smtpd[27726]: warning: unknown[213.176.26.159]: SASL LOGIN authentication failed: UGFzc3dvcmQ6
Aug  9 10:23:49 brollon postfix/submission/smtpd[27726]: disconnect from unknown[213.176.26.159] ehlo=1 auth=0/1 rset=1 quit=1 commands=3/4
Aug  9 10:23:51 brollon postfix/submission/smtpd[28438]: warning: unknown[213.176.26.85]: SASL LOGIN authentication failed: UGFzc3dvcmQ6
Aug  9 10:23:51 brollon postfix/submission/smtpd[28438]: disconnect from unknown[213.176.26.85] ehlo=1 auth=0/1 rset=1 quit=1 commands=3/4
Aug  9 10:23:52 brollon postfix/submission/smtpd[30793]: warning: unknown[213.176.26.113]: SASL LOGIN authentication failed: UGFzc3dvcmQ6
Aug  9 10:23:52 brollon postfix/submission/smtpd[30793]: disconnect from unknown[213.176.26.113] ehlo=1 auth=0/1 rset=1 quit=1 commands=3/4
Aug  9 10:24:01 brollon postfix/smtpd[30512]: connect from localhost[127.0.0.1]
Aug  9 10:24:01 brollon postfix/smtpd[30512]: lost connection after CONNECT from localhost[127.0.0.1]
Aug  9 10:24:01 brollon postfix/smtpd[30512]: disconnect from localhost[127.0.0.1] commands=0/0
Aug  9 10:24:01 brollon dovecot: imap-login: Disconnected (no auth attempts in 0 secs): user=<>, rip=127.0.0.1, lip=127.0.0.1, secured, session=<WTrioppYSpt/AAAB>
Aug  9 10:24:01 brollon dovecot: pop3-login: Disconnected (no auth attempts in 0 secs): user=<>, rip=127.0.0.1, lip=127.0.0.1, secured, session=<9U7ioppYepN/AAAB>
Aug  9 10:24:01 brollon postfix/smtps/smtpd[31733]: connect from unknown[213.176.26.62]
Aug  9 10:24:04 brollon postfix/smtps/smtpd[1199]: connect from unknown[213.176.26.41]
Aug  9 10:24:08 brollon postfix/smtps/smtpd[31733]: warning: unknown[213.176.26.62]: SASL LOGIN authentication failed: UGFzc3dvcmQ6
Aug  9 10:24:09 brollon postfix/smtps/smtpd[31733]: lost connection after AUTH from unknown[213.176.26.62]
Aug  9 10:24:09 brollon postfix/smtps/smtpd[31733]: disconnect from unknown[213.176.26.62] ehlo=1 auth=0/1 rset=1 commands=2/3
Aug  9 10:24:11 brollon postfix/smtps/smtpd[1199]: warning: unknown[213.176.26.41]: SASL LOGIN authentication failed: UGFzc3dvcmQ6
Aug  9 10:24:12 brollon postfix/smtps/smtpd[1199]: lost connection after AUTH from unknown[213.176.26.41]
Aug  9 10:24:12 brollon postfix/smtps/smtpd[1199]: disconnect from unknown[213.176.26.41] ehlo=1 auth=0/1 rset=1 commands=2/3
Aug  9 10:24:12 brollon postfix/submission/smtpd[27726]: connect from unknown[213.176.26.134]
Aug  9 10:24:13 brollon postfix/submission/smtpd[30793]: connect from unknown[213.176.26.144]
Aug  9 10:24:13 brollon dovecot: imap-login: Disconnected (no auth attempts in 0 secs): user=<>, rip=167.94.146.54, lip=54.37.21.250, TLS: Disconnected, session=<Ioqjo5pYjqWnXpI2>
Aug  9 10:24:15 brollon dovecot: imap-login: Disconnected (no auth attempts in 0 secs): user=<>, rip=167.94.146.54, lip=54.37.21.250, TLS, session=<zRvBo5pYuqWnXpI2>
Aug  9 10:24:16 brollon postfix/smtps/smtpd[1189]: connect from unknown[213.176.24.64]
Aug  9 10:24:17 brollon postfix/submission/smtpd[28438]: connect from unknown[213.176.26.76]
Aug  9 10:24:17 brollon dovecot: imap-login: Disconnected (no auth attempts in 0 secs): user=<>, rip=167.94.146.54, lip=54.37.21.250, TLS, session=<77Tfo5pYgCCnXpI2>
Aug  9 10:24:19 brollon dovecot: imap-login: Disconnected (no auth attempts in 0 secs): user=<>, rip=167.94.146.54, lip=54.37.21.250, TLS handshaking: SSL_accept() failed: error:1417D18C:SSL routines:tls_process_client_hello:version too low, session=<Gjjzo5pYoiCnXpI2>
Aug  9 10:24:20 brollon postfix/submission/smtpd[27726]: warning: unknown[213.176.26.134]: SASL LOGIN authentication failed: UGFzc3dvcmQ6
Aug  9 10:24:20 brollon postfix/submission/smtpd[30793]: warning: unknown[213.176.26.144]: SASL LOGIN authentication failed: UGFzc3dvcmQ6
Aug  9 10:24:20 brollon postfix/submission/smtpd[30793]: disconnect from unknown[213.176.26.144] ehlo=1 auth=0/1 rset=1 quit=1 commands=3/4
Aug  9 10:24:20 brollon postfix/submission/smtpd[30793]: connect from unknown[213.176.26.114]
Aug  9 10:24:20 brollon postfix/submission/smtpd[27726]: disconnect from unknown[213.176.26.134] ehlo=1 auth=0/1 rset=1 quit=1 commands=3/4
Aug  9 10:24:21 brollon postfix/submission/smtpd[27726]: connect from unknown[213.176.26.78]
Aug  9 10:24:24 brollon postfix/submission/smtpd[28438]: warning: unknown[213.176.26.76]: SASL LOGIN authentication failed: UGFzc3dvcmQ6
Aug  9 10:24:24 brollon postfix/submission/smtpd[28438]: disconnect from unknown[213.176.26.76] ehlo=1 auth=0/1 rset=1 quit=1 commands=3/4
Aug  9 10:24:27 brollon postfix/submission/smtpd[27726]: warning: unknown[213.176.26.78]: SASL LOGIN authentication failed: UGFzc3dvcmQ6
Aug  9 10:24:27 brollon postfix/submission/smtpd[30793]: warning: unknown[213.176.26.114]: SASL LOGIN authentication failed: UGFzc3dvcmQ6
Aug  9 10:24:27 brollon postfix/submission/smtpd[30793]: disconnect from unknown[213.176.26.114] ehlo=1 auth=0/1 rset=1 quit=1 commands=3/4
Aug  9 10:24:27 brollon postfix/submission/smtpd[27726]: disconnect from unknown[213.176.26.78] ehlo=1 auth=0/1 rset=1 quit=1 commands=3/4
Aug  9 10:24:33 brollon postfix/submission/smtpd[28438]: connect from unknown[213.176.26.64]
Aug  9 10:24:33 brollon postfix/submission/smtpd[30793]: connect from unknown[213.176.26.74]
Aug  9 10:24:35 brollon postfix/smtps/smtpd[31733]: connect from unknown[213.176.26.23]
Aug  9 10:24:39 brollon postfix/submission/smtpd[28438]: warning: unknown[213.176.26.64]: SASL LOGIN authentication failed: UGFzc3dvcmQ6
Aug  9 10:24:39 brollon postfix/smtps/smtpd[31733]: warning: unknown[213.176.26.23]: SASL LOGIN authentication failed: UGFzc3dvcmQ6
Aug  9 10:24:39 brollon postfix/smtps/smtpd[31733]: lost connection after AUTH from unknown[213.176.26.23]
Aug  9 10:24:39 brollon postfix/smtps/smtpd[31733]: disconnect from unknown[213.176.26.23] ehlo=1 auth=0/1 rset=1 commands=2/3
Aug  9 10:24:39 brollon postfix/submission/smtpd[28438]: disconnect from unknown[213.176.26.64] ehlo=1 auth=0/1 rset=1 quit=1 commands=3/4
Aug  9 10:24:40 brollon postfix/submission/smtpd[30793]: warning: unknown[213.176.26.74]: SASL LOGIN authentication failed: UGFzc3dvcmQ6
Aug  9 10:24:40 brollon postfix/submission/smtpd[30793]: disconnect from unknown[213.176.26.74] ehlo=1 auth=0/1 rset=1 quit=1 commands=3/4
Aug  9 10:24:42 brollon postfix/smtps/smtpd[1189]: warning: unknown[213.176.24.64]: SASL LOGIN authentication failed: UGFzc3dvcmQ6
Aug  9 10:24:42 brollon postfix/smtps/smtpd[1189]: lost connection after AUTH from unknown[213.176.24.64]
Aug  9 10:24:42 brollon postfix/smtps/smtpd[1189]: disconnect from unknown[213.176.24.64] ehlo=1 auth=0/1 rset=1 commands=2/3
Aug  9 10:24:44 brollon postfix/submission/smtpd[27726]: connect from unknown[213.176.26.159]
Aug  9 10:24:46 brollon postfix/submission/smtpd[28438]: connect from unknown[213.176.26.113]
Aug  9 10:24:48 brollon postfix/submission/smtpd[30793]: connect from unknown[213.176.26.85]
Aug  9 10:24:49 brollon postfix/submission/smtpd[28438]: warning: unknown[213.176.26.113]: SASL LOGIN authentication failed: UGFzc3dvcmQ6
Aug  9 10:24:49 brollon postfix/submission/smtpd[28438]: disconnect from unknown[213.176.26.113] ehlo=1 auth=0/1 rset=1 quit=1 commands=3/4
Aug  9 10:24:51 brollon postfix/submission/smtpd[27726]: warning: unknown[213.176.26.159]: SASL LOGIN authentication failed: UGFzc3dvcmQ6
Aug  9 10:24:51 brollon postfix/submission/smtpd[27726]: disconnect from unknown[213.176.26.159] ehlo=1 auth=0/1 rset=1 quit=1 commands=3/4
Aug  9 10:24:55 brollon postfix/submission/smtpd[30793]: warning: unknown[213.176.26.85]: SASL LOGIN authentication failed: UGFzc3dvcmQ6
Aug  9 10:24:55 brollon postfix/submission/smtpd[30793]: disconnect from unknown[213.176.26.85] ehlo=1 auth=0/1 rset=1 quit=1 commands=3/4
Aug  9 10:25:01 brollon postfix/smtpd[30512]: connect from localhost[127.0.0.1]
Aug  9 10:25:01 brollon postfix/smtpd[30512]: lost connection after CONNECT from localhost[127.0.0.1]
Aug  9 10:25:01 brollon postfix/smtpd[30512]: disconnect from localhost[127.0.0.1] commands=0/0
Aug  9 10:25:01 brollon dovecot: imap-login: Disconnected (no auth attempts in 0 secs): user=<>, rip=127.0.0.1, lip=127.0.0.1, secured, session=<S9x4pppYXpx/AAAB>
Aug  9 10:25:01 brollon dovecot: pop3-login: Disconnected (no auth attempts in 0 secs): user=<>, rip=127.0.0.1, lip=127.0.0.1, secured, session=<W/B4pppYjpR/AAAB>
Aug  9 10:25:01 brollon postfix/smtpd[30512]: connect from localhost[127.0.0.1]
Aug  9 10:25:01 brollon postfix/smtpd[30512]: lost connection after CONNECT from localhost[127.0.0.1]
Aug  9 10:25:01 brollon postfix/smtpd[30512]: disconnect from localhost[127.0.0.1] commands=0/0
Aug  9 10:25:01 brollon dovecot: pop3-login: Disconnected (no auth attempts in 0 secs): user=<>, rip=127.0.0.1, lip=127.0.0.1, secured, session=<N7d8pppYmpR/AAAB>
Aug  9 10:25:01 brollon dovecot: imap-login: Disconnected (no auth attempts in 0 secs): user=<>, rip=127.0.0.1, lip=127.0.0.1, secured, session=<Ob58pppYapx/AAAB>
Aug  9 10:25:13 brollon postfix/smtps/smtpd[1199]: connect from unknown[213.176.26.165]
Aug  9 10:25:16 brollon postfix/submission/smtpd[28438]: connect from unknown[213.176.26.134]
Aug  9 10:25:17 brollon postfix/submission/smtpd[30793]: connect from unknown[213.176.26.144]
Aug  9 10:25:18 brollon postfix/smtps/smtpd[1199]: warning: unknown[213.176.26.165]: SASL LOGIN authentication failed: UGFzc3dvcmQ6
Aug  9 10:25:18 brollon postfix/smtps/smtpd[1199]: lost connection after AUTH from unknown[213.176.26.165]
Aug  9 10:25:18 brollon postfix/smtps/smtpd[1199]: disconnect from unknown[213.176.26.165] ehlo=1 auth=0/1 rset=1 commands=2/3
Aug  9 10:25:20 brollon postfix/submission/smtpd[27726]: connect from unknown[213.176.26.76]
Aug  9 10:25:21 brollon postfix/submission/smtpd[1911]: connect from unknown[213.176.26.114]
Aug  9 10:25:22 brollon postfix/submission/smtpd[27726]: warning: unknown[213.176.26.76]: SASL LOGIN authentication failed: UGFzc3dvcmQ6
Aug  9 10:25:22 brollon postfix/submission/smtpd[28438]: warning: unknown[213.176.26.134]: SASL LOGIN authentication failed: UGFzc3dvcmQ6
Aug  9 10:25:22 brollon postfix/submission/smtpd[28438]: disconnect from unknown[213.176.26.134] ehlo=1 auth=0/1 rset=1 quit=1 commands=3/4
Aug  9 10:25:23 brollon postfix/submission/smtpd[27726]: disconnect from unknown[213.176.26.76] ehlo=1 auth=0/1 rset=1 quit=1 commands=3/4
Aug  9 10:25:24 brollon postfix/submission/smtpd[28438]: connect from unknown[213.176.26.78]
Aug  9 10:25:24 brollon postfix/submission/smtpd[30793]: warning: unknown[213.176.26.144]: SASL LOGIN authentication failed: UGFzc3dvcmQ6
Aug  9 10:25:24 brollon postfix/submission/smtpd[30793]: disconnect from unknown[213.176.26.144] ehlo=1 auth=0/1 rset=1 quit=1 commands=3/4
Aug  9 10:25:27 brollon postfix/submission/smtpd[1911]: warning: unknown[213.176.26.114]: SASL LOGIN authentication failed: UGFzc3dvcmQ6
Aug  9 10:25:27 brollon postfix/submission/smtpd[1911]: disconnect from unknown[213.176.26.114] ehlo=1 auth=0/1 rset=1 quit=1 commands=3/4
Aug  9 10:25:31 brollon postfix/submission/smtpd[28438]: warning: unknown[213.176.26.78]: SASL LOGIN authentication failed: UGFzc3dvcmQ6
Aug  9 10:25:31 brollon postfix/submission/smtpd[28438]: disconnect from unknown[213.176.26.78] ehlo=1 auth=0/1 rset=1 quit=1 commands=3/4
Aug  9 10:25:36 brollon postfix/submission/smtpd[27726]: connect from unknown[213.176.26.74]
Aug  9 10:25:36 brollon postfix/submission/smtpd[28438]: connect from unknown[213.176.26.64]
Aug  9 10:25:41 brollon postfix/submission/smtpd[28438]: warning: unknown[213.176.26.64]: SASL LOGIN authentication failed: UGFzc3dvcmQ6
Aug  9 10:25:41 brollon postfix/submission/smtpd[28438]: disconnect from unknown[213.176.26.64] ehlo=1 auth=0/1 rset=1 quit=1 commands=3/4
Aug  9 10:25:43 brollon postfix/submission/smtpd[27726]: warning: unknown[213.176.26.74]: SASL LOGIN authentication failed: UGFzc3dvcmQ6
Aug  9 10:25:43 brollon postfix/submission/smtpd[27726]: disconnect from unknown[213.176.26.74] ehlo=1 auth=0/1 rset=1 quit=1 commands=3/4
Aug  9 10:25:46 brollon postfix/submission/smtpd[1911]: connect from unknown[213.176.26.159]
Aug  9 10:25:47 brollon postfix/submission/smtpd[28438]: connect from unknown[213.176.26.113]
Aug  9 10:25:51 brollon postfix/submission/smtpd[28438]: warning: unknown[213.176.26.113]: SASL LOGIN authentication failed: UGFzc3dvcmQ6
Aug  9 10:25:51 brollon postfix/submission/smtpd[28438]: disconnect from unknown[213.176.26.113] ehlo=1 auth=0/1 rset=1 quit=1 commands=3/4
Aug  9 10:25:52 brollon postfix/submission/smtpd[27726]: connect from unknown[213.176.26.85]
Aug  9 10:25:53 brollon postfix/submission/smtpd[1911]: warning: unknown[213.176.26.159]: SASL LOGIN authentication failed: UGFzc3dvcmQ6
Aug  9 10:25:53 brollon postfix/submission/smtpd[1911]: disconnect from unknown[213.176.26.159] ehlo=1 auth=0/1 rset=1 quit=1 commands=3/4
Aug  9 10:25:58 brollon postfix/submission/smtpd[27726]: warning: unknown[213.176.26.85]: SASL LOGIN authentication failed: UGFzc3dvcmQ6
Aug  9 10:25:58 brollon postfix/submission/smtpd[27726]: disconnect from unknown[213.176.26.85] ehlo=1 auth=0/1 rset=1 quit=1 commands=3/4
Aug  9 10:26:02 brollon postfix/smtpd[30512]: connect from localhost[127.0.0.1]
Aug  9 10:26:02 brollon postfix/smtpd[30512]: lost connection after CONNECT from localhost[127.0.0.1]
Aug  9 10:26:02 brollon postfix/smtpd[30512]: disconnect from localhost[127.0.0.1] commands=0/0
Aug  9 10:26:02 brollon dovecot: pop3-login: Disconnected (no auth attempts in 0 secs): user=<>, rip=127.0.0.1, lip=127.0.0.1, secured, session=<OPwYqppY2pV/AAAB>
Aug  9 10:26:02 brollon dovecot: imap-login: Disconnected (no auth attempts in 0 secs): user=<>, rip=127.0.0.1, lip=127.0.0.1, secured, session=<X/4YqppYqp1/AAAB>
Aug  9 10:26:19 brollon postfix/submission/smtpd[28438]: connect from unknown[213.176.26.134]
Aug  9 10:26:20 brollon postfix/submission/smtpd[27726]: connect from unknown[213.176.26.144]
Aug  9 10:26:22 brollon postfix/submission/smtpd[30793]: connect from unknown[213.176.26.114]
Aug  9 10:26:23 brollon postfix/submission/smtpd[1911]: connect from unknown[213.176.26.76]
Aug  9 10:26:23 brollon postfix/submission/smtpd[27726]: warning: unknown[213.176.26.144]: SASL LOGIN authentication failed: UGFzc3dvcmQ6
Aug  9 10:26:23 brollon postfix/submission/smtpd[27726]: disconnect from unknown[213.176.26.144] ehlo=1 auth=0/1 rset=1 quit=1 commands=3/4
Aug  9 10:26:26 brollon postfix/submission/smtpd[28438]: warning: unknown[213.176.26.134]: SASL LOGIN authentication failed: UGFzc3dvcmQ6
Aug  9 10:26:26 brollon postfix/submission/smtpd[28438]: disconnect from unknown[213.176.26.134] ehlo=1 auth=0/1 rset=1 quit=1 commands=3/4
Aug  9 10:26:27 brollon postfix/submission/smtpd[1911]: warning: unknown[213.176.26.76]: SASL LOGIN authentication failed: UGFzc3dvcmQ6
Aug  9 10:26:27 brollon postfix/submission/smtpd[1911]: disconnect from unknown[213.176.26.76] ehlo=1 auth=0/1 rset=1 quit=1 commands=3/4
Aug  9 10:26:28 brollon postfix/submission/smtpd[27726]: connect from unknown[213.176.26.78]
Aug  9 10:26:28 brollon postfix/submission/smtpd[30793]: warning: unknown[213.176.26.114]: SASL LOGIN authentication failed: UGFzc3dvcmQ6
Aug  9 10:26:28 brollon postfix/submission/smtpd[30793]: disconnect from unknown[213.176.26.114] ehlo=1 auth=0/1 rset=1 quit=1 commands=3/4
Aug  9 10:26:35 brollon postfix/submission/smtpd[27726]: warning: unknown[213.176.26.78]: SASL LOGIN authentication failed: UGFzc3dvcmQ6
Aug  9 10:26:36 brollon postfix/submission/smtpd[27726]: disconnect from unknown[213.176.26.78] ehlo=1 auth=0/1 rset=1 quit=1 commands=3/4
Aug  9 10:26:40 brollon postfix/submission/smtpd[28438]: connect from unknown[213.176.26.74]
Aug  9 10:26:40 brollon postfix/submission/smtpd[27726]: connect from unknown[213.176.26.64]
Aug  9 10:26:42 brollon postfix/submission/smtpd[27726]: warning: unknown[213.176.26.64]: SASL LOGIN authentication failed: UGFzc3dvcmQ6
Aug  9 10:26:42 brollon postfix/submission/smtpd[28438]: warning: unknown[213.176.26.74]: SASL LOGIN authentication failed: UGFzc3dvcmQ6
Aug  9 10:26:42 brollon postfix/submission/smtpd[28438]: disconnect from unknown[213.176.26.74] ehlo=1 auth=0/1 rset=1 quit=1 commands=3/4
Aug  9 10:26:42 brollon postfix/submission/smtpd[27726]: disconnect from unknown[213.176.26.64] ehlo=1 auth=0/1 rset=1 quit=1 commands=3/4
Aug  9 10:26:43 brollon postfix/anvil[12649]: statistics: max connection rate 2/60s for (submission:213.176.26.114) at Aug  9 10:18:15
Aug  9 10:26:43 brollon postfix/anvil[12649]: statistics: max connection count 1 for (submission:213.176.26.144) at Aug  9 10:16:47
Aug  9 10:26:43 brollon postfix/anvil[12649]: statistics: max cache size 21 at Aug  9 10:23:28
Aug  9 10:26:48 brollon postfix/submission/smtpd[1911]: connect from unknown[213.176.26.159]
Aug  9 10:26:48 brollon postfix/submission/smtpd[30793]: connect from unknown[213.176.26.113]
Aug  9 10:26:54 brollon postfix/submission/smtpd[28438]: connect from unknown[213.176.26.85]
Aug  9 10:26:55 brollon postfix/submission/smtpd[1911]: warning: unknown[213.176.26.159]: SASL LOGIN authentication failed: UGFzc3dvcmQ6
Aug  9 10:26:55 brollon postfix/submission/smtpd[30793]: warning: unknown[213.176.26.113]: SASL LOGIN authentication failed: UGFzc3dvcmQ6
Aug  9 10:26:55 brollon postfix/submission/smtpd[30793]: disconnect from unknown[213.176.26.113] ehlo=1 auth=0/1 rset=1 quit=1 commands=3/4
Aug  9 10:26:56 brollon postfix/submission/smtpd[1911]: disconnect from unknown[213.176.26.159] ehlo=1 auth=0/1 rset=1 quit=1 commands=3/4
Aug  9 10:26:58 brollon postfix/submission/smtpd[28438]: warning: unknown[213.176.26.85]: SASL LOGIN authentication failed: UGFzc3dvcmQ6
Aug  9 10:26:58 brollon postfix/submission/smtpd[28438]: disconnect from unknown[213.176.26.85] ehlo=1 auth=0/1 rset=1 quit=1 commands=3/4
Aug  9 10:27:01 brollon postfix/smtpd[30512]: connect from localhost[127.0.0.1]
Aug  9 10:27:01 brollon postfix/smtpd[30512]: lost connection after CONNECT from localhost[127.0.0.1]
Aug  9 10:27:01 brollon postfix/smtpd[30512]: disconnect from localhost[127.0.0.1] commands=0/0
Aug  9 10:27:01 brollon dovecot: pop3-login: Disconnected (no auth attempts in 0 secs): user=<>, rip=127.0.0.1, lip=127.0.0.1, secured, session=<l1qgrZpY/JZ/AAAB>
Aug  9 10:27:01 brollon dovecot: imap-login: Disconnected (no auth attempts in 0 secs): user=<>, rip=127.0.0.1, lip=127.0.0.1, secured, session=<11ygrZpYzJ5/AAAB>
Aug  9 10:27:02 brollon postfix/smtps/smtpd[2173]: connect from unknown[213.176.26.166]
Aug  9 10:27:05 brollon dovecot: imap-login: Login: user=<secretaria@concellodapobradobrollon.gal>, method=PLAIN, rip=83.48.54.234, lip=54.37.21.250, mpid=2175, session=<aN/XrZpYvcJTMDbq>
Aug  9 10:27:09 brollon postfix/smtps/smtpd[2173]: warning: unknown[213.176.26.166]: SASL LOGIN authentication failed: UGFzc3dvcmQ6
Aug  9 10:27:09 brollon postfix/smtps/smtpd[2173]: lost connection after AUTH from unknown[213.176.26.166]
Aug  9 10:27:09 brollon postfix/smtps/smtpd[2173]: disconnect from unknown[213.176.26.166] ehlo=1 auth=0/1 rset=1 commands=2/3
Aug  9 10:27:10 brollon postfix/smtps/smtpd[2173]: connect from unknown[213.176.26.19]
Aug  9 10:27:13 brollon postfix/smtps/smtpd[2173]: warning: unknown[213.176.26.19]: SASL LOGIN authentication failed: UGFzc3dvcmQ6
Aug  9 10:27:13 brollon postfix/smtps/smtpd[2173]: lost connection after AUTH from unknown[213.176.26.19]
Aug  9 10:27:13 brollon postfix/smtps/smtpd[2173]: disconnect from unknown[213.176.26.19] ehlo=1 auth=0/1 rset=1 commands=2/3
Aug  9 10:27:22 brollon postfix/submission/smtpd[27726]: connect from unknown[213.176.26.134]
Aug  9 10:27:23 brollon postfix/submission/smtpd[28438]: connect from unknown[213.176.26.144]
Aug  9 10:27:23 brollon postfix/submission/smtpd[30793]: connect from unknown[213.176.26.114]
Aug  9 10:27:26 brollon postfix/submission/smtpd[1911]: connect from unknown[213.176.26.76]
Aug  9 10:27:28 brollon postfix/smtps/smtpd[2173]: connect from unknown[213.176.26.63]
Aug  9 10:27:28 brollon postfix/submission/smtpd[27726]: warning: unknown[213.176.26.134]: SASL LOGIN authentication failed: UGFzc3dvcmQ6
Aug  9 10:27:29 brollon postfix/submission/smtpd[27726]: disconnect from unknown[213.176.26.134] ehlo=1 auth=0/1 rset=1 quit=1 commands=3/4
Aug  9 10:27:30 brollon postfix/submission/smtpd[28438]: warning: unknown[213.176.26.144]: SASL LOGIN authentication failed: UGFzc3dvcmQ6
Aug  9 10:27:30 brollon postfix/submission/smtpd[30793]: warning: unknown[213.176.26.114]: SASL LOGIN authentication failed: UGFzc3dvcmQ6
Aug  9 10:27:30 brollon postfix/submission/smtpd[30793]: disconnect from unknown[213.176.26.114] ehlo=1 auth=0/1 rset=1 quit=1 commands=3/4
Aug  9 10:27:30 brollon postfix/smtps/smtpd[2182]: connect from unknown[213.176.26.52]
Aug  9 10:27:31 brollon postfix/submission/smtpd[28438]: disconnect from unknown[213.176.26.144] ehlo=1 auth=0/1 rset=1 quit=1 commands=3/4
Aug  9 10:27:31 brollon postfix/submission/smtpd[27726]: connect from unknown[213.176.26.78]
Aug  9 10:27:33 brollon postfix/submission/smtpd[1911]: warning: unknown[213.176.26.76]: SASL LOGIN authentication failed: UGFzc3dvcmQ6
Aug  9 10:27:33 brollon postfix/submission/smtpd[1911]: disconnect from unknown[213.176.26.76] ehlo=1 auth=0/1 rset=1 quit=1 commands=3/4
Aug  9 10:27:34 brollon postfix/smtps/smtpd[2173]: warning: unknown[213.176.26.63]: SASL LOGIN authentication failed: UGFzc3dvcmQ6
Aug  9 10:27:34 brollon postfix/smtps/smtpd[2173]: lost connection after AUTH from unknown[213.176.26.63]
Aug  9 10:27:34 brollon postfix/smtps/smtpd[2173]: disconnect from unknown[213.176.26.63] ehlo=1 auth=0/1 rset=1 commands=2/3
Aug  9 10:27:37 brollon postfix/smtps/smtpd[2182]: warning: unknown[213.176.26.52]: SASL LOGIN authentication failed: UGFzc3dvcmQ6
Aug  9 10:27:37 brollon postfix/smtps/smtpd[2182]: lost connection after AUTH from unknown[213.176.26.52]
Aug  9 10:27:37 brollon postfix/smtps/smtpd[2182]: disconnect from unknown[213.176.26.52] ehlo=1 auth=0/1 rset=1 commands=2/3
Aug  9 10:27:38 brollon postfix/submission/smtpd[27726]: warning: unknown[213.176.26.78]: SASL LOGIN authentication failed: UGFzc3dvcmQ6
Aug  9 10:27:39 brollon postfix/submission/smtpd[27726]: disconnect from unknown[213.176.26.78] ehlo=1 auth=0/1 rset=1 quit=1 commands=3/4
Aug  9 10:27:39 brollon postfix/pickup[21723]: 5B3C343A23: uid=5004 from=<webmaster@concellodapobradobrollon.gal>
Aug  9 10:27:39 brollon postfix/cleanup[2188]: 5B3C343A23: message-id=<20260809102739.5B3C343A23@brollon.galiciadigital.net>
Aug  9 10:27:39 brollon postfix/qmgr[1580]: 5B3C343A23: from=<webmaster@concellodapobradobrollon.gal>, size=1365, nrcpt=1 (queue active)
Aug  9 10:27:40 brollon postfix/smtpd[2197]: connect from localhost[127.0.0.1]
Aug  9 10:27:40 brollon postfix/smtpd[2197]: 55DBD420BF: client=localhost[127.0.0.1]
Aug  9 10:27:40 brollon postfix/cleanup[2188]: 55DBD420BF: message-id=<20260809102739.5B3C343A23@brollon.galiciadigital.net>
Aug  9 10:27:40 brollon postfix/qmgr[1580]: 55DBD420BF: from=<webmaster@concellodapobradobrollon.gal>, size=2351, nrcpt=1 (queue active)
Aug  9 10:27:40 brollon amavis[18774]: (18774-01) Passed CLEAN {RelayedOutbound}, LOCAL [127.0.0.1] <webmaster@concellodapobradobrollon.gal> -> <admin@galiciadigital.com>, Message-ID: <20260809102739.5B3C343A23@brollon.galiciadigital.net>, mail_id: K1wWSjzjGYB7, Hits: 0.248, size: 1365, queued_as: 55DBD420BF, dkim_new=default:concellodapobradobrollon.gal, 904 ms
Aug  9 10:27:40 brollon postfix/smtp[2190]: 5B3C343A23: to=<admin@galiciadigital.com>, relay=127.0.0.1[127.0.0.1]:10024, delay=1.3, delays=0.35/0.01/0.03/0.9, dsn=2.0.0, status=sent (250 2.0.0 from MTA(smtp:[127.0.0.1]:10025): 250 2.0.0 Ok: queued as 55DBD420BF)
Aug  9 10:27:40 brollon postfix/qmgr[1580]: 5B3C343A23: removed
Aug  9 10:27:42 brollon postfix/submission/smtpd[28438]: connect from unknown[213.176.26.74]
Aug  9 10:27:43 brollon postfix/submission/smtpd[27726]: connect from unknown[213.176.26.64]
Aug  9 10:27:46 brollon postfix/smtps/smtpd[2173]: connect from unknown[213.176.26.94]
Aug  9 10:27:46 brollon postfix/smtp[2199]: 55DBD420BF: to=<admin@galiciadigital.com>, relay=mail.galiciadigital.com[94.23.112.187]:25, delay=6.3, delays=0.03/0.03/6.1/0.09, dsn=2.0.0, status=sent (250 2.0.0 Ok: queued as 8E77A1211B0)
Aug  9 10:27:46 brollon postfix/qmgr[1580]: 55DBD420BF: removed
Aug  9 10:27:49 brollon postfix/submission/smtpd[28438]: warning: unknown[213.176.26.74]: SASL LOGIN authentication failed: UGFzc3dvcmQ6
Aug  9 10:27:49 brollon postfix/submission/smtpd[28438]: disconnect from unknown[213.176.26.74] ehlo=1 auth=0/1 rset=1 quit=1 commands=3/4
Aug  9 10:27:49 brollon postfix/smtpd[30512]: connect from correo.galiciadigital.net[94.23.112.184]
Aug  9 10:27:49 brollon postfix/smtpd[30512]: lost connection after CONNECT from correo.galiciadigital.net[94.23.112.184]
Aug  9 10:27:49 brollon postfix/smtpd[30512]: disconnect from correo.galiciadigital.net[94.23.112.184] commands=0/0
Aug  9 10:27:49 brollon postfix/submission/smtpd[1911]: connect from unknown[213.176.26.113]
Aug  9 10:27:50 brollon postfix/submission/smtpd[27726]: warning: unknown[213.176.26.64]: SASL LOGIN authentication failed: UGFzc3dvcmQ6
Aug  9 10:27:50 brollon postfix/submission/smtpd[27726]: disconnect from unknown[213.176.26.64] ehlo=1 auth=0/1 rset=1 quit=1 commands=3/4
Aug  9 10:27:50 brollon postfix/submission/smtpd[28438]: connect from unknown[213.176.26.159]
Aug  9 10:27:52 brollon postfix/smtps/smtpd[2173]: warning: unknown[213.176.26.94]: SASL LOGIN authentication failed: UGFzc3dvcmQ6
Aug  9 10:27:52 brollon postfix/smtps/smtpd[2173]: lost connection after AUTH from unknown[213.176.26.94]
Aug  9 10:27:52 brollon postfix/smtps/smtpd[2173]: disconnect from unknown[213.176.26.94] ehlo=1 auth=0/1 rset=1 commands=2/3
Aug  9 10:27:54 brollon dovecot: imap(secretaria@concellodapobradobrollon.gal): Logged out in=749 out=81480
Aug  9 10:27:56 brollon postfix/submission/smtpd[1911]: warning: unknown[213.176.26.113]: SASL LOGIN authentication failed: UGFzc3dvcmQ6
Aug  9 10:27:56 brollon postfix/submission/smtpd[30793]: connect from unknown[213.176.26.85]
Aug  9 10:27:57 brollon postfix/submission/smtpd[28438]: warning: unknown[213.176.26.159]: SASL LOGIN authentication failed: UGFzc3dvcmQ6
Aug  9 10:27:57 brollon postfix/submission/smtpd[1911]: disconnect from unknown[213.176.26.113] ehlo=1 auth=0/1 rset=1 quit=1 commands=3/4
Aug  9 10:27:58 brollon postfix/submission/smtpd[28438]: disconnect from unknown[213.176.26.159] ehlo=1 auth=0/1 rset=1 quit=1 commands=3/4
Aug  9 10:28:01 brollon postfix/smtpd[30512]: connect from localhost[127.0.0.1]
Aug  9 10:28:01 brollon postfix/smtpd[30512]: lost connection after CONNECT from localhost[127.0.0.1]
Aug  9 10:28:01 brollon postfix/smtpd[30512]: disconnect from localhost[127.0.0.1] commands=0/0
Aug  9 10:28:02 brollon dovecot: pop3-login: Disconnected (no auth attempts in 0 secs): user=<>, rip=127.0.0.1, lip=127.0.0.1, secured, session=<v608sZpYhph/AAAB>
Aug  9 10:28:02 brollon dovecot: imap-login: Disconnected (no auth attempts in 0 secs): user=<>, rip=127.0.0.1, lip=127.0.0.1, secured, session=<KLM8sZpYVqB/AAAB>
Aug  9 10:28:03 brollon postfix/submission/smtpd[30793]: warning: unknown[213.176.26.85]: SASL LOGIN authentication failed: UGFzc3dvcmQ6
Aug  9 10:28:03 brollon postfix/submission/smtpd[30793]: disconnect from unknown[213.176.26.85] ehlo=1 auth=0/1 rset=1 quit=1 commands=3/4
Aug  9 10:28:05 brollon postfix/submission/smtpd[27726]: connect from 198.172.132.66.censys-scanner.com[66.132.172.198]
Aug  9 10:28:06 brollon postfix/submission/smtpd[27726]: lost connection after STARTTLS from 198.172.132.66.censys-scanner.com[66.132.172.198]
Aug  9 10:28:06 brollon postfix/submission/smtpd[27726]: disconnect from 198.172.132.66.censys-scanner.com[66.132.172.198] ehlo=1 starttls=1 commands=2
Aug  9 10:28:16 brollon postfix/smtps/smtpd[2182]: connect from unknown[213.176.26.44]
Aug  9 10:28:21 brollon postfix/smtps/smtpd[2173]: connect from unknown[213.176.26.133]
Aug  9 10:28:24 brollon postfix/smtps/smtpd[2182]: warning: unknown[213.176.26.44]: SASL LOGIN authentication failed: UGFzc3dvcmQ6
Aug  9 10:28:24 brollon postfix/submission/smtpd[28438]: connect from unknown[213.176.26.114]
Aug  9 10:28:25 brollon postfix/submission/smtpd[1911]: connect from unknown[213.176.26.134]
Aug  9 10:28:25 brollon postfix/smtps/smtpd[2182]: lost connection after AUTH from unknown[213.176.26.44]
Aug  9 10:28:25 brollon postfix/smtps/smtpd[2182]: disconnect from unknown[213.176.26.44] ehlo=1 auth=0/1 rset=1 commands=2/3
Aug  9 10:28:26 brollon postfix/submission/smtpd[27726]: connect from unknown[213.176.26.144]
Aug  9 10:28:28 brollon postfix/submission/smtpd[30793]: connect from unknown[213.176.26.76]
Aug  9 10:28:28 brollon postfix/smtps/smtpd[2173]: warning: unknown[213.176.26.133]: SASL LOGIN authentication failed: UGFzc3dvcmQ6
Aug  9 10:28:28 brollon postfix/submission/smtpd[27726]: warning: unknown[213.176.26.144]: SASL LOGIN authentication failed: UGFzc3dvcmQ6
Aug  9 10:28:28 brollon postfix/submission/smtpd[27726]: disconnect from unknown[213.176.26.144] ehlo=1 auth=0/1 rset=1 quit=1 commands=3/4
Aug  9 10:28:28 brollon postfix/smtps/smtpd[2173]: lost connection after AUTH from unknown[213.176.26.133]
Aug  9 10:28:28 brollon postfix/smtps/smtpd[2173]: disconnect from unknown[213.176.26.133] ehlo=1 auth=0/1 rset=1 commands=2/3
Aug  9 10:28:29 brollon postfix/submission/smtpd[1911]: warning: unknown[213.176.26.134]: SASL LOGIN authentication failed: UGFzc3dvcmQ6
Aug  9 10:28:29 brollon postfix/submission/smtpd[1911]: disconnect from unknown[213.176.26.134] ehlo=1 auth=0/1 rset=1 quit=1 commands=3/4
Aug  9 10:28:31 brollon postfix/submission/smtpd[28438]: warning: unknown[213.176.26.114]: SASL LOGIN authentication failed: UGFzc3dvcmQ6
Aug  9 10:28:31 brollon postfix/submission/smtpd[28438]: disconnect from unknown[213.176.26.114] ehlo=1 auth=0/1 rset=1 quit=1 commands=3/4
Aug  9 10:28:31 brollon postfix/smtps/smtpd[2182]: connect from unknown[213.176.26.175]
Aug  9 10:28:32 brollon postfix/smtps/smtpd[2173]: connect from unknown[213.176.26.186]
Aug  9 10:28:33 brollon postfix/smtps/smtpd[2257]: connect from unknown[213.176.26.191]
Aug  9 10:28:35 brollon postfix/smtps/smtpd[2173]: warning: unknown[213.176.26.186]: SASL LOGIN authentication failed: UGFzc3dvcmQ6
Aug  9 10:28:35 brollon postfix/submission/smtpd[30793]: warning: unknown[213.176.26.76]: SASL LOGIN authentication failed: UGFzc3dvcmQ6
Aug  9 10:28:35 brollon postfix/submission/smtpd[27726]: connect from unknown[213.176.26.78]
Aug  9 10:28:36 brollon postfix/smtps/smtpd[2257]: warning: unknown[213.176.26.191]: SASL LOGIN authentication failed: UGFzc3dvcmQ6
Aug  9 10:28:36 brollon postfix/smtps/smtpd[2173]: lost connection after AUTH from unknown[213.176.26.186]
Aug  9 10:28:36 brollon postfix/smtps/smtpd[2173]: disconnect from unknown[213.176.26.186] ehlo=1 auth=0/1 rset=1 commands=2/3
Aug  9 10:28:36 brollon postfix/submission/smtpd[30793]: disconnect from unknown[213.176.26.76] ehlo=1 auth=0/1 rset=1 quit=1 commands=3/4
Aug  9 10:28:36 brollon postfix/smtps/smtpd[2257]: lost connection after AUTH from unknown[213.176.26.191]
Aug  9 10:28:36 brollon postfix/smtps/smtpd[2257]: disconnect from unknown[213.176.26.191] ehlo=1 auth=0/1 rset=1 commands=2/3
Aug  9 10:28:38 brollon postfix/smtps/smtpd[2182]: warning: unknown[213.176.26.175]: SASL LOGIN authentication failed: UGFzc3dvcmQ6
Aug  9 10:28:38 brollon postfix/smtps/smtpd[2182]: lost connection after AUTH from unknown[213.176.26.175]
Aug  9 10:28:38 brollon postfix/smtps/smtpd[2182]: disconnect from unknown[213.176.26.175] ehlo=1 auth=0/1 rset=1 commands=2/3
Aug  9 10:28:40 brollon postfix/submission/smtpd[27726]: warning: unknown[213.176.26.78]: SASL LOGIN authentication failed: UGFzc3dvcmQ6
Aug  9 10:28:40 brollon postfix/submission/smtpd[27726]: disconnect from unknown[213.176.26.78] ehlo=1 auth=0/1 rset=1 quit=1 commands=3/4
Aug  9 10:28:40 brollon postfix/smtps/smtpd[2173]: connect from unknown[213.176.26.122]
Aug  9 10:28:43 brollon postfix/smtps/smtpd[2182]: connect from unknown[213.176.26.87]
Aug  9 10:28:44 brollon postfix/smtps/smtpd[2173]: warning: unknown[213.176.26.122]: SASL LOGIN authentication failed: UGFzc3dvcmQ6
Aug  9 10:28:44 brollon postfix/smtps/smtpd[2173]: lost connection after AUTH from unknown[213.176.26.122]
Aug  9 10:28:44 brollon postfix/smtps/smtpd[2173]: disconnect from unknown[213.176.26.122] ehlo=1 auth=0/1 rset=1 commands=2/3
Aug  9 10:28:45 brollon postfix/submission/smtpd[28438]: connect from unknown[213.176.26.74]
Aug  9 10:28:46 brollon postfix/smtps/smtpd[2182]: warning: unknown[213.176.26.87]: SASL LOGIN authentication failed: UGFzc3dvcmQ6
Aug  9 10:28:46 brollon postfix/smtps/smtpd[2182]: lost connection after AUTH from unknown[213.176.26.87]
Aug  9 10:28:46 brollon postfix/smtps/smtpd[2182]: disconnect from unknown[213.176.26.87] ehlo=1 auth=0/1 rset=1 commands=2/3
Aug  9 10:28:47 brollon postfix/submission/smtpd[30793]: connect from unknown[213.176.26.64]
Aug  9 10:28:50 brollon postfix/submission/smtpd[1911]: connect from unknown[213.176.26.113]
Aug  9 10:28:51 brollon postfix/submission/smtpd[27726]: connect from unknown[213.176.26.159]
Aug  9 10:28:52 brollon postfix/submission/smtpd[28438]: warning: unknown[213.176.26.74]: SASL LOGIN authentication failed: UGFzc3dvcmQ6
Aug  9 10:28:52 brollon postfix/submission/smtpd[30793]: warning: unknown[213.176.26.64]: SASL LOGIN authentication failed: UGFzc3dvcmQ6
Aug  9 10:28:52 brollon postfix/submission/smtpd[28438]: disconnect from unknown[213.176.26.74] ehlo=1 auth=0/1 rset=1 quit=1 commands=3/4
Aug  9 10:28:53 brollon postfix/submission/smtpd[30793]: disconnect from unknown[213.176.26.64] ehlo=1 auth=0/1 rset=1 quit=1 commands=3/4
Aug  9 10:28:56 brollon postfix/submission/smtpd[27726]: warning: unknown[213.176.26.159]: SASL LOGIN authentication failed: UGFzc3dvcmQ6
Aug  9 10:28:57 brollon postfix/submission/smtpd[1911]: warning: unknown[213.176.26.113]: SASL LOGIN authentication failed: UGFzc3dvcmQ6
Aug  9 10:28:57 brollon postfix/submission/smtpd[1911]: disconnect from unknown[213.176.26.113] ehlo=1 auth=0/1 rset=1 quit=1 commands=3/4
Aug  9 10:28:57 brollon postfix/submission/smtpd[27726]: disconnect from unknown[213.176.26.159] ehlo=1 auth=0/1 rset=1 quit=1 commands=3/4
Aug  9 10:28:58 brollon postfix/smtps/smtpd[2257]: connect from unknown[213.176.26.194]
Aug  9 10:28:59 brollon postfix/submission/smtpd[28438]: connect from unknown[213.176.26.85]
Aug  9 10:29:01 brollon postfix/smtpd[30512]: connect from localhost[127.0.0.1]
Aug  9 10:29:01 brollon postfix/smtpd[30512]: lost connection after CONNECT from localhost[127.0.0.1]
Aug  9 10:29:01 brollon postfix/smtpd[30512]: disconnect from localhost[127.0.0.1] commands=0/0
Aug  9 10:29:01 brollon dovecot: imap-login: Disconnected (no auth attempts in 0 secs): user=<>, rip=127.0.0.1, lip=127.0.0.1, secured, session=<40rEtJpYkKF/AAAB>
Aug  9 10:29:01 brollon dovecot: pop3-login: Disconnected (no auth attempts in 0 secs): user=<>, rip=127.0.0.1, lip=127.0.0.1, secured, session=<skzEtJpYwJl/AAAB>
Aug  9 10:29:02 brollon postfix/smtps/smtpd[2182]: connect from unknown[213.176.26.88]
Aug  9 10:29:03 brollon postfix/smtps/smtpd[2257]: warning: unknown[213.176.26.194]: SASL LOGIN authentication failed: UGFzc3dvcmQ6
Aug  9 10:29:03 brollon postfix/smtps/smtpd[2257]: lost connection after AUTH from unknown[213.176.26.194]
Aug  9 10:29:03 brollon postfix/smtps/smtpd[2257]: disconnect from unknown[213.176.26.194] ehlo=1 auth=0/1 rset=1 commands=2/3
Aug  9 10:29:04 brollon postfix/smtpd[30512]: connect from unknown[2.57.122.98]
Aug  9 10:29:05 brollon postfix/smtps/smtpd[2182]: warning: unknown[213.176.26.88]: SASL LOGIN authentication failed: UGFzc3dvcmQ6
Aug  9 10:29:05 brollon postfix/smtps/smtpd[2173]: connect from unknown[213.176.26.34]
Aug  9 10:29:05 brollon postfix/smtps/smtpd[2182]: lost connection after AUTH from unknown[213.176.26.88]
Aug  9 10:29:05 brollon postfix/smtps/smtpd[2182]: disconnect from unknown[213.176.26.88] ehlo=1 auth=0/1 rset=1 commands=2/3
Aug  9 10:29:06 brollon postfix/submission/smtpd[28438]: warning: unknown[213.176.26.85]: SASL LOGIN authentication failed: UGFzc3dvcmQ6
Aug  9 10:29:07 brollon postfix/submission/smtpd[28438]: disconnect from unknown[213.176.26.85] ehlo=1 auth=0/1 rset=1 quit=1 commands=3/4
Aug  9 10:29:07 brollon postfix/smtpd[30512]: warning: unknown[2.57.122.98]: SASL LOGIN authentication failed: UGFzc3dvcmQ6
Aug  9 10:29:07 brollon postfix/smtpd[30512]: disconnect from unknown[2.57.122.98] ehlo=1 auth=0/1 quit=1 commands=2/3
Aug  9 10:29:08 brollon postfix/smtps/smtpd[2173]: warning: unknown[213.176.26.34]: SASL LOGIN authentication failed: UGFzc3dvcmQ6
Aug  9 10:29:08 brollon postfix/smtps/smtpd[2173]: lost connection after AUTH from unknown[213.176.26.34]
Aug  9 10:29:08 brollon postfix/smtps/smtpd[2173]: disconnect from unknown[213.176.26.34] ehlo=1 auth=0/1 rset=1 commands=2/3
Aug  9 10:29:18 brollon postfix/smtps/smtpd[2257]: connect from unknown[213.176.26.37]
Aug  9 10:29:25 brollon postfix/smtps/smtpd[2257]: warning: unknown[213.176.26.37]: SASL LOGIN authentication failed: UGFzc3dvcmQ6
Aug  9 10:29:25 brollon postfix/smtps/smtpd[2257]: lost connection after AUTH from unknown[213.176.26.37]
Aug  9 10:29:25 brollon postfix/smtps/smtpd[2257]: disconnect from unknown[213.176.26.37] ehlo=1 auth=0/1 rset=1 commands=2/3
Aug  9 10:29:25 brollon postfix/submission/smtpd[27726]: connect from unknown[213.176.26.114]
Aug  9 10:29:27 brollon postfix/submission/smtpd[28438]: connect from unknown[213.176.26.134]
Aug  9 10:29:30 brollon postfix/submission/smtpd[30793]: connect from unknown[213.176.26.144]
Aug  9 10:29:32 brollon postfix/submission/smtpd[27726]: warning: unknown[213.176.26.114]: SASL LOGIN authentication failed: UGFzc3dvcmQ6
Aug  9 10:29:32 brollon postfix/submission/smtpd[27726]: disconnect from unknown[213.176.26.114] ehlo=1 auth=0/1 rset=1 quit=1 commands=3/4
Aug  9 10:29:32 brollon postfix/submission/smtpd[1911]: connect from unknown[213.176.26.76]
Aug  9 10:29:34 brollon postfix/submission/smtpd[28438]: warning: unknown[213.176.26.134]: SASL LOGIN authentication failed: UGFzc3dvcmQ6
Aug  9 10:29:34 brollon postfix/submission/smtpd[28438]: disconnect from unknown[213.176.26.134] ehlo=1 auth=0/1 rset=1 quit=1 commands=3/4
Aug  9 10:29:37 brollon postfix/submission/smtpd[30793]: warning: unknown[213.176.26.144]: SASL LOGIN authentication failed: UGFzc3dvcmQ6
Aug  9 10:29:38 brollon postfix/submission/smtpd[30793]: disconnect from unknown[213.176.26.144] ehlo=1 auth=0/1 rset=1 quit=1 commands=3/4
Aug  9 10:29:39 brollon postfix/submission/smtpd[27726]: connect from unknown[213.176.26.78]
Aug  9 10:29:39 brollon postfix/submission/smtpd[1911]: warning: unknown[213.176.26.76]: SASL LOGIN authentication failed: UGFzc3dvcmQ6
Aug  9 10:29:40 brollon postfix/submission/smtpd[1911]: disconnect from unknown[213.176.26.76] ehlo=1 auth=0/1 rset=1 quit=1 commands=3/4
Aug  9 10:29:44 brollon postfix/submission/smtpd[27726]: warning: unknown[213.176.26.78]: SASL LOGIN authentication failed: UGFzc3dvcmQ6
Aug  9 10:29:45 brollon postfix/submission/smtpd[27726]: disconnect from unknown[213.176.26.78] ehlo=1 auth=0/1 rset=1 quit=1 commands=3/4
Aug  9 10:29:48 brollon postfix/submission/smtpd[28438]: connect from unknown[213.176.26.74]
Aug  9 10:29:49 brollon postfix/submission/smtpd[27726]: connect from unknown[213.176.26.64]
Aug  9 10:29:51 brollon postfix/submission/smtpd[1911]: connect from unknown[213.176.26.113]
Aug  9 10:29:53 brollon postfix/submission/smtpd[30793]: connect from unknown[213.176.26.159]
Aug  9 10:29:55 brollon postfix/submission/smtpd[28438]: warning: unknown[213.176.26.74]: SASL LOGIN authentication failed: UGFzc3dvcmQ6
Aug  9 10:29:55 brollon postfix/submission/smtpd[28438]: disconnect from unknown[213.176.26.74] ehlo=1 auth=0/1 rset=1 quit=1 commands=3/4
Aug  9 10:29:56 brollon postfix/submission/smtpd[27726]: warning: unknown[213.176.26.64]: SASL LOGIN authentication failed: UGFzc3dvcmQ6
Aug  9 10:29:56 brollon postfix/submission/smtpd[27726]: disconnect from unknown[213.176.26.64] ehlo=1 auth=0/1 rset=1 quit=1 commands=3/4
