Aug  9 07:02:04 brollon postfix/smtps/smtpd[20714]: warning: unknown[213.176.26.182]: SASL LOGIN authentication failed: UGFzc3dvcmQ6
Aug  9 07:02:04 brollon postfix/smtps/smtpd[20714]: lost connection after AUTH from unknown[213.176.26.182]
Aug  9 07:02:04 brollon postfix/smtps/smtpd[20714]: disconnect from unknown[213.176.26.182] ehlo=1 auth=0/1 rset=1 commands=2/3
Aug  9 07:02:06 brollon postfix/submission/smtpd[26529]: connect from unknown[213.176.26.76]
Aug  9 07:02:06 brollon postfix/submission/smtpd[28133]: warning: unknown[213.176.26.159]: SASL LOGIN authentication failed: UGFzc3dvcmQ6
Aug  9 07:02:06 brollon postfix/submission/smtpd[28133]: disconnect from unknown[213.176.26.159] ehlo=1 auth=0/1 rset=1 quit=1 commands=3/4
Aug  9 07:02:06 brollon postfix/submission/smtpd[27391]: connect from unknown[213.176.26.85]
Aug  9 07:02:12 brollon postfix/submission/smtpd[26529]: warning: unknown[213.176.26.76]: SASL LOGIN authentication failed: UGFzc3dvcmQ6
Aug  9 07:02:12 brollon postfix/submission/smtpd[26529]: disconnect from unknown[213.176.26.76] ehlo=1 auth=0/1 rset=1 quit=1 commands=3/4
Aug  9 07:02:13 brollon postfix/submission/smtpd[27391]: warning: unknown[213.176.26.85]: SASL LOGIN authentication failed: UGFzc3dvcmQ6
Aug  9 07:02:13 brollon postfix/submission/smtpd[27391]: disconnect from unknown[213.176.26.85] ehlo=1 auth=0/1 rset=1 quit=1 commands=3/4
Aug  9 07:02:18 brollon postfix/smtpd[24975]: connect from unknown[92.118.39.232]
Aug  9 07:02:20 brollon postfix/submission/smtpd[28133]: connect from unknown[213.176.26.144]
Aug  9 07:02:20 brollon postfix/smtpd[24975]: warning: unknown[92.118.39.232]: SASL LOGIN authentication failed: UGFzc3dvcmQ6
Aug  9 07:02:20 brollon postfix/smtpd[24975]: disconnect from unknown[92.118.39.232] ehlo=1 auth=0/1 quit=1 commands=2/3
Aug  9 07:02:27 brollon postfix/submission/smtpd[28133]: warning: unknown[213.176.26.144]: SASL LOGIN authentication failed: UGFzc3dvcmQ6
Aug  9 07:02:28 brollon postfix/submission/smtpd[28133]: disconnect from unknown[213.176.26.144] ehlo=1 auth=0/1 rset=1 quit=1 commands=3/4
Aug  9 07:02:30 brollon postfix/submission/smtpd[27391]: connect from unknown[213.176.26.113]
Aug  9 07:02:35 brollon postfix/submission/smtpd[26552]: connect from unknown[213.176.26.74]
Aug  9 07:02:37 brollon postfix/submission/smtpd[27391]: warning: unknown[213.176.26.113]: SASL LOGIN authentication failed: UGFzc3dvcmQ6
Aug  9 07:02:37 brollon postfix/submission/smtpd[27391]: disconnect from unknown[213.176.26.113] ehlo=1 auth=0/1 rset=1 quit=1 commands=3/4
Aug  9 07:02:37 brollon postfix/submission/smtpd[26529]: connect from unknown[213.176.26.64]
Aug  9 07:02:43 brollon postfix/submission/smtpd[26529]: warning: unknown[213.176.26.64]: SASL LOGIN authentication failed: UGFzc3dvcmQ6
Aug  9 07:02:43 brollon postfix/submission/smtpd[26552]: warning: unknown[213.176.26.74]: SASL LOGIN authentication failed: UGFzc3dvcmQ6
Aug  9 07:02:43 brollon postfix/submission/smtpd[26552]: disconnect from unknown[213.176.26.74] ehlo=1 auth=0/1 rset=1 quit=1 commands=3/4
Aug  9 07:02:43 brollon postfix/submission/smtpd[26529]: disconnect from unknown[213.176.26.64] ehlo=1 auth=0/1 rset=1 quit=1 commands=3/4
Aug  9 07:02:44 brollon postfix/smtps/smtpd[26746]: connect from unknown[213.176.26.123]
Aug  9 07:02:48 brollon postfix/smtps/smtpd[26746]: warning: unknown[213.176.26.123]: SASL LOGIN authentication failed: UGFzc3dvcmQ6
Aug  9 07:02:49 brollon postfix/smtps/smtpd[26746]: lost connection after AUTH from unknown[213.176.26.123]
Aug  9 07:02:49 brollon postfix/smtps/smtpd[26746]: disconnect from unknown[213.176.26.123] ehlo=1 auth=0/1 rset=1 commands=2/3
Aug  9 07:02:50 brollon postfix/submission/smtpd[28133]: connect from unknown[213.176.26.134]
Aug  9 07:02:51 brollon postfix/smtps/smtpd[29173]: connect from unknown[213.176.26.122]
Aug  9 07:02:54 brollon postfix/smtps/smtpd[29173]: warning: unknown[213.176.26.122]: SASL LOGIN authentication failed: UGFzc3dvcmQ6
Aug  9 07:02:54 brollon postfix/smtps/smtpd[29173]: lost connection after AUTH from unknown[213.176.26.122]
Aug  9 07:02:54 brollon postfix/smtps/smtpd[29173]: disconnect from unknown[213.176.26.122] ehlo=1 auth=0/1 rset=1 commands=2/3
Aug  9 07:02:57 brollon postfix/submission/smtpd[28133]: warning: unknown[213.176.26.134]: SASL LOGIN authentication failed: UGFzc3dvcmQ6
Aug  9 07:02:57 brollon postfix/submission/smtpd[26529]: connect from unknown[213.176.26.78]
Aug  9 07:02:57 brollon postfix/submission/smtpd[28133]: disconnect from unknown[213.176.26.134] ehlo=1 auth=0/1 rset=1 quit=1 commands=3/4
Aug  9 07:03:00 brollon postfix/submission/smtpd[27391]: connect from unknown[213.176.26.114]
Aug  9 07:03:00 brollon postfix/submission/smtpd[28133]: connect from unknown[213.176.26.159]
Aug  9 07:03:01 brollon postfix/smtpd[29177]: connect from localhost[127.0.0.1]
Aug  9 07:03:01 brollon postfix/smtpd[29177]: lost connection after CONNECT from localhost[127.0.0.1]
Aug  9 07:03:01 brollon postfix/smtpd[29177]: disconnect from localhost[127.0.0.1] commands=0/0
Aug  9 07:03:01 brollon dovecot: pop3-login: Disconnected (no auth attempts in 0 secs): user=<>, rip=127.0.0.1, lip=127.0.0.1, secured, session=<Lj0Z1JdY2rV/AAAB>
Aug  9 07:03:02 brollon dovecot: imap-login: Disconnected (no auth attempts in 0 secs): user=<>, rip=127.0.0.1, lip=127.0.0.1, secured, session=<QFcZ1JdYqr1/AAAB>
Aug  9 07:03:04 brollon postfix/submission/smtpd[26529]: warning: unknown[213.176.26.78]: SASL LOGIN authentication failed: UGFzc3dvcmQ6
Aug  9 07:03:04 brollon postfix/submission/smtpd[28133]: warning: unknown[213.176.26.159]: SASL LOGIN authentication failed: UGFzc3dvcmQ6
Aug  9 07:03:04 brollon postfix/submission/smtpd[28133]: disconnect from unknown[213.176.26.159] ehlo=1 auth=0/1 rset=1 quit=1 commands=3/4
Aug  9 07:03:04 brollon postfix/smtps/smtpd[26746]: connect from unknown[213.176.26.87]
Aug  9 07:03:05 brollon postfix/submission/smtpd[26529]: disconnect from unknown[213.176.26.78] ehlo=1 auth=0/1 rset=1 quit=1 commands=3/4
Aug  9 07:03:06 brollon postfix/submission/smtpd[27391]: warning: unknown[213.176.26.114]: SASL LOGIN authentication failed: UGFzc3dvcmQ6
Aug  9 07:03:06 brollon postfix/submission/smtpd[27391]: disconnect from unknown[213.176.26.114] ehlo=1 auth=0/1 rset=1 quit=1 commands=3/4
Aug  9 07:03:08 brollon postfix/smtps/smtpd[26746]: warning: unknown[213.176.26.87]: SASL LOGIN authentication failed: UGFzc3dvcmQ6
Aug  9 07:03:08 brollon postfix/smtps/smtpd[26746]: lost connection after AUTH from unknown[213.176.26.87]
Aug  9 07:03:08 brollon postfix/smtps/smtpd[26746]: disconnect from unknown[213.176.26.87] ehlo=1 auth=0/1 rset=1 commands=2/3
Aug  9 07:03:09 brollon postfix/submission/smtpd[26552]: connect from unknown[213.176.26.76]
Aug  9 07:03:09 brollon postfix/submission/smtpd[28133]: connect from unknown[213.176.26.85]
Aug  9 07:03:10 brollon postfix/smtps/smtpd[20714]: connect from unknown[213.176.26.88]
Aug  9 07:03:13 brollon postfix/smtps/smtpd[20714]: warning: unknown[213.176.26.88]: SASL LOGIN authentication failed: UGFzc3dvcmQ6
Aug  9 07:03:13 brollon postfix/smtps/smtpd[20714]: lost connection after AUTH from unknown[213.176.26.88]
Aug  9 07:03:13 brollon postfix/smtps/smtpd[20714]: disconnect from unknown[213.176.26.88] ehlo=1 auth=0/1 rset=1 commands=2/3
Aug  9 07:03:14 brollon postfix/smtps/smtpd[29173]: connect from unknown[213.176.26.37]
Aug  9 07:03:15 brollon postfix/submission/smtpd[28133]: warning: unknown[213.176.26.85]: SASL LOGIN authentication failed: UGFzc3dvcmQ6
Aug  9 07:03:15 brollon postfix/submission/smtpd[26552]: warning: unknown[213.176.26.76]: SASL LOGIN authentication failed: UGFzc3dvcmQ6
Aug  9 07:03:15 brollon postfix/submission/smtpd[26552]: disconnect from unknown[213.176.26.76] ehlo=1 auth=0/1 rset=1 quit=1 commands=3/4
Aug  9 07:03:15 brollon postfix/submission/smtpd[28133]: disconnect from unknown[213.176.26.85] ehlo=1 auth=0/1 rset=1 quit=1 commands=3/4
Aug  9 07:03:16 brollon postfix/smtps/smtpd[26746]: connect from unknown[213.176.26.29]
Aug  9 07:03:18 brollon postfix/smtps/smtpd[26746]: warning: unknown[213.176.26.29]: SASL LOGIN authentication failed: UGFzc3dvcmQ6
Aug  9 07:03:18 brollon postfix/smtps/smtpd[26746]: lost connection after AUTH from unknown[213.176.26.29]
Aug  9 07:03:18 brollon postfix/smtps/smtpd[26746]: disconnect from unknown[213.176.26.29] ehlo=1 auth=0/1 rset=1 commands=2/3
Aug  9 07:03:20 brollon postfix/smtps/smtpd[29173]: warning: unknown[213.176.26.37]: SASL LOGIN authentication failed: UGFzc3dvcmQ6
Aug  9 07:03:20 brollon postfix/smtps/smtpd[29173]: lost connection after AUTH from unknown[213.176.26.37]
Aug  9 07:03:20 brollon postfix/smtps/smtpd[29173]: disconnect from unknown[213.176.26.37] ehlo=1 auth=0/1 rset=1 commands=2/3
Aug  9 07:03:23 brollon postfix/submission/smtpd[26529]: connect from unknown[213.176.26.144]
Aug  9 07:03:28 brollon postfix/smtps/smtpd[20714]: connect from unknown[213.176.26.194]
Aug  9 07:03:29 brollon postfix/submission/smtpd[26529]: warning: unknown[213.176.26.144]: SASL LOGIN authentication failed: UGFzc3dvcmQ6
Aug  9 07:03:29 brollon postfix/submission/smtpd[26529]: disconnect from unknown[213.176.26.144] ehlo=1 auth=0/1 rset=1 quit=1 commands=3/4
Aug  9 07:03:31 brollon postfix/submission/smtpd[27391]: connect from unknown[213.176.26.113]
Aug  9 07:03:36 brollon postfix/smtps/smtpd[20714]: warning: unknown[213.176.26.194]: SASL LOGIN authentication failed: UGFzc3dvcmQ6
Aug  9 07:03:38 brollon postfix/submission/smtpd[27391]: warning: unknown[213.176.26.113]: SASL LOGIN authentication failed: UGFzc3dvcmQ6
Aug  9 07:03:38 brollon postfix/submission/smtpd[27391]: disconnect from unknown[213.176.26.113] ehlo=1 auth=0/1 rset=1 quit=1 commands=3/4
Aug  9 07:03:38 brollon postfix/smtps/smtpd[20714]: lost connection after AUTH from unknown[213.176.26.194]
Aug  9 07:03:38 brollon postfix/smtps/smtpd[20714]: disconnect from unknown[213.176.26.194] ehlo=1 auth=0/1 rset=1 commands=2/3
Aug  9 07:03:38 brollon postfix/submission/smtpd[26552]: connect from unknown[213.176.26.74]
Aug  9 07:03:40 brollon postfix/submission/smtpd[28133]: connect from unknown[213.176.26.64]
Aug  9 07:03:45 brollon postfix/submission/smtpd[26552]: warning: unknown[213.176.26.74]: SASL LOGIN authentication failed: UGFzc3dvcmQ6
Aug  9 07:03:45 brollon postfix/submission/smtpd[26552]: disconnect from unknown[213.176.26.74] ehlo=1 auth=0/1 rset=1 quit=1 commands=3/4
Aug  9 07:03:46 brollon postfix/submission/smtpd[28133]: warning: unknown[213.176.26.64]: SASL LOGIN authentication failed: UGFzc3dvcmQ6
Aug  9 07:03:46 brollon postfix/submission/smtpd[28133]: disconnect from unknown[213.176.26.64] ehlo=1 auth=0/1 rset=1 quit=1 commands=3/4
Aug  9 07:03:52 brollon postfix/submission/smtpd[26529]: connect from unknown[213.176.26.134]
Aug  9 07:03:59 brollon postfix/submission/smtpd[26529]: warning: unknown[213.176.26.134]: SASL LOGIN authentication failed: UGFzc3dvcmQ6
Aug  9 07:03:59 brollon postfix/submission/smtpd[26529]: disconnect from unknown[213.176.26.134] ehlo=1 auth=0/1 rset=1 quit=1 commands=3/4
Aug  9 07:04:00 brollon postfix/submission/smtpd[27391]: connect from unknown[213.176.26.114]
Aug  9 07:04:01 brollon postfix/smtpd[29177]: connect from localhost[127.0.0.1]
Aug  9 07:04:01 brollon postfix/smtpd[29177]: lost connection after CONNECT from localhost[127.0.0.1]
Aug  9 07:04:01 brollon postfix/smtpd[29177]: disconnect from localhost[127.0.0.1] commands=0/0
Aug  9 07:04:01 brollon postfix/submission/smtpd[26552]: connect from unknown[213.176.26.78]
Aug  9 07:04:01 brollon dovecot: pop3-login: Disconnected (no auth attempts in 0 secs): user=<>, rip=127.0.0.1, lip=127.0.0.1, secured, session=<BBej15dY+LZ/AAAB>
Aug  9 07:04:01 brollon dovecot: imap-login: Disconnected (no auth attempts in 0 secs): user=<>, rip=127.0.0.1, lip=127.0.0.1, secured, session=<zxej15dYyL5/AAAB>
Aug  9 07:04:01 brollon postfix/submission/smtpd[28133]: connect from unknown[213.176.26.159]
Aug  9 07:04:04 brollon postfix/submission/smtpd[27391]: warning: unknown[213.176.26.114]: SASL LOGIN authentication failed: UGFzc3dvcmQ6
Aug  9 07:04:04 brollon postfix/submission/smtpd[27391]: disconnect from unknown[213.176.26.114] ehlo=1 auth=0/1 rset=1 quit=1 commands=3/4
Aug  9 07:04:07 brollon postfix/submission/smtpd[26552]: warning: unknown[213.176.26.78]: SASL LOGIN authentication failed: UGFzc3dvcmQ6
Aug  9 07:04:07 brollon postfix/submission/smtpd[26552]: disconnect from unknown[213.176.26.78] ehlo=1 auth=0/1 rset=1 quit=1 commands=3/4
Aug  9 07:04:08 brollon postfix/submission/smtpd[28133]: warning: unknown[213.176.26.159]: SASL LOGIN authentication failed: UGFzc3dvcmQ6
Aug  9 07:04:08 brollon postfix/submission/smtpd[28133]: disconnect from unknown[213.176.26.159] ehlo=1 auth=0/1 rset=1 quit=1 commands=3/4
Aug  9 07:04:11 brollon postfix/submission/smtpd[26529]: connect from unknown[213.176.26.85]
Aug  9 07:04:11 brollon postfix/smtps/smtpd[26746]: connect from unknown[213.176.26.186]
Aug  9 07:04:12 brollon postfix/submission/smtpd[27391]: connect from unknown[213.176.26.76]
Aug  9 07:04:13 brollon postfix/smtps/smtpd[20714]: connect from unknown[213.176.26.54]
Aug  9 07:04:14 brollon postfix/smtps/smtpd[26746]: warning: unknown[213.176.26.186]: SASL LOGIN authentication failed: UGFzc3dvcmQ6
Aug  9 07:04:15 brollon postfix/smtps/smtpd[26746]: lost connection after AUTH from unknown[213.176.26.186]
Aug  9 07:04:15 brollon postfix/smtps/smtpd[26746]: disconnect from unknown[213.176.26.186] ehlo=1 auth=0/1 rset=1 commands=2/3
Aug  9 07:04:18 brollon postfix/submission/smtpd[26529]: warning: unknown[213.176.26.85]: SASL LOGIN authentication failed: UGFzc3dvcmQ6
Aug  9 07:04:18 brollon postfix/submission/smtpd[26529]: disconnect from unknown[213.176.26.85] ehlo=1 auth=0/1 rset=1 quit=1 commands=3/4
Aug  9 07:04:20 brollon postfix/submission/smtpd[27391]: warning: unknown[213.176.26.76]: SASL LOGIN authentication failed: UGFzc3dvcmQ6
Aug  9 07:04:20 brollon postfix/submission/smtpd[27391]: disconnect from unknown[213.176.26.76] ehlo=1 auth=0/1 rset=1 quit=1 commands=3/4
Aug  9 07:04:21 brollon postfix/smtps/smtpd[20714]: warning: unknown[213.176.26.54]: SASL LOGIN authentication failed: UGFzc3dvcmQ6
Aug  9 07:04:23 brollon postfix/smtps/smtpd[20714]: lost connection after AUTH from unknown[213.176.26.54]
Aug  9 07:04:23 brollon postfix/smtps/smtpd[20714]: disconnect from unknown[213.176.26.54] ehlo=1 auth=0/1 rset=1 commands=2/3
Aug  9 07:04:26 brollon postfix/submission/smtpd[26552]: connect from unknown[213.176.26.144]
Aug  9 07:04:32 brollon postfix/submission/smtpd[28133]: connect from unknown[213.176.26.113]
Aug  9 07:04:33 brollon postfix/submission/smtpd[26552]: warning: unknown[213.176.26.144]: SASL LOGIN authentication failed: UGFzc3dvcmQ6
Aug  9 07:04:34 brollon postfix/submission/smtpd[26552]: disconnect from unknown[213.176.26.144] ehlo=1 auth=0/1 rset=1 quit=1 commands=3/4
Aug  9 07:04:39 brollon postfix/submission/smtpd[28133]: warning: unknown[213.176.26.113]: SASL LOGIN authentication failed: UGFzc3dvcmQ6
Aug  9 07:04:39 brollon postfix/submission/smtpd[28133]: disconnect from unknown[213.176.26.113] ehlo=1 auth=0/1 rset=1 quit=1 commands=3/4
Aug  9 07:04:42 brollon postfix/submission/smtpd[26529]: connect from unknown[213.176.26.74]
Aug  9 07:04:42 brollon postfix/submission/smtpd[27391]: connect from unknown[213.176.26.64]
Aug  9 07:04:46 brollon postfix/smtps/smtpd[29173]: connect from unknown[213.176.26.42]
Aug  9 07:04:48 brollon postfix/submission/smtpd[26529]: warning: unknown[213.176.26.74]: SASL LOGIN authentication failed: UGFzc3dvcmQ6
Aug  9 07:04:48 brollon postfix/submission/smtpd[26529]: disconnect from unknown[213.176.26.74] ehlo=1 auth=0/1 rset=1 quit=1 commands=3/4
Aug  9 07:04:50 brollon postfix/submission/smtpd[27391]: warning: unknown[213.176.26.64]: SASL LOGIN authentication failed: UGFzc3dvcmQ6
Aug  9 07:04:51 brollon postfix/submission/smtpd[27391]: disconnect from unknown[213.176.26.64] ehlo=1 auth=0/1 rset=1 quit=1 commands=3/4
Aug  9 07:04:51 brollon postfix/smtps/smtpd[29173]: warning: unknown[213.176.26.42]: SASL LOGIN authentication failed: UGFzc3dvcmQ6
Aug  9 07:04:51 brollon postfix/smtps/smtpd[29173]: lost connection after AUTH from unknown[213.176.26.42]
Aug  9 07:04:51 brollon postfix/smtps/smtpd[29173]: disconnect from unknown[213.176.26.42] ehlo=1 auth=0/1 rset=1 commands=2/3
Aug  9 07:04:55 brollon postfix/submission/smtpd[26552]: connect from unknown[213.176.26.134]
Aug  9 07:05:01 brollon postfix/submission/smtpd[26552]: warning: unknown[213.176.26.134]: SASL LOGIN authentication failed: UGFzc3dvcmQ6
Aug  9 07:05:01 brollon postfix/smtpd[29177]: connect from localhost[127.0.0.1]
Aug  9 07:05:01 brollon postfix/smtpd[29177]: lost connection after CONNECT from localhost[127.0.0.1]
Aug  9 07:05:01 brollon postfix/smtpd[29177]: disconnect from localhost[127.0.0.1] commands=0/0
Aug  9 07:05:01 brollon dovecot: imap-login: Disconnected (no auth attempts in 0 secs): user=<>, rip=127.0.0.1, lip=127.0.0.1, secured, session=<w18725dYEL9/AAAB>
Aug  9 07:05:01 brollon dovecot: pop3-login: Disconnected (no auth attempts in 0 secs): user=<>, rip=127.0.0.1, lip=127.0.0.1, secured, session=<bmI725dYQLd/AAAB>
Aug  9 07:05:01 brollon postfix/submission/smtpd[28133]: connect from unknown[213.176.26.114]
Aug  9 07:05:01 brollon postfix/submission/smtpd[26552]: disconnect from unknown[213.176.26.134] ehlo=1 auth=0/1 rset=1 quit=1 commands=3/4
Aug  9 07:05:01 brollon postfix/smtpd[29177]: connect from localhost[127.0.0.1]
Aug  9 07:05:01 brollon postfix/smtpd[29177]: lost connection after CONNECT from localhost[127.0.0.1]
Aug  9 07:05:01 brollon postfix/smtpd[29177]: disconnect from localhost[127.0.0.1] commands=0/0
Aug  9 07:05:01 brollon dovecot: pop3-login: Disconnected (no auth attempts in 0 secs): user=<>, rip=127.0.0.1, lip=127.0.0.1, secured, session=<lto/25dYTrd/AAAB>
Aug  9 07:05:01 brollon dovecot: imap-login: Disconnected (no auth attempts in 0 secs): user=<>, rip=127.0.0.1, lip=127.0.0.1, secured, session=<9Po/25dYHr9/AAAB>
Aug  9 07:05:02 brollon postfix/submission/smtpd[26529]: connect from unknown[213.176.26.159]
Aug  9 07:05:05 brollon postfix/submission/smtpd[26552]: connect from unknown[213.176.26.78]
Aug  9 07:05:06 brollon postfix/submission/smtpd[28133]: warning: unknown[213.176.26.114]: SASL LOGIN authentication failed: UGFzc3dvcmQ6
Aug  9 07:05:06 brollon postfix/submission/smtpd[28133]: disconnect from unknown[213.176.26.114] ehlo=1 auth=0/1 rset=1 quit=1 commands=3/4
Aug  9 07:05:09 brollon postfix/submission/smtpd[26529]: warning: unknown[213.176.26.159]: SASL LOGIN authentication failed: UGFzc3dvcmQ6
Aug  9 07:05:09 brollon postfix/submission/smtpd[26529]: disconnect from unknown[213.176.26.159] ehlo=1 auth=0/1 rset=1 quit=1 commands=3/4
Aug  9 07:05:11 brollon postfix/submission/smtpd[26552]: warning: unknown[213.176.26.78]: SASL LOGIN authentication failed: UGFzc3dvcmQ6
Aug  9 07:05:11 brollon postfix/submission/smtpd[26552]: disconnect from unknown[213.176.26.78] ehlo=1 auth=0/1 rset=1 quit=1 commands=3/4
Aug  9 07:05:13 brollon postfix/submission/smtpd[27391]: connect from unknown[213.176.26.85]
Aug  9 07:05:16 brollon postfix/submission/smtpd[26552]: connect from unknown[213.176.26.76]
Aug  9 07:05:19 brollon postfix/smtps/smtpd[20714]: connect from unknown[213.176.26.62]
Aug  9 07:05:20 brollon postfix/submission/smtpd[27391]: warning: unknown[213.176.26.85]: SASL LOGIN authentication failed: UGFzc3dvcmQ6
Aug  9 07:05:20 brollon postfix/submission/smtpd[27391]: disconnect from unknown[213.176.26.85] ehlo=1 auth=0/1 rset=1 quit=1 commands=3/4
Aug  9 07:05:23 brollon postfix/submission/smtpd[26552]: warning: unknown[213.176.26.76]: SASL LOGIN authentication failed: UGFzc3dvcmQ6
Aug  9 07:05:23 brollon postfix/submission/smtpd[26552]: disconnect from unknown[213.176.26.76] ehlo=1 auth=0/1 rset=1 quit=1 commands=3/4
Aug  9 07:05:25 brollon postfix/smtps/smtpd[29173]: connect from unknown[213.176.26.109]
Aug  9 07:05:27 brollon postfix/smtps/smtpd[26746]: connect from unknown[213.176.26.51]
Aug  9 07:05:29 brollon postfix/submission/smtpd[26529]: connect from unknown[213.176.26.144]
Aug  9 07:05:31 brollon postfix/smtps/smtpd[29173]: warning: unknown[213.176.26.109]: SASL LOGIN authentication failed: UGFzc3dvcmQ6
Aug  9 07:05:31 brollon postfix/smtps/smtpd[20714]: warning: unknown[213.176.26.62]: SASL LOGIN authentication failed: UGFzc3dvcmQ6
Aug  9 07:05:31 brollon postfix/smtps/smtpd[29173]: lost connection after AUTH from unknown[213.176.26.109]
Aug  9 07:05:31 brollon postfix/smtps/smtpd[29173]: disconnect from unknown[213.176.26.109] ehlo=1 auth=0/1 rset=1 commands=2/3
Aug  9 07:05:31 brollon postfix/smtps/smtpd[29173]: connect from unknown[213.176.26.95]
Aug  9 07:05:32 brollon postfix/smtps/smtpd[20714]: lost connection after AUTH from unknown[213.176.26.62]
Aug  9 07:05:32 brollon postfix/smtps/smtpd[20714]: disconnect from unknown[213.176.26.62] ehlo=1 auth=0/1 rset=1 commands=2/3
Aug  9 07:05:33 brollon postfix/smtps/smtpd[26746]: warning: unknown[213.176.26.51]: SASL LOGIN authentication failed: UGFzc3dvcmQ6
Aug  9 07:05:33 brollon postfix/smtps/smtpd[26746]: lost connection after AUTH from unknown[213.176.26.51]
Aug  9 07:05:33 brollon postfix/smtps/smtpd[26746]: disconnect from unknown[213.176.26.51] ehlo=1 auth=0/1 rset=1 commands=2/3
Aug  9 07:05:33 brollon postfix/submission/smtpd[27391]: connect from unknown[213.176.26.113]
Aug  9 07:05:36 brollon postfix/submission/smtpd[26529]: warning: unknown[213.176.26.144]: SASL LOGIN authentication failed: UGFzc3dvcmQ6
Aug  9 07:05:37 brollon postfix/submission/smtpd[26529]: disconnect from unknown[213.176.26.144] ehlo=1 auth=0/1 rset=1 quit=1 commands=3/4
Aug  9 07:05:38 brollon postfix/smtps/smtpd[29173]: warning: unknown[213.176.26.95]: SASL LOGIN authentication failed: UGFzc3dvcmQ6
Aug  9 07:05:38 brollon postfix/smtps/smtpd[29173]: lost connection after AUTH from unknown[213.176.26.95]
Aug  9 07:05:38 brollon postfix/smtps/smtpd[29173]: disconnect from unknown[213.176.26.95] ehlo=1 auth=0/1 rset=1 commands=2/3
Aug  9 07:05:39 brollon postfix/smtps/smtpd[20714]: connect from unknown[213.176.26.69]
Aug  9 07:05:40 brollon postfix/submission/smtpd[27391]: warning: unknown[213.176.26.113]: SASL LOGIN authentication failed: UGFzc3dvcmQ6
Aug  9 07:05:40 brollon postfix/submission/smtpd[27391]: disconnect from unknown[213.176.26.113] ehlo=1 auth=0/1 rset=1 quit=1 commands=3/4
Aug  9 07:05:45 brollon postfix/submission/smtpd[26552]: connect from unknown[213.176.26.74]
Aug  9 07:05:45 brollon postfix/submission/smtpd[27391]: connect from unknown[213.176.26.64]
Aug  9 07:05:46 brollon postfix/smtps/smtpd[20714]: warning: unknown[213.176.26.69]: SASL LOGIN authentication failed: UGFzc3dvcmQ6
Aug  9 07:05:48 brollon postfix/smtps/smtpd[20714]: lost connection after AUTH from unknown[213.176.26.69]
Aug  9 07:05:48 brollon postfix/smtps/smtpd[20714]: disconnect from unknown[213.176.26.69] ehlo=1 auth=0/1 rset=1 commands=2/3
Aug  9 07:05:49 brollon postfix/smtps/smtpd[29173]: connect from unknown[213.176.26.94]
Aug  9 07:05:51 brollon postfix/submission/smtpd[26552]: warning: unknown[213.176.26.74]: SASL LOGIN authentication failed: UGFzc3dvcmQ6
Aug  9 07:05:51 brollon postfix/submission/smtpd[26552]: disconnect from unknown[213.176.26.74] ehlo=1 auth=0/1 rset=1 quit=1 commands=3/4
Aug  9 07:05:53 brollon postfix/submission/smtpd[27391]: warning: unknown[213.176.26.64]: SASL LOGIN authentication failed: UGFzc3dvcmQ6
Aug  9 07:05:53 brollon postfix/submission/smtpd[27391]: disconnect from unknown[213.176.26.64] ehlo=1 auth=0/1 rset=1 quit=1 commands=3/4
Aug  9 07:05:56 brollon postfix/smtps/smtpd[29173]: warning: unknown[213.176.26.94]: SASL LOGIN authentication failed: UGFzc3dvcmQ6
Aug  9 07:05:56 brollon postfix/smtps/smtpd[29173]: lost connection after AUTH from unknown[213.176.26.94]
Aug  9 07:05:56 brollon postfix/smtps/smtpd[29173]: disconnect from unknown[213.176.26.94] ehlo=1 auth=0/1 rset=1 commands=2/3
Aug  9 07:05:57 brollon postfix/submission/smtpd[28133]: connect from unknown[213.176.26.134]
Aug  9 07:06:01 brollon postfix/smtpd[29177]: connect from localhost[127.0.0.1]
Aug  9 07:06:01 brollon postfix/smtpd[29177]: lost connection after CONNECT from localhost[127.0.0.1]
Aug  9 07:06:01 brollon postfix/smtpd[29177]: disconnect from localhost[127.0.0.1] commands=0/0
Aug  9 07:06:01 brollon dovecot: imap-login: Disconnected (no auth attempts in 0 secs): user=<>, rip=127.0.0.1, lip=127.0.0.1, secured, session=<eaXL3pdYQMB/AAAB>
Aug  9 07:06:01 brollon dovecot: pop3-login: Disconnected (no auth attempts in 0 secs): user=<>, rip=127.0.0.1, lip=127.0.0.1, secured, session=<vK7L3pdYcLh/AAAB>
Aug  9 07:06:01 brollon postfix/submission/smtpd[26529]: connect from unknown[213.176.26.114]
Aug  9 07:06:03 brollon postfix/submission/smtpd[26552]: connect from unknown[213.176.26.159]
Aug  9 07:06:04 brollon postfix/submission/smtpd[28133]: warning: unknown[213.176.26.134]: SASL LOGIN authentication failed: UGFzc3dvcmQ6
Aug  9 07:06:04 brollon postfix/submission/smtpd[28133]: disconnect from unknown[213.176.26.134] ehlo=1 auth=0/1 rset=1 quit=1 commands=3/4
Aug  9 07:06:07 brollon postfix/submission/smtpd[26529]: warning: unknown[213.176.26.114]: SASL LOGIN authentication failed: UGFzc3dvcmQ6
Aug  9 07:06:07 brollon postfix/submission/smtpd[26529]: disconnect from unknown[213.176.26.114] ehlo=1 auth=0/1 rset=1 quit=1 commands=3/4
Aug  9 07:06:08 brollon postfix/submission/smtpd[27391]: connect from unknown[213.176.26.78]
Aug  9 07:06:10 brollon postfix/submission/smtpd[26552]: warning: unknown[213.176.26.159]: SASL LOGIN authentication failed: UGFzc3dvcmQ6
Aug  9 07:06:10 brollon postfix/submission/smtpd[26552]: disconnect from unknown[213.176.26.159] ehlo=1 auth=0/1 rset=1 quit=1 commands=3/4
Aug  9 07:06:14 brollon postfix/submission/smtpd[27391]: warning: unknown[213.176.26.78]: SASL LOGIN authentication failed: UGFzc3dvcmQ6
Aug  9 07:06:15 brollon postfix/submission/smtpd[27391]: disconnect from unknown[213.176.26.78] ehlo=1 auth=0/1 rset=1 quit=1 commands=3/4
Aug  9 07:06:15 brollon postfix/submission/smtpd[28133]: connect from unknown[213.176.26.85]
Aug  9 07:06:19 brollon postfix/submission/smtpd[26529]: connect from unknown[213.176.26.76]
Aug  9 07:06:19 brollon postfix/submission/smtpd[28133]: warning: unknown[213.176.26.85]: SASL LOGIN authentication failed: UGFzc3dvcmQ6
Aug  9 07:06:19 brollon postfix/submission/smtpd[28133]: disconnect from unknown[213.176.26.85] ehlo=1 auth=0/1 rset=1 quit=1 commands=3/4
Aug  9 07:06:26 brollon postfix/submission/smtpd[26529]: warning: unknown[213.176.26.76]: SASL LOGIN authentication failed: UGFzc3dvcmQ6
Aug  9 07:06:26 brollon postfix/submission/smtpd[26529]: disconnect from unknown[213.176.26.76] ehlo=1 auth=0/1 rset=1 quit=1 commands=3/4
Aug  9 07:06:33 brollon postfix/submission/smtpd[26552]: connect from unknown[213.176.26.144]
Aug  9 07:06:35 brollon postfix/submission/smtpd[27391]: connect from unknown[213.176.26.113]
Aug  9 07:06:40 brollon postfix/submission/smtpd[26552]: warning: unknown[213.176.26.144]: SASL LOGIN authentication failed: UGFzc3dvcmQ6
Aug  9 07:06:41 brollon postfix/submission/smtpd[27391]: warning: unknown[213.176.26.113]: SASL LOGIN authentication failed: UGFzc3dvcmQ6
Aug  9 07:06:41 brollon postfix/submission/smtpd[26552]: disconnect from unknown[213.176.26.144] ehlo=1 auth=0/1 rset=1 quit=1 commands=3/4
Aug  9 07:06:41 brollon postfix/submission/smtpd[27391]: disconnect from unknown[213.176.26.113] ehlo=1 auth=0/1 rset=1 quit=1 commands=3/4
Aug  9 07:06:42 brollon postfix/smtps/smtpd[20714]: connect from unknown[213.176.26.19]
Aug  9 07:06:43 brollon postfix/anvil[12649]: statistics: max connection rate 2/60s for (submission:213.176.26.114) at Aug  9 06:57:53
Aug  9 07:06:43 brollon postfix/anvil[12649]: statistics: max connection count 1 for (submission:213.176.26.76) at Aug  9 06:56:52
Aug  9 07:06:43 brollon postfix/anvil[12649]: statistics: max cache size 22 at Aug  9 07:01:24
Aug  9 07:06:45 brollon postfix/smtps/smtpd[20714]: warning: unknown[213.176.26.19]: SASL LOGIN authentication failed: UGFzc3dvcmQ6
Aug  9 07:06:46 brollon postfix/smtps/smtpd[20714]: lost connection after AUTH from unknown[213.176.26.19]
Aug  9 07:06:46 brollon postfix/smtps/smtpd[20714]: disconnect from unknown[213.176.26.19] ehlo=1 auth=0/1 rset=1 commands=2/3
Aug  9 07:06:48 brollon postfix/submission/smtpd[28133]: connect from unknown[213.176.26.74]
Aug  9 07:06:49 brollon postfix/submission/smtpd[27391]: connect from unknown[213.176.26.64]
Aug  9 07:06:54 brollon postfix/submission/smtpd[27391]: warning: unknown[213.176.26.64]: SASL LOGIN authentication failed: UGFzc3dvcmQ6
Aug  9 07:06:54 brollon postfix/submission/smtpd[27391]: disconnect from unknown[213.176.26.64] ehlo=1 auth=0/1 rset=1 quit=1 commands=3/4
Aug  9 07:06:55 brollon postfix/submission/smtpd[28133]: warning: unknown[213.176.26.74]: SASL LOGIN authentication failed: UGFzc3dvcmQ6
Aug  9 07:06:55 brollon postfix/submission/smtpd[28133]: disconnect from unknown[213.176.26.74] ehlo=1 auth=0/1 rset=1 quit=1 commands=3/4
Aug  9 07:07:00 brollon postfix/smtps/smtpd[26746]: connect from unknown[213.176.26.22]
Aug  9 07:07:00 brollon postfix/submission/smtpd[26529]: connect from unknown[213.176.26.134]
Aug  9 07:07:01 brollon postfix/smtpd[29177]: connect from localhost[127.0.0.1]
Aug  9 07:07:01 brollon postfix/smtpd[29177]: lost connection after CONNECT from localhost[127.0.0.1]
Aug  9 07:07:01 brollon postfix/smtpd[29177]: disconnect from localhost[127.0.0.1] commands=0/0
Aug  9 07:07:01 brollon dovecot: pop3-login: Disconnected (no auth attempts in 0 secs): user=<>, rip=127.0.0.1, lip=127.0.0.1, secured, session=<dJtk4pdYLrl/AAAB>
Aug  9 07:07:01 brollon dovecot: imap-login: Disconnected (no auth attempts in 0 secs): user=<>, rip=127.0.0.1, lip=127.0.0.1, secured, session=<qdBk4pdY/sB/AAAB>
Aug  9 07:07:02 brollon postfix/smtps/smtpd[29173]: connect from unknown[213.176.26.52]
Aug  9 07:07:02 brollon postfix/submission/smtpd[28133]: connect from unknown[213.176.26.114]
Aug  9 07:07:04 brollon postfix/submission/smtpd[27391]: connect from unknown[213.176.26.159]
Aug  9 07:07:06 brollon postfix/smtps/smtpd[26746]: warning: unknown[213.176.26.22]: SASL LOGIN authentication failed: UGFzc3dvcmQ6
Aug  9 07:07:06 brollon postfix/smtps/smtpd[26746]: lost connection after AUTH from unknown[213.176.26.22]
Aug  9 07:07:06 brollon postfix/smtps/smtpd[26746]: disconnect from unknown[213.176.26.22] ehlo=1 auth=0/1 rset=1 commands=2/3
Aug  9 07:07:07 brollon postfix/submission/smtpd[26529]: warning: unknown[213.176.26.134]: SASL LOGIN authentication failed: UGFzc3dvcmQ6
Aug  9 07:07:07 brollon postfix/submission/smtpd[26529]: disconnect from unknown[213.176.26.134] ehlo=1 auth=0/1 rset=1 quit=1 commands=3/4
Aug  9 07:07:08 brollon postfix/smtps/smtpd[29173]: warning: unknown[213.176.26.52]: SASL LOGIN authentication failed: UGFzc3dvcmQ6
Aug  9 07:07:08 brollon postfix/smtps/smtpd[29173]: lost connection after AUTH from unknown[213.176.26.52]
Aug  9 07:07:08 brollon postfix/smtps/smtpd[29173]: disconnect from unknown[213.176.26.52] ehlo=1 auth=0/1 rset=1 commands=2/3
Aug  9 07:07:09 brollon postfix/submission/smtpd[28133]: warning: unknown[213.176.26.114]: SASL LOGIN authentication failed: UGFzc3dvcmQ6
Aug  9 07:07:09 brollon postfix/submission/smtpd[28133]: disconnect from unknown[213.176.26.114] ehlo=1 auth=0/1 rset=1 quit=1 commands=3/4
Aug  9 07:07:09 brollon postfix/smtps/smtpd[20714]: connect from unknown[213.176.26.23]
Aug  9 07:07:11 brollon postfix/submission/smtpd[27391]: warning: unknown[213.176.26.159]: SASL LOGIN authentication failed: UGFzc3dvcmQ6
Aug  9 07:07:11 brollon postfix/submission/smtpd[27391]: disconnect from unknown[213.176.26.159] ehlo=1 auth=0/1 rset=1 quit=1 commands=3/4
Aug  9 07:07:11 brollon postfix/submission/smtpd[26552]: connect from unknown[213.176.26.78]
Aug  9 07:07:12 brollon postfix/smtps/smtpd[26746]: connect from unknown[213.176.26.58]
Aug  9 07:07:13 brollon postfix/smtps/smtpd[20714]: warning: unknown[213.176.26.23]: SASL LOGIN authentication failed: UGFzc3dvcmQ6
Aug  9 07:07:13 brollon postfix/smtps/smtpd[20714]: lost connection after AUTH from unknown[213.176.26.23]
Aug  9 07:07:13 brollon postfix/smtps/smtpd[20714]: disconnect from unknown[213.176.26.23] ehlo=1 auth=0/1 rset=1 commands=2/3
Aug  9 07:07:16 brollon postfix/smtps/smtpd[29173]: connect from unknown[213.176.26.153]
Aug  9 07:07:17 brollon postfix/smtps/smtpd[20714]: connect from unknown[213.176.26.72]
Aug  9 07:07:17 brollon postfix/smtps/smtpd[26746]: warning: unknown[213.176.26.58]: SASL LOGIN authentication failed: UGFzc3dvcmQ6
Aug  9 07:07:17 brollon postfix/smtps/smtpd[26746]: lost connection after AUTH from unknown[213.176.26.58]
Aug  9 07:07:17 brollon postfix/smtps/smtpd[26746]: disconnect from unknown[213.176.26.58] ehlo=1 auth=0/1 rset=1 commands=2/3
Aug  9 07:07:18 brollon dovecot: imap-login: Disconnected (no auth attempts in 1 secs): user=<>, rip=205.210.31.248, lip=54.37.21.250, TLS, session=<DGxd45dY0vXN0h/4>
Aug  9 07:07:18 brollon postfix/submission/smtpd[26552]: warning: unknown[213.176.26.78]: SASL LOGIN authentication failed: UGFzc3dvcmQ6
Aug  9 07:07:18 brollon postfix/submission/smtpd[26529]: connect from unknown[213.176.26.85]
Aug  9 07:07:19 brollon postfix/submission/smtpd[26552]: disconnect from unknown[213.176.26.78] ehlo=1 auth=0/1 rset=1 quit=1 commands=3/4
Aug  9 07:07:22 brollon postfix/submission/smtpd[27391]: connect from unknown[213.176.26.76]
Aug  9 07:07:22 brollon postfix/smtps/smtpd[29173]: warning: unknown[213.176.26.153]: SASL LOGIN authentication failed: UGFzc3dvcmQ6
Aug  9 07:07:22 brollon postfix/smtps/smtpd[29173]: lost connection after AUTH from unknown[213.176.26.153]
Aug  9 07:07:22 brollon postfix/smtps/smtpd[29173]: disconnect from unknown[213.176.26.153] ehlo=1 auth=0/1 rset=1 commands=2/3
Aug  9 07:07:23 brollon postfix/smtps/smtpd[20714]: warning: unknown[213.176.26.72]: SASL LOGIN authentication failed: UGFzc3dvcmQ6
Aug  9 07:07:23 brollon postfix/smtps/smtpd[20714]: lost connection after AUTH from unknown[213.176.26.72]
Aug  9 07:07:23 brollon postfix/smtps/smtpd[20714]: disconnect from unknown[213.176.26.72] ehlo=1 auth=0/1 rset=1 commands=2/3
Aug  9 07:07:25 brollon postfix/submission/smtpd[26529]: warning: unknown[213.176.26.85]: SASL LOGIN authentication failed: UGFzc3dvcmQ6
Aug  9 07:07:25 brollon postfix/submission/smtpd[26529]: disconnect from unknown[213.176.26.85] ehlo=1 auth=0/1 rset=1 quit=1 commands=3/4
Aug  9 07:07:28 brollon postfix/submission/smtpd[27391]: warning: unknown[213.176.26.76]: SASL LOGIN authentication failed: UGFzc3dvcmQ6
Aug  9 07:07:28 brollon postfix/submission/smtpd[27391]: disconnect from unknown[213.176.26.76] ehlo=1 auth=0/1 rset=1 quit=1 commands=3/4
Aug  9 07:07:36 brollon postfix/submission/smtpd[26552]: connect from unknown[213.176.26.113]
Aug  9 07:07:37 brollon postfix/submission/smtpd[27391]: connect from unknown[213.176.26.144]
Aug  9 07:07:41 brollon postfix/submission/smtpd[27391]: warning: unknown[213.176.26.144]: SASL LOGIN authentication failed: UGFzc3dvcmQ6
Aug  9 07:07:41 brollon postfix/submission/smtpd[27391]: disconnect from unknown[213.176.26.144] ehlo=1 auth=0/1 rset=1 quit=1 commands=3/4
Aug  9 07:07:43 brollon postfix/submission/smtpd[26552]: warning: unknown[213.176.26.113]: SASL LOGIN authentication failed: UGFzc3dvcmQ6
Aug  9 07:07:43 brollon postfix/submission/smtpd[26552]: disconnect from unknown[213.176.26.113] ehlo=1 auth=0/1 rset=1 quit=1 commands=3/4
Aug  9 07:07:52 brollon postfix/submission/smtpd[26529]: connect from unknown[213.176.26.64]
Aug  9 07:07:52 brollon postfix/submission/smtpd[26552]: connect from unknown[213.176.26.74]
Aug  9 07:07:58 brollon postfix/submission/smtpd[26552]: warning: unknown[213.176.26.74]: SASL LOGIN authentication failed: UGFzc3dvcmQ6
Aug  9 07:07:58 brollon postfix/submission/smtpd[26552]: disconnect from unknown[213.176.26.74] ehlo=1 auth=0/1 rset=1 quit=1 commands=3/4
Aug  9 07:07:59 brollon postfix/submission/smtpd[26529]: warning: unknown[213.176.26.64]: SASL LOGIN authentication failed: UGFzc3dvcmQ6
Aug  9 07:07:59 brollon postfix/submission/smtpd[26529]: disconnect from unknown[213.176.26.64] ehlo=1 auth=0/1 rset=1 quit=1 commands=3/4
Aug  9 07:08:02 brollon postfix/smtpd[29177]: connect from localhost[127.0.0.1]
Aug  9 07:08:02 brollon postfix/smtpd[29177]: lost connection after CONNECT from localhost[127.0.0.1]
Aug  9 07:08:02 brollon postfix/smtpd[29177]: disconnect from localhost[127.0.0.1] commands=0/0
Aug  9 07:08:02 brollon dovecot: imap-login: Disconnected (no auth attempts in 0 secs): user=<>, rip=127.0.0.1, lip=127.0.0.1, secured, session=<MKL75ZdYqsF/AAAB>
Aug  9 07:08:02 brollon dovecot: pop3-login: Disconnected (no auth attempts in 0 secs): user=<>, rip=127.0.0.1, lip=127.0.0.1, secured, session=<+KH75ZdY2rl/AAAB>
Aug  9 07:08:03 brollon postfix/submission/smtpd[27391]: connect from unknown[213.176.26.114]
Aug  9 07:08:03 brollon postfix/submission/smtpd[26552]: connect from unknown[213.176.26.134]
Aug  9 07:08:05 brollon postfix/submission/smtpd[26529]: connect from unknown[213.176.26.159]
Aug  9 07:08:09 brollon postfix/submission/smtpd[27391]: warning: unknown[213.176.26.114]: SASL LOGIN authentication failed: UGFzc3dvcmQ6
Aug  9 07:08:09 brollon postfix/submission/smtpd[26529]: warning: unknown[213.176.26.159]: SASL LOGIN authentication failed: UGFzc3dvcmQ6
Aug  9 07:08:09 brollon postfix/submission/smtpd[27391]: disconnect from unknown[213.176.26.114] ehlo=1 auth=0/1 rset=1 quit=1 commands=3/4
Aug  9 07:08:09 brollon postfix/submission/smtpd[26529]: disconnect from unknown[213.176.26.159] ehlo=1 auth=0/1 rset=1 quit=1 commands=3/4
Aug  9 07:08:10 brollon postfix/submission/smtpd[26552]: warning: unknown[213.176.26.134]: SASL LOGIN authentication failed: UGFzc3dvcmQ6
Aug  9 07:08:10 brollon postfix/submission/smtpd[26552]: disconnect from unknown[213.176.26.134] ehlo=1 auth=0/1 rset=1 quit=1 commands=3/4
Aug  9 07:08:12 brollon postfix/smtps/smtpd[26746]: connect from unknown[213.176.26.34]
Aug  9 07:08:14 brollon postfix/smtps/smtpd[26746]: warning: unknown[213.176.26.34]: SASL LOGIN authentication failed: UGFzc3dvcmQ6
Aug  9 07:08:14 brollon postfix/smtps/smtpd[26746]: lost connection after AUTH from unknown[213.176.26.34]
Aug  9 07:08:14 brollon postfix/smtps/smtpd[26746]: disconnect from unknown[213.176.26.34] ehlo=1 auth=0/1 rset=1 commands=2/3
Aug  9 07:08:14 brollon postfix/submission/smtpd[28133]: connect from unknown[213.176.26.78]
Aug  9 07:08:14 brollon postfix/smtps/smtpd[29173]: connect from unknown[213.176.26.165]
Aug  9 07:08:18 brollon postfix/smtps/smtpd[29173]: warning: unknown[213.176.26.165]: SASL LOGIN authentication failed: UGFzc3dvcmQ6
Aug  9 07:08:18 brollon postfix/smtps/smtpd[29173]: lost connection after AUTH from unknown[213.176.26.165]
Aug  9 07:08:18 brollon postfix/smtps/smtpd[29173]: disconnect from unknown[213.176.26.165] ehlo=1 auth=0/1 rset=1 commands=2/3
Aug  9 07:08:20 brollon postfix/submission/smtpd[26552]: connect from unknown[213.176.26.85]
Aug  9 07:08:21 brollon postfix/submission/smtpd[28133]: warning: unknown[213.176.26.78]: SASL LOGIN authentication failed: UGFzc3dvcmQ6
Aug  9 07:08:21 brollon postfix/smtps/smtpd[20714]: connect from unknown[213.176.24.64]
Aug  9 07:08:22 brollon postfix/submission/smtpd[28133]: disconnect from unknown[213.176.26.78] ehlo=1 auth=0/1 rset=1 quit=1 commands=3/4
Aug  9 07:08:24 brollon postfix/submission/smtpd[27391]: connect from unknown[213.176.26.76]
Aug  9 07:08:25 brollon postfix/smtps/smtpd[26746]: connect from unknown[213.176.26.77]
Aug  9 07:08:26 brollon postfix/submission/smtpd[27391]: warning: unknown[213.176.26.76]: SASL LOGIN authentication failed: UGFzc3dvcmQ6
Aug  9 07:08:26 brollon postfix/submission/smtpd[27391]: disconnect from unknown[213.176.26.76] ehlo=1 auth=0/1 rset=1 quit=1 commands=3/4
Aug  9 07:08:27 brollon postfix/submission/smtpd[26552]: warning: unknown[213.176.26.85]: SASL LOGIN authentication failed: UGFzc3dvcmQ6
Aug  9 07:08:27 brollon postfix/submission/smtpd[26552]: disconnect from unknown[213.176.26.85] ehlo=1 auth=0/1 rset=1 quit=1 commands=3/4
Aug  9 07:08:31 brollon postfix/smtps/smtpd[26746]: warning: unknown[213.176.26.77]: SASL LOGIN authentication failed: UGFzc3dvcmQ6
Aug  9 07:08:31 brollon postfix/smtps/smtpd[26746]: lost connection after AUTH from unknown[213.176.26.77]
Aug  9 07:08:31 brollon postfix/smtps/smtpd[26746]: disconnect from unknown[213.176.26.77] ehlo=1 auth=0/1 rset=1 commands=2/3
Aug  9 07:08:37 brollon postfix/submission/smtpd[26529]: connect from unknown[213.176.26.113]
Aug  9 07:08:40 brollon postfix/submission/smtpd[27391]: connect from unknown[213.176.26.144]
Aug  9 07:08:44 brollon postfix/submission/smtpd[26529]: warning: unknown[213.176.26.113]: SASL LOGIN authentication failed: UGFzc3dvcmQ6
Aug  9 07:08:45 brollon postfix/submission/smtpd[26529]: disconnect from unknown[213.176.26.113] ehlo=1 auth=0/1 rset=1 quit=1 commands=3/4
Aug  9 07:08:45 brollon postfix/smtps/smtpd[20714]: warning: unknown[213.176.24.64]: SASL LOGIN authentication failed: UGFzc3dvcmQ6
Aug  9 07:08:45 brollon postfix/smtps/smtpd[20714]: lost connection after AUTH from unknown[213.176.24.64]
Aug  9 07:08:45 brollon postfix/smtps/smtpd[20714]: disconnect from unknown[213.176.24.64] ehlo=1 auth=0/1 rset=1 commands=2/3
Aug  9 07:08:46 brollon postfix/submission/smtpd[27391]: warning: unknown[213.176.26.144]: SASL LOGIN authentication failed: UGFzc3dvcmQ6
Aug  9 07:08:46 brollon postfix/submission/smtpd[27391]: disconnect from unknown[213.176.26.144] ehlo=1 auth=0/1 rset=1 quit=1 commands=3/4
Aug  9 07:08:55 brollon postfix/submission/smtpd[28133]: connect from unknown[213.176.26.64]
Aug  9 07:08:56 brollon postfix/submission/smtpd[26552]: connect from unknown[213.176.26.74]
Aug  9 07:09:01 brollon postfix/smtpd[29177]: connect from localhost[127.0.0.1]
Aug  9 07:09:01 brollon postfix/smtpd[29177]: lost connection after CONNECT from localhost[127.0.0.1]
Aug  9 07:09:01 brollon postfix/smtpd[29177]: disconnect from localhost[127.0.0.1] commands=0/0
Aug  9 07:09:01 brollon dovecot: pop3-login: Disconnected (no auth attempts in 0 secs): user=<>, rip=127.0.0.1, lip=127.0.0.1, secured, session=<GP6C6ZdYFLt/AAAB>
Aug  9 07:09:01 brollon dovecot: imap-login: Disconnected (no auth attempts in 0 secs): user=<>, rip=127.0.0.1, lip=127.0.0.1, secured, session=<yRSD6ZdY5MJ/AAAB>
Aug  9 07:09:02 brollon postfix/submission/smtpd[28133]: warning: unknown[213.176.26.64]: SASL LOGIN authentication failed: UGFzc3dvcmQ6
Aug  9 07:09:02 brollon postfix/submission/smtpd[26552]: warning: unknown[213.176.26.74]: SASL LOGIN authentication failed: UGFzc3dvcmQ6
Aug  9 07:09:02 brollon postfix/submission/smtpd[28133]: disconnect from unknown[213.176.26.64] ehlo=1 auth=0/1 rset=1 quit=1 commands=3/4
Aug  9 07:09:02 brollon postfix/submission/smtpd[26552]: disconnect from unknown[213.176.26.74] ehlo=1 auth=0/1 rset=1 quit=1 commands=3/4
Aug  9 07:09:03 brollon postfix/submission/smtpd[26529]: connect from unknown[213.176.26.114]
Aug  9 07:09:06 brollon postfix/submission/smtpd[27391]: connect from unknown[213.176.26.134]
Aug  9 07:09:07 brollon postfix/submission/smtpd[28133]: connect from unknown[213.176.26.159]
Aug  9 07:09:10 brollon postfix/submission/smtpd[26529]: warning: unknown[213.176.26.114]: SASL LOGIN authentication failed: UGFzc3dvcmQ6
Aug  9 07:09:10 brollon postfix/submission/smtpd[26529]: disconnect from unknown[213.176.26.114] ehlo=1 auth=0/1 rset=1 quit=1 commands=3/4
Aug  9 07:09:11 brollon postfix/submission/smtpd[27391]: warning: unknown[213.176.26.134]: SASL LOGIN authentication failed: UGFzc3dvcmQ6
Aug  9 07:09:11 brollon postfix/submission/smtpd[27391]: disconnect from unknown[213.176.26.134] ehlo=1 auth=0/1 rset=1 quit=1 commands=3/4
Aug  9 07:09:13 brollon postfix/submission/smtpd[28133]: warning: unknown[213.176.26.159]: SASL LOGIN authentication failed: UGFzc3dvcmQ6
Aug  9 07:09:13 brollon postfix/submission/smtpd[28133]: disconnect from unknown[213.176.26.159] ehlo=1 auth=0/1 rset=1 quit=1 commands=3/4
Aug  9 07:09:15 brollon postfix/smtps/smtpd[29173]: connect from unknown[213.176.26.63]
Aug  9 07:09:18 brollon postfix/submission/smtpd[26552]: connect from unknown[213.176.26.78]
Aug  9 07:09:21 brollon postfix/smtps/smtpd[29173]: warning: unknown[213.176.26.63]: SASL LOGIN authentication failed: UGFzc3dvcmQ6
Aug  9 07:09:21 brollon postfix/smtps/smtpd[29173]: lost connection after AUTH from unknown[213.176.26.63]
Aug  9 07:09:21 brollon postfix/smtps/smtpd[29173]: disconnect from unknown[213.176.26.63] ehlo=1 auth=0/1 rset=1 commands=2/3
Aug  9 07:09:22 brollon postfix/submission/smtpd[26552]: warning: unknown[213.176.26.78]: SASL LOGIN authentication failed: UGFzc3dvcmQ6
Aug  9 07:09:22 brollon postfix/submission/smtpd[26552]: disconnect from unknown[213.176.26.78] ehlo=1 auth=0/1 rset=1 quit=1 commands=3/4
Aug  9 07:09:22 brollon postfix/submission/smtpd[26529]: connect from unknown[213.176.26.85]
Aug  9 07:09:26 brollon postfix/smtps/smtpd[26746]: connect from unknown[213.176.26.21]
Aug  9 07:09:27 brollon postfix/submission/smtpd[26552]: connect from unknown[213.176.26.76]
Aug  9 07:09:27 brollon postfix/submission/smtpd[26529]: warning: unknown[213.176.26.85]: SASL LOGIN authentication failed: UGFzc3dvcmQ6
Aug  9 07:09:27 brollon postfix/submission/smtpd[26529]: disconnect from unknown[213.176.26.85] ehlo=1 auth=0/1 rset=1 quit=1 commands=3/4
Aug  9 07:09:30 brollon postfix/smtps/smtpd[26746]: warning: unknown[213.176.26.21]: SASL LOGIN authentication failed: UGFzc3dvcmQ6
Aug  9 07:09:30 brollon postfix/smtps/smtpd[20714]: connect from unknown[213.176.26.166]
Aug  9 07:09:31 brollon postfix/smtps/smtpd[26746]: lost connection after AUTH from unknown[213.176.26.21]
Aug  9 07:09:31 brollon postfix/smtps/smtpd[26746]: disconnect from unknown[213.176.26.21] ehlo=1 auth=0/1 rset=1 commands=2/3
Aug  9 07:09:33 brollon postfix/submission/smtpd[26552]: warning: unknown[213.176.26.76]: SASL LOGIN authentication failed: UGFzc3dvcmQ6
Aug  9 07:09:34 brollon postfix/submission/smtpd[26552]: disconnect from unknown[213.176.26.76] ehlo=1 auth=0/1 rset=1 quit=1 commands=3/4
Aug  9 07:09:37 brollon postfix/smtps/smtpd[20714]: warning: unknown[213.176.26.166]: SASL LOGIN authentication failed: UGFzc3dvcmQ6
Aug  9 07:09:37 brollon postfix/smtps/smtpd[20714]: lost connection after AUTH from unknown[213.176.26.166]
Aug  9 07:09:37 brollon postfix/smtps/smtpd[20714]: disconnect from unknown[213.176.26.166] ehlo=1 auth=0/1 rset=1 commands=2/3
Aug  9 07:09:38 brollon postfix/submission/smtpd[28133]: connect from unknown[213.176.26.113]
Aug  9 07:09:44 brollon postfix/submission/smtpd[26529]: connect from unknown[213.176.26.144]
Aug  9 07:09:45 brollon postfix/submission/smtpd[28133]: warning: unknown[213.176.26.113]: SASL LOGIN authentication failed: UGFzc3dvcmQ6
Aug  9 07:09:45 brollon postfix/submission/smtpd[28133]: disconnect from unknown[213.176.26.113] ehlo=1 auth=0/1 rset=1 quit=1 commands=3/4
Aug  9 07:09:46 brollon postfix/submission/smtpd[26552]: connect from unknown[213.176.24.65]
Aug  9 07:09:51 brollon postfix/submission/smtpd[26529]: warning: unknown[213.176.26.144]: SASL LOGIN authentication failed: UGFzc3dvcmQ6
Aug  9 07:09:52 brollon postfix/submission/smtpd[26529]: disconnect from unknown[213.176.26.144] ehlo=1 auth=0/1 rset=1 quit=1 commands=3/4
Aug  9 07:09:58 brollon postfix/submission/smtpd[27391]: connect from unknown[213.176.26.64]
Aug  9 07:09:59 brollon postfix/submission/smtpd[26529]: connect from unknown[213.176.26.74]
Aug  9 07:10:00 brollon postfix/submission/smtpd[26552]: warning: unknown[213.176.24.65]: SASL LOGIN authentication failed: UGFzc3dvcmQ6
Aug  9 07:10:00 brollon postfix/submission/smtpd[26552]: lost connection after AUTH from unknown[213.176.24.65]
Aug  9 07:10:00 brollon postfix/submission/smtpd[26552]: disconnect from unknown[213.176.24.65] ehlo=1 auth=0/1 rset=1 commands=2/3
Aug  9 07:10:01 brollon postfix/smtpd[29177]: connect from localhost[127.0.0.1]
Aug  9 07:10:01 brollon postfix/smtpd[29177]: lost connection after CONNECT from localhost[127.0.0.1]
Aug  9 07:10:01 brollon postfix/smtpd[29177]: disconnect from localhost[127.0.0.1] commands=0/0
Aug  9 07:10:01 brollon dovecot: imap-login: Disconnected (no auth attempts in 0 secs): user=<>, rip=127.0.0.1, lip=127.0.0.1, secured, session=<KGca7ZdYHMR/AAAB>
Aug  9 07:10:01 brollon dovecot: pop3-login: Disconnected (no auth attempts in 0 secs): user=<>, rip=127.0.0.1, lip=127.0.0.1, secured, session=<fmwa7ZdYTLx/AAAB>
Aug  9 07:10:01 brollon postfix/smtpd[29177]: connect from localhost[127.0.0.1]
Aug  9 07:10:01 brollon postfix/smtpd[29177]: lost connection after CONNECT from localhost[127.0.0.1]
Aug  9 07:10:01 brollon postfix/smtpd[29177]: disconnect from localhost[127.0.0.1] commands=0/0
Aug  9 07:10:01 brollon dovecot: pop3-login: Disconnected (no auth attempts in 0 secs): user=<>, rip=127.0.0.1, lip=127.0.0.1, secured, session=<QKwg7ZdYXLx/AAAB>
Aug  9 07:10:01 brollon dovecot: imap-login: Disconnected (no auth attempts in 0 secs): user=<>, rip=127.0.0.1, lip=127.0.0.1, secured, session=<APEg7ZdYLMR/AAAB>
Aug  9 07:10:04 brollon postfix/submission/smtpd[27391]: warning: unknown[213.176.26.64]: SASL LOGIN authentication failed: UGFzc3dvcmQ6
Aug  9 07:10:04 brollon postfix/submission/smtpd[27391]: disconnect from unknown[213.176.26.64] ehlo=1 auth=0/1 rset=1 quit=1 commands=3/4
Aug  9 07:10:04 brollon postfix/submission/smtpd[28133]: connect from unknown[213.176.26.114]
Aug  9 07:10:06 brollon postfix/submission/smtpd[26529]: warning: unknown[213.176.26.74]: SASL LOGIN authentication failed: UGFzc3dvcmQ6
Aug  9 07:10:06 brollon postfix/submission/smtpd[26529]: disconnect from unknown[213.176.26.74] ehlo=1 auth=0/1 rset=1 quit=1 commands=3/4
