Aug  9 07:18:07 brollon postfix/submission/smtpd[28133]: connect from unknown[213.176.26.144]
Aug  9 07:18:09 brollon postfix/smtps/smtpd[32177]: warning: unknown[213.176.26.165]: SASL LOGIN authentication failed: UGFzc3dvcmQ6
Aug  9 07:18:09 brollon postfix/smtps/smtpd[32177]: lost connection after AUTH from unknown[213.176.26.165]
Aug  9 07:18:09 brollon postfix/smtps/smtpd[32177]: disconnect from unknown[213.176.26.165] ehlo=1 auth=0/1 rset=1 commands=2/3
Aug  9 07:18:09 brollon postfix/submission/smtpd[26552]: connect from unknown[213.176.26.114]
Aug  9 07:18:11 brollon postfix/smtps/smtpd[20714]: warning: unknown[213.176.26.77]: SASL LOGIN authentication failed: UGFzc3dvcmQ6
Aug  9 07:18:11 brollon postfix/smtps/smtpd[20714]: lost connection after AUTH from unknown[213.176.26.77]
Aug  9 07:18:11 brollon postfix/smtps/smtpd[20714]: disconnect from unknown[213.176.26.77] ehlo=1 auth=0/1 rset=1 commands=2/3
Aug  9 07:18:13 brollon postfix/submission/smtpd[28133]: warning: unknown[213.176.26.144]: SASL LOGIN authentication failed: UGFzc3dvcmQ6
Aug  9 07:18:13 brollon postfix/submission/smtpd[28133]: disconnect from unknown[213.176.26.144] ehlo=1 auth=0/1 rset=1 quit=1 commands=3/4
Aug  9 07:18:16 brollon postfix/submission/smtpd[26552]: warning: unknown[213.176.26.114]: SASL LOGIN authentication failed: UGFzc3dvcmQ6
Aug  9 07:18:16 brollon postfix/submission/smtpd[26552]: disconnect from unknown[213.176.26.114] ehlo=1 auth=0/1 rset=1 quit=1 commands=3/4
Aug  9 07:18:18 brollon postfix/submission/smtpd[27391]: connect from unknown[213.176.26.159]
Aug  9 07:18:24 brollon postfix/submission/smtpd[27391]: warning: unknown[213.176.26.159]: SASL LOGIN authentication failed: UGFzc3dvcmQ6
Aug  9 07:18:24 brollon postfix/submission/smtpd[27391]: disconnect from unknown[213.176.26.159] ehlo=1 auth=0/1 rset=1 quit=1 commands=3/4
Aug  9 07:18:26 brollon postfix/submission/smtpd[26552]: connect from unknown[213.176.26.74]
Aug  9 07:18:26 brollon postfix/submission/smtpd[27391]: connect from unknown[213.176.26.64]
Aug  9 07:18:28 brollon postfix/submission/smtpd[26529]: connect from unknown[213.176.26.134]
Aug  9 07:18:31 brollon postfix/submission/smtpd[27391]: warning: unknown[213.176.26.64]: SASL LOGIN authentication failed: UGFzc3dvcmQ6
Aug  9 07:18:31 brollon postfix/submission/smtpd[27391]: disconnect from unknown[213.176.26.64] ehlo=1 auth=0/1 rset=1 quit=1 commands=3/4
Aug  9 07:18:33 brollon postfix/submission/smtpd[26552]: warning: unknown[213.176.26.74]: SASL LOGIN authentication failed: UGFzc3dvcmQ6
Aug  9 07:18:33 brollon postfix/submission/smtpd[26552]: disconnect from unknown[213.176.26.74] ehlo=1 auth=0/1 rset=1 quit=1 commands=3/4
Aug  9 07:18:33 brollon postfix/smtps/smtpd[29173]: connect from unknown[213.176.26.63]
Aug  9 07:18:35 brollon postfix/submission/smtpd[26529]: warning: unknown[213.176.26.134]: SASL LOGIN authentication failed: UGFzc3dvcmQ6
Aug  9 07:18:35 brollon postfix/submission/smtpd[26529]: disconnect from unknown[213.176.26.134] ehlo=1 auth=0/1 rset=1 quit=1 commands=3/4
Aug  9 07:18:40 brollon postfix/smtps/smtpd[29173]: warning: unknown[213.176.26.63]: SASL LOGIN authentication failed: UGFzc3dvcmQ6
Aug  9 07:18:40 brollon postfix/smtps/smtpd[29173]: lost connection after AUTH from unknown[213.176.26.63]
Aug  9 07:18:40 brollon postfix/smtps/smtpd[29173]: disconnect from unknown[213.176.26.63] ehlo=1 auth=0/1 rset=1 commands=2/3
Aug  9 07:18:45 brollon postfix/submission/smtpd[28133]: connect from unknown[213.176.26.85]
Aug  9 07:18:48 brollon postfix/smtps/smtpd[20714]: connect from unknown[213.176.26.166]
Aug  9 07:18:50 brollon postfix/submission/smtpd[26552]: connect from unknown[213.176.26.113]
Aug  9 07:18:51 brollon postfix/submission/smtpd[26529]: connect from unknown[213.176.26.78]
Aug  9 07:18:51 brollon postfix/submission/smtpd[28133]: warning: unknown[213.176.26.85]: SASL LOGIN authentication failed: UGFzc3dvcmQ6
Aug  9 07:18:51 brollon postfix/submission/smtpd[28133]: disconnect from unknown[213.176.26.85] ehlo=1 auth=0/1 rset=1 quit=1 commands=3/4
Aug  9 07:18:52 brollon postfix/submission/smtpd[27391]: connect from unknown[213.176.26.76]
Aug  9 07:18:54 brollon postfix/submission/smtpd[26552]: warning: unknown[213.176.26.113]: SASL LOGIN authentication failed: UGFzc3dvcmQ6
Aug  9 07:18:54 brollon postfix/submission/smtpd[26552]: disconnect from unknown[213.176.26.113] ehlo=1 auth=0/1 rset=1 quit=1 commands=3/4
Aug  9 07:18:55 brollon postfix/smtps/smtpd[20714]: warning: unknown[213.176.26.166]: SASL LOGIN authentication failed: UGFzc3dvcmQ6
Aug  9 07:18:55 brollon postfix/smtps/smtpd[20714]: lost connection after AUTH from unknown[213.176.26.166]
Aug  9 07:18:55 brollon postfix/smtps/smtpd[20714]: disconnect from unknown[213.176.26.166] ehlo=1 auth=0/1 rset=1 commands=2/3
Aug  9 07:18:58 brollon postfix/submission/smtpd[26529]: warning: unknown[213.176.26.78]: SASL LOGIN authentication failed: UGFzc3dvcmQ6
Aug  9 07:18:58 brollon postfix/submission/smtpd[26529]: disconnect from unknown[213.176.26.78] ehlo=1 auth=0/1 rset=1 quit=1 commands=3/4
Aug  9 07:18:59 brollon postfix/submission/smtpd[27391]: warning: unknown[213.176.26.76]: SASL LOGIN authentication failed: UGFzc3dvcmQ6
Aug  9 07:18:59 brollon postfix/submission/smtpd[27391]: disconnect from unknown[213.176.26.76] ehlo=1 auth=0/1 rset=1 quit=1 commands=3/4
Aug  9 07:18:59 brollon postfix/smtps/smtpd[29173]: connect from unknown[213.176.26.21]
Aug  9 07:19:01 brollon postfix/smtpd[32744]: connect from localhost[127.0.0.1]
Aug  9 07:19:01 brollon postfix/smtpd[32744]: lost connection after CONNECT from localhost[127.0.0.1]
Aug  9 07:19:01 brollon postfix/smtpd[32744]: disconnect from localhost[127.0.0.1] commands=0/0
Aug  9 07:19:01 brollon dovecot: pop3-login: Disconnected (no auth attempts in 0 secs): user=<>, rip=127.0.0.1, lip=127.0.0.1, secured, session=<pN1FDZhYMsN/AAAB>
Aug  9 07:19:01 brollon dovecot: imap-login: Disconnected (no auth attempts in 0 secs): user=<>, rip=127.0.0.1, lip=127.0.0.1, secured, session=<lN9FDZhYAst/AAAB>
Aug  9 07:19:04 brollon postfix/smtps/smtpd[29173]: warning: unknown[213.176.26.21]: SASL LOGIN authentication failed: UGFzc3dvcmQ6
Aug  9 07:19:04 brollon postfix/smtps/smtpd[29173]: lost connection after AUTH from unknown[213.176.26.21]
Aug  9 07:19:04 brollon postfix/smtps/smtpd[29173]: disconnect from unknown[213.176.26.21] ehlo=1 auth=0/1 rset=1 commands=2/3
Aug  9 07:19:09 brollon postfix/submission/smtpd[28133]: connect from unknown[213.176.26.114]
Aug  9 07:19:10 brollon postfix/submission/smtpd[26552]: connect from unknown[213.176.26.144]
Aug  9 07:19:10 brollon postfix/smtpd[32744]: connect from unknown[91.92.240.92]
Aug  9 07:19:13 brollon postfix/smtpd[32744]: warning: unknown[91.92.240.92]: SASL LOGIN authentication failed: UGFzc3dvcmQ6
Aug  9 07:19:13 brollon postfix/smtpd[32744]: disconnect from unknown[91.92.240.92] ehlo=1 auth=0/1 quit=1 commands=2/3
Aug  9 07:19:15 brollon postfix/submission/smtpd[28133]: warning: unknown[213.176.26.114]: SASL LOGIN authentication failed: UGFzc3dvcmQ6
Aug  9 07:19:15 brollon postfix/submission/smtpd[28133]: disconnect from unknown[213.176.26.114] ehlo=1 auth=0/1 rset=1 quit=1 commands=3/4
Aug  9 07:19:17 brollon postfix/submission/smtpd[26552]: warning: unknown[213.176.26.144]: SASL LOGIN authentication failed: UGFzc3dvcmQ6
Aug  9 07:19:17 brollon postfix/submission/smtpd[26552]: disconnect from unknown[213.176.26.144] ehlo=1 auth=0/1 rset=1 quit=1 commands=3/4
Aug  9 07:19:18 brollon postfix/submission/smtpd[26529]: connect from unknown[213.176.26.159]
Aug  9 07:19:21 brollon postfix/submission/smtpd[26529]: warning: unknown[213.176.26.159]: SASL LOGIN authentication failed: UGFzc3dvcmQ6
Aug  9 07:19:21 brollon postfix/submission/smtpd[26529]: disconnect from unknown[213.176.26.159] ehlo=1 auth=0/1 rset=1 quit=1 commands=3/4
Aug  9 07:19:28 brollon postfix/submission/smtpd[28133]: connect from unknown[213.176.26.64]
Aug  9 07:19:29 brollon postfix/submission/smtpd[26529]: connect from unknown[213.176.26.74]
Aug  9 07:19:30 brollon postfix/submission/smtpd[26552]: connect from unknown[213.176.26.134]
Aug  9 07:19:32 brollon postfix/submission/smtpd[26552]: warning: unknown[213.176.26.134]: SASL LOGIN authentication failed: UGFzc3dvcmQ6
Aug  9 07:19:32 brollon postfix/submission/smtpd[26552]: disconnect from unknown[213.176.26.134] ehlo=1 auth=0/1 rset=1 quit=1 commands=3/4
Aug  9 07:19:33 brollon postfix/submission/smtpd[28133]: warning: unknown[213.176.26.64]: SASL LOGIN authentication failed: UGFzc3dvcmQ6
Aug  9 07:19:33 brollon postfix/submission/smtpd[28133]: disconnect from unknown[213.176.26.64] ehlo=1 auth=0/1 rset=1 quit=1 commands=3/4
Aug  9 07:19:35 brollon postfix/submission/smtpd[26529]: warning: unknown[213.176.26.74]: SASL LOGIN authentication failed: UGFzc3dvcmQ6
Aug  9 07:19:35 brollon postfix/submission/smtpd[26529]: disconnect from unknown[213.176.26.74] ehlo=1 auth=0/1 rset=1 quit=1 commands=3/4
Aug  9 07:19:40 brollon postfix/submission/smtpd[27391]: connect from unknown[213.176.24.65]
Aug  9 07:19:47 brollon postfix/submission/smtpd[28133]: connect from unknown[213.176.26.85]
Aug  9 07:19:50 brollon postfix/submission/smtpd[26552]: connect from unknown[213.176.26.113]
Aug  9 07:19:50 brollon postfix/smtpd[32744]: connect from unknown[193.32.162.9]
Aug  9 07:19:52 brollon postfix/submission/smtpd[26552]: warning: unknown[213.176.26.113]: SASL LOGIN authentication failed: UGFzc3dvcmQ6
Aug  9 07:19:52 brollon postfix/smtpd[32744]: warning: unknown[193.32.162.9]: SASL LOGIN authentication failed: UGFzc3dvcmQ6
Aug  9 07:19:52 brollon postfix/submission/smtpd[26552]: disconnect from unknown[213.176.26.113] ehlo=1 auth=0/1 rset=1 quit=1 commands=3/4
Aug  9 07:19:52 brollon postfix/smtpd[32744]: lost connection after AUTH from unknown[193.32.162.9]
Aug  9 07:19:52 brollon postfix/smtpd[32744]: disconnect from unknown[193.32.162.9] ehlo=1 auth=0/1 commands=1/2
Aug  9 07:19:54 brollon postfix/submission/smtpd[26552]: connect from unknown[213.176.26.78]
Aug  9 07:19:54 brollon postfix/submission/smtpd[28133]: warning: unknown[213.176.26.85]: SASL LOGIN authentication failed: UGFzc3dvcmQ6
Aug  9 07:19:54 brollon postfix/submission/smtpd[28133]: disconnect from unknown[213.176.26.85] ehlo=1 auth=0/1 rset=1 quit=1 commands=3/4
Aug  9 07:19:56 brollon postfix/submission/smtpd[26552]: warning: unknown[213.176.26.78]: SASL LOGIN authentication failed: UGFzc3dvcmQ6
Aug  9 07:19:57 brollon postfix/submission/smtpd[28133]: connect from unknown[213.176.26.76]
Aug  9 07:19:57 brollon postfix/submission/smtpd[26552]: disconnect from unknown[213.176.26.78] ehlo=1 auth=0/1 rset=1 quit=1 commands=3/4
Aug  9 07:19:57 brollon postfix/submission/smtpd[27391]: warning: unknown[213.176.24.65]: SASL LOGIN authentication failed: UGFzc3dvcmQ6
Aug  9 07:19:57 brollon postfix/submission/smtpd[27391]: lost connection after AUTH from unknown[213.176.24.65]
Aug  9 07:19:57 brollon postfix/submission/smtpd[27391]: disconnect from unknown[213.176.24.65] ehlo=1 auth=0/1 rset=1 commands=2/3
Aug  9 07:20:01 brollon postfix/smtpd[32744]: connect from localhost[127.0.0.1]
Aug  9 07:20:01 brollon postfix/smtpd[32744]: lost connection after CONNECT from localhost[127.0.0.1]
Aug  9 07:20:01 brollon postfix/smtpd[32744]: disconnect from localhost[127.0.0.1] commands=0/0
Aug  9 07:20:01 brollon dovecot: imap-login: Disconnected (no auth attempts in 0 secs): user=<>, rip=127.0.0.1, lip=127.0.0.1, secured, session=<4sbcEJhY8Mt/AAAB>
Aug  9 07:20:01 brollon dovecot: pop3-login: Disconnected (no auth attempts in 0 secs): user=<>, rip=127.0.0.1, lip=127.0.0.1, secured, session=<odPcEJhYIMR/AAAB>
Aug  9 07:20:01 brollon postfix/smtpd[32744]: connect from localhost[127.0.0.1]
Aug  9 07:20:01 brollon postfix/smtpd[32744]: lost connection after CONNECT from localhost[127.0.0.1]
Aug  9 07:20:01 brollon postfix/smtpd[32744]: disconnect from localhost[127.0.0.1] commands=0/0
Aug  9 07:20:01 brollon dovecot: pop3-login: Disconnected (no auth attempts in 0 secs): user=<>, rip=127.0.0.1, lip=127.0.0.1, secured, session=<CwniEJhYLMR/AAAB>
Aug  9 07:20:01 brollon dovecot: imap-login: Disconnected (no auth attempts in 0 secs): user=<>, rip=127.0.0.1, lip=127.0.0.1, secured, session=<WTHiEJhY/Mt/AAAB>
Aug  9 07:20:04 brollon postfix/submission/smtpd[28133]: warning: unknown[213.176.26.76]: SASL LOGIN authentication failed: UGFzc3dvcmQ6
Aug  9 07:20:05 brollon postfix/submission/smtpd[28133]: disconnect from unknown[213.176.26.76] ehlo=1 auth=0/1 rset=1 quit=1 commands=3/4
Aug  9 07:20:08 brollon postfix/smtps/smtpd[20714]: connect from unknown[213.176.26.191]
Aug  9 07:20:10 brollon postfix/submission/smtpd[26552]: connect from unknown[213.176.26.114]
Aug  9 07:20:11 brollon postfix/smtps/smtpd[20714]: warning: unknown[213.176.26.191]: SASL LOGIN authentication failed: UGFzc3dvcmQ6
Aug  9 07:20:11 brollon postfix/smtps/smtpd[20714]: lost connection after AUTH from unknown[213.176.26.191]
Aug  9 07:20:11 brollon postfix/smtps/smtpd[20714]: disconnect from unknown[213.176.26.191] ehlo=1 auth=0/1 rset=1 commands=2/3
Aug  9 07:20:13 brollon postfix/submission/smtpd[28133]: connect from unknown[213.176.26.144]
Aug  9 07:20:14 brollon postfix/smtps/smtpd[29173]: connect from unknown[213.176.26.182]
Aug  9 07:20:16 brollon postfix/submission/smtpd[26552]: warning: unknown[213.176.26.114]: SASL LOGIN authentication failed: UGFzc3dvcmQ6
Aug  9 07:20:16 brollon postfix/submission/smtpd[26552]: disconnect from unknown[213.176.26.114] ehlo=1 auth=0/1 rset=1 quit=1 commands=3/4
Aug  9 07:20:19 brollon postfix/submission/smtpd[27391]: connect from unknown[213.176.26.159]
Aug  9 07:20:19 brollon postfix/smtps/smtpd[20714]: connect from unknown[213.176.26.41]
Aug  9 07:20:20 brollon postfix/submission/smtpd[28133]: warning: unknown[213.176.26.144]: SASL LOGIN authentication failed: UGFzc3dvcmQ6
Aug  9 07:20:21 brollon postfix/smtps/smtpd[29173]: warning: unknown[213.176.26.182]: SASL LOGIN authentication failed: UGFzc3dvcmQ6
Aug  9 07:20:21 brollon postfix/submission/smtpd[28133]: disconnect from unknown[213.176.26.144] ehlo=1 auth=0/1 rset=1 quit=1 commands=3/4
Aug  9 07:20:21 brollon postfix/smtps/smtpd[29173]: lost connection after AUTH from unknown[213.176.26.182]
Aug  9 07:20:21 brollon postfix/smtps/smtpd[29173]: disconnect from unknown[213.176.26.182] ehlo=1 auth=0/1 rset=1 commands=2/3
Aug  9 07:20:26 brollon postfix/submission/smtpd[27391]: warning: unknown[213.176.26.159]: SASL LOGIN authentication failed: UGFzc3dvcmQ6
Aug  9 07:20:26 brollon postfix/submission/smtpd[27391]: disconnect from unknown[213.176.26.159] ehlo=1 auth=0/1 rset=1 quit=1 commands=3/4
Aug  9 07:20:26 brollon postfix/smtpd[32744]: connect from unknown[2.57.122.98]
Aug  9 07:20:27 brollon postfix/smtps/smtpd[20714]: warning: unknown[213.176.26.41]: SASL LOGIN authentication failed: UGFzc3dvcmQ6
Aug  9 07:20:28 brollon postfix/smtps/smtpd[20714]: lost connection after AUTH from unknown[213.176.26.41]
Aug  9 07:20:28 brollon postfix/smtps/smtpd[20714]: disconnect from unknown[213.176.26.41] ehlo=1 auth=0/1 rset=1 commands=2/3
Aug  9 07:20:29 brollon postfix/smtpd[32744]: warning: unknown[2.57.122.98]: SASL LOGIN authentication failed: UGFzc3dvcmQ6
Aug  9 07:20:29 brollon postfix/smtpd[32744]: disconnect from unknown[2.57.122.98] ehlo=1 auth=0/1 quit=1 commands=2/3
Aug  9 07:20:30 brollon postfix/smtps/smtpd[29173]: connect from unknown[213.176.26.44]
Aug  9 07:20:31 brollon postfix/submission/smtpd[28133]: connect from unknown[213.176.26.64]
Aug  9 07:20:31 brollon postfix/smtps/smtpd[20714]: connect from unknown[213.176.26.175]
Aug  9 07:20:31 brollon postfix/submission/smtpd[27391]: connect from unknown[213.176.26.74]
Aug  9 07:20:33 brollon postfix/submission/smtpd[1141]: connect from unknown[213.176.26.134]
Aug  9 07:20:35 brollon postfix/smtps/smtpd[1143]: connect from unknown[213.176.26.82]
Aug  9 07:20:36 brollon postfix/smtps/smtpd[20714]: warning: unknown[213.176.26.175]: SASL LOGIN authentication failed: UGFzc3dvcmQ6
Aug  9 07:20:36 brollon postfix/smtps/smtpd[20714]: lost connection after AUTH from unknown[213.176.26.175]
Aug  9 07:20:36 brollon postfix/smtps/smtpd[20714]: disconnect from unknown[213.176.26.175] ehlo=1 auth=0/1 rset=1 commands=2/3
Aug  9 07:20:37 brollon postfix/submission/smtpd[28133]: warning: unknown[213.176.26.64]: SASL LOGIN authentication failed: UGFzc3dvcmQ6
Aug  9 07:20:37 brollon postfix/submission/smtpd[27391]: warning: unknown[213.176.26.74]: SASL LOGIN authentication failed: UGFzc3dvcmQ6
Aug  9 07:20:37 brollon postfix/smtps/smtpd[29173]: warning: unknown[213.176.26.44]: SASL LOGIN authentication failed: UGFzc3dvcmQ6
Aug  9 07:20:37 brollon postfix/submission/smtpd[27391]: disconnect from unknown[213.176.26.74] ehlo=1 auth=0/1 rset=1 quit=1 commands=3/4
Aug  9 07:20:37 brollon postfix/submission/smtpd[28133]: disconnect from unknown[213.176.26.64] ehlo=1 auth=0/1 rset=1 quit=1 commands=3/4
Aug  9 07:20:38 brollon postfix/smtps/smtpd[29173]: lost connection after AUTH from unknown[213.176.26.44]
Aug  9 07:20:38 brollon postfix/smtps/smtpd[29173]: disconnect from unknown[213.176.26.44] ehlo=1 auth=0/1 rset=1 commands=2/3
Aug  9 07:20:39 brollon postfix/submission/smtpd[1141]: warning: unknown[213.176.26.134]: SASL LOGIN authentication failed: UGFzc3dvcmQ6
Aug  9 07:20:39 brollon postfix/submission/smtpd[1141]: disconnect from unknown[213.176.26.134] ehlo=1 auth=0/1 rset=1 quit=1 commands=3/4
Aug  9 07:20:41 brollon postfix/smtps/smtpd[1143]: warning: unknown[213.176.26.82]: SASL LOGIN authentication failed: UGFzc3dvcmQ6
Aug  9 07:20:41 brollon postfix/smtps/smtpd[1143]: lost connection after AUTH from unknown[213.176.26.82]
Aug  9 07:20:41 brollon postfix/smtps/smtpd[1143]: disconnect from unknown[213.176.26.82] ehlo=1 auth=0/1 rset=1 commands=2/3
Aug  9 07:20:47 brollon postfix/smtps/smtpd[20714]: connect from unknown[213.176.26.123]
Aug  9 07:20:48 brollon postfix/smtpd[29177]: timeout after AUTH from unknown[178.16.52.113]
Aug  9 07:20:48 brollon postfix/smtpd[29177]: disconnect from unknown[178.16.52.113] ehlo=1 auth=0/4 rset=4 commands=5/9
Aug  9 07:20:51 brollon postfix/smtps/smtpd[20714]: warning: unknown[213.176.26.123]: SASL LOGIN authentication failed: UGFzc3dvcmQ6
Aug  9 07:20:51 brollon postfix/smtps/smtpd[20714]: lost connection after AUTH from unknown[213.176.26.123]
Aug  9 07:20:51 brollon postfix/smtps/smtpd[20714]: disconnect from unknown[213.176.26.123] ehlo=1 auth=0/1 rset=1 commands=2/3
Aug  9 07:20:51 brollon postfix/submission/smtpd[27391]: connect from unknown[213.176.26.85]
Aug  9 07:20:51 brollon postfix/submission/smtpd[28133]: connect from unknown[213.176.26.113]
Aug  9 07:20:57 brollon postfix/submission/smtpd[1141]: connect from unknown[213.176.26.78]
Aug  9 07:20:58 brollon postfix/submission/smtpd[28133]: warning: unknown[213.176.26.113]: SASL LOGIN authentication failed: UGFzc3dvcmQ6
Aug  9 07:20:58 brollon postfix/submission/smtpd[27391]: warning: unknown[213.176.26.85]: SASL LOGIN authentication failed: UGFzc3dvcmQ6
Aug  9 07:20:58 brollon postfix/submission/smtpd[28133]: disconnect from unknown[213.176.26.113] ehlo=1 auth=0/1 rset=1 quit=1 commands=3/4
Aug  9 07:20:59 brollon postfix/submission/smtpd[27391]: disconnect from unknown[213.176.26.85] ehlo=1 auth=0/1 rset=1 quit=1 commands=3/4
Aug  9 07:21:00 brollon postfix/smtps/smtpd[1143]: connect from unknown[213.176.26.133]
Aug  9 07:21:01 brollon postfix/submission/smtpd[28133]: connect from unknown[213.176.26.76]
Aug  9 07:21:02 brollon postfix/smtpd[32744]: connect from localhost[127.0.0.1]
Aug  9 07:21:02 brollon postfix/smtpd[32744]: lost connection after CONNECT from localhost[127.0.0.1]
Aug  9 07:21:02 brollon postfix/smtpd[32744]: disconnect from localhost[127.0.0.1] commands=0/0
Aug  9 07:21:02 brollon dovecot: pop3-login: Disconnected (no auth attempts in 0 secs): user=<>, rip=127.0.0.1, lip=127.0.0.1, secured, session=<cNd6FJhYCMV/AAAB>
Aug  9 07:21:02 brollon dovecot: imap-login: Disconnected (no auth attempts in 0 secs): user=<>, rip=127.0.0.1, lip=127.0.0.1, secured, session=<WOx6FJhY2Mx/AAAB>
Aug  9 07:21:04 brollon postfix/submission/smtpd[1141]: warning: unknown[213.176.26.78]: SASL LOGIN authentication failed: UGFzc3dvcmQ6
Aug  9 07:21:04 brollon postfix/submission/smtpd[28133]: warning: unknown[213.176.26.76]: SASL LOGIN authentication failed: UGFzc3dvcmQ6
Aug  9 07:21:04 brollon postfix/submission/smtpd[28133]: disconnect from unknown[213.176.26.76] ehlo=1 auth=0/1 rset=1 quit=1 commands=3/4
Aug  9 07:21:04 brollon postfix/submission/smtpd[1141]: disconnect from unknown[213.176.26.78] ehlo=1 auth=0/1 rset=1 quit=1 commands=3/4
Aug  9 07:21:09 brollon postfix/smtps/smtpd[1143]: warning: unknown[213.176.26.133]: SASL LOGIN authentication failed: UGFzc3dvcmQ6
Aug  9 07:21:10 brollon postfix/submission/smtpd[27391]: connect from unknown[213.176.26.114]
Aug  9 07:21:12 brollon postfix/smtps/smtpd[1143]: lost connection after AUTH from unknown[213.176.26.133]
Aug  9 07:21:12 brollon postfix/smtps/smtpd[1143]: disconnect from unknown[213.176.26.133] ehlo=1 auth=0/1 rset=1 commands=2/3
Aug  9 07:21:17 brollon postfix/submission/smtpd[1141]: connect from unknown[213.176.26.144]
Aug  9 07:21:17 brollon postfix/submission/smtpd[27391]: warning: unknown[213.176.26.114]: SASL LOGIN authentication failed: UGFzc3dvcmQ6
Aug  9 07:21:17 brollon postfix/submission/smtpd[27391]: disconnect from unknown[213.176.26.114] ehlo=1 auth=0/1 rset=1 quit=1 commands=3/4
Aug  9 07:21:21 brollon postfix/submission/smtpd[28133]: connect from unknown[213.176.26.159]
Aug  9 07:21:22 brollon postfix/submission/smtpd[1141]: warning: unknown[213.176.26.144]: SASL LOGIN authentication failed: UGFzc3dvcmQ6
Aug  9 07:21:23 brollon postfix/submission/smtpd[1141]: disconnect from unknown[213.176.26.144] ehlo=1 auth=0/1 rset=1 quit=1 commands=3/4
Aug  9 07:21:28 brollon postfix/submission/smtpd[28133]: warning: unknown[213.176.26.159]: SASL LOGIN authentication failed: UGFzc3dvcmQ6
Aug  9 07:21:29 brollon postfix/submission/smtpd[28133]: disconnect from unknown[213.176.26.159] ehlo=1 auth=0/1 rset=1 quit=1 commands=3/4
Aug  9 07:21:31 brollon postfix/smtps/smtpd[20714]: connect from unknown[213.176.26.122]
Aug  9 07:21:33 brollon postfix/submission/smtpd[27391]: connect from unknown[213.176.26.64]
Aug  9 07:21:34 brollon postfix/submission/smtpd[28133]: connect from unknown[213.176.26.74]
Aug  9 07:21:35 brollon postfix/smtps/smtpd[20714]: warning: unknown[213.176.26.122]: SASL LOGIN authentication failed: UGFzc3dvcmQ6
Aug  9 07:21:35 brollon postfix/smtps/smtpd[20714]: lost connection after AUTH from unknown[213.176.26.122]
Aug  9 07:21:35 brollon postfix/smtps/smtpd[20714]: disconnect from unknown[213.176.26.122] ehlo=1 auth=0/1 rset=1 commands=2/3
Aug  9 07:21:35 brollon postfix/submission/smtpd[1141]: connect from unknown[213.176.26.134]
Aug  9 07:21:39 brollon postfix/submission/smtpd[27391]: warning: unknown[213.176.26.64]: SASL LOGIN authentication failed: UGFzc3dvcmQ6
Aug  9 07:21:39 brollon postfix/submission/smtpd[27391]: disconnect from unknown[213.176.26.64] ehlo=1 auth=0/1 rset=1 quit=1 commands=3/4
Aug  9 07:21:40 brollon postfix/smtps/smtpd[1143]: connect from unknown[213.176.26.87]
Aug  9 07:21:40 brollon postfix/submission/smtpd[28133]: warning: unknown[213.176.26.74]: SASL LOGIN authentication failed: UGFzc3dvcmQ6
Aug  9 07:21:40 brollon postfix/submission/smtpd[28133]: disconnect from unknown[213.176.26.74] ehlo=1 auth=0/1 rset=1 quit=1 commands=3/4
Aug  9 07:21:41 brollon postfix/submission/smtpd[1141]: warning: unknown[213.176.26.134]: SASL LOGIN authentication failed: UGFzc3dvcmQ6
Aug  9 07:21:41 brollon postfix/submission/smtpd[1141]: disconnect from unknown[213.176.26.134] ehlo=1 auth=0/1 rset=1 quit=1 commands=3/4
Aug  9 07:21:44 brollon postfix/smtps/smtpd[1143]: warning: unknown[213.176.26.87]: SASL LOGIN authentication failed: UGFzc3dvcmQ6
Aug  9 07:21:44 brollon postfix/smtps/smtpd[20714]: connect from unknown[213.176.26.37]
Aug  9 07:21:45 brollon postfix/smtps/smtpd[1143]: lost connection after AUTH from unknown[213.176.26.87]
Aug  9 07:21:45 brollon postfix/smtps/smtpd[1143]: disconnect from unknown[213.176.26.87] ehlo=1 auth=0/1 rset=1 commands=2/3
Aug  9 07:21:50 brollon postfix/smtps/smtpd[20714]: warning: unknown[213.176.26.37]: SASL LOGIN authentication failed: UGFzc3dvcmQ6
Aug  9 07:21:50 brollon postfix/smtps/smtpd[20714]: lost connection after AUTH from unknown[213.176.26.37]
Aug  9 07:21:50 brollon postfix/smtps/smtpd[20714]: disconnect from unknown[213.176.26.37] ehlo=1 auth=0/1 rset=1 commands=2/3
Aug  9 07:21:50 brollon postfix/smtps/smtpd[29173]: connect from unknown[213.176.26.88]
Aug  9 07:21:52 brollon postfix/submission/smtpd[27391]: connect from unknown[213.176.26.113]
Aug  9 07:21:53 brollon postfix/submission/smtpd[1141]: connect from unknown[213.176.26.85]
Aug  9 07:21:54 brollon postfix/smtps/smtpd[29173]: warning: unknown[213.176.26.88]: SASL LOGIN authentication failed: UGFzc3dvcmQ6
Aug  9 07:21:54 brollon postfix/smtps/smtpd[29173]: lost connection after AUTH from unknown[213.176.26.88]
Aug  9 07:21:54 brollon postfix/smtps/smtpd[29173]: disconnect from unknown[213.176.26.88] ehlo=1 auth=0/1 rset=1 commands=2/3
Aug  9 07:21:59 brollon postfix/submission/smtpd[27391]: warning: unknown[213.176.26.113]: SASL LOGIN authentication failed: UGFzc3dvcmQ6
Aug  9 07:21:59 brollon postfix/submission/smtpd[27391]: disconnect from unknown[213.176.26.113] ehlo=1 auth=0/1 rset=1 quit=1 commands=3/4
Aug  9 07:21:59 brollon postfix/submission/smtpd[28133]: connect from unknown[213.176.26.78]
Aug  9 07:22:00 brollon postfix/submission/smtpd[1141]: warning: unknown[213.176.26.85]: SASL LOGIN authentication failed: UGFzc3dvcmQ6
Aug  9 07:22:00 brollon postfix/submission/smtpd[1141]: disconnect from unknown[213.176.26.85] ehlo=1 auth=0/1 rset=1 quit=1 commands=3/4
Aug  9 07:22:00 brollon postfix/smtps/smtpd[1143]: connect from unknown[213.176.26.29]
Aug  9 07:22:00 brollon postfix/smtps/smtpd[29173]: connect from unknown[213.176.26.194]
Aug  9 07:22:01 brollon postfix/smtpd[32744]: connect from localhost[127.0.0.1]
Aug  9 07:22:01 brollon postfix/smtpd[32744]: lost connection after CONNECT from localhost[127.0.0.1]
Aug  9 07:22:01 brollon postfix/smtpd[32744]: disconnect from localhost[127.0.0.1] commands=0/0
Aug  9 07:22:01 brollon dovecot: imap-login: Disconnected (no auth attempts in 0 secs): user=<>, rip=127.0.0.1, lip=127.0.0.1, secured, session=<oJoBGJhYtM1/AAAB>
Aug  9 07:22:01 brollon dovecot: pop3-login: Disconnected (no auth attempts in 0 secs): user=<>, rip=127.0.0.1, lip=127.0.0.1, secured, session=<D6wBGJhY5MV/AAAB>
Aug  9 07:22:02 brollon postfix/submission/smtpd[28133]: warning: unknown[213.176.26.78]: SASL LOGIN authentication failed: UGFzc3dvcmQ6
Aug  9 07:22:03 brollon postfix/submission/smtpd[28133]: disconnect from unknown[213.176.26.78] ehlo=1 auth=0/1 rset=1 quit=1 commands=3/4
Aug  9 07:22:04 brollon postfix/smtps/smtpd[1143]: warning: unknown[213.176.26.29]: SASL LOGIN authentication failed: UGFzc3dvcmQ6
Aug  9 07:22:04 brollon postfix/smtps/smtpd[1143]: lost connection after AUTH from unknown[213.176.26.29]
Aug  9 07:22:04 brollon postfix/smtps/smtpd[1143]: disconnect from unknown[213.176.26.29] ehlo=1 auth=0/1 rset=1 commands=2/3
Aug  9 07:22:04 brollon postfix/submission/smtpd[27391]: connect from unknown[213.176.26.76]
Aug  9 07:22:07 brollon postfix/smtps/smtpd[29173]: warning: unknown[213.176.26.194]: SASL LOGIN authentication failed: UGFzc3dvcmQ6
Aug  9 07:22:07 brollon postfix/smtps/smtpd[29173]: lost connection after AUTH from unknown[213.176.26.194]
Aug  9 07:22:07 brollon postfix/smtps/smtpd[29173]: disconnect from unknown[213.176.26.194] ehlo=1 auth=0/1 rset=1 commands=2/3
Aug  9 07:22:08 brollon postfix/submission/smtpd[27391]: warning: unknown[213.176.26.76]: SASL LOGIN authentication failed: UGFzc3dvcmQ6
Aug  9 07:22:09 brollon postfix/submission/smtpd[27391]: disconnect from unknown[213.176.26.76] ehlo=1 auth=0/1 rset=1 quit=1 commands=3/4
Aug  9 07:22:11 brollon postfix/submission/smtpd[28133]: connect from unknown[213.176.26.114]
Aug  9 07:22:18 brollon postfix/submission/smtpd[28133]: warning: unknown[213.176.26.114]: SASL LOGIN authentication failed: UGFzc3dvcmQ6
Aug  9 07:22:18 brollon postfix/submission/smtpd[28133]: disconnect from unknown[213.176.26.114] ehlo=1 auth=0/1 rset=1 quit=1 commands=3/4
Aug  9 07:22:20 brollon postfix/submission/smtpd[27391]: connect from unknown[213.176.26.144]
Aug  9 07:22:22 brollon postfix/submission/smtpd[28133]: connect from unknown[213.176.26.159]
Aug  9 07:22:24 brollon postfix/submission/smtpd[28133]: warning: unknown[213.176.26.159]: SASL LOGIN authentication failed: UGFzc3dvcmQ6
Aug  9 07:22:24 brollon postfix/submission/smtpd[28133]: disconnect from unknown[213.176.26.159] ehlo=1 auth=0/1 rset=1 quit=1 commands=3/4
Aug  9 07:22:27 brollon postfix/submission/smtpd[27391]: warning: unknown[213.176.26.144]: SASL LOGIN authentication failed: UGFzc3dvcmQ6
Aug  9 07:22:28 brollon postfix/submission/smtpd[27391]: disconnect from unknown[213.176.26.144] ehlo=1 auth=0/1 rset=1 quit=1 commands=3/4
Aug  9 07:22:36 brollon postfix/submission/smtpd[1141]: connect from unknown[213.176.26.64]
Aug  9 07:22:37 brollon postfix/submission/smtpd[28133]: connect from unknown[213.176.26.74]
Aug  9 07:22:38 brollon postfix/submission/smtpd[27391]: connect from unknown[213.176.26.134]
Aug  9 07:22:40 brollon postfix/submission/smtpd[27391]: warning: unknown[213.176.26.134]: SASL LOGIN authentication failed: UGFzc3dvcmQ6
Aug  9 07:22:40 brollon postfix/submission/smtpd[27391]: disconnect from unknown[213.176.26.134] ehlo=1 auth=0/1 rset=1 quit=1 commands=3/4
Aug  9 07:22:43 brollon postfix/smtps/smtpd[20714]: connect from unknown[213.176.26.186]
Aug  9 07:22:43 brollon postfix/submission/smtpd[1141]: warning: unknown[213.176.26.64]: SASL LOGIN authentication failed: UGFzc3dvcmQ6
Aug  9 07:22:43 brollon postfix/submission/smtpd[1141]: disconnect from unknown[213.176.26.64] ehlo=1 auth=0/1 rset=1 quit=1 commands=3/4
Aug  9 07:22:44 brollon postfix/submission/smtpd[28133]: warning: unknown[213.176.26.74]: SASL LOGIN authentication failed: UGFzc3dvcmQ6
Aug  9 07:22:44 brollon postfix/submission/smtpd[28133]: disconnect from unknown[213.176.26.74] ehlo=1 auth=0/1 rset=1 quit=1 commands=3/4
Aug  9 07:22:45 brollon postfix/smtps/smtpd[20714]: warning: unknown[213.176.26.186]: SASL LOGIN authentication failed: UGFzc3dvcmQ6
Aug  9 07:22:45 brollon postfix/smtps/smtpd[20714]: lost connection after AUTH from unknown[213.176.26.186]
Aug  9 07:22:45 brollon postfix/smtps/smtpd[20714]: disconnect from unknown[213.176.26.186] ehlo=1 auth=0/1 rset=1 commands=2/3
Aug  9 07:22:54 brollon postfix/submission/smtpd[27391]: connect from unknown[213.176.26.113]
Aug  9 07:22:57 brollon postfix/submission/smtpd[1141]: connect from unknown[213.176.26.85]
Aug  9 07:23:00 brollon postfix/submission/smtpd[27391]: warning: unknown[213.176.26.113]: SASL LOGIN authentication failed: UGFzc3dvcmQ6
Aug  9 07:23:00 brollon postfix/submission/smtpd[27391]: disconnect from unknown[213.176.26.113] ehlo=1 auth=0/1 rset=1 quit=1 commands=3/4
Aug  9 07:23:01 brollon postfix/smtpd[32744]: connect from localhost[127.0.0.1]
Aug  9 07:23:01 brollon postfix/smtpd[32744]: lost connection after CONNECT from localhost[127.0.0.1]
Aug  9 07:23:01 brollon postfix/smtpd[32744]: disconnect from localhost[127.0.0.1] commands=0/0
Aug  9 07:23:01 brollon dovecot: imap-login: Disconnected (no auth attempts in 0 secs): user=<>, rip=127.0.0.1, lip=127.0.0.1, secured, session=<T+aYG5hY9M5/AAAB>
Aug  9 07:23:01 brollon dovecot: pop3-login: Disconnected (no auth attempts in 0 secs): user=<>, rip=127.0.0.1, lip=127.0.0.1, secured, session=<HeuYG5hYJMd/AAAB>
Aug  9 07:23:02 brollon postfix/submission/smtpd[28133]: connect from unknown[213.176.26.78]
Aug  9 07:23:03 brollon postfix/submission/smtpd[1141]: warning: unknown[213.176.26.85]: SASL LOGIN authentication failed: UGFzc3dvcmQ6
Aug  9 07:23:03 brollon postfix/submission/smtpd[1141]: disconnect from unknown[213.176.26.85] ehlo=1 auth=0/1 rset=1 quit=1 commands=3/4
Aug  9 07:23:07 brollon postfix/submission/smtpd[27391]: connect from unknown[213.176.26.76]
Aug  9 07:23:09 brollon postfix/submission/smtpd[28133]: warning: unknown[213.176.26.78]: SASL LOGIN authentication failed: UGFzc3dvcmQ6
Aug  9 07:23:10 brollon postfix/submission/smtpd[28133]: disconnect from unknown[213.176.26.78] ehlo=1 auth=0/1 rset=1 quit=1 commands=3/4
Aug  9 07:23:12 brollon postfix/submission/smtpd[1141]: connect from unknown[213.176.26.114]
Aug  9 07:23:14 brollon postfix/submission/smtpd[27391]: warning: unknown[213.176.26.76]: SASL LOGIN authentication failed: UGFzc3dvcmQ6
Aug  9 07:23:14 brollon postfix/submission/smtpd[27391]: disconnect from unknown[213.176.26.76] ehlo=1 auth=0/1 rset=1 quit=1 commands=3/4
Aug  9 07:23:18 brollon postfix/submission/smtpd[1141]: warning: unknown[213.176.26.114]: SASL LOGIN authentication failed: UGFzc3dvcmQ6
Aug  9 07:23:18 brollon postfix/submission/smtpd[1141]: disconnect from unknown[213.176.26.114] ehlo=1 auth=0/1 rset=1 quit=1 commands=3/4
Aug  9 07:23:23 brollon postfix/submission/smtpd[28133]: connect from unknown[213.176.26.144]
Aug  9 07:23:24 brollon postfix/submission/smtpd[1141]: connect from unknown[213.176.26.159]
Aug  9 07:23:26 brollon postfix/submission/smtpd[1141]: warning: unknown[213.176.26.159]: SASL LOGIN authentication failed: UGFzc3dvcmQ6
Aug  9 07:23:26 brollon postfix/submission/smtpd[1141]: disconnect from unknown[213.176.26.159] ehlo=1 auth=0/1 rset=1 quit=1 commands=3/4
Aug  9 07:23:27 brollon postfix/submission/smtpd[28133]: warning: unknown[213.176.26.144]: SASL LOGIN authentication failed: UGFzc3dvcmQ6
Aug  9 07:23:27 brollon postfix/submission/smtpd[28133]: disconnect from unknown[213.176.26.144] ehlo=1 auth=0/1 rset=1 quit=1 commands=3/4
Aug  9 07:23:40 brollon postfix/submission/smtpd[27391]: connect from unknown[213.176.26.74]
Aug  9 07:23:40 brollon postfix/submission/smtpd[28133]: connect from unknown[213.176.26.64]
Aug  9 07:23:42 brollon postfix/submission/smtpd[1141]: connect from unknown[213.176.26.134]
Aug  9 07:23:44 brollon postfix/submission/smtpd[28133]: warning: unknown[213.176.26.64]: SASL LOGIN authentication failed: UGFzc3dvcmQ6
Aug  9 07:23:44 brollon postfix/submission/smtpd[28133]: disconnect from unknown[213.176.26.64] ehlo=1 auth=0/1 rset=1 quit=1 commands=3/4
Aug  9 07:23:46 brollon postfix/submission/smtpd[27391]: warning: unknown[213.176.26.74]: SASL LOGIN authentication failed: UGFzc3dvcmQ6
Aug  9 07:23:46 brollon postfix/submission/smtpd[27391]: disconnect from unknown[213.176.26.74] ehlo=1 auth=0/1 rset=1 quit=1 commands=3/4
Aug  9 07:23:48 brollon postfix/submission/smtpd[1141]: warning: unknown[213.176.26.134]: SASL LOGIN authentication failed: UGFzc3dvcmQ6
Aug  9 07:23:48 brollon postfix/submission/smtpd[1141]: disconnect from unknown[213.176.26.134] ehlo=1 auth=0/1 rset=1 quit=1 commands=3/4
Aug  9 07:23:53 brollon postfix/smtps/smtpd[20714]: connect from unknown[213.176.26.54]
Aug  9 07:23:55 brollon postfix/submission/smtpd[28133]: connect from unknown[213.176.26.113]
Aug  9 07:23:58 brollon postfix/smtps/smtpd[1419]: connect from unknown[213.176.26.94]
Aug  9 07:23:58 brollon postfix/smtps/smtpd[1422]: connect from unknown[213.176.26.109]
Aug  9 07:23:59 brollon postfix/submission/smtpd[1141]: connect from unknown[213.176.26.85]
Aug  9 07:24:00 brollon postfix/smtps/smtpd[20714]: warning: unknown[213.176.26.54]: SASL LOGIN authentication failed: UGFzc3dvcmQ6
Aug  9 07:24:01 brollon postfix/smtps/smtpd[20714]: lost connection after AUTH from unknown[213.176.26.54]
Aug  9 07:24:01 brollon postfix/smtps/smtpd[20714]: disconnect from unknown[213.176.26.54] ehlo=1 auth=0/1 rset=1 commands=2/3
Aug  9 07:24:01 brollon postfix/smtpd[32744]: connect from localhost[127.0.0.1]
Aug  9 07:24:01 brollon postfix/smtpd[32744]: lost connection after CONNECT from localhost[127.0.0.1]
Aug  9 07:24:01 brollon postfix/smtpd[32744]: disconnect from localhost[127.0.0.1] commands=0/0
Aug  9 07:24:01 brollon dovecot: imap-login: Disconnected (no auth attempts in 0 secs): user=<>, rip=127.0.0.1, lip=127.0.0.1, secured, session=<D+EuH5hYks9/AAAB>
Aug  9 07:24:01 brollon dovecot: pop3-login: Disconnected (no auth attempts in 0 secs): user=<>, rip=127.0.0.1, lip=127.0.0.1, secured, session=<k+suH5hYwsd/AAAB>
Aug  9 07:24:02 brollon postfix/submission/smtpd[28133]: warning: unknown[213.176.26.113]: SASL LOGIN authentication failed: UGFzc3dvcmQ6
Aug  9 07:24:02 brollon postfix/submission/smtpd[28133]: disconnect from unknown[213.176.26.113] ehlo=1 auth=0/1 rset=1 quit=1 commands=3/4
Aug  9 07:24:04 brollon postfix/submission/smtpd[27391]: connect from unknown[213.176.26.78]
Aug  9 07:24:05 brollon postfix/smtps/smtpd[1419]: warning: unknown[213.176.26.94]: SASL LOGIN authentication failed: UGFzc3dvcmQ6
Aug  9 07:24:05 brollon postfix/smtps/smtpd[1422]: warning: unknown[213.176.26.109]: SASL LOGIN authentication failed: UGFzc3dvcmQ6
Aug  9 07:24:05 brollon postfix/smtps/smtpd[1419]: lost connection after AUTH from unknown[213.176.26.94]
Aug  9 07:24:05 brollon postfix/smtps/smtpd[1419]: disconnect from unknown[213.176.26.94] ehlo=1 auth=0/1 rset=1 commands=2/3
Aug  9 07:24:06 brollon postfix/smtps/smtpd[1422]: lost connection after AUTH from unknown[213.176.26.109]
Aug  9 07:24:06 brollon postfix/smtps/smtpd[1422]: disconnect from unknown[213.176.26.109] ehlo=1 auth=0/1 rset=1 commands=2/3
Aug  9 07:24:06 brollon postfix/submission/smtpd[1141]: warning: unknown[213.176.26.85]: SASL LOGIN authentication failed: UGFzc3dvcmQ6
Aug  9 07:24:06 brollon postfix/submission/smtpd[1141]: disconnect from unknown[213.176.26.85] ehlo=1 auth=0/1 rset=1 quit=1 commands=3/4
Aug  9 07:24:08 brollon postfix/smtps/smtpd[20714]: connect from unknown[213.176.26.95]
Aug  9 07:24:10 brollon postfix/smtps/smtpd[1419]: connect from unknown[213.176.26.51]
Aug  9 07:24:10 brollon postfix/submission/smtpd[28133]: connect from unknown[213.176.26.76]
Aug  9 07:24:11 brollon postfix/submission/smtpd[27391]: warning: unknown[213.176.26.78]: SASL LOGIN authentication failed: UGFzc3dvcmQ6
Aug  9 07:24:12 brollon postfix/submission/smtpd[27391]: disconnect from unknown[213.176.26.78] ehlo=1 auth=0/1 rset=1 quit=1 commands=3/4
Aug  9 07:24:12 brollon postfix/submission/smtpd[1141]: connect from unknown[213.176.26.114]
Aug  9 07:24:15 brollon postfix/smtps/smtpd[20714]: warning: unknown[213.176.26.95]: SASL LOGIN authentication failed: UGFzc3dvcmQ6
Aug  9 07:24:15 brollon postfix/smtps/smtpd[20714]: lost connection after AUTH from unknown[213.176.26.95]
Aug  9 07:24:15 brollon postfix/smtps/smtpd[20714]: disconnect from unknown[213.176.26.95] ehlo=1 auth=0/1 rset=1 commands=2/3
Aug  9 07:24:16 brollon postfix/smtps/smtpd[1419]: warning: unknown[213.176.26.51]: SASL LOGIN authentication failed: UGFzc3dvcmQ6
Aug  9 07:24:16 brollon postfix/smtps/smtpd[1419]: lost connection after AUTH from unknown[213.176.26.51]
Aug  9 07:24:16 brollon postfix/smtps/smtpd[1419]: disconnect from unknown[213.176.26.51] ehlo=1 auth=0/1 rset=1 commands=2/3
Aug  9 07:24:17 brollon postfix/submission/smtpd[28133]: warning: unknown[213.176.26.76]: SASL LOGIN authentication failed: UGFzc3dvcmQ6
Aug  9 07:24:17 brollon postfix/submission/smtpd[28133]: disconnect from unknown[213.176.26.76] ehlo=1 auth=0/1 rset=1 quit=1 commands=3/4
Aug  9 07:24:19 brollon postfix/submission/smtpd[1141]: warning: unknown[213.176.26.114]: SASL LOGIN authentication failed: UGFzc3dvcmQ6
Aug  9 07:24:19 brollon postfix/submission/smtpd[1141]: disconnect from unknown[213.176.26.114] ehlo=1 auth=0/1 rset=1 quit=1 commands=3/4
Aug  9 07:24:25 brollon postfix/smtps/smtpd[1422]: connect from unknown[213.176.26.42]
Aug  9 07:24:25 brollon postfix/submission/smtpd[27391]: connect from unknown[213.176.26.159]
Aug  9 07:24:27 brollon postfix/submission/smtpd[1141]: connect from unknown[213.176.26.144]
Aug  9 07:24:30 brollon postfix/submission/smtpd[27391]: warning: unknown[213.176.26.159]: SASL LOGIN authentication failed: UGFzc3dvcmQ6
Aug  9 07:24:30 brollon postfix/submission/smtpd[27391]: disconnect from unknown[213.176.26.159] ehlo=1 auth=0/1 rset=1 quit=1 commands=3/4
Aug  9 07:24:31 brollon postfix/smtps/smtpd[1422]: warning: unknown[213.176.26.42]: SASL LOGIN authentication failed: UGFzc3dvcmQ6
Aug  9 07:24:31 brollon postfix/smtps/smtpd[1422]: lost connection after AUTH from unknown[213.176.26.42]
Aug  9 07:24:31 brollon postfix/smtps/smtpd[1422]: disconnect from unknown[213.176.26.42] ehlo=1 auth=0/1 rset=1 commands=2/3
Aug  9 07:24:33 brollon postfix/submission/smtpd[1141]: warning: unknown[213.176.26.144]: SASL LOGIN authentication failed: UGFzc3dvcmQ6
Aug  9 07:24:33 brollon postfix/submission/smtpd[1141]: disconnect from unknown[213.176.26.144] ehlo=1 auth=0/1 rset=1 quit=1 commands=3/4
Aug  9 07:24:42 brollon postfix/submission/smtpd[28133]: connect from unknown[213.176.26.74]
Aug  9 07:24:45 brollon postfix/submission/smtpd[1141]: connect from unknown[213.176.26.64]
Aug  9 07:24:46 brollon postfix/submission/smtpd[27391]: connect from unknown[213.176.26.134]
Aug  9 07:24:47 brollon postfix/smtps/smtpd[20714]: connect from unknown[213.176.26.19]
Aug  9 07:24:48 brollon postfix/submission/smtpd[28133]: warning: unknown[213.176.26.74]: SASL LOGIN authentication failed: UGFzc3dvcmQ6
Aug  9 07:24:49 brollon postfix/submission/smtpd[28133]: disconnect from unknown[213.176.26.74] ehlo=1 auth=0/1 rset=1 quit=1 commands=3/4
Aug  9 07:24:50 brollon postfix/smtps/smtpd[20714]: warning: unknown[213.176.26.19]: SASL LOGIN authentication failed: UGFzc3dvcmQ6
Aug  9 07:24:50 brollon postfix/smtps/smtpd[20714]: lost connection after AUTH from unknown[213.176.26.19]
Aug  9 07:24:50 brollon postfix/smtps/smtpd[20714]: disconnect from unknown[213.176.26.19] ehlo=1 auth=0/1 rset=1 commands=2/3
Aug  9 07:24:51 brollon postfix/submission/smtpd[1141]: warning: unknown[213.176.26.64]: SASL LOGIN authentication failed: UGFzc3dvcmQ6
Aug  9 07:24:52 brollon postfix/submission/smtpd[1141]: disconnect from unknown[213.176.26.64] ehlo=1 auth=0/1 rset=1 quit=1 commands=3/4
Aug  9 07:24:52 brollon postfix/submission/smtpd[27391]: warning: unknown[213.176.26.134]: SASL LOGIN authentication failed: UGFzc3dvcmQ6
Aug  9 07:24:52 brollon postfix/submission/smtpd[27391]: disconnect from unknown[213.176.26.134] ehlo=1 auth=0/1 rset=1 quit=1 commands=3/4
Aug  9 07:24:56 brollon postfix/submission/smtpd[28133]: connect from unknown[213.176.26.113]
Aug  9 07:24:59 brollon postfix/submission/smtpd[28133]: warning: unknown[213.176.26.113]: SASL LOGIN authentication failed: UGFzc3dvcmQ6
Aug  9 07:24:59 brollon postfix/submission/smtpd[28133]: disconnect from unknown[213.176.26.113] ehlo=1 auth=0/1 rset=1 quit=1 commands=3/4
Aug  9 07:25:01 brollon postfix/smtpd[32744]: connect from localhost[127.0.0.1]
Aug  9 07:25:01 brollon postfix/smtpd[32744]: lost connection after CONNECT from localhost[127.0.0.1]
Aug  9 07:25:01 brollon postfix/smtpd[32744]: disconnect from localhost[127.0.0.1] commands=0/0
Aug  9 07:25:02 brollon dovecot: imap-login: Disconnected (no auth attempts in 0 secs): user=<>, rip=127.0.0.1, lip=127.0.0.1, secured, session=<dGnHIphYetB/AAAB>
Aug  9 07:25:02 brollon dovecot: pop3-login: Disconnected (no auth attempts in 0 secs): user=<>, rip=127.0.0.1, lip=127.0.0.1, secured, session=<rWvHIphYqsh/AAAB>
Aug  9 07:25:02 brollon postfix/smtpd[32744]: connect from localhost[127.0.0.1]
Aug  9 07:25:02 brollon postfix/smtpd[32744]: lost connection after CONNECT from localhost[127.0.0.1]
Aug  9 07:25:02 brollon postfix/smtpd[32744]: disconnect from localhost[127.0.0.1] commands=0/0
Aug  9 07:25:02 brollon dovecot: pop3-login: Disconnected (no auth attempts in 0 secs): user=<>, rip=127.0.0.1, lip=127.0.0.1, secured, session=<h5bLIphYtsh/AAAB>
Aug  9 07:25:02 brollon dovecot: imap-login: Disconnected (no auth attempts in 0 secs): user=<>, rip=127.0.0.1, lip=127.0.0.1, secured, session=<2aXLIphYhtB/AAAB>
Aug  9 07:25:03 brollon postfix/submission/smtpd[1141]: connect from unknown[213.176.26.85]
Aug  9 07:25:04 brollon postfix/smtps/smtpd[1419]: connect from unknown[213.176.26.52]
Aug  9 07:25:04 brollon postfix/smtps/smtpd[1422]: connect from unknown[213.176.26.62]
Aug  9 07:25:07 brollon postfix/submission/smtpd[28133]: connect from unknown[213.176.26.78]
Aug  9 07:25:08 brollon postfix/submission/smtpd[1141]: warning: unknown[213.176.26.85]: SASL LOGIN authentication failed: UGFzc3dvcmQ6
Aug  9 07:25:08 brollon postfix/submission/smtpd[1141]: disconnect from unknown[213.176.26.85] ehlo=1 auth=0/1 rset=1 quit=1 commands=3/4
Aug  9 07:25:10 brollon postfix/smtps/smtpd[1419]: warning: unknown[213.176.26.52]: SASL LOGIN authentication failed: UGFzc3dvcmQ6
Aug  9 07:25:10 brollon postfix/smtps/smtpd[1419]: lost connection after AUTH from unknown[213.176.26.52]
Aug  9 07:25:10 brollon postfix/smtps/smtpd[1419]: disconnect from unknown[213.176.26.52] ehlo=1 auth=0/1 rset=1 commands=2/3
Aug  9 07:25:12 brollon postfix/smtps/smtpd[20714]: connect from unknown[213.176.26.69]
Aug  9 07:25:13 brollon postfix/submission/smtpd[1141]: connect from unknown[213.176.26.76]
Aug  9 07:25:13 brollon postfix/smtps/smtpd[1422]: warning: unknown[213.176.26.62]: SASL LOGIN authentication failed: UGFzc3dvcmQ6
Aug  9 07:25:13 brollon postfix/submission/smtpd[2049]: connect from unknown[213.176.26.114]
Aug  9 07:25:14 brollon postfix/submission/smtpd[28133]: warning: unknown[213.176.26.78]: SASL LOGIN authentication failed: UGFzc3dvcmQ6
Aug  9 07:25:14 brollon postfix/submission/smtpd[28133]: disconnect from unknown[213.176.26.78] ehlo=1 auth=0/1 rset=1 quit=1 commands=3/4
Aug  9 07:25:16 brollon postfix/submission/smtpd[2049]: warning: unknown[213.176.26.114]: SASL LOGIN authentication failed: UGFzc3dvcmQ6
Aug  9 07:25:16 brollon postfix/submission/smtpd[2049]: disconnect from unknown[213.176.26.114] ehlo=1 auth=0/1 rset=1 quit=1 commands=3/4
Aug  9 07:25:16 brollon postfix/smtps/smtpd[1422]: lost connection after AUTH from unknown[213.176.26.62]
Aug  9 07:25:16 brollon postfix/smtps/smtpd[1422]: disconnect from unknown[213.176.26.62] ehlo=1 auth=0/1 rset=1 commands=2/3
Aug  9 07:25:19 brollon postfix/submission/smtpd[1141]: warning: unknown[213.176.26.76]: SASL LOGIN authentication failed: UGFzc3dvcmQ6
Aug  9 07:25:19 brollon postfix/submission/smtpd[1141]: disconnect from unknown[213.176.26.76] ehlo=1 auth=0/1 rset=1 quit=1 commands=3/4
Aug  9 07:25:20 brollon postfix/smtps/smtpd[20714]: warning: unknown[213.176.26.69]: SASL LOGIN authentication failed: UGFzc3dvcmQ6
Aug  9 07:25:23 brollon postfix/smtps/smtpd[20714]: lost connection after AUTH from unknown[213.176.26.69]
Aug  9 07:25:23 brollon postfix/smtps/smtpd[20714]: disconnect from unknown[213.176.26.69] ehlo=1 auth=0/1 rset=1 commands=2/3
Aug  9 07:25:26 brollon postfix/submission/smtpd[28133]: connect from unknown[213.176.26.159]
Aug  9 07:25:31 brollon postfix/submission/smtpd[2049]: connect from unknown[213.176.26.144]
Aug  9 07:25:33 brollon postfix/submission/smtpd[28133]: warning: unknown[213.176.26.159]: SASL LOGIN authentication failed: UGFzc3dvcmQ6
Aug  9 07:25:33 brollon postfix/submission/smtpd[28133]: disconnect from unknown[213.176.26.159] ehlo=1 auth=0/1 rset=1 quit=1 commands=3/4
Aug  9 07:25:37 brollon postfix/smtps/smtpd[1419]: connect from unknown[213.176.26.22]
Aug  9 07:25:38 brollon postfix/submission/smtpd[2049]: warning: unknown[213.176.26.144]: SASL LOGIN authentication failed: UGFzc3dvcmQ6
Aug  9 07:25:39 brollon postfix/submission/smtpd[2049]: disconnect from unknown[213.176.26.144] ehlo=1 auth=0/1 rset=1 quit=1 commands=3/4
Aug  9 07:25:42 brollon postfix/smtps/smtpd[1422]: connect from unknown[213.176.26.58]
Aug  9 07:25:43 brollon postfix/smtps/smtpd[1419]: warning: unknown[213.176.26.22]: SASL LOGIN authentication failed: UGFzc3dvcmQ6
Aug  9 07:25:43 brollon postfix/smtps/smtpd[1419]: lost connection after AUTH from unknown[213.176.26.22]
Aug  9 07:25:43 brollon postfix/smtps/smtpd[1419]: disconnect from unknown[213.176.26.22] ehlo=1 auth=0/1 rset=1 commands=2/3
Aug  9 07:25:44 brollon postfix/submission/smtpd[1141]: connect from unknown[213.176.26.74]
Aug  9 07:25:47 brollon postfix/smtps/smtpd[1422]: warning: unknown[213.176.26.58]: SASL LOGIN authentication failed: UGFzc3dvcmQ6
Aug  9 07:25:47 brollon postfix/smtps/smtpd[1422]: lost connection after AUTH from unknown[213.176.26.58]
Aug  9 07:25:47 brollon postfix/smtps/smtpd[1422]: disconnect from unknown[213.176.26.58] ehlo=1 auth=0/1 rset=1 commands=2/3
Aug  9 07:25:48 brollon postfix/smtps/smtpd[20714]: connect from unknown[213.176.26.153]
Aug  9 07:25:50 brollon postfix/submission/smtpd[2049]: connect from unknown[213.176.26.134]
Aug  9 07:25:50 brollon postfix/submission/smtpd[28133]: connect from unknown[213.176.26.64]
Aug  9 07:25:51 brollon postfix/submission/smtpd[1141]: warning: unknown[213.176.26.74]: SASL LOGIN authentication failed: UGFzc3dvcmQ6
Aug  9 07:25:51 brollon postfix/submission/smtpd[1141]: disconnect from unknown[213.176.26.74] ehlo=1 auth=0/1 rset=1 quit=1 commands=3/4
Aug  9 07:25:51 brollon postfix/smtps/smtpd[1422]: connect from unknown[213.176.26.72]
Aug  9 07:25:53 brollon postfix/smtps/smtpd[1419]: connect from unknown[213.176.24.64]
Aug  9 07:25:55 brollon postfix/smtps/smtpd[20714]: warning: unknown[213.176.26.153]: SASL LOGIN authentication failed: UGFzc3dvcmQ6
Aug  9 07:25:56 brollon postfix/smtps/smtpd[20714]: lost connection after AUTH from unknown[213.176.26.153]
Aug  9 07:25:56 brollon postfix/smtps/smtpd[20714]: disconnect from unknown[213.176.26.153] ehlo=1 auth=0/1 rset=1 commands=2/3
Aug  9 07:25:57 brollon postfix/submission/smtpd[28133]: warning: unknown[213.176.26.64]: SASL LOGIN authentication failed: UGFzc3dvcmQ6
Aug  9 07:25:57 brollon postfix/submission/smtpd[2049]: warning: unknown[213.176.26.134]: SASL LOGIN authentication failed: UGFzc3dvcmQ6
