Aug  9 08:51:49 brollon postfix/submission/smtpd[13393]: warning: unknown[213.176.26.64]: SASL LOGIN authentication failed: UGFzc3dvcmQ6
Aug  9 08:51:49 brollon postfix/submission/smtpd[13393]: disconnect from unknown[213.176.26.64] ehlo=1 auth=0/1 rset=1 quit=1 commands=3/4
Aug  9 08:52:01 brollon postfix/smtpd[14670]: connect from localhost[127.0.0.1]
Aug  9 08:52:01 brollon postfix/smtpd[14670]: lost connection after CONNECT from localhost[127.0.0.1]
Aug  9 08:52:01 brollon postfix/smtpd[14670]: disconnect from localhost[127.0.0.1] commands=0/0
Aug  9 08:52:01 brollon dovecot: pop3-login: Disconnected (no auth attempts in 0 secs): user=<>, rip=127.0.0.1, lip=127.0.0.1, secured, session=<w4XiWZlYDKp/AAAB>
Aug  9 08:52:01 brollon dovecot: imap-login: Disconnected (no auth attempts in 0 secs): user=<>, rip=127.0.0.1, lip=127.0.0.1, secured, session=<nI/iWZlY3LF/AAAB>
Aug  9 08:52:11 brollon postfix/submission/smtpd[14200]: connect from unknown[213.176.26.134]
Aug  9 08:52:14 brollon postfix/submission/smtpd[13393]: connect from unknown[213.176.26.114]
Aug  9 08:52:17 brollon postfix/submission/smtpd[14200]: warning: unknown[213.176.26.134]: SASL LOGIN authentication failed: UGFzc3dvcmQ6
Aug  9 08:52:17 brollon postfix/submission/smtpd[14200]: disconnect from unknown[213.176.26.134] ehlo=1 auth=0/1 rset=1 quit=1 commands=3/4
Aug  9 08:52:17 brollon postfix/submission/smtpd[15213]: connect from unknown[213.176.26.144]
Aug  9 08:52:20 brollon postfix/submission/smtpd[13393]: warning: unknown[213.176.26.114]: SASL LOGIN authentication failed: UGFzc3dvcmQ6
Aug  9 08:52:20 brollon postfix/submission/smtpd[13393]: disconnect from unknown[213.176.26.114] ehlo=1 auth=0/1 rset=1 quit=1 commands=3/4
Aug  9 08:52:22 brollon postfix/submission/smtpd[15102]: connect from unknown[213.176.26.159]
Aug  9 08:52:23 brollon postfix/smtps/smtpd[15982]: connect from unknown[213.176.26.54]
Aug  9 08:52:24 brollon postfix/submission/smtpd[15213]: warning: unknown[213.176.26.144]: SASL LOGIN authentication failed: UGFzc3dvcmQ6
Aug  9 08:52:24 brollon postfix/submission/smtpd[15213]: disconnect from unknown[213.176.26.144] ehlo=1 auth=0/1 rset=1 quit=1 commands=3/4
Aug  9 08:52:29 brollon postfix/submission/smtpd[15102]: warning: unknown[213.176.26.159]: SASL LOGIN authentication failed: UGFzc3dvcmQ6
Aug  9 08:52:30 brollon postfix/submission/smtpd[15102]: disconnect from unknown[213.176.26.159] ehlo=1 auth=0/1 rset=1 quit=1 commands=3/4
Aug  9 08:52:32 brollon postfix/smtps/smtpd[15982]: warning: unknown[213.176.26.54]: SASL LOGIN authentication failed: UGFzc3dvcmQ6
Aug  9 08:52:34 brollon postfix/smtps/smtpd[15982]: lost connection after AUTH from unknown[213.176.26.54]
Aug  9 08:52:34 brollon postfix/smtps/smtpd[15982]: disconnect from unknown[213.176.26.54] ehlo=1 auth=0/1 rset=1 commands=2/3
Aug  9 08:52:35 brollon postfix/submission/smtpd[13393]: connect from unknown[213.176.26.78]
Aug  9 08:52:38 brollon postfix/submission/smtpd[15213]: connect from unknown[213.176.26.74]
Aug  9 08:52:38 brollon postfix/submission/smtpd[15102]: connect from unknown[213.176.26.76]
Aug  9 08:52:40 brollon postfix/submission/smtpd[13393]: warning: unknown[213.176.26.78]: SASL LOGIN authentication failed: UGFzc3dvcmQ6
Aug  9 08:52:40 brollon postfix/submission/smtpd[13393]: disconnect from unknown[213.176.26.78] ehlo=1 auth=0/1 rset=1 quit=1 commands=3/4
Aug  9 08:52:44 brollon postfix/submission/smtpd[15213]: warning: unknown[213.176.26.74]: SASL LOGIN authentication failed: UGFzc3dvcmQ6
Aug  9 08:52:44 brollon postfix/submission/smtpd[14200]: connect from unknown[213.176.26.85]
Aug  9 08:52:44 brollon postfix/submission/smtpd[15213]: disconnect from unknown[213.176.26.74] ehlo=1 auth=0/1 rset=1 quit=1 commands=3/4
Aug  9 08:52:45 brollon postfix/submission/smtpd[15102]: warning: unknown[213.176.26.76]: SASL LOGIN authentication failed: UGFzc3dvcmQ6
Aug  9 08:52:45 brollon postfix/submission/smtpd[15102]: disconnect from unknown[213.176.26.76] ehlo=1 auth=0/1 rset=1 quit=1 commands=3/4
Aug  9 08:52:45 brollon postfix/submission/smtpd[13393]: connect from unknown[213.176.26.113]
Aug  9 08:52:45 brollon postfix/submission/smtpd[15102]: connect from unknown[213.176.26.64]
Aug  9 08:52:49 brollon postfix/submission/smtpd[13393]: warning: unknown[213.176.26.113]: SASL LOGIN authentication failed: UGFzc3dvcmQ6
Aug  9 08:52:49 brollon postfix/submission/smtpd[13393]: disconnect from unknown[213.176.26.113] ehlo=1 auth=0/1 rset=1 quit=1 commands=3/4
Aug  9 08:52:51 brollon postfix/submission/smtpd[14200]: warning: unknown[213.176.26.85]: SASL LOGIN authentication failed: UGFzc3dvcmQ6
Aug  9 08:52:51 brollon postfix/submission/smtpd[14200]: disconnect from unknown[213.176.26.85] ehlo=1 auth=0/1 rset=1 quit=1 commands=3/4
Aug  9 08:52:52 brollon postfix/submission/smtpd[15102]: warning: unknown[213.176.26.64]: SASL LOGIN authentication failed: UGFzc3dvcmQ6
Aug  9 08:52:52 brollon postfix/submission/smtpd[15102]: disconnect from unknown[213.176.26.64] ehlo=1 auth=0/1 rset=1 quit=1 commands=3/4
Aug  9 08:53:01 brollon postfix/smtpd[14670]: connect from localhost[127.0.0.1]
Aug  9 08:53:01 brollon postfix/smtpd[14670]: lost connection after CONNECT from localhost[127.0.0.1]
Aug  9 08:53:01 brollon postfix/smtpd[14670]: disconnect from localhost[127.0.0.1] commands=0/0
Aug  9 08:53:01 brollon dovecot: pop3-login: Disconnected (no auth attempts in 0 secs): user=<>, rip=127.0.0.1, lip=127.0.0.1, secured, session=<I7d4XZlYXKp/AAAB>
Aug  9 08:53:01 brollon dovecot: imap-login: Disconnected (no auth attempts in 0 secs): user=<>, rip=127.0.0.1, lip=127.0.0.1, secured, session=<hdt4XZlYLLJ/AAAB>
Aug  9 08:53:02 brollon postfix/smtps/smtpd[16162]: connect from unknown[213.176.26.166]
Aug  9 08:53:08 brollon postfix/smtps/smtpd[15982]: connect from unknown[213.176.26.63]
Aug  9 08:53:08 brollon postfix/smtps/smtpd[16162]: warning: unknown[213.176.26.166]: SASL LOGIN authentication failed: UGFzc3dvcmQ6
Aug  9 08:53:08 brollon postfix/smtps/smtpd[16162]: lost connection after AUTH from unknown[213.176.26.166]
Aug  9 08:53:08 brollon postfix/smtps/smtpd[16162]: disconnect from unknown[213.176.26.166] ehlo=1 auth=0/1 rset=1 commands=2/3
Aug  9 08:53:14 brollon postfix/smtps/smtpd[15982]: warning: unknown[213.176.26.63]: SASL LOGIN authentication failed: UGFzc3dvcmQ6
Aug  9 08:53:14 brollon postfix/smtps/smtpd[15982]: lost connection after AUTH from unknown[213.176.26.63]
Aug  9 08:53:14 brollon postfix/smtps/smtpd[15982]: disconnect from unknown[213.176.26.63] ehlo=1 auth=0/1 rset=1 commands=2/3
Aug  9 08:53:14 brollon postfix/submission/smtpd[15213]: connect from unknown[213.176.26.114]
Aug  9 08:53:15 brollon postfix/submission/smtpd[15102]: connect from unknown[213.176.26.134]
Aug  9 08:53:16 brollon postfix/smtps/smtpd[16162]: connect from unknown[213.176.26.42]
Aug  9 08:53:21 brollon postfix/submission/smtpd[13393]: connect from unknown[213.176.26.144]
Aug  9 08:53:21 brollon postfix/submission/smtpd[15213]: warning: unknown[213.176.26.114]: SASL LOGIN authentication failed: UGFzc3dvcmQ6
Aug  9 08:53:21 brollon postfix/submission/smtpd[15102]: warning: unknown[213.176.26.134]: SASL LOGIN authentication failed: UGFzc3dvcmQ6
Aug  9 08:53:21 brollon postfix/submission/smtpd[15213]: disconnect from unknown[213.176.26.114] ehlo=1 auth=0/1 rset=1 quit=1 commands=3/4
Aug  9 08:53:21 brollon postfix/submission/smtpd[15102]: disconnect from unknown[213.176.26.134] ehlo=1 auth=0/1 rset=1 quit=1 commands=3/4
Aug  9 08:53:22 brollon postfix/smtps/smtpd[16162]: warning: unknown[213.176.26.42]: SASL LOGIN authentication failed: UGFzc3dvcmQ6
Aug  9 08:53:22 brollon postfix/smtps/smtpd[16162]: lost connection after AUTH from unknown[213.176.26.42]
Aug  9 08:53:22 brollon postfix/smtps/smtpd[16162]: disconnect from unknown[213.176.26.42] ehlo=1 auth=0/1 rset=1 commands=2/3
Aug  9 08:53:24 brollon postfix/submission/smtpd[14200]: connect from unknown[213.176.26.159]
Aug  9 08:53:28 brollon postfix/submission/smtpd[13393]: warning: unknown[213.176.26.144]: SASL LOGIN authentication failed: UGFzc3dvcmQ6
Aug  9 08:53:28 brollon postfix/submission/smtpd[13393]: disconnect from unknown[213.176.26.144] ehlo=1 auth=0/1 rset=1 quit=1 commands=3/4
Aug  9 08:53:30 brollon postfix/submission/smtpd[14200]: warning: unknown[213.176.26.159]: SASL LOGIN authentication failed: UGFzc3dvcmQ6
Aug  9 08:53:30 brollon postfix/submission/smtpd[14200]: disconnect from unknown[213.176.26.159] ehlo=1 auth=0/1 rset=1 quit=1 commands=3/4
Aug  9 08:53:38 brollon postfix/submission/smtpd[15213]: connect from unknown[213.176.26.78]
Aug  9 08:53:41 brollon postfix/submission/smtpd[14200]: connect from unknown[213.176.26.74]
Aug  9 08:53:41 brollon postfix/submission/smtpd[15102]: connect from unknown[213.176.26.76]
Aug  9 08:53:45 brollon postfix/submission/smtpd[15213]: warning: unknown[213.176.26.78]: SASL LOGIN authentication failed: UGFzc3dvcmQ6
Aug  9 08:53:45 brollon postfix/submission/smtpd[15213]: disconnect from unknown[213.176.26.78] ehlo=1 auth=0/1 rset=1 quit=1 commands=3/4
Aug  9 08:53:46 brollon postfix/submission/smtpd[14200]: warning: unknown[213.176.26.74]: SASL LOGIN authentication failed: UGFzc3dvcmQ6
Aug  9 08:53:46 brollon postfix/submission/smtpd[14200]: disconnect from unknown[213.176.26.74] ehlo=1 auth=0/1 rset=1 quit=1 commands=3/4
Aug  9 08:53:46 brollon postfix/submission/smtpd[13393]: connect from unknown[213.176.26.85]
Aug  9 08:53:46 brollon postfix/submission/smtpd[15213]: connect from unknown[213.176.26.113]
Aug  9 08:53:48 brollon postfix/submission/smtpd[15102]: warning: unknown[213.176.26.76]: SASL LOGIN authentication failed: UGFzc3dvcmQ6
Aug  9 08:53:49 brollon postfix/submission/smtpd[15102]: disconnect from unknown[213.176.26.76] ehlo=1 auth=0/1 rset=1 quit=1 commands=3/4
Aug  9 08:53:49 brollon postfix/submission/smtpd[14200]: connect from unknown[213.176.26.64]
Aug  9 08:53:52 brollon postfix/smtps/smtpd[15982]: connect from unknown[213.176.26.69]
Aug  9 08:53:53 brollon postfix/submission/smtpd[15213]: warning: unknown[213.176.26.113]: SASL LOGIN authentication failed: UGFzc3dvcmQ6
Aug  9 08:53:53 brollon postfix/submission/smtpd[13393]: warning: unknown[213.176.26.85]: SASL LOGIN authentication failed: UGFzc3dvcmQ6
Aug  9 08:53:53 brollon postfix/submission/smtpd[15213]: disconnect from unknown[213.176.26.113] ehlo=1 auth=0/1 rset=1 quit=1 commands=3/4
Aug  9 08:53:53 brollon postfix/submission/smtpd[13393]: disconnect from unknown[213.176.26.85] ehlo=1 auth=0/1 rset=1 quit=1 commands=3/4
Aug  9 08:53:55 brollon postfix/smtpd[14670]: connect from unknown[2.57.122.98]
Aug  9 08:53:56 brollon postfix/submission/smtpd[14200]: warning: unknown[213.176.26.64]: SASL LOGIN authentication failed: UGFzc3dvcmQ6
Aug  9 08:53:56 brollon postfix/submission/smtpd[14200]: disconnect from unknown[213.176.26.64] ehlo=1 auth=0/1 rset=1 quit=1 commands=3/4
Aug  9 08:53:57 brollon postfix/smtpd[14670]: warning: unknown[2.57.122.98]: SASL LOGIN authentication failed: UGFzc3dvcmQ6
Aug  9 08:53:57 brollon postfix/smtpd[14670]: disconnect from unknown[2.57.122.98] ehlo=1 auth=0/1 quit=1 commands=2/3
Aug  9 08:53:59 brollon postfix/smtps/smtpd[15982]: warning: unknown[213.176.26.69]: SASL LOGIN authentication failed: UGFzc3dvcmQ6
Aug  9 08:53:59 brollon postfix/smtps/smtpd[15982]: lost connection after AUTH from unknown[213.176.26.69]
Aug  9 08:53:59 brollon postfix/smtps/smtpd[15982]: disconnect from unknown[213.176.26.69] ehlo=1 auth=0/1 rset=1 commands=2/3
Aug  9 08:54:01 brollon postfix/smtpd[14670]: connect from localhost[127.0.0.1]
Aug  9 08:54:01 brollon postfix/smtpd[14670]: lost connection after CONNECT from localhost[127.0.0.1]
Aug  9 08:54:01 brollon postfix/smtpd[14670]: disconnect from localhost[127.0.0.1] commands=0/0
Aug  9 08:54:01 brollon dovecot: imap-login: Disconnected (no auth attempts in 0 secs): user=<>, rip=127.0.0.1, lip=127.0.0.1, secured, session=<X9QOYZlYdrN/AAAB>
Aug  9 08:54:01 brollon dovecot: pop3-login: Disconnected (no auth attempts in 0 secs): user=<>, rip=127.0.0.1, lip=127.0.0.1, secured, session=<OQUPYZlYpqt/AAAB>
Aug  9 08:54:15 brollon postfix/submission/smtpd[15102]: connect from unknown[213.176.26.114]
Aug  9 08:54:18 brollon postfix/submission/smtpd[15213]: connect from unknown[213.176.26.134]
Aug  9 08:54:22 brollon postfix/submission/smtpd[15102]: warning: unknown[213.176.26.114]: SASL LOGIN authentication failed: UGFzc3dvcmQ6
Aug  9 08:54:22 brollon postfix/submission/smtpd[15102]: disconnect from unknown[213.176.26.114] ehlo=1 auth=0/1 rset=1 quit=1 commands=3/4
Aug  9 08:54:24 brollon postfix/smtps/smtpd[16162]: connect from unknown[213.176.26.62]
Aug  9 08:54:24 brollon postfix/submission/smtpd[14200]: connect from unknown[213.176.26.144]
Aug  9 08:54:25 brollon postfix/submission/smtpd[13393]: connect from unknown[213.176.26.159]
Aug  9 08:54:26 brollon postfix/submission/smtpd[15213]: warning: unknown[213.176.26.134]: SASL LOGIN authentication failed: UGFzc3dvcmQ6
Aug  9 08:54:26 brollon postfix/submission/smtpd[15213]: disconnect from unknown[213.176.26.134] ehlo=1 auth=0/1 rset=1 quit=1 commands=3/4
Aug  9 08:54:30 brollon postfix/submission/smtpd[13393]: warning: unknown[213.176.26.159]: SASL LOGIN authentication failed: UGFzc3dvcmQ6
Aug  9 08:54:30 brollon postfix/smtps/smtpd[16162]: warning: unknown[213.176.26.62]: SASL LOGIN authentication failed: UGFzc3dvcmQ6
Aug  9 08:54:30 brollon postfix/smtps/smtpd[16162]: lost connection after AUTH from unknown[213.176.26.62]
Aug  9 08:54:30 brollon postfix/smtps/smtpd[16162]: disconnect from unknown[213.176.26.62] ehlo=1 auth=0/1 rset=1 commands=2/3
Aug  9 08:54:31 brollon postfix/submission/smtpd[13393]: disconnect from unknown[213.176.26.159] ehlo=1 auth=0/1 rset=1 quit=1 commands=3/4
Aug  9 08:54:31 brollon postfix/submission/smtpd[14200]: warning: unknown[213.176.26.144]: SASL LOGIN authentication failed: UGFzc3dvcmQ6
Aug  9 08:54:32 brollon postfix/submission/smtpd[14200]: disconnect from unknown[213.176.26.144] ehlo=1 auth=0/1 rset=1 quit=1 commands=3/4
Aug  9 08:54:33 brollon postfix/smtps/smtpd[15982]: connect from unknown[213.176.26.191]
Aug  9 08:54:35 brollon postfix/smtps/smtpd[15982]: warning: unknown[213.176.26.191]: SASL LOGIN authentication failed: UGFzc3dvcmQ6
Aug  9 08:54:35 brollon postfix/smtps/smtpd[16162]: connect from unknown[213.176.26.175]
Aug  9 08:54:36 brollon postfix/smtps/smtpd[15982]: lost connection after AUTH from unknown[213.176.26.191]
Aug  9 08:54:36 brollon postfix/smtps/smtpd[15982]: disconnect from unknown[213.176.26.191] ehlo=1 auth=0/1 rset=1 commands=2/3
Aug  9 08:54:41 brollon postfix/submission/smtpd[15102]: connect from unknown[213.176.26.78]
Aug  9 08:54:42 brollon postfix/smtps/smtpd[16162]: warning: unknown[213.176.26.175]: SASL LOGIN authentication failed: UGFzc3dvcmQ6
Aug  9 08:54:42 brollon postfix/smtps/smtpd[16162]: lost connection after AUTH from unknown[213.176.26.175]
Aug  9 08:54:42 brollon postfix/smtps/smtpd[16162]: disconnect from unknown[213.176.26.175] ehlo=1 auth=0/1 rset=1 commands=2/3
Aug  9 08:54:44 brollon postfix/submission/smtpd[14200]: connect from unknown[213.176.26.76]
Aug  9 08:54:44 brollon postfix/smtps/smtpd[15982]: connect from unknown[213.176.26.21]
Aug  9 08:54:44 brollon postfix/submission/smtpd[15213]: connect from unknown[213.176.26.74]
Aug  9 08:54:48 brollon postfix/submission/smtpd[15102]: warning: unknown[213.176.26.78]: SASL LOGIN authentication failed: UGFzc3dvcmQ6
Aug  9 08:54:48 brollon postfix/submission/smtpd[13393]: connect from unknown[213.176.26.113]
Aug  9 08:54:49 brollon postfix/submission/smtpd[15102]: disconnect from unknown[213.176.26.78] ehlo=1 auth=0/1 rset=1 quit=1 commands=3/4
Aug  9 08:54:49 brollon postfix/smtps/smtpd[15982]: warning: unknown[213.176.26.21]: SASL LOGIN authentication failed: UGFzc3dvcmQ6
Aug  9 08:54:49 brollon postfix/submission/smtpd[15102]: connect from unknown[213.176.26.85]
Aug  9 08:54:50 brollon postfix/smtps/smtpd[16162]: connect from unknown[213.176.24.64]
Aug  9 08:54:51 brollon postfix/submission/smtpd[14200]: warning: unknown[213.176.26.76]: SASL LOGIN authentication failed: UGFzc3dvcmQ6
Aug  9 08:54:51 brollon postfix/submission/smtpd[15213]: warning: unknown[213.176.26.74]: SASL LOGIN authentication failed: UGFzc3dvcmQ6
Aug  9 08:54:51 brollon postfix/submission/smtpd[14200]: disconnect from unknown[213.176.26.76] ehlo=1 auth=0/1 rset=1 quit=1 commands=3/4
Aug  9 08:54:51 brollon postfix/smtps/smtpd[15982]: lost connection after AUTH from unknown[213.176.26.21]
Aug  9 08:54:51 brollon postfix/smtps/smtpd[15982]: disconnect from unknown[213.176.26.21] ehlo=1 auth=0/1 rset=1 commands=2/3
Aug  9 08:54:51 brollon postfix/submission/smtpd[15213]: disconnect from unknown[213.176.26.74] ehlo=1 auth=0/1 rset=1 quit=1 commands=3/4
Aug  9 08:54:52 brollon postfix/submission/smtpd[14200]: connect from unknown[213.176.26.64]
Aug  9 08:54:52 brollon postfix/smtps/smtpd[15982]: connect from unknown[213.176.26.122]
Aug  9 08:54:54 brollon postfix/submission/smtpd[13393]: warning: unknown[213.176.26.113]: SASL LOGIN authentication failed: UGFzc3dvcmQ6
Aug  9 08:54:54 brollon postfix/submission/smtpd[13393]: disconnect from unknown[213.176.26.113] ehlo=1 auth=0/1 rset=1 quit=1 commands=3/4
Aug  9 08:54:55 brollon postfix/smtps/smtpd[15982]: warning: unknown[213.176.26.122]: SASL LOGIN authentication failed: UGFzc3dvcmQ6
Aug  9 08:54:55 brollon postfix/smtps/smtpd[15982]: lost connection after AUTH from unknown[213.176.26.122]
Aug  9 08:54:55 brollon postfix/smtps/smtpd[15982]: disconnect from unknown[213.176.26.122] ehlo=1 auth=0/1 rset=1 commands=2/3
Aug  9 08:54:56 brollon postfix/submission/smtpd[15102]: warning: unknown[213.176.26.85]: SASL LOGIN authentication failed: UGFzc3dvcmQ6
Aug  9 08:54:56 brollon postfix/submission/smtpd[15102]: disconnect from unknown[213.176.26.85] ehlo=1 auth=0/1 rset=1 quit=1 commands=3/4
Aug  9 08:54:58 brollon postfix/smtps/smtpd[15982]: connect from unknown[213.176.26.77]
Aug  9 08:54:59 brollon postfix/submission/smtpd[14200]: warning: unknown[213.176.26.64]: SASL LOGIN authentication failed: UGFzc3dvcmQ6
Aug  9 08:55:00 brollon postfix/submission/smtpd[14200]: disconnect from unknown[213.176.26.64] ehlo=1 auth=0/1 rset=1 quit=1 commands=3/4
Aug  9 08:55:00 brollon postfix/smtps/smtpd[17156]: connect from unknown[213.176.26.87]
Aug  9 08:55:02 brollon postfix/smtpd[14670]: connect from localhost[127.0.0.1]
Aug  9 08:55:02 brollon postfix/smtpd[14670]: lost connection after CONNECT from localhost[127.0.0.1]
Aug  9 08:55:02 brollon postfix/smtpd[14670]: disconnect from localhost[127.0.0.1] commands=0/0
Aug  9 08:55:02 brollon dovecot: imap-login: Disconnected (no auth attempts in 0 secs): user=<>, rip=127.0.0.1, lip=127.0.0.1, secured, session=<noimZJlYvLR/AAAB>
Aug  9 08:55:02 brollon dovecot: pop3-login: Disconnected (no auth attempts in 0 secs): user=<>, rip=127.0.0.1, lip=127.0.0.1, secured, session=<yo2mZJlY7Kx/AAAB>
Aug  9 08:55:02 brollon postfix/smtpd[14670]: connect from localhost[127.0.0.1]
Aug  9 08:55:02 brollon postfix/smtpd[14670]: lost connection after CONNECT from localhost[127.0.0.1]
Aug  9 08:55:02 brollon postfix/smtpd[14670]: disconnect from localhost[127.0.0.1] commands=0/0
Aug  9 08:55:02 brollon dovecot: pop3-login: Disconnected (no auth attempts in 0 secs): user=<>, rip=127.0.0.1, lip=127.0.0.1, secured, session=<afioZJlY+Kx/AAAB>
Aug  9 08:55:02 brollon dovecot: imap-login: Disconnected (disconnected before auth was ready, waited 0 secs): user=<>, rip=127.0.0.1, lip=127.0.0.1, secured, session=<kvmoZJlYyLR/AAAB>
Aug  9 08:55:04 brollon postfix/smtps/smtpd[17156]: warning: unknown[213.176.26.87]: SASL LOGIN authentication failed: UGFzc3dvcmQ6
Aug  9 08:55:04 brollon postfix/smtps/smtpd[15982]: warning: unknown[213.176.26.77]: SASL LOGIN authentication failed: UGFzc3dvcmQ6
Aug  9 08:55:04 brollon postfix/smtps/smtpd[15982]: lost connection after AUTH from unknown[213.176.26.77]
Aug  9 08:55:04 brollon postfix/smtps/smtpd[15982]: disconnect from unknown[213.176.26.77] ehlo=1 auth=0/1 rset=1 commands=2/3
Aug  9 08:55:06 brollon postfix/smtps/smtpd[17156]: lost connection after AUTH from unknown[213.176.26.87]
Aug  9 08:55:06 brollon postfix/smtps/smtpd[17156]: disconnect from unknown[213.176.26.87] ehlo=1 auth=0/1 rset=1 commands=2/3
Aug  9 08:55:14 brollon postfix/smtps/smtpd[16162]: warning: unknown[213.176.24.64]: SASL LOGIN authentication failed: UGFzc3dvcmQ6
Aug  9 08:55:14 brollon postfix/smtps/smtpd[16162]: lost connection after AUTH from unknown[213.176.24.64]
Aug  9 08:55:14 brollon postfix/smtps/smtpd[16162]: disconnect from unknown[213.176.24.64] ehlo=1 auth=0/1 rset=1 commands=2/3
Aug  9 08:55:14 brollon postfix/smtps/smtpd[15982]: connect from unknown[213.176.26.194]
Aug  9 08:55:14 brollon postfix/smtps/smtpd[17156]: connect from unknown[213.176.26.88]
Aug  9 08:55:16 brollon postfix/submission/smtpd[15213]: connect from unknown[213.176.26.114]
Aug  9 08:55:18 brollon postfix/smtps/smtpd[17156]: warning: unknown[213.176.26.88]: SASL LOGIN authentication failed: UGFzc3dvcmQ6
Aug  9 08:55:18 brollon postfix/submission/smtpd[15213]: warning: unknown[213.176.26.114]: SASL LOGIN authentication failed: UGFzc3dvcmQ6
Aug  9 08:55:18 brollon postfix/smtps/smtpd[17156]: lost connection after AUTH from unknown[213.176.26.88]
Aug  9 08:55:18 brollon postfix/smtps/smtpd[17156]: disconnect from unknown[213.176.26.88] ehlo=1 auth=0/1 rset=1 commands=2/3
Aug  9 08:55:18 brollon postfix/submission/smtpd[15213]: disconnect from unknown[213.176.26.114] ehlo=1 auth=0/1 rset=1 quit=1 commands=3/4
Aug  9 08:55:20 brollon postfix/smtps/smtpd[15982]: warning: unknown[213.176.26.194]: SASL LOGIN authentication failed: UGFzc3dvcmQ6
Aug  9 08:55:20 brollon postfix/smtps/smtpd[15982]: lost connection after AUTH from unknown[213.176.26.194]
Aug  9 08:55:20 brollon postfix/smtps/smtpd[15982]: disconnect from unknown[213.176.26.194] ehlo=1 auth=0/1 rset=1 commands=2/3
Aug  9 08:55:21 brollon postfix/submission/smtpd[13393]: connect from unknown[213.176.26.134]
Aug  9 08:55:21 brollon postfix/smtps/smtpd[16162]: connect from unknown[213.176.26.37]
Aug  9 08:55:26 brollon postfix/submission/smtpd[15102]: connect from unknown[213.176.26.159]
Aug  9 08:55:27 brollon postfix/smtps/smtpd[16162]: warning: unknown[213.176.26.37]: SASL LOGIN authentication failed: UGFzc3dvcmQ6
Aug  9 08:55:27 brollon postfix/submission/smtpd[13393]: warning: unknown[213.176.26.134]: SASL LOGIN authentication failed: UGFzc3dvcmQ6
Aug  9 08:55:27 brollon postfix/submission/smtpd[13393]: disconnect from unknown[213.176.26.134] ehlo=1 auth=0/1 rset=1 quit=1 commands=3/4
Aug  9 08:55:27 brollon postfix/submission/smtpd[14200]: connect from unknown[213.176.26.144]
Aug  9 08:55:27 brollon postfix/smtps/smtpd[16162]: lost connection after AUTH from unknown[213.176.26.37]
Aug  9 08:55:27 brollon postfix/smtps/smtpd[16162]: disconnect from unknown[213.176.26.37] ehlo=1 auth=0/1 rset=1 commands=2/3
Aug  9 08:55:27 brollon postfix/smtps/smtpd[17156]: connect from unknown[213.176.26.19]
Aug  9 08:55:30 brollon postfix/smtps/smtpd[17156]: warning: unknown[213.176.26.19]: SASL LOGIN authentication failed: UGFzc3dvcmQ6
Aug  9 08:55:30 brollon postfix/smtps/smtpd[17156]: lost connection after AUTH from unknown[213.176.26.19]
Aug  9 08:55:30 brollon postfix/smtps/smtpd[17156]: disconnect from unknown[213.176.26.19] ehlo=1 auth=0/1 rset=1 commands=2/3
Aug  9 08:55:31 brollon postfix/smtps/smtpd[15982]: connect from unknown[213.176.26.186]
Aug  9 08:55:33 brollon postfix/submission/smtpd[15102]: warning: unknown[213.176.26.159]: SASL LOGIN authentication failed: UGFzc3dvcmQ6
Aug  9 08:55:33 brollon postfix/submission/smtpd[15102]: disconnect from unknown[213.176.26.159] ehlo=1 auth=0/1 rset=1 quit=1 commands=3/4
Aug  9 08:55:34 brollon postfix/smtps/smtpd[15982]: warning: unknown[213.176.26.186]: SASL LOGIN authentication failed: UGFzc3dvcmQ6
Aug  9 08:55:34 brollon postfix/submission/smtpd[14200]: warning: unknown[213.176.26.144]: SASL LOGIN authentication failed: UGFzc3dvcmQ6
Aug  9 08:55:34 brollon postfix/smtps/smtpd[15982]: lost connection after AUTH from unknown[213.176.26.186]
Aug  9 08:55:34 brollon postfix/smtps/smtpd[15982]: disconnect from unknown[213.176.26.186] ehlo=1 auth=0/1 rset=1 commands=2/3
Aug  9 08:55:35 brollon postfix/submission/smtpd[14200]: disconnect from unknown[213.176.26.144] ehlo=1 auth=0/1 rset=1 quit=1 commands=3/4
Aug  9 08:55:39 brollon postfix/smtps/smtpd[17156]: connect from unknown[213.176.26.94]
Aug  9 08:55:44 brollon postfix/submission/smtpd[15213]: connect from unknown[213.176.26.78]
Aug  9 08:55:46 brollon postfix/smtps/smtpd[17156]: warning: unknown[213.176.26.94]: SASL LOGIN authentication failed: UGFzc3dvcmQ6
Aug  9 08:55:46 brollon postfix/smtps/smtpd[17156]: lost connection after AUTH from unknown[213.176.26.94]
Aug  9 08:55:46 brollon postfix/smtps/smtpd[17156]: disconnect from unknown[213.176.26.94] ehlo=1 auth=0/1 rset=1 commands=2/3
Aug  9 08:55:47 brollon postfix/submission/smtpd[13393]: connect from unknown[213.176.26.76]
Aug  9 08:55:48 brollon postfix/submission/smtpd[15102]: connect from unknown[213.176.26.74]
Aug  9 08:55:49 brollon postfix/submission/smtpd[14200]: connect from unknown[213.176.26.113]
Aug  9 08:55:50 brollon postfix/smtps/smtpd[15982]: connect from unknown[213.176.26.29]
Aug  9 08:55:51 brollon postfix/submission/smtpd[15213]: warning: unknown[213.176.26.78]: SASL LOGIN authentication failed: UGFzc3dvcmQ6
Aug  9 08:55:52 brollon postfix/submission/smtpd[15213]: disconnect from unknown[213.176.26.78] ehlo=1 auth=0/1 rset=1 quit=1 commands=3/4
Aug  9 08:55:53 brollon postfix/submission/smtpd[13393]: warning: unknown[213.176.26.76]: SASL LOGIN authentication failed: VXNlcm5hbWU6
Aug  9 08:55:53 brollon postfix/smtps/smtpd[15982]: warning: unknown[213.176.26.29]: SASL LOGIN authentication failed: UGFzc3dvcmQ6
Aug  9 08:55:53 brollon postfix/submission/smtpd[15102]: warning: unknown[213.176.26.74]: SASL LOGIN authentication failed: UGFzc3dvcmQ6
Aug  9 08:55:53 brollon postfix/smtps/smtpd[15982]: lost connection after AUTH from unknown[213.176.26.29]
Aug  9 08:55:53 brollon postfix/smtps/smtpd[15982]: disconnect from unknown[213.176.26.29] ehlo=1 auth=0/1 rset=1 commands=2/3
Aug  9 08:55:53 brollon postfix/submission/smtpd[15213]: connect from unknown[213.176.26.85]
Aug  9 08:55:53 brollon postfix/submission/smtpd[15102]: disconnect from unknown[213.176.26.74] ehlo=1 auth=0/1 rset=1 quit=1 commands=3/4
Aug  9 08:55:55 brollon postfix/submission/smtpd[13393]: disconnect from unknown[213.176.26.76] ehlo=1 auth=0/1 rset=1 quit=1 unknown=0/1 commands=3/5
Aug  9 08:55:55 brollon postfix/submission/smtpd[15102]: connect from unknown[213.176.26.64]
Aug  9 08:55:56 brollon postfix/submission/smtpd[14200]: warning: unknown[213.176.26.113]: SASL LOGIN authentication failed: UGFzc3dvcmQ6
Aug  9 08:55:56 brollon postfix/submission/smtpd[14200]: disconnect from unknown[213.176.26.113] ehlo=1 auth=0/1 rset=1 quit=1 commands=3/4
Aug  9 08:55:58 brollon postfix/smtps/smtpd[17156]: connect from unknown[213.176.26.52]
Aug  9 08:56:00 brollon postfix/submission/smtpd[15213]: warning: unknown[213.176.26.85]: SASL LOGIN authentication failed: UGFzc3dvcmQ6
Aug  9 08:56:01 brollon postfix/smtps/smtpd[15982]: connect from unknown[213.176.26.23]
Aug  9 08:56:01 brollon postfix/submission/smtpd[15213]: disconnect from unknown[213.176.26.85] ehlo=1 auth=0/1 rset=1 quit=1 commands=3/4
Aug  9 08:56:01 brollon postfix/smtpd[14670]: connect from localhost[127.0.0.1]
Aug  9 08:56:01 brollon postfix/smtpd[14670]: lost connection after CONNECT from localhost[127.0.0.1]
Aug  9 08:56:01 brollon postfix/smtpd[14670]: disconnect from localhost[127.0.0.1] commands=0/0
Aug  9 08:56:01 brollon dovecot: imap-login: Disconnected (no auth attempts in 0 secs): user=<>, rip=127.0.0.1, lip=127.0.0.1, secured, session=<0A8zaJlY+rV/AAAB>
Aug  9 08:56:01 brollon dovecot: pop3-login: Disconnected (no auth attempts in 0 secs): user=<>, rip=127.0.0.1, lip=127.0.0.1, secured, session=<1BIzaJlYKq5/AAAB>
Aug  9 08:56:02 brollon postfix/submission/smtpd[15102]: warning: unknown[213.176.26.64]: SASL LOGIN authentication failed: UGFzc3dvcmQ6
Aug  9 08:56:02 brollon postfix/submission/smtpd[15102]: disconnect from unknown[213.176.26.64] ehlo=1 auth=0/1 rset=1 quit=1 commands=3/4
Aug  9 08:56:05 brollon postfix/smtps/smtpd[17156]: warning: unknown[213.176.26.52]: SASL LOGIN authentication failed: UGFzc3dvcmQ6
Aug  9 08:56:05 brollon postfix/smtps/smtpd[15982]: warning: unknown[213.176.26.23]: SASL LOGIN authentication failed: UGFzc3dvcmQ6
Aug  9 08:56:05 brollon postfix/smtps/smtpd[15982]: lost connection after AUTH from unknown[213.176.26.23]
Aug  9 08:56:05 brollon postfix/smtps/smtpd[15982]: disconnect from unknown[213.176.26.23] ehlo=1 auth=0/1 rset=1 commands=2/3
Aug  9 08:56:05 brollon postfix/smtps/smtpd[17156]: lost connection after AUTH from unknown[213.176.26.52]
Aug  9 08:56:05 brollon postfix/smtps/smtpd[17156]: disconnect from unknown[213.176.26.52] ehlo=1 auth=0/1 rset=1 commands=2/3
Aug  9 08:56:16 brollon postfix/smtps/smtpd[16162]: connect from unknown[213.176.26.82]
Aug  9 08:56:16 brollon postfix/submission/smtpd[13393]: connect from unknown[213.176.26.114]
Aug  9 08:56:23 brollon postfix/smtps/smtpd[16162]: warning: unknown[213.176.26.82]: SASL LOGIN authentication failed: UGFzc3dvcmQ6
Aug  9 08:56:23 brollon postfix/submission/smtpd[13393]: warning: unknown[213.176.26.114]: SASL LOGIN authentication failed: UGFzc3dvcmQ6
Aug  9 08:56:23 brollon postfix/submission/smtpd[13393]: disconnect from unknown[213.176.26.114] ehlo=1 auth=0/1 rset=1 quit=1 commands=3/4
Aug  9 08:56:23 brollon postfix/smtps/smtpd[16162]: lost connection after AUTH from unknown[213.176.26.82]
Aug  9 08:56:23 brollon postfix/smtps/smtpd[16162]: disconnect from unknown[213.176.26.82] ehlo=1 auth=0/1 rset=1 commands=2/3
Aug  9 08:56:24 brollon postfix/smtpd[14670]: connect from unknown[91.92.240.92]
Aug  9 08:56:24 brollon postfix/submission/smtpd[14200]: connect from unknown[213.176.26.134]
Aug  9 08:56:26 brollon postfix/smtpd[17729]: connect from unknown[182.136.235.124]
Aug  9 08:56:26 brollon postfix/smtpd[14670]: warning: unknown[91.92.240.92]: SASL LOGIN authentication failed: UGFzc3dvcmQ6
Aug  9 08:56:26 brollon postfix/smtpd[14670]: disconnect from unknown[91.92.240.92] ehlo=1 auth=0/1 quit=1 commands=2/3
Aug  9 08:56:27 brollon postfix/smtpd[17729]: NOQUEUE: filter: RCPT from unknown[182.136.235.124]: <jgfbop@cpa.ca>: Sender address triggers FILTER amavis:[127.0.0.1]:10026; from=<jgfbop@cpa.ca> to=<concello@concellodapobradobrollon.gal> proto=ESMTP helo=<mailapp.hiworks.co.kr>
Aug  9 08:56:27 brollon postfix/smtpd[17729]: NOQUEUE: filter: RCPT from unknown[182.136.235.124]: <jgfbop@cpa.ca>: Sender address triggers FILTER amavis:[127.0.0.1]:10024; from=<jgfbop@cpa.ca> to=<concello@concellodapobradobrollon.gal> proto=ESMTP helo=<mailapp.hiworks.co.kr>
Aug  9 08:56:27 brollon postfix/smtpd[17729]: NOQUEUE: reject: RCPT from unknown[182.136.235.124]: 550 5.1.1 <concello@concellodapobradobrollon.gal>: Recipient address rejected: User unknown in virtual mailbox table; from=<jgfbop@cpa.ca> to=<concello@concellodapobradobrollon.gal> proto=ESMTP helo=<mailapp.hiworks.co.kr>
Aug  9 08:56:28 brollon postfix/smtpd[17729]: disconnect from unknown[182.136.235.124] ehlo=1 mail=1 rcpt=0/1 rset=1 quit=1 commands=4/5
Aug  9 08:56:28 brollon postfix/submission/smtpd[15213]: connect from unknown[213.176.26.159]
Aug  9 08:56:30 brollon postfix/submission/smtpd[15102]: connect from unknown[213.176.26.144]
Aug  9 08:56:31 brollon postfix/submission/smtpd[14200]: warning: unknown[213.176.26.134]: SASL LOGIN authentication failed: UGFzc3dvcmQ6
Aug  9 08:56:31 brollon postfix/submission/smtpd[14200]: disconnect from unknown[213.176.26.134] ehlo=1 auth=0/1 rset=1 quit=1 commands=3/4
Aug  9 08:56:32 brollon postfix/smtps/smtpd[17156]: connect from unknown[213.176.26.165]
Aug  9 08:56:35 brollon postfix/submission/smtpd[15213]: warning: unknown[213.176.26.159]: SASL LOGIN authentication failed: UGFzc3dvcmQ6
Aug  9 08:56:35 brollon postfix/submission/smtpd[15213]: disconnect from unknown[213.176.26.159] ehlo=1 auth=0/1 rset=1 quit=1 commands=3/4
Aug  9 08:56:37 brollon postfix/smtps/smtpd[17156]: warning: unknown[213.176.26.165]: SASL LOGIN authentication failed: UGFzc3dvcmQ6
Aug  9 08:56:37 brollon postfix/submission/smtpd[15102]: warning: unknown[213.176.26.144]: SASL LOGIN authentication failed: UGFzc3dvcmQ6
Aug  9 08:56:37 brollon postfix/smtps/smtpd[17156]: lost connection after AUTH from unknown[213.176.26.165]
Aug  9 08:56:37 brollon postfix/smtps/smtpd[17156]: disconnect from unknown[213.176.26.165] ehlo=1 auth=0/1 rset=1 commands=2/3
Aug  9 08:56:38 brollon postfix/submission/smtpd[15102]: disconnect from unknown[213.176.26.144] ehlo=1 auth=0/1 rset=1 quit=1 commands=3/4
Aug  9 08:56:43 brollon postfix/anvil[12649]: statistics: max connection rate 2/60s for (submission:213.176.26.114) at Aug  9 08:48:10
Aug  9 08:56:43 brollon postfix/anvil[12649]: statistics: max connection count 1 for (submission:213.176.26.134) at Aug  9 08:46:50
Aug  9 08:56:43 brollon postfix/anvil[12649]: statistics: max message rate 1/60s for (smtp:182.136.235.124) at Aug  9 08:56:26
Aug  9 08:56:43 brollon postfix/anvil[12649]: statistics: max cache size 22 at Aug  9 08:46:51
Aug  9 08:56:47 brollon postfix/submission/smtpd[13393]: connect from unknown[213.176.26.78]
Aug  9 08:56:50 brollon dovecot: imap-login: Login: user=<secretaria@concellodapobradobrollon.gal>, method=PLAIN, rip=83.48.54.234, lip=54.37.21.250, mpid=17745, session=<qYMea5lYbvFTMDbq>
Aug  9 08:56:50 brollon postfix/submission/smtpd[14200]: connect from unknown[213.176.26.113]
Aug  9 08:56:50 brollon postfix/submission/smtpd[15213]: connect from unknown[213.176.26.74]
Aug  9 08:56:51 brollon postfix/submission/smtpd[15102]: connect from unknown[213.176.26.76]
Aug  9 08:56:54 brollon postfix/submission/smtpd[13393]: warning: unknown[213.176.26.78]: SASL LOGIN authentication failed: UGFzc3dvcmQ6
Aug  9 08:56:55 brollon postfix/submission/smtpd[13393]: disconnect from unknown[213.176.26.78] ehlo=1 auth=0/1 rset=1 quit=1 commands=3/4
Aug  9 08:56:55 brollon postfix/submission/smtpd[13393]: connect from unknown[213.176.26.85]
Aug  9 08:56:57 brollon postfix/submission/smtpd[14200]: warning: unknown[213.176.26.113]: SASL LOGIN authentication failed: UGFzc3dvcmQ6
Aug  9 08:56:57 brollon postfix/submission/smtpd[13393]: warning: unknown[213.176.26.85]: SASL LOGIN authentication failed: UGFzc3dvcmQ6
Aug  9 08:56:57 brollon postfix/submission/smtpd[13393]: disconnect from unknown[213.176.26.85] ehlo=1 auth=0/1 rset=1 quit=1 commands=3/4
Aug  9 08:56:57 brollon postfix/submission/smtpd[14200]: disconnect from unknown[213.176.26.113] ehlo=1 auth=0/1 rset=1 quit=1 commands=3/4
Aug  9 08:56:58 brollon postfix/submission/smtpd[15102]: warning: unknown[213.176.26.76]: SASL LOGIN authentication failed: UGFzc3dvcmQ6
Aug  9 08:56:58 brollon postfix/submission/smtpd[15213]: warning: unknown[213.176.26.74]: SASL LOGIN authentication failed: UGFzc3dvcmQ6
Aug  9 08:56:58 brollon postfix/submission/smtpd[15102]: disconnect from unknown[213.176.26.76] ehlo=1 auth=0/1 rset=1 quit=1 commands=3/4
Aug  9 08:56:58 brollon postfix/submission/smtpd[15213]: disconnect from unknown[213.176.26.74] ehlo=1 auth=0/1 rset=1 quit=1 commands=3/4
Aug  9 08:56:58 brollon postfix/submission/smtpd[13393]: connect from unknown[213.176.26.64]
Aug  9 08:56:59 brollon postfix/smtps/smtpd[16162]: connect from unknown[213.176.26.41]
Aug  9 08:57:01 brollon postfix/smtpd[14670]: connect from localhost[127.0.0.1]
Aug  9 08:57:01 brollon postfix/smtpd[14670]: lost connection after CONNECT from localhost[127.0.0.1]
Aug  9 08:57:01 brollon postfix/smtpd[14670]: disconnect from localhost[127.0.0.1] commands=0/0
Aug  9 08:57:01 brollon dovecot: imap-login: Disconnected (no auth attempts in 0 secs): user=<>, rip=127.0.0.1, lip=127.0.0.1, secured, session=<H7bJa5lYPrd/AAAB>
Aug  9 08:57:01 brollon dovecot: pop3-login: Disconnected (no auth attempts in 0 secs): user=<>, rip=127.0.0.1, lip=127.0.0.1, secured, session=<7wjKa5lYbq9/AAAB>
Aug  9 08:57:04 brollon postfix/submission/smtpd[13393]: warning: unknown[213.176.26.64]: SASL LOGIN authentication failed: UGFzc3dvcmQ6
Aug  9 08:57:04 brollon postfix/submission/smtpd[13393]: disconnect from unknown[213.176.26.64] ehlo=1 auth=0/1 rset=1 quit=1 commands=3/4
Aug  9 08:57:06 brollon postfix/smtps/smtpd[16162]: warning: unknown[213.176.26.41]: SASL LOGIN authentication failed: UGFzc3dvcmQ6
Aug  9 08:57:07 brollon postfix/smtps/smtpd[16162]: lost connection after AUTH from unknown[213.176.26.41]
Aug  9 08:57:07 brollon postfix/smtps/smtpd[16162]: disconnect from unknown[213.176.26.41] ehlo=1 auth=0/1 rset=1 commands=2/3
Aug  9 08:57:13 brollon postfix/smtps/smtpd[17156]: connect from unknown[213.176.26.34]
Aug  9 08:57:17 brollon postfix/smtps/smtpd[17156]: warning: unknown[213.176.26.34]: SASL LOGIN authentication failed: UGFzc3dvcmQ6
Aug  9 08:57:17 brollon postfix/smtps/smtpd[17156]: lost connection after AUTH from unknown[213.176.26.34]
Aug  9 08:57:17 brollon postfix/smtps/smtpd[17156]: disconnect from unknown[213.176.26.34] ehlo=1 auth=0/1 rset=1 commands=2/3
Aug  9 08:57:17 brollon postfix/submission/smtpd[14200]: connect from unknown[213.176.26.114]
Aug  9 08:57:23 brollon postfix/submission/smtpd[14200]: warning: unknown[213.176.26.114]: SASL LOGIN authentication failed: UGFzc3dvcmQ6
Aug  9 08:57:23 brollon postfix/submission/smtpd[14200]: disconnect from unknown[213.176.26.114] ehlo=1 auth=0/1 rset=1 quit=1 commands=3/4
Aug  9 08:57:27 brollon postfix/submission/smtpd[15102]: connect from unknown[213.176.26.134]
Aug  9 08:57:29 brollon postfix/submission/smtpd[15213]: connect from unknown[213.176.26.159]
Aug  9 08:57:33 brollon postfix/submission/smtpd[13393]: connect from unknown[213.176.26.144]
Aug  9 08:57:33 brollon postfix/submission/smtpd[15102]: warning: unknown[213.176.26.134]: SASL LOGIN authentication failed: UGFzc3dvcmQ6
Aug  9 08:57:33 brollon postfix/submission/smtpd[15102]: disconnect from unknown[213.176.26.134] ehlo=1 auth=0/1 rset=1 quit=1 commands=3/4
Aug  9 08:57:33 brollon postfix/smtpd[14670]: connect from unknown[31.57.184.18]
Aug  9 08:57:34 brollon postfix/smtpd[14670]: NOQUEUE: reject: RCPT from unknown[31.57.184.18]: 504 5.5.2 <vm-m-sw1qpg>: Helo command rejected: need fully-qualified hostname; from=<spameri@tiscali.it> to=<spameri@tiscali.it> proto=ESMTP helo=<vm-m-sw1qpg>
Aug  9 08:57:34 brollon postfix/smtpd[14670]: disconnect from unknown[31.57.184.18] ehlo=1 mail=1 rcpt=0/1 rset=1 quit=1 commands=4/5
Aug  9 08:57:36 brollon postfix/submission/smtpd[15213]: warning: unknown[213.176.26.159]: SASL LOGIN authentication failed: UGFzc3dvcmQ6
Aug  9 08:57:36 brollon postfix/submission/smtpd[15213]: disconnect from unknown[213.176.26.159] ehlo=1 auth=0/1 rset=1 quit=1 commands=3/4
Aug  9 08:57:40 brollon postfix/submission/smtpd[13393]: warning: unknown[213.176.26.144]: SASL LOGIN authentication failed: UGFzc3dvcmQ6
Aug  9 08:57:40 brollon dovecot: imap(secretaria@concellodapobradobrollon.gal): Logged out in=721 out=81385
Aug  9 08:57:41 brollon postfix/submission/smtpd[13393]: disconnect from unknown[213.176.26.144] ehlo=1 auth=0/1 rset=1 quit=1 commands=3/4
Aug  9 08:57:50 brollon postfix/submission/smtpd[14200]: connect from unknown[213.176.26.78]
Aug  9 08:57:52 brollon postfix/submission/smtpd[15102]: connect from unknown[213.176.26.113]
Aug  9 08:57:54 brollon postfix/submission/smtpd[15213]: connect from unknown[213.176.26.74]
Aug  9 08:57:55 brollon postfix/submission/smtpd[13393]: connect from unknown[213.176.26.76]
Aug  9 08:57:57 brollon postfix/submission/smtpd[14200]: warning: unknown[213.176.26.78]: SASL LOGIN authentication failed: UGFzc3dvcmQ6
Aug  9 08:57:58 brollon postfix/submission/smtpd[14200]: disconnect from unknown[213.176.26.78] ehlo=1 auth=0/1 rset=1 quit=1 commands=3/4
Aug  9 08:57:59 brollon postfix/submission/smtpd[15102]: warning: unknown[213.176.26.113]: SASL LOGIN authentication failed: UGFzc3dvcmQ6
Aug  9 08:57:59 brollon postfix/submission/smtpd[14200]: connect from unknown[213.176.26.85]
Aug  9 08:57:59 brollon postfix/submission/smtpd[15102]: disconnect from unknown[213.176.26.113] ehlo=1 auth=0/1 rset=1 quit=1 commands=3/4
Aug  9 08:58:00 brollon postfix/submission/smtpd[15213]: warning: unknown[213.176.26.74]: SASL LOGIN authentication failed: UGFzc3dvcmQ6
Aug  9 08:58:00 brollon postfix/submission/smtpd[15213]: disconnect from unknown[213.176.26.74] ehlo=1 auth=0/1 rset=1 quit=1 commands=3/4
Aug  9 08:58:01 brollon postfix/submission/smtpd[13393]: warning: unknown[213.176.26.76]: SASL LOGIN authentication failed: UGFzc3dvcmQ6
Aug  9 08:58:01 brollon postfix/submission/smtpd[13393]: disconnect from unknown[213.176.26.76] ehlo=1 auth=0/1 rset=1 quit=1 commands=3/4
Aug  9 08:58:02 brollon postfix/smtpd[17729]: connect from localhost[127.0.0.1]
Aug  9 08:58:02 brollon postfix/smtpd[17729]: lost connection after CONNECT from localhost[127.0.0.1]
Aug  9 08:58:02 brollon postfix/smtpd[17729]: disconnect from localhost[127.0.0.1] commands=0/0
Aug  9 08:58:02 brollon dovecot: pop3-login: Disconnected (no auth attempts in 0 secs): user=<>, rip=127.0.0.1, lip=127.0.0.1, secured, session=<oABgb5lYLrB/AAAB>
Aug  9 08:58:02 brollon dovecot: imap-login: Disconnected (no auth attempts in 0 secs): user=<>, rip=127.0.0.1, lip=127.0.0.1, secured, session=<AhNgb5lY/rd/AAAB>
Aug  9 08:58:03 brollon postfix/submission/smtpd[15102]: connect from unknown[213.176.26.64]
Aug  9 08:58:03 brollon postfix/smtps/smtpd[16162]: connect from unknown[213.176.26.109]
Aug  9 08:58:05 brollon postfix/submission/smtpd[14200]: warning: unknown[213.176.26.85]: SASL LOGIN authentication failed: UGFzc3dvcmQ6
Aug  9 08:58:05 brollon postfix/submission/smtpd[14200]: disconnect from unknown[213.176.26.85] ehlo=1 auth=0/1 rset=1 quit=1 commands=3/4
Aug  9 08:58:08 brollon postfix/smtps/smtpd[16162]: warning: unknown[213.176.26.109]: SASL LOGIN authentication failed: UGFzc3dvcmQ6
Aug  9 08:58:08 brollon postfix/smtps/smtpd[16162]: lost connection after AUTH from unknown[213.176.26.109]
Aug  9 08:58:08 brollon postfix/smtps/smtpd[16162]: disconnect from unknown[213.176.26.109] ehlo=1 auth=0/1 rset=1 commands=2/3
Aug  9 08:58:09 brollon postfix/submission/smtpd[15102]: warning: unknown[213.176.26.64]: SASL LOGIN authentication failed: UGFzc3dvcmQ6
Aug  9 08:58:09 brollon postfix/smtps/smtpd[17156]: connect from unknown[213.176.26.95]
Aug  9 08:58:10 brollon postfix/submission/smtpd[15102]: disconnect from unknown[213.176.26.64] ehlo=1 auth=0/1 rset=1 quit=1 commands=3/4
Aug  9 08:58:12 brollon postfix/smtps/smtpd[16162]: connect from unknown[213.176.26.51]
Aug  9 08:58:15 brollon postfix/smtps/smtpd[17156]: warning: unknown[213.176.26.95]: SASL LOGIN authentication failed: UGFzc3dvcmQ6
Aug  9 08:58:15 brollon postfix/smtps/smtpd[17156]: lost connection after AUTH from unknown[213.176.26.95]
Aug  9 08:58:15 brollon postfix/smtps/smtpd[17156]: disconnect from unknown[213.176.26.95] ehlo=1 auth=0/1 rset=1 commands=2/3
Aug  9 08:58:18 brollon postfix/submission/smtpd[15213]: connect from unknown[213.176.26.114]
Aug  9 08:58:19 brollon postfix/smtps/smtpd[16162]: warning: unknown[213.176.26.51]: SASL LOGIN authentication failed: UGFzc3dvcmQ6
Aug  9 08:58:19 brollon postfix/smtps/smtpd[16162]: lost connection after AUTH from unknown[213.176.26.51]
Aug  9 08:58:19 brollon postfix/smtps/smtpd[16162]: disconnect from unknown[213.176.26.51] ehlo=1 auth=0/1 rset=1 commands=2/3
Aug  9 08:58:24 brollon postfix/submission/smtpd[15213]: warning: unknown[213.176.26.114]: SASL LOGIN authentication failed: UGFzc3dvcmQ6
Aug  9 08:58:24 brollon postfix/submission/smtpd[15213]: disconnect from unknown[213.176.26.114] ehlo=1 auth=0/1 rset=1 quit=1 commands=3/4
Aug  9 08:58:30 brollon postfix/submission/smtpd[15102]: connect from unknown[213.176.26.134]
Aug  9 08:58:31 brollon postfix/submission/smtpd[15213]: connect from unknown[213.176.26.159]
Aug  9 08:58:35 brollon postfix/submission/smtpd[15102]: warning: unknown[213.176.26.134]: SASL LOGIN authentication failed: UGFzc3dvcmQ6
Aug  9 08:58:35 brollon postfix/submission/smtpd[15102]: disconnect from unknown[213.176.26.134] ehlo=1 auth=0/1 rset=1 quit=1 commands=3/4
Aug  9 08:58:36 brollon postfix/submission/smtpd[13393]: connect from unknown[213.176.26.144]
Aug  9 08:58:38 brollon postfix/submission/smtpd[15213]: warning: unknown[213.176.26.159]: SASL LOGIN authentication failed: UGFzc3dvcmQ6
Aug  9 08:58:39 brollon postfix/submission/smtpd[15213]: disconnect from unknown[213.176.26.159] ehlo=1 auth=0/1 rset=1 quit=1 commands=3/4
Aug  9 08:58:42 brollon postfix/submission/smtpd[13393]: warning: unknown[213.176.26.144]: SASL LOGIN authentication failed: UGFzc3dvcmQ6
Aug  9 08:58:43 brollon postfix/submission/smtpd[13393]: disconnect from unknown[213.176.26.144] ehlo=1 auth=0/1 rset=1 quit=1 commands=3/4
Aug  9 08:58:49 brollon postfix/smtps/smtpd[17156]: connect from unknown[213.176.26.153]
Aug  9 08:58:53 brollon postfix/smtps/smtpd[16162]: connect from unknown[213.176.26.72]
Aug  9 08:58:53 brollon postfix/submission/smtpd[14200]: connect from unknown[213.176.26.113]
Aug  9 08:58:54 brollon postfix/submission/smtpd[15102]: connect from unknown[213.176.26.78]
Aug  9 08:58:56 brollon postfix/smtps/smtpd[17156]: warning: unknown[213.176.26.153]: SASL LOGIN authentication failed: UGFzc3dvcmQ6
Aug  9 08:58:57 brollon postfix/smtps/smtpd[17859]: connect from unknown[213.176.26.22]
Aug  9 08:58:57 brollon postfix/smtps/smtpd[17156]: lost connection after AUTH from unknown[213.176.26.153]
Aug  9 08:58:57 brollon postfix/smtps/smtpd[17156]: disconnect from unknown[213.176.26.153] ehlo=1 auth=0/1 rset=1 commands=2/3
Aug  9 08:58:58 brollon postfix/submission/smtpd[15213]: connect from unknown[213.176.26.74]
Aug  9 08:58:58 brollon postfix/submission/smtpd[13393]: connect from unknown[213.176.26.76]
Aug  9 08:58:59 brollon postfix/smtps/smtpd[16162]: warning: unknown[213.176.26.72]: SASL LOGIN authentication failed: UGFzc3dvcmQ6
Aug  9 08:58:59 brollon postfix/smtps/smtpd[16162]: lost connection after AUTH from unknown[213.176.26.72]
Aug  9 08:58:59 brollon postfix/smtps/smtpd[16162]: disconnect from unknown[213.176.26.72] ehlo=1 auth=0/1 rset=1 commands=2/3
Aug  9 08:59:00 brollon postfix/submission/smtpd[13393]: warning: unknown[213.176.26.76]: SASL LOGIN authentication failed: UGFzc3dvcmQ6
Aug  9 08:59:00 brollon postfix/submission/smtpd[14200]: warning: unknown[213.176.26.113]: SASL LOGIN authentication failed: UGFzc3dvcmQ6
Aug  9 08:59:00 brollon postfix/submission/smtpd[14200]: disconnect from unknown[213.176.26.113] ehlo=1 auth=0/1 rset=1 quit=1 commands=3/4
Aug  9 08:59:00 brollon postfix/submission/smtpd[13393]: disconnect from unknown[213.176.26.76] ehlo=1 auth=0/1 rset=1 quit=1 commands=3/4
Aug  9 08:59:01 brollon postfix/submission/smtpd[15102]: warning: unknown[213.176.26.78]: SASL LOGIN authentication failed: UGFzc3dvcmQ6
Aug  9 08:59:01 brollon postfix/submission/smtpd[15102]: disconnect from unknown[213.176.26.78] ehlo=1 auth=0/1 rset=1 quit=1 commands=3/4
Aug  9 08:59:01 brollon postfix/smtpd[14670]: connect from localhost[127.0.0.1]
Aug  9 08:59:01 brollon postfix/smtpd[14670]: lost connection after CONNECT from localhost[127.0.0.1]
Aug  9 08:59:01 brollon postfix/smtpd[14670]: disconnect from localhost[127.0.0.1] commands=0/0
Aug  9 08:59:01 brollon dovecot: pop3-login: Disconnected (no auth attempts in 0 secs): user=<>, rip=127.0.0.1, lip=127.0.0.1, secured, session=<60XncplYqrB/AAAB>
Aug  9 08:59:01 brollon dovecot: imap-login: Disconnected (no auth attempts in 0 secs): user=<>, rip=127.0.0.1, lip=127.0.0.1, secured, session=<bGLncplYerh/AAAB>
Aug  9 08:59:01 brollon postfix/smtps/smtpd[17156]: connect from unknown[213.176.26.58]
Aug  9 08:59:02 brollon postfix/submission/smtpd[14200]: connect from unknown[213.176.26.85]
Aug  9 08:59:03 brollon postfix/smtps/smtpd[17859]: warning: unknown[213.176.26.22]: SASL LOGIN authentication failed: UGFzc3dvcmQ6
Aug  9 08:59:03 brollon postfix/smtps/smtpd[17859]: lost connection after AUTH from unknown[213.176.26.22]
Aug  9 08:59:03 brollon postfix/smtps/smtpd[17859]: disconnect from unknown[213.176.26.22] ehlo=1 auth=0/1 rset=1 commands=2/3
Aug  9 08:59:04 brollon postfix/submission/smtpd[15213]: warning: unknown[213.176.26.74]: SASL LOGIN authentication failed: UGFzc3dvcmQ6
Aug  9 08:59:04 brollon postfix/submission/smtpd[15213]: disconnect from unknown[213.176.26.74] ehlo=1 auth=0/1 rset=1 quit=1 commands=3/4
Aug  9 08:59:07 brollon postfix/smtps/smtpd[17156]: warning: unknown[213.176.26.58]: SASL LOGIN authentication failed: UGFzc3dvcmQ6
Aug  9 08:59:07 brollon postfix/smtps/smtpd[17156]: lost connection after AUTH from unknown[213.176.26.58]
Aug  9 08:59:07 brollon postfix/smtps/smtpd[17156]: disconnect from unknown[213.176.26.58] ehlo=1 auth=0/1 rset=1 commands=2/3
Aug  9 08:59:07 brollon postfix/submission/smtpd[13393]: connect from unknown[213.176.26.64]
Aug  9 08:59:09 brollon postfix/submission/smtpd[14200]: warning: unknown[213.176.26.85]: SASL LOGIN authentication failed: UGFzc3dvcmQ6
Aug  9 08:59:09 brollon postfix/submission/smtpd[14200]: disconnect from unknown[213.176.26.85] ehlo=1 auth=0/1 rset=1 quit=1 commands=3/4
Aug  9 08:59:09 brollon postfix/smtps/smtpd[16162]: connect from unknown[213.176.26.44]
Aug  9 08:59:14 brollon postfix/submission/smtpd[13393]: warning: unknown[213.176.26.64]: SASL LOGIN authentication failed: UGFzc3dvcmQ6
Aug  9 08:59:15 brollon postfix/submission/smtpd[13393]: disconnect from unknown[213.176.26.64] ehlo=1 auth=0/1 rset=1 quit=1 commands=3/4
Aug  9 08:59:16 brollon postfix/smtps/smtpd[16162]: warning: unknown[213.176.26.44]: SASL LOGIN authentication failed: UGFzc3dvcmQ6
