Aug  9 06:55:02 brollon dovecot: pop3-login: Disconnected (no auth attempts in 0 secs): user=<>, rip=127.0.0.1, lip=127.0.0.1, secured, session=<H75/t5dYMK5/AAAB>
Aug  9 06:55:02 brollon dovecot: imap-login: Disconnected (no auth attempts in 0 secs): user=<>, rip=127.0.0.1, lip=127.0.0.1, secured, session=<g91/t5dYALZ/AAAB>
Aug  9 06:55:10 brollon postfix/smtps/smtpd[20714]: connect from unknown[213.176.26.42]
Aug  9 06:55:16 brollon postfix/submission/smtpd[28133]: connect from unknown[213.176.26.74]
Aug  9 06:55:17 brollon postfix/submission/smtpd[26552]: connect from unknown[213.176.26.64]
Aug  9 06:55:17 brollon postfix/smtps/smtpd[20714]: warning: unknown[213.176.26.42]: SASL LOGIN authentication failed: UGFzc3dvcmQ6
Aug  9 06:55:17 brollon postfix/smtps/smtpd[20714]: lost connection after AUTH from unknown[213.176.26.42]
Aug  9 06:55:17 brollon postfix/smtps/smtpd[20714]: disconnect from unknown[213.176.26.42] ehlo=1 auth=0/1 rset=1 commands=2/3
Aug  9 06:55:20 brollon postfix/submission/smtpd[27391]: connect from unknown[213.176.26.113]
Aug  9 06:55:23 brollon postfix/submission/smtpd[26552]: warning: unknown[213.176.26.64]: SASL LOGIN authentication failed: UGFzc3dvcmQ6
Aug  9 06:55:23 brollon postfix/submission/smtpd[28133]: warning: unknown[213.176.26.74]: SASL LOGIN authentication failed: UGFzc3dvcmQ6
Aug  9 06:55:23 brollon postfix/submission/smtpd[26552]: disconnect from unknown[213.176.26.64] ehlo=1 auth=0/1 rset=1 quit=1 commands=3/4
Aug  9 06:55:24 brollon postfix/submission/smtpd[28133]: disconnect from unknown[213.176.26.74] ehlo=1 auth=0/1 rset=1 quit=1 commands=3/4
Aug  9 06:55:25 brollon postfix/smtps/smtpd[26746]: connect from unknown[213.176.26.62]
Aug  9 06:55:26 brollon postfix/submission/smtpd[27391]: warning: unknown[213.176.26.113]: SASL LOGIN authentication failed: UGFzc3dvcmQ6
Aug  9 06:55:26 brollon postfix/submission/smtpd[27391]: disconnect from unknown[213.176.26.113] ehlo=1 auth=0/1 rset=1 quit=1 commands=3/4
Aug  9 06:55:32 brollon postfix/submission/smtpd[26529]: connect from unknown[213.176.26.134]
Aug  9 06:55:33 brollon postfix/smtps/smtpd[26746]: warning: unknown[213.176.26.62]: SASL LOGIN authentication failed: UGFzc3dvcmQ6
Aug  9 06:55:35 brollon postfix/submission/smtpd[26552]: connect from unknown[213.176.26.78]
Aug  9 06:55:36 brollon postfix/smtps/smtpd[26746]: lost connection after AUTH from unknown[213.176.26.62]
Aug  9 06:55:36 brollon postfix/smtps/smtpd[26746]: disconnect from unknown[213.176.26.62] ehlo=1 auth=0/1 rset=1 commands=2/3
Aug  9 06:55:40 brollon postfix/submission/smtpd[26529]: warning: unknown[213.176.26.134]: SASL LOGIN authentication failed: UGFzc3dvcmQ6
Aug  9 06:55:40 brollon postfix/submission/smtpd[26529]: disconnect from unknown[213.176.26.134] ehlo=1 auth=0/1 rset=1 quit=1 commands=3/4
Aug  9 06:55:42 brollon postfix/submission/smtpd[26552]: warning: unknown[213.176.26.78]: SASL LOGIN authentication failed: UGFzc3dvcmQ6
Aug  9 06:55:42 brollon postfix/submission/smtpd[26552]: disconnect from unknown[213.176.26.78] ehlo=1 auth=0/1 rset=1 quit=1 commands=3/4
Aug  9 06:55:48 brollon postfix/smtps/smtpd[20714]: connect from unknown[213.176.26.69]
Aug  9 06:55:49 brollon postfix/submission/smtpd[27391]: connect from unknown[213.176.26.76]
Aug  9 06:55:52 brollon postfix/submission/smtpd[26552]: connect from unknown[213.176.26.159]
Aug  9 06:55:52 brollon postfix/submission/smtpd[26529]: connect from unknown[213.176.26.114]
Aug  9 06:55:54 brollon postfix/submission/smtpd[27391]: warning: unknown[213.176.26.76]: SASL LOGIN authentication failed: UGFzc3dvcmQ6
Aug  9 06:55:54 brollon postfix/submission/smtpd[27391]: disconnect from unknown[213.176.26.76] ehlo=1 auth=0/1 rset=1 quit=1 commands=3/4
Aug  9 06:55:54 brollon postfix/submission/smtpd[28133]: connect from unknown[213.176.26.85]
Aug  9 06:55:55 brollon postfix/submission/smtpd[26552]: warning: unknown[213.176.26.159]: SASL LOGIN authentication failed: UGFzc3dvcmQ6
Aug  9 06:55:55 brollon postfix/submission/smtpd[26552]: disconnect from unknown[213.176.26.159] ehlo=1 auth=0/1 rset=1 quit=1 commands=3/4
Aug  9 06:55:56 brollon postfix/smtps/smtpd[20714]: warning: unknown[213.176.26.69]: SASL LOGIN authentication failed: UGFzc3dvcmQ6
Aug  9 06:55:58 brollon postfix/smtps/smtpd[20714]: lost connection after AUTH from unknown[213.176.26.69]
Aug  9 06:55:58 brollon postfix/smtps/smtpd[20714]: disconnect from unknown[213.176.26.69] ehlo=1 auth=0/1 rset=1 commands=2/3
Aug  9 06:55:59 brollon postfix/submission/smtpd[26529]: warning: unknown[213.176.26.114]: SASL LOGIN authentication failed: UGFzc3dvcmQ6
Aug  9 06:55:59 brollon postfix/submission/smtpd[26529]: disconnect from unknown[213.176.26.114] ehlo=1 auth=0/1 rset=1 quit=1 commands=3/4
Aug  9 06:56:01 brollon postfix/submission/smtpd[28133]: warning: unknown[213.176.26.85]: SASL LOGIN authentication failed: UGFzc3dvcmQ6
Aug  9 06:56:01 brollon postfix/smtpd[24975]: connect from localhost[127.0.0.1]
Aug  9 06:56:01 brollon postfix/smtpd[24975]: lost connection after CONNECT from localhost[127.0.0.1]
Aug  9 06:56:01 brollon postfix/smtpd[24975]: disconnect from localhost[127.0.0.1] commands=0/0
Aug  9 06:56:01 brollon dovecot: pop3-login: Disconnected (no auth attempts in 0 secs): user=<>, rip=127.0.0.1, lip=127.0.0.1, secured, session=<BWsKu5dYXq9/AAAB>
Aug  9 06:56:01 brollon dovecot: imap-login: Disconnected (no auth attempts in 0 secs): user=<>, rip=127.0.0.1, lip=127.0.0.1, secured, session=<AmwKu5dYLrd/AAAB>
Aug  9 06:56:01 brollon postfix/submission/smtpd[28133]: disconnect from unknown[213.176.26.85] ehlo=1 auth=0/1 rset=1 quit=1 commands=3/4
Aug  9 06:56:02 brollon postfix/submission/smtpd[27391]: connect from unknown[213.176.26.144]
Aug  9 06:56:03 brollon postfix/smtps/smtpd[26746]: connect from unknown[213.176.26.109]
Aug  9 06:56:04 brollon postfix/smtpd[24975]: connect from unknown[92.118.39.223]
Aug  9 06:56:05 brollon postfix/smtps/smtpd[20714]: connect from unknown[213.176.26.95]
Aug  9 06:56:06 brollon postfix/smtpd[24975]: warning: unknown[92.118.39.223]: SASL LOGIN authentication failed: UGFzc3dvcmQ6
Aug  9 06:56:06 brollon postfix/smtpd[24975]: disconnect from unknown[92.118.39.223] ehlo=1 auth=0/1 quit=1 commands=2/3
Aug  9 06:56:09 brollon postfix/submission/smtpd[27391]: warning: unknown[213.176.26.144]: SASL LOGIN authentication failed: UGFzc3dvcmQ6
Aug  9 06:56:09 brollon postfix/smtps/smtpd[26746]: warning: unknown[213.176.26.109]: SASL LOGIN authentication failed: UGFzc3dvcmQ6
Aug  9 06:56:09 brollon postfix/submission/smtpd[27391]: disconnect from unknown[213.176.26.144] ehlo=1 auth=0/1 rset=1 quit=1 commands=3/4
Aug  9 06:56:09 brollon postfix/smtps/smtpd[26746]: lost connection after AUTH from unknown[213.176.26.109]
Aug  9 06:56:09 brollon postfix/smtps/smtpd[26746]: disconnect from unknown[213.176.26.109] ehlo=1 auth=0/1 rset=1 commands=2/3
Aug  9 06:56:12 brollon postfix/smtps/smtpd[20714]: warning: unknown[213.176.26.95]: SASL LOGIN authentication failed: UGFzc3dvcmQ6
Aug  9 06:56:12 brollon postfix/smtps/smtpd[20714]: lost connection after AUTH from unknown[213.176.26.95]
Aug  9 06:56:12 brollon postfix/smtps/smtpd[20714]: disconnect from unknown[213.176.26.95] ehlo=1 auth=0/1 rset=1 commands=2/3
Aug  9 06:56:14 brollon postfix/smtps/smtpd[26746]: connect from unknown[213.176.26.51]
Aug  9 06:56:19 brollon postfix/smtps/smtpd[26746]: warning: unknown[213.176.26.51]: SASL LOGIN authentication failed: UGFzc3dvcmQ6
Aug  9 06:56:19 brollon postfix/smtps/smtpd[26746]: lost connection after AUTH from unknown[213.176.26.51]
Aug  9 06:56:19 brollon postfix/smtps/smtpd[26746]: disconnect from unknown[213.176.26.51] ehlo=1 auth=0/1 rset=1 commands=2/3
Aug  9 06:56:19 brollon postfix/submission/smtpd[26552]: connect from unknown[213.176.26.74]
Aug  9 06:56:20 brollon postfix/submission/smtpd[27391]: connect from unknown[213.176.26.64]
Aug  9 06:56:21 brollon postfix/submission/smtpd[26529]: connect from unknown[213.176.26.113]
Aug  9 06:56:22 brollon postfix/submission/smtpd[27391]: warning: unknown[213.176.26.64]: SASL LOGIN authentication failed: UGFzc3dvcmQ6
Aug  9 06:56:22 brollon postfix/submission/smtpd[27391]: disconnect from unknown[213.176.26.64] ehlo=1 auth=0/1 rset=1 quit=1 commands=3/4
Aug  9 06:56:24 brollon postfix/submission/smtpd[26529]: warning: unknown[213.176.26.113]: SASL LOGIN authentication failed: UGFzc3dvcmQ6
Aug  9 06:56:24 brollon postfix/submission/smtpd[26529]: disconnect from unknown[213.176.26.113] ehlo=1 auth=0/1 rset=1 quit=1 commands=3/4
Aug  9 06:56:26 brollon postfix/submission/smtpd[26552]: warning: unknown[213.176.26.74]: SASL LOGIN authentication failed: UGFzc3dvcmQ6
Aug  9 06:56:26 brollon postfix/submission/smtpd[26552]: disconnect from unknown[213.176.26.74] ehlo=1 auth=0/1 rset=1 quit=1 commands=3/4
Aug  9 06:56:30 brollon dovecot: imap-login: Login: user=<secretaria@concellodapobradobrollon.gal>, method=PLAIN, rip=83.48.54.234, lip=54.37.21.250, mpid=29077, session=<yWzCvJdYB8JTMDbq>
Aug  9 06:56:31 brollon postfix/smtpd[24975]: connect from unknown[2.57.122.98]
Aug  9 06:56:33 brollon postfix/smtpd[24975]: warning: unknown[2.57.122.98]: SASL LOGIN authentication failed: UGFzc3dvcmQ6
Aug  9 06:56:33 brollon postfix/smtpd[24975]: disconnect from unknown[2.57.122.98] ehlo=1 auth=0/1 quit=1 commands=2/3
Aug  9 06:56:35 brollon postfix/submission/smtpd[28133]: connect from unknown[213.176.26.134]
Aug  9 06:56:37 brollon postfix/submission/smtpd[26552]: connect from unknown[213.176.26.78]
Aug  9 06:56:37 brollon postfix/smtps/smtpd[20714]: connect from unknown[213.176.26.94]
Aug  9 06:56:41 brollon postfix/submission/smtpd[26552]: warning: unknown[213.176.26.78]: SASL LOGIN authentication failed: UGFzc3dvcmQ6
Aug  9 06:56:41 brollon postfix/submission/smtpd[26552]: disconnect from unknown[213.176.26.78] ehlo=1 auth=0/1 rset=1 quit=1 commands=3/4
Aug  9 06:56:42 brollon postfix/submission/smtpd[28133]: warning: unknown[213.176.26.134]: SASL LOGIN authentication failed: UGFzc3dvcmQ6
Aug  9 06:56:42 brollon postfix/submission/smtpd[28133]: disconnect from unknown[213.176.26.134] ehlo=1 auth=0/1 rset=1 quit=1 commands=3/4
Aug  9 06:56:43 brollon postfix/smtps/smtpd[20714]: warning: unknown[213.176.26.94]: SASL LOGIN authentication failed: UGFzc3dvcmQ6
Aug  9 06:56:43 brollon postfix/anvil[12649]: statistics: max connection rate 2/60s for (submission:213.176.26.114) at Aug  9 06:46:46
Aug  9 06:56:43 brollon postfix/anvil[12649]: statistics: max connection count 1 for (submission:213.176.26.114) at Aug  9 06:46:46
Aug  9 06:56:43 brollon postfix/anvil[12649]: statistics: max cache size 19 at Aug  9 06:49:01
Aug  9 06:56:43 brollon postfix/smtps/smtpd[20714]: lost connection after AUTH from unknown[213.176.26.94]
Aug  9 06:56:43 brollon postfix/smtps/smtpd[20714]: disconnect from unknown[213.176.26.94] ehlo=1 auth=0/1 rset=1 commands=2/3
Aug  9 06:56:52 brollon postfix/submission/smtpd[26529]: connect from unknown[213.176.26.76]
Aug  9 06:56:53 brollon postfix/submission/smtpd[26552]: connect from unknown[213.176.26.114]
Aug  9 06:56:53 brollon postfix/submission/smtpd[28133]: connect from unknown[213.176.26.159]
Aug  9 06:56:56 brollon postfix/submission/smtpd[27391]: connect from unknown[213.176.26.85]
Aug  9 06:56:59 brollon postfix/submission/smtpd[26529]: warning: unknown[213.176.26.76]: SASL LOGIN authentication failed: UGFzc3dvcmQ6
Aug  9 06:56:59 brollon postfix/submission/smtpd[26552]: warning: unknown[213.176.26.114]: SASL LOGIN authentication failed: UGFzc3dvcmQ6
Aug  9 06:56:59 brollon postfix/submission/smtpd[26529]: disconnect from unknown[213.176.26.76] ehlo=1 auth=0/1 rset=1 quit=1 commands=3/4
Aug  9 06:56:59 brollon postfix/submission/smtpd[26552]: disconnect from unknown[213.176.26.114] ehlo=1 auth=0/1 rset=1 quit=1 commands=3/4
Aug  9 06:57:00 brollon postfix/submission/smtpd[28133]: warning: unknown[213.176.26.159]: SASL LOGIN authentication failed: UGFzc3dvcmQ6
Aug  9 06:57:00 brollon postfix/submission/smtpd[28133]: disconnect from unknown[213.176.26.159] ehlo=1 auth=0/1 rset=1 quit=1 commands=3/4
Aug  9 06:57:01 brollon postfix/smtpd[24975]: connect from localhost[127.0.0.1]
Aug  9 06:57:01 brollon postfix/smtpd[24975]: lost connection after CONNECT from localhost[127.0.0.1]
Aug  9 06:57:01 brollon postfix/smtpd[24975]: disconnect from localhost[127.0.0.1] commands=0/0
Aug  9 06:57:01 brollon dovecot: imap-login: Disconnected (no auth attempts in 0 secs): user=<>, rip=127.0.0.1, lip=127.0.0.1, secured, session=<Zh2ivpdYYLh/AAAB>
Aug  9 06:57:01 brollon dovecot: pop3-login: Disconnected (no auth attempts in 0 secs): user=<>, rip=127.0.0.1, lip=127.0.0.1, secured, session=<vyeivpdYkLB/AAAB>
Aug  9 06:57:03 brollon postfix/submission/smtpd[27391]: warning: unknown[213.176.26.85]: SASL LOGIN authentication failed: UGFzc3dvcmQ6
Aug  9 06:57:03 brollon postfix/submission/smtpd[27391]: disconnect from unknown[213.176.26.85] ehlo=1 auth=0/1 rset=1 quit=1 commands=3/4
Aug  9 06:57:05 brollon postfix/submission/smtpd[26529]: connect from unknown[213.176.26.144]
Aug  9 06:57:12 brollon postfix/submission/smtpd[26529]: warning: unknown[213.176.26.144]: SASL LOGIN authentication failed: UGFzc3dvcmQ6
Aug  9 06:57:13 brollon postfix/submission/smtpd[26529]: disconnect from unknown[213.176.26.144] ehlo=1 auth=0/1 rset=1 quit=1 commands=3/4
Aug  9 06:57:18 brollon postfix/smtps/smtpd[26746]: connect from unknown[213.176.26.23]
Aug  9 06:57:20 brollon dovecot: imap(secretaria@concellodapobradobrollon.gal): Logged out in=721 out=81385
Aug  9 06:57:22 brollon postfix/submission/smtpd[26552]: connect from unknown[213.176.26.74]
Aug  9 06:57:23 brollon postfix/smtps/smtpd[26746]: warning: unknown[213.176.26.23]: SASL LOGIN authentication failed: UGFzc3dvcmQ6
Aug  9 06:57:23 brollon postfix/smtps/smtpd[26746]: lost connection after AUTH from unknown[213.176.26.23]
Aug  9 06:57:23 brollon postfix/smtps/smtpd[26746]: disconnect from unknown[213.176.26.23] ehlo=1 auth=0/1 rset=1 commands=2/3
Aug  9 06:57:23 brollon postfix/submission/smtpd[26529]: connect from unknown[213.176.26.64]
Aug  9 06:57:23 brollon postfix/submission/smtpd[27391]: connect from unknown[213.176.26.113]
Aug  9 06:57:27 brollon postfix/smtps/smtpd[20714]: connect from unknown[213.176.26.22]
Aug  9 06:57:29 brollon postfix/submission/smtpd[26552]: warning: unknown[213.176.26.74]: SASL LOGIN authentication failed: UGFzc3dvcmQ6
Aug  9 06:57:29 brollon postfix/submission/smtpd[26552]: disconnect from unknown[213.176.26.74] ehlo=1 auth=0/1 rset=1 quit=1 commands=3/4
Aug  9 06:57:30 brollon postfix/submission/smtpd[27391]: warning: unknown[213.176.26.113]: SASL LOGIN authentication failed: UGFzc3dvcmQ6
Aug  9 06:57:30 brollon postfix/submission/smtpd[26529]: warning: unknown[213.176.26.64]: SASL LOGIN authentication failed: UGFzc3dvcmQ6
Aug  9 06:57:30 brollon postfix/submission/smtpd[27391]: disconnect from unknown[213.176.26.113] ehlo=1 auth=0/1 rset=1 quit=1 commands=3/4
Aug  9 06:57:31 brollon postfix/submission/smtpd[26529]: disconnect from unknown[213.176.26.64] ehlo=1 auth=0/1 rset=1 quit=1 commands=3/4
Aug  9 06:57:33 brollon postfix/smtps/smtpd[20714]: warning: unknown[213.176.26.22]: SASL LOGIN authentication failed: UGFzc3dvcmQ6
Aug  9 06:57:33 brollon postfix/smtps/smtpd[20714]: lost connection after AUTH from unknown[213.176.26.22]
Aug  9 06:57:33 brollon postfix/smtps/smtpd[20714]: disconnect from unknown[213.176.26.22] ehlo=1 auth=0/1 rset=1 commands=2/3
Aug  9 06:57:37 brollon postfix/submission/smtpd[28133]: connect from unknown[213.176.26.134]
Aug  9 06:57:40 brollon postfix/submission/smtpd[26529]: connect from unknown[213.176.26.78]
Aug  9 06:57:43 brollon postfix/smtps/smtpd[26746]: connect from unknown[213.176.26.19]
Aug  9 06:57:44 brollon postfix/submission/smtpd[28133]: warning: unknown[213.176.26.134]: SASL LOGIN authentication failed: UGFzc3dvcmQ6
Aug  9 06:57:44 brollon postfix/submission/smtpd[28133]: disconnect from unknown[213.176.26.134] ehlo=1 auth=0/1 rset=1 quit=1 commands=3/4
Aug  9 06:57:45 brollon postfix/submission/smtpd[26529]: warning: unknown[213.176.26.78]: SASL LOGIN authentication failed: UGFzc3dvcmQ6
Aug  9 06:57:46 brollon postfix/submission/smtpd[26529]: disconnect from unknown[213.176.26.78] ehlo=1 auth=0/1 rset=1 quit=1 commands=3/4
Aug  9 06:57:46 brollon postfix/smtps/smtpd[26746]: warning: unknown[213.176.26.19]: SASL LOGIN authentication failed: UGFzc3dvcmQ6
Aug  9 06:57:46 brollon postfix/smtps/smtpd[26746]: lost connection after AUTH from unknown[213.176.26.19]
Aug  9 06:57:46 brollon postfix/smtps/smtpd[26746]: disconnect from unknown[213.176.26.19] ehlo=1 auth=0/1 rset=1 commands=2/3
Aug  9 06:57:51 brollon postfix/smtps/smtpd[20714]: connect from unknown[213.176.26.58]
Aug  9 06:57:53 brollon postfix/smtpd[24975]: connect from unknown[192.253.248.59]
Aug  9 06:57:53 brollon postfix/submission/smtpd[27391]: connect from unknown[213.176.26.114]
Aug  9 06:57:54 brollon postfix/submission/smtpd[26529]: connect from unknown[213.176.26.159]
Aug  9 06:57:55 brollon postfix/submission/smtpd[26552]: connect from unknown[213.176.26.76]
Aug  9 06:57:55 brollon postfix/smtpd[24975]: warning: unknown[192.253.248.59]: SASL LOGIN authentication failed: UGFzc3dvcmQ6
Aug  9 06:57:56 brollon postfix/smtps/smtpd[26746]: connect from unknown[213.176.26.52]
Aug  9 06:57:58 brollon postfix/smtps/smtpd[20714]: warning: unknown[213.176.26.58]: SASL LOGIN authentication failed: UGFzc3dvcmQ6
Aug  9 06:57:58 brollon postfix/submission/smtpd[28133]: connect from unknown[213.176.26.85]
Aug  9 06:57:59 brollon postfix/smtps/smtpd[20714]: lost connection after AUTH from unknown[213.176.26.58]
Aug  9 06:57:59 brollon postfix/smtps/smtpd[20714]: disconnect from unknown[213.176.26.58] ehlo=1 auth=0/1 rset=1 commands=2/3
Aug  9 06:57:59 brollon postfix/smtps/smtpd[20714]: connect from unknown[213.176.26.153]
Aug  9 06:58:00 brollon postfix/submission/smtpd[27391]: warning: unknown[213.176.26.114]: SASL LOGIN authentication failed: UGFzc3dvcmQ6
Aug  9 06:58:00 brollon postfix/submission/smtpd[27391]: disconnect from unknown[213.176.26.114] ehlo=1 auth=0/1 rset=1 quit=1 commands=3/4
Aug  9 06:58:01 brollon postfix/smtpd[24975]: warning: unknown[192.253.248.59]: SASL LOGIN authentication failed: UGFzc3dvcmQ6
Aug  9 06:58:01 brollon postfix/submission/smtpd[26552]: warning: unknown[213.176.26.76]: SASL LOGIN authentication failed: UGFzc3dvcmQ6
Aug  9 06:58:01 brollon postfix/submission/smtpd[26529]: warning: unknown[213.176.26.159]: SASL LOGIN authentication failed: UGFzc3dvcmQ6
Aug  9 06:58:01 brollon postfix/submission/smtpd[26552]: disconnect from unknown[213.176.26.76] ehlo=1 auth=0/1 rset=1 quit=1 commands=3/4
Aug  9 06:58:01 brollon postfix/submission/smtpd[26529]: disconnect from unknown[213.176.26.159] ehlo=1 auth=0/1 rset=1 quit=1 commands=3/4
Aug  9 06:58:02 brollon postfix/smtps/smtpd[29173]: connect from unknown[213.176.26.72]
Aug  9 06:58:02 brollon dovecot: imap-login: Disconnected (no auth attempts in 0 secs): user=<>, rip=127.0.0.1, lip=127.0.0.1, secured, session=<RsE8wpdYzrh/AAAB>
Aug  9 06:58:02 brollon dovecot: pop3-login: Disconnected (no auth attempts in 0 secs): user=<>, rip=127.0.0.1, lip=127.0.0.1, secured, session=<hcE8wpdY/rB/AAAB>
Aug  9 06:58:02 brollon postfix/smtpd[29177]: connect from localhost[127.0.0.1]
Aug  9 06:58:02 brollon postfix/smtpd[29177]: lost connection after CONNECT from localhost[127.0.0.1]
Aug  9 06:58:02 brollon postfix/smtpd[29177]: disconnect from localhost[127.0.0.1] commands=0/0
Aug  9 06:58:04 brollon postfix/smtps/smtpd[26746]: warning: unknown[213.176.26.52]: SASL LOGIN authentication failed: UGFzc3dvcmQ6
Aug  9 06:58:05 brollon postfix/smtps/smtpd[20714]: warning: unknown[213.176.26.153]: SASL LOGIN authentication failed: UGFzc3dvcmQ6
Aug  9 06:58:05 brollon postfix/submission/smtpd[28133]: warning: unknown[213.176.26.85]: SASL LOGIN authentication failed: UGFzc3dvcmQ6
Aug  9 06:58:05 brollon postfix/smtps/smtpd[26746]: lost connection after AUTH from unknown[213.176.26.52]
Aug  9 06:58:05 brollon postfix/smtps/smtpd[26746]: disconnect from unknown[213.176.26.52] ehlo=1 auth=0/1 rset=1 commands=2/3
Aug  9 06:58:05 brollon postfix/smtps/smtpd[20714]: lost connection after AUTH from unknown[213.176.26.153]
Aug  9 06:58:05 brollon postfix/smtps/smtpd[20714]: disconnect from unknown[213.176.26.153] ehlo=1 auth=0/1 rset=1 commands=2/3
Aug  9 06:58:05 brollon postfix/submission/smtpd[28133]: disconnect from unknown[213.176.26.85] ehlo=1 auth=0/1 rset=1 quit=1 commands=3/4
Aug  9 06:58:07 brollon postfix/smtps/smtpd[29173]: warning: unknown[213.176.26.72]: SASL LOGIN authentication failed: UGFzc3dvcmQ6
Aug  9 06:58:07 brollon postfix/smtps/smtpd[29173]: lost connection after AUTH from unknown[213.176.26.72]
Aug  9 06:58:07 brollon postfix/smtps/smtpd[29173]: disconnect from unknown[213.176.26.72] ehlo=1 auth=0/1 rset=1 commands=2/3
Aug  9 06:58:08 brollon postfix/submission/smtpd[27391]: connect from unknown[213.176.26.144]
Aug  9 06:58:10 brollon postfix/submission/smtpd[27391]: warning: unknown[213.176.26.144]: SASL LOGIN authentication failed: UGFzc3dvcmQ6
Aug  9 06:58:10 brollon postfix/submission/smtpd[27391]: disconnect from unknown[213.176.26.144] ehlo=1 auth=0/1 rset=1 quit=1 commands=3/4
Aug  9 06:58:11 brollon postfix/smtpd[24975]: warning: unknown[192.253.248.59]: SASL LOGIN authentication failed: UGFzc3dvcmQ6
Aug  9 06:58:11 brollon postfix/smtpd[24975]: disconnect from unknown[192.253.248.59] ehlo=1 auth=0/3 rset=3 quit=1 commands=5/8
Aug  9 06:58:24 brollon postfix/submission/smtpd[26552]: connect from unknown[213.176.26.113]
Aug  9 06:58:25 brollon postfix/submission/smtpd[27391]: connect from unknown[213.176.26.74]
Aug  9 06:58:26 brollon postfix/submission/smtpd[26529]: connect from unknown[213.176.26.64]
Aug  9 06:58:31 brollon postfix/submission/smtpd[26552]: warning: unknown[213.176.26.113]: SASL LOGIN authentication failed: UGFzc3dvcmQ6
Aug  9 06:58:31 brollon postfix/submission/smtpd[26552]: disconnect from unknown[213.176.26.113] ehlo=1 auth=0/1 rset=1 quit=1 commands=3/4
Aug  9 06:58:32 brollon postfix/submission/smtpd[27391]: warning: unknown[213.176.26.74]: SASL LOGIN authentication failed: UGFzc3dvcmQ6
Aug  9 06:58:32 brollon postfix/submission/smtpd[26529]: warning: unknown[213.176.26.64]: SASL LOGIN authentication failed: UGFzc3dvcmQ6
Aug  9 06:58:32 brollon postfix/submission/smtpd[27391]: disconnect from unknown[213.176.26.74] ehlo=1 auth=0/1 rset=1 quit=1 commands=3/4
Aug  9 06:58:32 brollon postfix/submission/smtpd[26529]: disconnect from unknown[213.176.26.64] ehlo=1 auth=0/1 rset=1 quit=1 commands=3/4
Aug  9 06:58:34 brollon postfix/smtps/smtpd[26746]: connect from unknown[213.176.26.165]
Aug  9 06:58:35 brollon postfix/smtps/smtpd[20714]: connect from unknown[213.176.26.77]
Aug  9 06:58:39 brollon postfix/smtps/smtpd[26746]: warning: unknown[213.176.26.165]: SASL LOGIN authentication failed: UGFzc3dvcmQ6
Aug  9 06:58:39 brollon postfix/smtps/smtpd[26746]: lost connection after AUTH from unknown[213.176.26.165]
Aug  9 06:58:39 brollon postfix/smtps/smtpd[26746]: disconnect from unknown[213.176.26.165] ehlo=1 auth=0/1 rset=1 commands=2/3
Aug  9 06:58:40 brollon postfix/submission/smtpd[28133]: connect from unknown[213.176.26.134]
Aug  9 06:58:41 brollon postfix/smtps/smtpd[20714]: warning: unknown[213.176.26.77]: SASL LOGIN authentication failed: UGFzc3dvcmQ6
Aug  9 06:58:41 brollon postfix/smtps/smtpd[20714]: lost connection after AUTH from unknown[213.176.26.77]
Aug  9 06:58:41 brollon postfix/smtps/smtpd[20714]: disconnect from unknown[213.176.26.77] ehlo=1 auth=0/1 rset=1 commands=2/3
Aug  9 06:58:43 brollon postfix/submission/smtpd[26529]: connect from unknown[213.176.26.78]
Aug  9 06:58:43 brollon postfix/smtpd[29177]: connect from unknown[92.118.39.228]
Aug  9 06:58:46 brollon postfix/smtpd[29177]: warning: unknown[92.118.39.228]: SASL LOGIN authentication failed: UGFzc3dvcmQ6
Aug  9 06:58:46 brollon postfix/smtpd[29177]: disconnect from unknown[92.118.39.228] ehlo=1 auth=0/1 quit=1 commands=2/3
Aug  9 06:58:47 brollon postfix/submission/smtpd[28133]: warning: unknown[213.176.26.134]: SASL LOGIN authentication failed: UGFzc3dvcmQ6
Aug  9 06:58:47 brollon postfix/submission/smtpd[28133]: disconnect from unknown[213.176.26.134] ehlo=1 auth=0/1 rset=1 quit=1 commands=3/4
Aug  9 06:58:50 brollon postfix/submission/smtpd[26529]: warning: unknown[213.176.26.78]: SASL LOGIN authentication failed: UGFzc3dvcmQ6
Aug  9 06:58:51 brollon postfix/submission/smtpd[26529]: disconnect from unknown[213.176.26.78] ehlo=1 auth=0/1 rset=1 quit=1 commands=3/4
Aug  9 06:58:54 brollon postfix/submission/smtpd[27391]: connect from unknown[213.176.26.114]
Aug  9 06:58:55 brollon postfix/submission/smtpd[26552]: connect from unknown[213.176.26.159]
Aug  9 06:58:57 brollon postfix/submission/smtpd[28133]: connect from unknown[213.176.26.76]
Aug  9 06:59:00 brollon postfix/submission/smtpd[26529]: connect from unknown[213.176.26.85]
Aug  9 06:59:01 brollon postfix/smtpd[24975]: connect from localhost[127.0.0.1]
Aug  9 06:59:01 brollon postfix/smtpd[24975]: lost connection after CONNECT from localhost[127.0.0.1]
Aug  9 06:59:01 brollon postfix/smtpd[24975]: disconnect from localhost[127.0.0.1] commands=0/0
Aug  9 06:59:01 brollon dovecot: pop3-login: Disconnected (no auth attempts in 0 secs): user=<>, rip=127.0.0.1, lip=127.0.0.1, secured, session=</8LExZdYJrJ/AAAB>
Aug  9 06:59:01 brollon dovecot: imap-login: Disconnected (no auth attempts in 0 secs): user=<>, rip=127.0.0.1, lip=127.0.0.1, secured, session=<o8PExZdY9rl/AAAB>
Aug  9 06:59:02 brollon postfix/submission/smtpd[26552]: warning: unknown[213.176.26.159]: SASL LOGIN authentication failed: UGFzc3dvcmQ6
Aug  9 06:59:03 brollon postfix/submission/smtpd[26552]: disconnect from unknown[213.176.26.159] ehlo=1 auth=0/1 rset=1 quit=1 commands=3/4
Aug  9 06:59:04 brollon postfix/submission/smtpd[28133]: warning: unknown[213.176.26.76]: SASL LOGIN authentication failed: UGFzc3dvcmQ6
Aug  9 06:59:04 brollon postfix/submission/smtpd[28133]: disconnect from unknown[213.176.26.76] ehlo=1 auth=0/1 rset=1 quit=1 commands=3/4
Aug  9 06:59:06 brollon postfix/smtps/smtpd[29173]: connect from unknown[213.176.26.34]
Aug  9 06:59:07 brollon postfix/submission/smtpd[26529]: warning: unknown[213.176.26.85]: SASL LOGIN authentication failed: UGFzc3dvcmQ6
Aug  9 06:59:07 brollon postfix/submission/smtpd[26529]: disconnect from unknown[213.176.26.85] ehlo=1 auth=0/1 rset=1 quit=1 commands=3/4
Aug  9 06:59:10 brollon postfix/smtps/smtpd[29173]: warning: unknown[213.176.26.34]: SASL LOGIN authentication failed: UGFzc3dvcmQ6
Aug  9 06:59:10 brollon postfix/smtps/smtpd[29173]: lost connection after AUTH from unknown[213.176.26.34]
Aug  9 06:59:10 brollon postfix/smtps/smtpd[29173]: disconnect from unknown[213.176.26.34] ehlo=1 auth=0/1 rset=1 commands=2/3
Aug  9 06:59:11 brollon postfix/submission/smtpd[26552]: connect from unknown[213.176.26.144]
Aug  9 06:59:14 brollon postfix/submission/smtpd[27391]: warning: unknown[213.176.26.114]: SASL LOGIN authentication failed: UGFzc3dvcmQ6
Aug  9 06:59:14 brollon postfix/submission/smtpd[27391]: disconnect from unknown[213.176.26.114] ehlo=1 auth=0/1 rset=1 quit=1 commands=3/4
Aug  9 06:59:17 brollon postfix/submission/smtpd[26552]: warning: unknown[213.176.26.144]: SASL LOGIN authentication failed: UGFzc3dvcmQ6
Aug  9 06:59:17 brollon postfix/submission/smtpd[26552]: disconnect from unknown[213.176.26.144] ehlo=1 auth=0/1 rset=1 quit=1 commands=3/4
Aug  9 06:59:26 brollon postfix/submission/smtpd[28133]: connect from unknown[213.176.26.113]
Aug  9 06:59:28 brollon postfix/submission/smtpd[27391]: connect from unknown[213.176.26.74]
Aug  9 06:59:29 brollon postfix/submission/smtpd[26529]: connect from unknown[213.176.26.64]
Aug  9 06:59:30 brollon postfix/submission/smtpd[28133]: warning: unknown[213.176.26.113]: SASL LOGIN authentication failed: UGFzc3dvcmQ6
Aug  9 06:59:31 brollon postfix/submission/smtpd[28133]: disconnect from unknown[213.176.26.113] ehlo=1 auth=0/1 rset=1 quit=1 commands=3/4
Aug  9 06:59:32 brollon postfix/smtpd[24975]: connect from unknown[92.118.39.229]
Aug  9 06:59:33 brollon postfix/submission/smtpd[26529]: warning: unknown[213.176.26.64]: SASL LOGIN authentication failed: UGFzc3dvcmQ6
Aug  9 06:59:33 brollon postfix/submission/smtpd[26529]: disconnect from unknown[213.176.26.64] ehlo=1 auth=0/1 rset=1 quit=1 commands=3/4
Aug  9 06:59:34 brollon postfix/smtpd[24975]: warning: unknown[92.118.39.229]: SASL LOGIN authentication failed: UGFzc3dvcmQ6
Aug  9 06:59:34 brollon postfix/smtpd[24975]: disconnect from unknown[92.118.39.229] ehlo=1 auth=0/1 quit=1 commands=2/3
Aug  9 06:59:35 brollon postfix/submission/smtpd[27391]: warning: unknown[213.176.26.74]: SASL LOGIN authentication failed: UGFzc3dvcmQ6
Aug  9 06:59:35 brollon postfix/submission/smtpd[27391]: disconnect from unknown[213.176.26.74] ehlo=1 auth=0/1 rset=1 quit=1 commands=3/4
Aug  9 06:59:37 brollon postfix/submission/smtpd[26552]: connect from unknown[213.176.24.65]
Aug  9 06:59:43 brollon postfix/submission/smtpd[28133]: connect from unknown[213.176.26.134]
Aug  9 06:59:45 brollon postfix/smtps/smtpd[26746]: connect from unknown[213.176.24.64]
Aug  9 06:59:46 brollon postfix/submission/smtpd[26529]: connect from unknown[213.176.26.78]
Aug  9 06:59:48 brollon postfix/smtps/smtpd[20714]: connect from unknown[213.176.26.21]
Aug  9 06:59:51 brollon postfix/submission/smtpd[28133]: warning: unknown[213.176.26.134]: SASL LOGIN authentication failed: UGFzc3dvcmQ6
Aug  9 06:59:51 brollon postfix/submission/smtpd[28133]: disconnect from unknown[213.176.26.134] ehlo=1 auth=0/1 rset=1 quit=1 commands=3/4
Aug  9 06:59:52 brollon postfix/smtps/smtpd[20714]: warning: unknown[213.176.26.21]: SASL LOGIN authentication failed: UGFzc3dvcmQ6
Aug  9 06:59:53 brollon postfix/submission/smtpd[26529]: warning: unknown[213.176.26.78]: SASL LOGIN authentication failed: UGFzc3dvcmQ6
Aug  9 06:59:54 brollon postfix/submission/smtpd[26529]: disconnect from unknown[213.176.26.78] ehlo=1 auth=0/1 rset=1 quit=1 commands=3/4
Aug  9 06:59:54 brollon postfix/smtps/smtpd[20714]: lost connection after AUTH from unknown[213.176.26.21]
Aug  9 06:59:54 brollon postfix/smtps/smtpd[20714]: disconnect from unknown[213.176.26.21] ehlo=1 auth=0/1 rset=1 commands=2/3
Aug  9 06:59:55 brollon postfix/submission/smtpd[26552]: warning: unknown[213.176.24.65]: SASL LOGIN authentication failed: UGFzc3dvcmQ6
Aug  9 06:59:55 brollon postfix/submission/smtpd[26552]: lost connection after AUTH from unknown[213.176.24.65]
Aug  9 06:59:55 brollon postfix/submission/smtpd[26552]: disconnect from unknown[213.176.24.65] ehlo=1 auth=0/1 rset=1 commands=2/3
Aug  9 06:59:55 brollon postfix/smtps/smtpd[29173]: connect from unknown[213.176.26.63]
Aug  9 06:59:57 brollon postfix/submission/smtpd[27391]: connect from unknown[213.176.26.159]
Aug  9 06:59:58 brollon postfix/submission/smtpd[26552]: connect from unknown[213.176.26.114]
Aug  9 07:00:00 brollon postfix/submission/smtpd[26529]: connect from unknown[213.176.26.76]
Aug  9 07:00:00 brollon postfix/smtps/smtpd[20714]: connect from unknown[213.176.26.166]
Aug  9 07:00:01 brollon postfix/smtpd[29177]: connect from localhost[127.0.0.1]
Aug  9 07:00:01 brollon postfix/smtpd[29177]: lost connection after CONNECT from localhost[127.0.0.1]
Aug  9 07:00:01 brollon postfix/smtpd[29177]: disconnect from localhost[127.0.0.1] commands=0/0
Aug  9 07:00:01 brollon dovecot: pop3-login: Disconnected (no auth attempts in 0 secs): user=<>, rip=127.0.0.1, lip=127.0.0.1, secured, session=<bWFcyZdYorJ/AAAB>
Aug  9 07:00:01 brollon dovecot: imap-login: Disconnected (no auth attempts in 0 secs): user=<>, rip=127.0.0.1, lip=127.0.0.1, secured, session=<Ln9cyZdYcrp/AAAB>
Aug  9 07:00:02 brollon postfix/smtps/smtpd[29173]: warning: unknown[213.176.26.63]: SASL LOGIN authentication failed: UGFzc3dvcmQ6
Aug  9 07:00:02 brollon postfix/smtpd[29177]: connect from localhost[127.0.0.1]
Aug  9 07:00:02 brollon postfix/smtpd[29177]: lost connection after CONNECT from localhost[127.0.0.1]
Aug  9 07:00:02 brollon postfix/smtpd[29177]: disconnect from localhost[127.0.0.1] commands=0/0
Aug  9 07:00:02 brollon dovecot: pop3-login: Disconnected (no auth attempts in 0 secs): user=<>, rip=127.0.0.1, lip=127.0.0.1, secured, session=<FsphyZdYrrJ/AAAB>
Aug  9 07:00:02 brollon dovecot: imap-login: Disconnected (no auth attempts in 0 secs): user=<>, rip=127.0.0.1, lip=127.0.0.1, secured, session=<rNRhyZdYfrp/AAAB>
Aug  9 07:00:02 brollon postfix/smtps/smtpd[29173]: lost connection after AUTH from unknown[213.176.26.63]
Aug  9 07:00:02 brollon postfix/smtps/smtpd[29173]: disconnect from unknown[213.176.26.63] ehlo=1 auth=0/1 rset=1 commands=2/3
Aug  9 07:00:02 brollon postfix/submission/smtpd[28133]: connect from unknown[213.176.26.85]
Aug  9 07:00:04 brollon postfix/submission/smtpd[27391]: warning: unknown[213.176.26.159]: SASL LOGIN authentication failed: UGFzc3dvcmQ6
Aug  9 07:00:04 brollon postfix/submission/smtpd[27391]: disconnect from unknown[213.176.26.159] ehlo=1 auth=0/1 rset=1 quit=1 commands=3/4
Aug  9 07:00:05 brollon postfix/submission/smtpd[26552]: warning: unknown[213.176.26.114]: SASL LOGIN authentication failed: UGFzc3dvcmQ6
Aug  9 07:00:05 brollon postfix/submission/smtpd[26552]: disconnect from unknown[213.176.26.114] ehlo=1 auth=0/1 rset=1 quit=1 commands=3/4
Aug  9 07:00:06 brollon postfix/submission/smtpd[26529]: warning: unknown[213.176.26.76]: SASL LOGIN authentication failed: UGFzc3dvcmQ6
Aug  9 07:00:06 brollon postfix/smtps/smtpd[20714]: warning: unknown[213.176.26.166]: SASL LOGIN authentication failed: UGFzc3dvcmQ6
Aug  9 07:00:06 brollon postfix/smtps/smtpd[20714]: lost connection after AUTH from unknown[213.176.26.166]
Aug  9 07:00:06 brollon postfix/smtps/smtpd[20714]: disconnect from unknown[213.176.26.166] ehlo=1 auth=0/1 rset=1 commands=2/3
Aug  9 07:00:06 brollon postfix/submission/smtpd[26529]: disconnect from unknown[213.176.26.76] ehlo=1 auth=0/1 rset=1 quit=1 commands=3/4
Aug  9 07:00:07 brollon postfix/submission/smtpd[28133]: warning: unknown[213.176.26.85]: SASL LOGIN authentication failed: UGFzc3dvcmQ6
Aug  9 07:00:07 brollon postfix/submission/smtpd[28133]: disconnect from unknown[213.176.26.85] ehlo=1 auth=0/1 rset=1 quit=1 commands=3/4
Aug  9 07:00:13 brollon postfix/smtps/smtpd[26746]: warning: unknown[213.176.24.64]: SASL LOGIN authentication failed: UGFzc3dvcmQ6
Aug  9 07:00:13 brollon postfix/smtps/smtpd[26746]: lost connection after AUTH from unknown[213.176.24.64]
Aug  9 07:00:13 brollon postfix/smtps/smtpd[26746]: disconnect from unknown[213.176.24.64] ehlo=1 auth=0/1 rset=1 commands=2/3
Aug  9 07:00:14 brollon postfix/submission/smtpd[27391]: connect from unknown[213.176.26.144]
Aug  9 07:00:19 brollon postfix/submission/smtpd[27391]: warning: unknown[213.176.26.144]: SASL LOGIN authentication failed: UGFzc3dvcmQ6
Aug  9 07:00:19 brollon postfix/submission/smtpd[27391]: disconnect from unknown[213.176.26.144] ehlo=1 auth=0/1 rset=1 quit=1 commands=3/4
Aug  9 07:00:24 brollon postfix/smtpd[29177]: connect from unknown[92.118.39.227]
Aug  9 07:00:26 brollon postfix/smtpd[29177]: warning: unknown[92.118.39.227]: SASL LOGIN authentication failed: UGFzc3dvcmQ6
Aug  9 07:00:26 brollon postfix/smtpd[29177]: disconnect from unknown[92.118.39.227] ehlo=1 auth=0/1 quit=1 commands=2/3
Aug  9 07:00:27 brollon postfix/submission/smtpd[26552]: connect from unknown[213.176.26.113]
Aug  9 07:00:31 brollon postfix/submission/smtpd[27391]: connect from unknown[213.176.26.74]
Aug  9 07:00:32 brollon postfix/smtpd[24975]: connect from unknown[92.118.39.233]
Aug  9 07:00:32 brollon postfix/submission/smtpd[28133]: connect from unknown[213.176.26.64]
Aug  9 07:00:34 brollon postfix/smtpd[24975]: warning: unknown[92.118.39.233]: SASL LOGIN authentication failed: UGFzc3dvcmQ6
Aug  9 07:00:34 brollon postfix/submission/smtpd[26552]: warning: unknown[213.176.26.113]: SASL LOGIN authentication failed: UGFzc3dvcmQ6
Aug  9 07:00:34 brollon postfix/submission/smtpd[26552]: disconnect from unknown[213.176.26.113] ehlo=1 auth=0/1 rset=1 quit=1 commands=3/4
Aug  9 07:00:34 brollon postfix/smtpd[24975]: disconnect from unknown[92.118.39.233] ehlo=1 auth=0/1 quit=1 commands=2/3
Aug  9 07:00:38 brollon postfix/submission/smtpd[27391]: warning: unknown[213.176.26.74]: SASL LOGIN authentication failed: UGFzc3dvcmQ6
Aug  9 07:00:38 brollon postfix/submission/smtpd[27391]: disconnect from unknown[213.176.26.74] ehlo=1 auth=0/1 rset=1 quit=1 commands=3/4
Aug  9 07:00:39 brollon postfix/submission/smtpd[28133]: warning: unknown[213.176.26.64]: SASL LOGIN authentication failed: UGFzc3dvcmQ6
Aug  9 07:00:39 brollon postfix/smtpd[29177]: connect from unknown[92.118.39.231]
Aug  9 07:00:40 brollon postfix/submission/smtpd[28133]: disconnect from unknown[213.176.26.64] ehlo=1 auth=0/1 rset=1 quit=1 commands=3/4
Aug  9 07:00:41 brollon postfix/smtpd[29177]: warning: unknown[92.118.39.231]: SASL LOGIN authentication failed: UGFzc3dvcmQ6
Aug  9 07:00:41 brollon postfix/smtpd[29177]: disconnect from unknown[92.118.39.231] ehlo=1 auth=0/1 quit=1 commands=2/3
Aug  9 07:00:46 brollon postfix/submission/smtpd[26529]: connect from unknown[213.176.26.134]
Aug  9 07:00:49 brollon postfix/submission/smtpd[27391]: connect from unknown[213.176.26.78]
Aug  9 07:00:52 brollon postfix/submission/smtpd[27391]: warning: unknown[213.176.26.78]: SASL LOGIN authentication failed: UGFzc3dvcmQ6
Aug  9 07:00:52 brollon postfix/submission/smtpd[26529]: warning: unknown[213.176.26.134]: SASL LOGIN authentication failed: UGFzc3dvcmQ6
Aug  9 07:00:52 brollon postfix/submission/smtpd[26529]: disconnect from unknown[213.176.26.134] ehlo=1 auth=0/1 rset=1 quit=1 commands=3/4
Aug  9 07:00:52 brollon postfix/submission/smtpd[27391]: disconnect from unknown[213.176.26.78] ehlo=1 auth=0/1 rset=1 quit=1 commands=3/4
Aug  9 07:00:54 brollon postfix/smtps/smtpd[29173]: connect from unknown[213.176.26.44]
Aug  9 07:00:55 brollon postfix/smtpd[24975]: connect from unknown[92.118.39.224]
Aug  9 07:00:57 brollon postfix/smtpd[24975]: warning: unknown[92.118.39.224]: SASL LOGIN authentication failed: UGFzc3dvcmQ6
Aug  9 07:00:57 brollon postfix/smtpd[24975]: disconnect from unknown[92.118.39.224] ehlo=1 auth=0/1 quit=1 commands=2/3
Aug  9 07:00:58 brollon postfix/submission/smtpd[28133]: connect from unknown[213.176.26.159]
Aug  9 07:00:59 brollon postfix/submission/smtpd[27391]: connect from unknown[213.176.26.114]
Aug  9 07:01:01 brollon postfix/submission/smtpd[27391]: warning: unknown[213.176.26.114]: SASL LOGIN authentication failed: UGFzc3dvcmQ6
Aug  9 07:01:01 brollon postfix/submission/smtpd[28133]: warning: unknown[213.176.26.159]: SASL LOGIN authentication failed: UGFzc3dvcmQ6
Aug  9 07:01:01 brollon postfix/submission/smtpd[28133]: disconnect from unknown[213.176.26.159] ehlo=1 auth=0/1 rset=1 quit=1 commands=3/4
Aug  9 07:01:01 brollon postfix/smtpd[29177]: connect from localhost[127.0.0.1]
Aug  9 07:01:01 brollon postfix/smtpd[29177]: lost connection after CONNECT from localhost[127.0.0.1]
Aug  9 07:01:01 brollon postfix/smtpd[29177]: disconnect from localhost[127.0.0.1] commands=0/0
Aug  9 07:01:01 brollon dovecot: pop3-login: Disconnected (no auth attempts in 0 secs): user=<>, rip=127.0.0.1, lip=127.0.0.1, secured, session=<rOjqzJdYTrN/AAAB>
Aug  9 07:01:01 brollon dovecot: imap-login: Disconnected (no auth attempts in 0 secs): user=<>, rip=127.0.0.1, lip=127.0.0.1, secured, session=<AkDrzJdYHrt/AAAB>
Aug  9 07:01:01 brollon postfix/pickup[17385]: 87264439E4: uid=5004 from=<web1>
Aug  9 07:01:01 brollon postfix/cleanup[30116]: 87264439E4: message-id=<20260809070101.87264439E4@brollon.galiciadigital.net>
Aug  9 07:01:01 brollon postfix/qmgr[1580]: 87264439E4: from=<web1@servidor-1.localdomain>, size=810, nrcpt=1 (queue active)
Aug  9 07:01:01 brollon postfix/submission/smtpd[27391]: disconnect from unknown[213.176.26.114] ehlo=1 auth=0/1 rset=1 quit=1 commands=3/4
Aug  9 07:01:02 brollon postfix/smtps/smtpd[29173]: warning: unknown[213.176.26.44]: SASL LOGIN authentication failed: UGFzc3dvcmQ6
Aug  9 07:01:02 brollon postfix/submission/smtpd[26529]: connect from unknown[213.176.26.76]
Aug  9 07:01:04 brollon postfix/smtps/smtpd[29173]: lost connection after AUTH from unknown[213.176.26.44]
Aug  9 07:01:04 brollon postfix/smtps/smtpd[29173]: disconnect from unknown[213.176.26.44] ehlo=1 auth=0/1 rset=1 commands=2/3
Aug  9 07:01:04 brollon postfix/submission/smtpd[27391]: connect from unknown[213.176.26.85]
Aug  9 07:01:04 brollon postfix/smtps/smtpd[26746]: connect from unknown[213.176.26.41]
Aug  9 07:01:09 brollon postfix/submission/smtpd[27391]: warning: unknown[213.176.26.85]: SASL LOGIN authentication failed: UGFzc3dvcmQ6
Aug  9 07:01:09 brollon postfix/submission/smtpd[27391]: disconnect from unknown[213.176.26.85] ehlo=1 auth=0/1 rset=1 quit=1 commands=3/4
Aug  9 07:01:10 brollon postfix/submission/smtpd[26529]: warning: unknown[213.176.26.76]: SASL LOGIN authentication failed: UGFzc3dvcmQ6
Aug  9 07:01:11 brollon postfix/submission/smtpd[26529]: disconnect from unknown[213.176.26.76] ehlo=1 auth=0/1 rset=1 quit=1 commands=3/4
Aug  9 07:01:12 brollon postfix/smtps/smtpd[26746]: warning: unknown[213.176.26.41]: SASL LOGIN authentication failed: UGFzc3dvcmQ6
Aug  9 07:01:13 brollon postfix/smtps/smtpd[29173]: connect from unknown[213.176.26.133]
Aug  9 07:01:14 brollon postfix/smtps/smtpd[26746]: lost connection after AUTH from unknown[213.176.26.41]
Aug  9 07:01:14 brollon postfix/smtps/smtpd[26746]: disconnect from unknown[213.176.26.41] ehlo=1 auth=0/1 rset=1 commands=2/3
Aug  9 07:01:15 brollon postfix/smtpd[29177]: connect from unknown[2.57.122.98]
Aug  9 07:01:17 brollon postfix/submission/smtpd[28133]: connect from unknown[213.176.26.144]
Aug  9 07:01:18 brollon postfix/smtpd[29177]: warning: unknown[2.57.122.98]: SASL LOGIN authentication failed: UGFzc3dvcmQ6
Aug  9 07:01:18 brollon postfix/smtpd[29177]: disconnect from unknown[2.57.122.98] ehlo=1 auth=0/1 quit=1 commands=2/3
Aug  9 07:01:20 brollon postfix/smtps/smtpd[20714]: connect from unknown[213.176.26.82]
Aug  9 07:01:20 brollon postfix/smtpd[24975]: connect from unknown[92.118.39.225]
Aug  9 07:01:21 brollon postfix/smtps/smtpd[29173]: warning: unknown[213.176.26.133]: SASL LOGIN authentication failed: UGFzc3dvcmQ6
Aug  9 07:01:21 brollon postfix/smtps/smtpd[26746]: connect from unknown[213.176.26.191]
Aug  9 07:01:22 brollon postfix/smtpd[24975]: warning: unknown[92.118.39.225]: SASL LOGIN authentication failed: UGFzc3dvcmQ6
Aug  9 07:01:22 brollon postfix/smtpd[24975]: disconnect from unknown[92.118.39.225] ehlo=1 auth=0/1 quit=1 commands=2/3
Aug  9 07:01:23 brollon postfix/smtps/smtpd[29173]: lost connection after AUTH from unknown[213.176.26.133]
Aug  9 07:01:23 brollon postfix/smtps/smtpd[29173]: disconnect from unknown[213.176.26.133] ehlo=1 auth=0/1 rset=1 commands=2/3
Aug  9 07:01:24 brollon postfix/smtps/smtpd[26746]: warning: unknown[213.176.26.191]: SASL LOGIN authentication failed: UGFzc3dvcmQ6
Aug  9 07:01:24 brollon postfix/submission/smtpd[28133]: warning: unknown[213.176.26.144]: SASL LOGIN authentication failed: UGFzc3dvcmQ6
Aug  9 07:01:24 brollon postfix/submission/smtpd[28133]: disconnect from unknown[213.176.26.144] ehlo=1 auth=0/1 rset=1 quit=1 commands=3/4
Aug  9 07:01:24 brollon postfix/smtpd[29177]: connect from unknown[92.118.39.234]
Aug  9 07:01:24 brollon postfix/smtps/smtpd[26746]: lost connection after AUTH from unknown[213.176.26.191]
Aug  9 07:01:24 brollon postfix/smtps/smtpd[26746]: disconnect from unknown[213.176.26.191] ehlo=1 auth=0/1 rset=1 commands=2/3
Aug  9 07:01:26 brollon postfix/smtpd[29177]: warning: unknown[92.118.39.234]: SASL LOGIN authentication failed: UGFzc3dvcmQ6
Aug  9 07:01:26 brollon postfix/smtpd[29177]: disconnect from unknown[92.118.39.234] ehlo=1 auth=0/1 quit=1 commands=2/3
Aug  9 07:01:28 brollon postfix/smtps/smtpd[20714]: warning: unknown[213.176.26.82]: SASL LOGIN authentication failed: UGFzc3dvcmQ6
Aug  9 07:01:28 brollon postfix/submission/smtpd[27391]: connect from unknown[213.176.26.113]
Aug  9 07:01:30 brollon postfix/smtps/smtpd[20714]: lost connection after AUTH from unknown[213.176.26.82]
Aug  9 07:01:30 brollon postfix/smtps/smtpd[20714]: disconnect from unknown[213.176.26.82] ehlo=1 auth=0/1 rset=1 commands=2/3
Aug  9 07:01:33 brollon postfix/submission/smtpd[26552]: connect from unknown[213.176.26.74]
Aug  9 07:01:34 brollon postfix/submission/smtpd[28133]: connect from unknown[213.176.26.64]
Aug  9 07:01:35 brollon postfix/smtpd[30157]: connect from localhost[127.0.0.1]
Aug  9 07:01:35 brollon postfix/submission/smtpd[27391]: warning: unknown[213.176.26.113]: SASL LOGIN authentication failed: UGFzc3dvcmQ6
Aug  9 07:01:35 brollon postfix/smtpd[30157]: 17022439CD: client=localhost[127.0.0.1]
Aug  9 07:01:35 brollon postfix/cleanup[30116]: 17022439CD: message-id=<20260809070101.87264439E4@brollon.galiciadigital.net>
Aug  9 07:01:35 brollon postfix/submission/smtpd[27391]: disconnect from unknown[213.176.26.113] ehlo=1 auth=0/1 rset=1 quit=1 commands=3/4
Aug  9 07:01:35 brollon postfix/qmgr[1580]: 17022439CD: from=<web1@servidor-1.localdomain>, size=1308, nrcpt=1 (queue active)
Aug  9 07:01:35 brollon postfix/smtpd[30157]: disconnect from localhost[127.0.0.1] ehlo=1 mail=1 rcpt=1 data=1 quit=1 commands=5
Aug  9 07:01:35 brollon amavis[12687]: (12687-19) Passed CLEAN {RelayedInternal}, LOCAL [127.0.0.1] <web1@servidor-1.localdomain> -> <web1@servidor-1.localdomain>, Message-ID: <20260809070101.87264439E4@brollon.galiciadigital.net>, mail_id: I-iTi9DjD8vE, Hits: 1.178, size: 810, queued_as: 17022439CD, 33542 ms
Aug  9 07:01:35 brollon postfix/smtp[30130]: 87264439E4: to=<web1@servidor-1.localdomain>, orig_to=<web1>, relay=127.0.0.1[127.0.0.1]:10024, delay=34, delays=0.17/0.02/0.02/34, dsn=2.0.0, status=sent (250 2.0.0 from MTA(smtp:[127.0.0.1]:10025): 250 2.0.0 Ok: queued as 17022439CD)
Aug  9 07:01:35 brollon postfix/qmgr[1580]: 87264439E4: removed
Aug  9 07:01:35 brollon postfix/smtp[30158]: 17022439CD: to=<web1@servidor-1.localdomain>, relay=none, delay=0.15, delays=0.11/0.03/0.01/0, dsn=5.4.4, status=bounced (Host or domain name not found. Name service error for name=servidor-1.localdomain type=AAAA: Host not found)
Aug  9 07:01:35 brollon postfix/cleanup[30116]: 87F6743A1F: message-id=<20260809070135.87F6743A1F@brollon.galiciadigital.net>
Aug  9 07:01:35 brollon postfix/bounce[30159]: 17022439CD: sender non-delivery notification: 87F6743A1F
Aug  9 07:01:35 brollon postfix/qmgr[1580]: 17022439CD: removed
Aug  9 07:01:35 brollon postfix/qmgr[1580]: 87F6743A1F: from=<>, size=3500, nrcpt=1 (queue active)
Aug  9 07:01:35 brollon postfix/smtp[30158]: 87F6743A1F: to=<web1@servidor-1.localdomain>, relay=none, delay=0.21, delays=0.2/0/0.01/0, dsn=5.4.4, status=bounced (Host or domain name not found. Name service error for name=servidor-1.localdomain type=AAAA: Host not found)
Aug  9 07:01:35 brollon postfix/qmgr[1580]: 87F6743A1F: removed
Aug  9 07:01:40 brollon postfix/submission/smtpd[26552]: warning: unknown[213.176.26.74]: SASL LOGIN authentication failed: UGFzc3dvcmQ6
Aug  9 07:01:40 brollon postfix/submission/smtpd[26552]: disconnect from unknown[213.176.26.74] ehlo=1 auth=0/1 rset=1 quit=1 commands=3/4
Aug  9 07:01:41 brollon postfix/submission/smtpd[28133]: warning: unknown[213.176.26.64]: SASL LOGIN authentication failed: UGFzc3dvcmQ6
Aug  9 07:01:41 brollon postfix/submission/smtpd[28133]: disconnect from unknown[213.176.26.64] ehlo=1 auth=0/1 rset=1 quit=1 commands=3/4
Aug  9 07:01:48 brollon postfix/submission/smtpd[26529]: connect from unknown[213.176.26.134]
Aug  9 07:01:53 brollon postfix/submission/smtpd[27391]: connect from unknown[213.176.26.78]
Aug  9 07:01:55 brollon postfix/submission/smtpd[26529]: warning: unknown[213.176.26.134]: SASL LOGIN authentication failed: UGFzc3dvcmQ6
Aug  9 07:01:55 brollon postfix/submission/smtpd[26529]: disconnect from unknown[213.176.26.134] ehlo=1 auth=0/1 rset=1 quit=1 commands=3/4
Aug  9 07:01:56 brollon postfix/smtps/smtpd[29173]: connect from unknown[213.176.26.175]
Aug  9 07:01:58 brollon postfix/smtps/smtpd[20714]: connect from unknown[213.176.26.182]
Aug  9 07:01:59 brollon postfix/submission/smtpd[28133]: connect from unknown[213.176.26.159]
Aug  9 07:01:59 brollon postfix/submission/smtpd[26552]: connect from unknown[213.176.26.114]
Aug  9 07:02:00 brollon postfix/submission/smtpd[27391]: warning: unknown[213.176.26.78]: SASL LOGIN authentication failed: UGFzc3dvcmQ6
Aug  9 07:02:00 brollon postfix/submission/smtpd[27391]: disconnect from unknown[213.176.26.78] ehlo=1 auth=0/1 rset=1 quit=1 commands=3/4
Aug  9 07:02:01 brollon postfix/smtps/smtpd[29173]: warning: unknown[213.176.26.175]: SASL LOGIN authentication failed: UGFzc3dvcmQ6
Aug  9 07:02:01 brollon postfix/smtps/smtpd[29173]: lost connection after AUTH from unknown[213.176.26.175]
Aug  9 07:02:01 brollon postfix/smtps/smtpd[29173]: disconnect from unknown[213.176.26.175] ehlo=1 auth=0/1 rset=1 commands=2/3
Aug  9 07:02:01 brollon postfix/smtpd[24975]: connect from localhost[127.0.0.1]
Aug  9 07:02:01 brollon postfix/smtpd[24975]: lost connection after CONNECT from localhost[127.0.0.1]
Aug  9 07:02:01 brollon postfix/smtpd[24975]: disconnect from localhost[127.0.0.1] commands=0/0
Aug  9 07:02:01 brollon dovecot: imap-login: Disconnected (disconnected before auth was ready, waited 0 secs): user=<>, rip=127.0.0.1, lip=127.0.0.1, secured, session=<4vmC0JdYcLx/AAAB>
Aug  9 07:02:01 brollon dovecot: pop3-login: Disconnected (no auth attempts in 0 secs): user=<>, rip=127.0.0.1, lip=127.0.0.1, secured, session=<PP2C0JdYoLR/AAAB>
Aug  9 07:02:02 brollon postfix/submission/smtpd[26552]: warning: unknown[213.176.26.114]: SASL LOGIN authentication failed: UGFzc3dvcmQ6
Aug  9 07:02:02 brollon postfix/submission/smtpd[26552]: disconnect from unknown[213.176.26.114] ehlo=1 auth=0/1 rset=1 quit=1 commands=3/4
