Aug  9 10:07:24 brollon postfix/smtpd[30512]: disconnect from unknown[92.118.39.229] ehlo=1 auth=0/1 quit=1 commands=2/3
Aug  9 10:07:24 brollon postfix/submission/smtpd[23375]: connect from unknown[213.176.26.78]
Aug  9 10:07:24 brollon postfix/submission/smtpd[28438]: disconnect from unknown[213.176.26.159] ehlo=1 auth=0/1 rset=1 quit=1 commands=3/4
Aug  9 10:07:25 brollon postfix/submission/smtpd[23240]: warning: unknown[213.176.26.144]: SASL LOGIN authentication failed: UGFzc3dvcmQ6
Aug  9 10:07:25 brollon postfix/submission/smtpd[23240]: disconnect from unknown[213.176.26.144] ehlo=1 auth=0/1 rset=1 quit=1 commands=3/4
Aug  9 10:07:26 brollon postfix/smtps/smtpd[29751]: warning: unknown[213.176.24.64]: SASL LOGIN authentication failed: UGFzc3dvcmQ6
Aug  9 10:07:26 brollon postfix/smtps/smtpd[29751]: lost connection after AUTH from unknown[213.176.24.64]
Aug  9 10:07:26 brollon postfix/smtps/smtpd[29751]: disconnect from unknown[213.176.24.64] ehlo=1 auth=0/1 rset=1 commands=2/3
Aug  9 10:07:26 brollon postfix/submission/smtpd[27726]: connect from unknown[213.176.26.113]
Aug  9 10:07:29 brollon postfix/submission/smtpd[27726]: warning: unknown[213.176.26.113]: SASL LOGIN authentication failed: UGFzc3dvcmQ6
Aug  9 10:07:29 brollon postfix/submission/smtpd[27726]: disconnect from unknown[213.176.26.113] ehlo=1 auth=0/1 rset=1 quit=1 commands=3/4
Aug  9 10:07:29 brollon postfix/submission/smtpd[23240]: connect from unknown[213.176.26.134]
Aug  9 10:07:31 brollon postfix/submission/smtpd[23375]: warning: unknown[213.176.26.78]: SASL LOGIN authentication failed: UGFzc3dvcmQ6
Aug  9 10:07:31 brollon postfix/submission/smtpd[23375]: disconnect from unknown[213.176.26.78] ehlo=1 auth=0/1 rset=1 quit=1 commands=3/4
Aug  9 10:07:33 brollon postfix/submission/smtpd[28438]: connect from unknown[213.176.26.76]
Aug  9 10:07:35 brollon postfix/submission/smtpd[27726]: connect from unknown[213.176.26.74]
Aug  9 10:07:36 brollon postfix/submission/smtpd[23240]: warning: unknown[213.176.26.134]: SASL LOGIN authentication failed: UGFzc3dvcmQ6
Aug  9 10:07:36 brollon postfix/submission/smtpd[23240]: disconnect from unknown[213.176.26.134] ehlo=1 auth=0/1 rset=1 quit=1 commands=3/4
Aug  9 10:07:40 brollon postfix/submission/smtpd[28438]: warning: unknown[213.176.26.76]: SASL LOGIN authentication failed: UGFzc3dvcmQ6
Aug  9 10:07:40 brollon postfix/submission/smtpd[28438]: disconnect from unknown[213.176.26.76] ehlo=1 auth=0/1 rset=1 quit=1 commands=3/4
Aug  9 10:07:41 brollon postfix/submission/smtpd[27726]: warning: unknown[213.176.26.74]: SASL LOGIN authentication failed: UGFzc3dvcmQ6
Aug  9 10:07:41 brollon postfix/submission/smtpd[27726]: disconnect from unknown[213.176.26.74] ehlo=1 auth=0/1 rset=1 quit=1 commands=3/4
Aug  9 10:07:41 brollon postfix/submission/smtpd[23375]: connect from unknown[213.176.26.64]
Aug  9 10:07:48 brollon postfix/submission/smtpd[23375]: warning: unknown[213.176.26.64]: SASL LOGIN authentication failed: UGFzc3dvcmQ6
Aug  9 10:07:48 brollon postfix/submission/smtpd[23375]: disconnect from unknown[213.176.26.64] ehlo=1 auth=0/1 rset=1 quit=1 commands=3/4
Aug  9 10:07:54 brollon postfix/smtpd[30512]: connect from unknown[91.92.240.92]
Aug  9 10:07:56 brollon postfix/smtpd[30512]: warning: unknown[91.92.240.92]: SASL LOGIN authentication failed: UGFzc3dvcmQ6
Aug  9 10:07:56 brollon postfix/smtpd[30512]: disconnect from unknown[91.92.240.92] ehlo=1 auth=0/1 quit=1 commands=2/3
Aug  9 10:08:01 brollon postfix/smtpd[30512]: connect from localhost[127.0.0.1]
Aug  9 10:08:01 brollon postfix/smtpd[30512]: lost connection after CONNECT from localhost[127.0.0.1]
Aug  9 10:08:01 brollon postfix/smtpd[30512]: disconnect from localhost[127.0.0.1] commands=0/0
Aug  9 10:08:01 brollon dovecot: imap-login: Disconnected (no auth attempts in 0 secs): user=<>, rip=127.0.0.1, lip=127.0.0.1, secured, session=<NFqxaZpYjop/AAAB>
Aug  9 10:08:01 brollon dovecot: pop3-login: Disconnected (no auth attempts in 0 secs): user=<>, rip=127.0.0.1, lip=127.0.0.1, secured, session=<+WOxaZpYvoJ/AAAB>
Aug  9 10:08:02 brollon postfix/submission/smtpd[28438]: connect from unknown[213.176.26.85]
Aug  9 10:08:09 brollon postfix/submission/smtpd[28438]: warning: unknown[213.176.26.85]: SASL LOGIN authentication failed: UGFzc3dvcmQ6
Aug  9 10:08:09 brollon postfix/submission/smtpd[28438]: disconnect from unknown[213.176.26.85] ehlo=1 auth=0/1 rset=1 quit=1 commands=3/4
Aug  9 10:08:11 brollon postfix/submission/smtpd[27726]: connect from unknown[213.176.26.114]
Aug  9 10:08:14 brollon postfix/smtpd[30512]: connect from unknown[92.118.39.227]
Aug  9 10:08:15 brollon postfix/submission/smtpd[27726]: warning: unknown[213.176.26.114]: SASL LOGIN authentication failed: UGFzc3dvcmQ6
Aug  9 10:08:15 brollon postfix/submission/smtpd[27726]: disconnect from unknown[213.176.26.114] ehlo=1 auth=0/1 rset=1 quit=1 commands=3/4
Aug  9 10:08:16 brollon postfix/smtpd[30512]: warning: unknown[92.118.39.227]: SASL LOGIN authentication failed: UGFzc3dvcmQ6
Aug  9 10:08:16 brollon postfix/smtpd[30512]: disconnect from unknown[92.118.39.227] ehlo=1 auth=0/1 quit=1 commands=2/3
Aug  9 10:08:19 brollon postfix/smtpd[30512]: connect from unknown[147.185.133.35]
Aug  9 10:08:20 brollon postfix/smtpd[30512]: lost connection after EHLO from unknown[147.185.133.35]
Aug  9 10:08:20 brollon postfix/smtpd[30512]: disconnect from unknown[147.185.133.35] ehlo=1 commands=1
Aug  9 10:08:21 brollon postfix/submission/smtpd[23375]: connect from unknown[213.176.26.159]
Aug  9 10:08:21 brollon postfix/submission/smtpd[28438]: connect from unknown[213.176.26.144]
Aug  9 10:08:24 brollon postfix/smtpd[30512]: connect from unknown[92.118.39.233]
Aug  9 10:08:24 brollon postfix/submission/smtpd[28438]: warning: unknown[213.176.26.144]: SASL LOGIN authentication failed: UGFzc3dvcmQ6
Aug  9 10:08:24 brollon postfix/submission/smtpd[28438]: disconnect from unknown[213.176.26.144] ehlo=1 auth=0/1 rset=1 quit=1 commands=3/4
Aug  9 10:08:24 brollon postfix/smtps/smtpd[29751]: connect from unknown[213.176.26.44]
Aug  9 10:08:25 brollon postfix/submission/smtpd[23375]: warning: unknown[213.176.26.159]: SASL LOGIN authentication failed: UGFzc3dvcmQ6
Aug  9 10:08:25 brollon postfix/submission/smtpd[23375]: disconnect from unknown[213.176.26.159] ehlo=1 auth=0/1 rset=1 quit=1 commands=3/4
Aug  9 10:08:26 brollon postfix/smtpd[30512]: warning: unknown[92.118.39.233]: SASL LOGIN authentication failed: UGFzc3dvcmQ6
Aug  9 10:08:26 brollon postfix/smtpd[30512]: disconnect from unknown[92.118.39.233] ehlo=1 auth=0/1 quit=1 commands=2/3
Aug  9 10:08:27 brollon postfix/submission/smtpd[27726]: connect from unknown[213.176.26.78]
Aug  9 10:08:28 brollon postfix/submission/smtpd[23375]: connect from unknown[213.176.26.113]
Aug  9 10:08:31 brollon postfix/smtpd[30512]: connect from unknown[92.118.39.231]
Aug  9 10:08:32 brollon postfix/submission/smtpd[28438]: connect from unknown[213.176.26.134]
Aug  9 10:08:32 brollon postfix/smtps/smtpd[29751]: warning: unknown[213.176.26.44]: SASL LOGIN authentication failed: UGFzc3dvcmQ6
Aug  9 10:08:33 brollon postfix/smtpd[30512]: warning: unknown[92.118.39.231]: SASL LOGIN authentication failed: UGFzc3dvcmQ6
Aug  9 10:08:33 brollon postfix/smtpd[30512]: disconnect from unknown[92.118.39.231] ehlo=1 auth=0/1 quit=1 commands=2/3
Aug  9 10:08:34 brollon postfix/smtps/smtpd[29751]: lost connection after AUTH from unknown[213.176.26.44]
Aug  9 10:08:34 brollon postfix/smtps/smtpd[29751]: disconnect from unknown[213.176.26.44] ehlo=1 auth=0/1 rset=1 commands=2/3
Aug  9 10:08:34 brollon postfix/submission/smtpd[28438]: warning: unknown[213.176.26.134]: SASL LOGIN authentication failed: UGFzc3dvcmQ6
Aug  9 10:08:34 brollon postfix/submission/smtpd[27726]: warning: unknown[213.176.26.78]: SASL LOGIN authentication failed: UGFzc3dvcmQ6
Aug  9 10:08:34 brollon postfix/submission/smtpd[28438]: disconnect from unknown[213.176.26.134] ehlo=1 auth=0/1 rset=1 quit=1 commands=3/4
Aug  9 10:08:34 brollon postfix/submission/smtpd[27726]: disconnect from unknown[213.176.26.78] ehlo=1 auth=0/1 rset=1 quit=1 commands=3/4
Aug  9 10:08:35 brollon postfix/submission/smtpd[23375]: warning: unknown[213.176.26.113]: SASL LOGIN authentication failed: UGFzc3dvcmQ6
Aug  9 10:08:35 brollon postfix/submission/smtpd[23375]: disconnect from unknown[213.176.26.113] ehlo=1 auth=0/1 rset=1 quit=1 commands=3/4
Aug  9 10:08:35 brollon postfix/submission/smtpd[28438]: connect from unknown[213.176.26.76]
Aug  9 10:08:36 brollon postfix/smtps/smtpd[29751]: connect from unknown[213.176.26.166]
Aug  9 10:08:38 brollon postfix/submission/smtpd[23375]: connect from unknown[213.176.26.74]
Aug  9 10:08:41 brollon postfix/submission/smtpd[28438]: warning: unknown[213.176.26.76]: SASL LOGIN authentication failed: UGFzc3dvcmQ6
Aug  9 10:08:42 brollon postfix/submission/smtpd[28438]: disconnect from unknown[213.176.26.76] ehlo=1 auth=0/1 rset=1 quit=1 commands=3/4
Aug  9 10:08:42 brollon postfix/smtps/smtpd[29751]: warning: unknown[213.176.26.166]: SASL LOGIN authentication failed: UGFzc3dvcmQ6
Aug  9 10:08:42 brollon postfix/smtps/smtpd[29751]: lost connection after AUTH from unknown[213.176.26.166]
Aug  9 10:08:42 brollon postfix/smtps/smtpd[29751]: disconnect from unknown[213.176.26.166] ehlo=1 auth=0/1 rset=1 commands=2/3
Aug  9 10:08:44 brollon postfix/submission/smtpd[27726]: connect from unknown[213.176.26.64]
Aug  9 10:08:45 brollon postfix/submission/smtpd[23375]: warning: unknown[213.176.26.74]: SASL LOGIN authentication failed: UGFzc3dvcmQ6
Aug  9 10:08:45 brollon postfix/submission/smtpd[23375]: disconnect from unknown[213.176.26.74] ehlo=1 auth=0/1 rset=1 quit=1 commands=3/4
Aug  9 10:08:45 brollon postfix/smtpd[30512]: connect from unknown[92.118.39.224]
Aug  9 10:08:47 brollon postfix/smtpd[30512]: warning: unknown[92.118.39.224]: SASL LOGIN authentication failed: UGFzc3dvcmQ6
Aug  9 10:08:47 brollon postfix/smtpd[30512]: disconnect from unknown[92.118.39.224] ehlo=1 auth=0/1 quit=1 commands=2/3
Aug  9 10:08:47 brollon postfix/smtps/smtpd[29751]: connect from unknown[213.176.26.63]
Aug  9 10:08:51 brollon postfix/submission/smtpd[27726]: warning: unknown[213.176.26.64]: SASL LOGIN authentication failed: UGFzc3dvcmQ6
Aug  9 10:08:51 brollon postfix/submission/smtpd[27726]: disconnect from unknown[213.176.26.64] ehlo=1 auth=0/1 rset=1 quit=1 commands=3/4
Aug  9 10:08:53 brollon postfix/smtps/smtpd[30634]: connect from unknown[213.176.26.133]
Aug  9 10:08:53 brollon postfix/smtps/smtpd[29751]: warning: unknown[213.176.26.63]: SASL LOGIN authentication failed: UGFzc3dvcmQ6
Aug  9 10:08:53 brollon postfix/smtps/smtpd[29751]: lost connection after AUTH from unknown[213.176.26.63]
Aug  9 10:08:53 brollon postfix/smtps/smtpd[29751]: disconnect from unknown[213.176.26.63] ehlo=1 auth=0/1 rset=1 commands=2/3
Aug  9 10:08:59 brollon postfix/smtps/smtpd[30634]: warning: unknown[213.176.26.133]: SASL LOGIN authentication failed: UGFzc3dvcmQ6
Aug  9 10:08:59 brollon postfix/smtps/smtpd[30634]: lost connection after AUTH from unknown[213.176.26.133]
Aug  9 10:08:59 brollon postfix/smtps/smtpd[30634]: disconnect from unknown[213.176.26.133] ehlo=1 auth=0/1 rset=1 commands=2/3
Aug  9 10:09:01 brollon postfix/smtpd[30512]: connect from localhost[127.0.0.1]
Aug  9 10:09:01 brollon postfix/smtpd[30512]: lost connection after CONNECT from localhost[127.0.0.1]
Aug  9 10:09:01 brollon postfix/smtpd[30512]: disconnect from localhost[127.0.0.1] commands=0/0
Aug  9 10:09:01 brollon dovecot: imap-login: Disconnected (no auth attempts in 0 secs): user=<>, rip=127.0.0.1, lip=127.0.0.1, secured, session=<BHZHbZpYMot/AAAB>
Aug  9 10:09:01 brollon dovecot: pop3-login: Disconnected (no auth attempts in 0 secs): user=<>, rip=127.0.0.1, lip=127.0.0.1, secured, session=<c3hHbZpYYoN/AAAB>
Aug  9 10:09:03 brollon postfix/smtps/smtpd[29751]: connect from unknown[213.176.26.19]
Aug  9 10:09:05 brollon postfix/submission/smtpd[28438]: connect from unknown[213.176.26.85]
Aug  9 10:09:06 brollon postfix/smtps/smtpd[29751]: warning: unknown[213.176.26.19]: SASL LOGIN authentication failed: UGFzc3dvcmQ6
Aug  9 10:09:06 brollon postfix/smtps/smtpd[29751]: lost connection after AUTH from unknown[213.176.26.19]
Aug  9 10:09:06 brollon postfix/smtps/smtpd[29751]: disconnect from unknown[213.176.26.19] ehlo=1 auth=0/1 rset=1 commands=2/3
Aug  9 10:09:07 brollon postfix/submission/smtpd[28438]: warning: unknown[213.176.26.85]: SASL LOGIN authentication failed: UGFzc3dvcmQ6
Aug  9 10:09:07 brollon postfix/submission/smtpd[28438]: disconnect from unknown[213.176.26.85] ehlo=1 auth=0/1 rset=1 quit=1 commands=3/4
Aug  9 10:09:11 brollon postfix/submission/smtpd[23375]: connect from unknown[213.176.26.114]
Aug  9 10:09:12 brollon postfix/smtpd[30512]: connect from unknown[92.118.39.225]
Aug  9 10:09:14 brollon postfix/smtpd[30512]: warning: unknown[92.118.39.225]: SASL LOGIN authentication failed: UGFzc3dvcmQ6
Aug  9 10:09:14 brollon postfix/smtpd[30512]: disconnect from unknown[92.118.39.225] ehlo=1 auth=0/1 quit=1 commands=2/3
Aug  9 10:09:14 brollon postfix/smtpd[30512]: connect from unknown[92.118.39.234]
Aug  9 10:09:15 brollon postfix/smtps/smtpd[30634]: connect from unknown[213.176.26.94]
Aug  9 10:09:16 brollon postfix/smtpd[30512]: warning: unknown[92.118.39.234]: SASL LOGIN authentication failed: UGFzc3dvcmQ6
Aug  9 10:09:16 brollon postfix/smtpd[30512]: disconnect from unknown[92.118.39.234] ehlo=1 auth=0/1 quit=1 commands=2/3
Aug  9 10:09:18 brollon postfix/submission/smtpd[23375]: warning: unknown[213.176.26.114]: SASL LOGIN authentication failed: UGFzc3dvcmQ6
Aug  9 10:09:18 brollon postfix/submission/smtpd[23375]: disconnect from unknown[213.176.26.114] ehlo=1 auth=0/1 rset=1 quit=1 commands=3/4
Aug  9 10:09:22 brollon postfix/smtps/smtpd[30634]: warning: unknown[213.176.26.94]: SASL LOGIN authentication failed: UGFzc3dvcmQ6
Aug  9 10:09:22 brollon postfix/smtps/smtpd[30634]: lost connection after AUTH from unknown[213.176.26.94]
Aug  9 10:09:22 brollon postfix/smtps/smtpd[30634]: disconnect from unknown[213.176.26.94] ehlo=1 auth=0/1 rset=1 commands=2/3
Aug  9 10:09:23 brollon postfix/submission/smtpd[27726]: connect from unknown[213.176.26.159]
Aug  9 10:09:25 brollon postfix/submission/smtpd[23375]: connect from unknown[213.176.26.144]
Aug  9 10:09:29 brollon postfix/submission/smtpd[28438]: connect from unknown[213.176.26.113]
Aug  9 10:09:30 brollon postfix/submission/smtpd[27726]: warning: unknown[213.176.26.159]: SASL LOGIN authentication failed: UGFzc3dvcmQ6
Aug  9 10:09:30 brollon postfix/smtps/smtpd[29751]: connect from unknown[213.176.26.52]
Aug  9 10:09:31 brollon postfix/submission/smtpd[30793]: connect from unknown[213.176.26.78]
Aug  9 10:09:31 brollon postfix/submission/smtpd[27726]: disconnect from unknown[213.176.26.159] ehlo=1 auth=0/1 rset=1 quit=1 commands=3/4
Aug  9 10:09:32 brollon postfix/submission/smtpd[23375]: warning: unknown[213.176.26.144]: SASL LOGIN authentication failed: UGFzc3dvcmQ6
Aug  9 10:09:33 brollon postfix/submission/smtpd[23375]: disconnect from unknown[213.176.26.144] ehlo=1 auth=0/1 rset=1 quit=1 commands=3/4
Aug  9 10:09:34 brollon postfix/submission/smtpd[27726]: connect from unknown[213.176.26.134]
Aug  9 10:09:36 brollon postfix/submission/smtpd[28438]: warning: unknown[213.176.26.113]: SASL LOGIN authentication failed: UGFzc3dvcmQ6
Aug  9 10:09:36 brollon postfix/submission/smtpd[28438]: disconnect from unknown[213.176.26.113] ehlo=1 auth=0/1 rset=1 quit=1 commands=3/4
Aug  9 10:09:37 brollon postfix/smtps/smtpd[29751]: warning: unknown[213.176.26.52]: SASL LOGIN authentication failed: UGFzc3dvcmQ6
Aug  9 10:09:37 brollon postfix/smtps/smtpd[29751]: lost connection after AUTH from unknown[213.176.26.52]
Aug  9 10:09:37 brollon postfix/smtps/smtpd[29751]: disconnect from unknown[213.176.26.52] ehlo=1 auth=0/1 rset=1 commands=2/3
Aug  9 10:09:37 brollon postfix/submission/smtpd[23375]: connect from unknown[213.176.26.76]
Aug  9 10:09:38 brollon postfix/submission/smtpd[30793]: warning: unknown[213.176.26.78]: SASL LOGIN authentication failed: UGFzc3dvcmQ6
Aug  9 10:09:38 brollon postfix/submission/smtpd[30793]: disconnect from unknown[213.176.26.78] ehlo=1 auth=0/1 rset=1 quit=1 commands=3/4
Aug  9 10:09:41 brollon postfix/submission/smtpd[27726]: warning: unknown[213.176.26.134]: SASL LOGIN authentication failed: UGFzc3dvcmQ6
Aug  9 10:09:41 brollon postfix/submission/smtpd[23375]: warning: unknown[213.176.26.76]: SASL LOGIN authentication failed: UGFzc3dvcmQ6
Aug  9 10:09:41 brollon postfix/submission/smtpd[23375]: disconnect from unknown[213.176.26.76] ehlo=1 auth=0/1 rset=1 quit=1 commands=3/4
Aug  9 10:09:41 brollon postfix/submission/smtpd[27726]: disconnect from unknown[213.176.26.134] ehlo=1 auth=0/1 rset=1 quit=1 commands=3/4
Aug  9 10:09:41 brollon postfix/submission/smtpd[28438]: connect from unknown[213.176.26.74]
Aug  9 10:09:44 brollon postfix/smtps/smtpd[30634]: connect from unknown[213.176.26.175]
Aug  9 10:09:46 brollon postfix/submission/smtpd[28438]: warning: unknown[213.176.26.74]: SASL LOGIN authentication failed: UGFzc3dvcmQ6
Aug  9 10:09:46 brollon postfix/submission/smtpd[28438]: disconnect from unknown[213.176.26.74] ehlo=1 auth=0/1 rset=1 quit=1 commands=3/4
Aug  9 10:09:47 brollon postfix/submission/smtpd[27726]: connect from unknown[213.176.26.64]
Aug  9 10:09:49 brollon postfix/smtps/smtpd[30634]: warning: unknown[213.176.26.175]: SASL LOGIN authentication failed: UGFzc3dvcmQ6
Aug  9 10:09:49 brollon postfix/smtps/smtpd[30634]: lost connection after AUTH from unknown[213.176.26.175]
Aug  9 10:09:49 brollon postfix/smtps/smtpd[30634]: disconnect from unknown[213.176.26.175] ehlo=1 auth=0/1 rset=1 commands=2/3
Aug  9 10:09:54 brollon postfix/submission/smtpd[27726]: warning: unknown[213.176.26.64]: SASL LOGIN authentication failed: UGFzc3dvcmQ6
Aug  9 10:09:54 brollon postfix/submission/smtpd[27726]: disconnect from unknown[213.176.26.64] ehlo=1 auth=0/1 rset=1 quit=1 commands=3/4
Aug  9 10:09:55 brollon postfix/smtps/smtpd[29751]: connect from unknown[213.176.26.191]
Aug  9 10:10:00 brollon postfix/smtps/smtpd[29751]: warning: unknown[213.176.26.191]: SASL LOGIN authentication failed: UGFzc3dvcmQ6
Aug  9 10:10:00 brollon postfix/smtps/smtpd[29751]: lost connection after AUTH from unknown[213.176.26.191]
Aug  9 10:10:00 brollon postfix/smtps/smtpd[29751]: disconnect from unknown[213.176.26.191] ehlo=1 auth=0/1 rset=1 commands=2/3
Aug  9 10:10:00 brollon postfix/smtps/smtpd[30634]: connect from unknown[213.176.26.122]
Aug  9 10:10:02 brollon postfix/smtpd[30512]: connect from localhost[127.0.0.1]
Aug  9 10:10:02 brollon postfix/smtpd[30512]: lost connection after CONNECT from localhost[127.0.0.1]
Aug  9 10:10:02 brollon postfix/smtpd[30512]: disconnect from localhost[127.0.0.1] commands=0/0
Aug  9 10:10:02 brollon dovecot: pop3-login: Disconnected (no auth attempts in 0 secs): user=<>, rip=127.0.0.1, lip=127.0.0.1, secured, session=<+mfdcJpYqoR/AAAB>
Aug  9 10:10:02 brollon dovecot: imap-login: Disconnected (no auth attempts in 0 secs): user=<>, rip=127.0.0.1, lip=127.0.0.1, secured, session=<aobdcJpYeox/AAAB>
Aug  9 10:10:02 brollon postfix/smtpd[30512]: connect from localhost[127.0.0.1]
Aug  9 10:10:02 brollon postfix/smtpd[30512]: lost connection after CONNECT from localhost[127.0.0.1]
Aug  9 10:10:02 brollon postfix/smtpd[30512]: disconnect from localhost[127.0.0.1] commands=0/0
Aug  9 10:10:02 brollon dovecot: imap-login: Disconnected (no auth attempts in 0 secs): user=<>, rip=127.0.0.1, lip=127.0.0.1, secured, session=<9eLhcJpYhox/AAAB>
Aug  9 10:10:02 brollon dovecot: pop3-login: Disconnected (no auth attempts in 0 secs): user=<>, rip=127.0.0.1, lip=127.0.0.1, secured, session=<UObhcJpYtoR/AAAB>
Aug  9 10:10:03 brollon postfix/smtpd[30512]: connect from n301.scanner.modat.io[31.14.32.5]
Aug  9 10:10:03 brollon postfix/smtpd[30512]: lost connection after EHLO from n301.scanner.modat.io[31.14.32.5]
Aug  9 10:10:03 brollon postfix/smtpd[30512]: disconnect from n301.scanner.modat.io[31.14.32.5] ehlo=0/1 commands=0/1
Aug  9 10:10:04 brollon postfix/smtps/smtpd[30634]: warning: unknown[213.176.26.122]: SASL LOGIN authentication failed: UGFzc3dvcmQ6
Aug  9 10:10:04 brollon postfix/smtps/smtpd[30634]: lost connection after AUTH from unknown[213.176.26.122]
Aug  9 10:10:04 brollon postfix/smtps/smtpd[30634]: disconnect from unknown[213.176.26.122] ehlo=1 auth=0/1 rset=1 commands=2/3
Aug  9 10:10:06 brollon dovecot: pop3-login: Disconnected (no auth attempts in 0 secs): user=<>, rip=31.14.32.5, lip=54.37.21.250, session=<300dcZpYWtYfDiAF>
Aug  9 10:10:08 brollon postfix/submission/smtpd[28438]: connect from unknown[213.176.26.85]
Aug  9 10:10:09 brollon postfix/smtps/smtpd[29751]: connect from unknown[213.176.26.186]
Aug  9 10:10:11 brollon postfix/smtps/smtpd[29751]: warning: unknown[213.176.26.186]: SASL LOGIN authentication failed: UGFzc3dvcmQ6
Aug  9 10:10:11 brollon postfix/smtps/smtpd[29751]: lost connection after AUTH from unknown[213.176.26.186]
Aug  9 10:10:11 brollon postfix/smtps/smtpd[29751]: disconnect from unknown[213.176.26.186] ehlo=1 auth=0/1 rset=1 commands=2/3
Aug  9 10:10:11 brollon postfix/submission/smtpd[23375]: connect from unknown[213.176.26.114]
Aug  9 10:10:13 brollon postfix/smtps/smtpd[30634]: connect from unknown[213.176.26.88]
Aug  9 10:10:14 brollon postfix/smtps/smtpd[29751]: connect from unknown[213.176.26.87]
Aug  9 10:10:15 brollon postfix/submission/smtpd[28438]: warning: unknown[213.176.26.85]: SASL LOGIN authentication failed: UGFzc3dvcmQ6
Aug  9 10:10:15 brollon postfix/submission/smtpd[28438]: disconnect from unknown[213.176.26.85] ehlo=1 auth=0/1 rset=1 quit=1 commands=3/4
Aug  9 10:10:16 brollon postfix/smtps/smtpd[30634]: warning: unknown[213.176.26.88]: SASL LOGIN authentication failed: UGFzc3dvcmQ6
Aug  9 10:10:16 brollon postfix/smtps/smtpd[30634]: lost connection after AUTH from unknown[213.176.26.88]
Aug  9 10:10:16 brollon postfix/smtps/smtpd[30634]: disconnect from unknown[213.176.26.88] ehlo=1 auth=0/1 rset=1 commands=2/3
Aug  9 10:10:16 brollon postfix/smtpd[30512]: connect from unknown[2.57.122.98]
Aug  9 10:10:17 brollon postfix/smtps/smtpd[29751]: warning: unknown[213.176.26.87]: SASL LOGIN authentication failed: UGFzc3dvcmQ6
Aug  9 10:10:17 brollon postfix/smtps/smtpd[29751]: lost connection after AUTH from unknown[213.176.26.87]
Aug  9 10:10:17 brollon postfix/smtps/smtpd[29751]: disconnect from unknown[213.176.26.87] ehlo=1 auth=0/1 rset=1 commands=2/3
Aug  9 10:10:18 brollon postfix/submission/smtpd[23375]: warning: unknown[213.176.26.114]: SASL LOGIN authentication failed: UGFzc3dvcmQ6
Aug  9 10:10:18 brollon postfix/submission/smtpd[23375]: disconnect from unknown[213.176.26.114] ehlo=1 auth=0/1 rset=1 quit=1 commands=3/4
Aug  9 10:10:19 brollon postfix/smtpd[30512]: warning: unknown[2.57.122.98]: SASL LOGIN authentication failed: UGFzc3dvcmQ6
Aug  9 10:10:19 brollon postfix/smtpd[30512]: disconnect from unknown[2.57.122.98] ehlo=1 auth=0/1 quit=1 commands=2/3
Aug  9 10:10:23 brollon postfix/smtps/smtpd[30634]: connect from unknown[213.176.26.194]
Aug  9 10:10:24 brollon postfix/submission/smtpd[27726]: connect from unknown[213.176.26.159]
Aug  9 10:10:27 brollon postfix/submission/smtpd[28438]: connect from unknown[213.176.26.144]
Aug  9 10:10:29 brollon postfix/smtps/smtpd[30634]: warning: unknown[213.176.26.194]: SASL LOGIN authentication failed: UGFzc3dvcmQ6
Aug  9 10:10:29 brollon postfix/smtps/smtpd[30634]: lost connection after AUTH from unknown[213.176.26.194]
Aug  9 10:10:29 brollon postfix/smtps/smtpd[30634]: disconnect from unknown[213.176.26.194] ehlo=1 auth=0/1 rset=1 commands=2/3
Aug  9 10:10:30 brollon postfix/submission/smtpd[23375]: connect from unknown[213.176.26.113]
Aug  9 10:10:31 brollon postfix/submission/smtpd[27726]: warning: unknown[213.176.26.159]: SASL LOGIN authentication failed: UGFzc3dvcmQ6
Aug  9 10:10:31 brollon postfix/submission/smtpd[28438]: warning: unknown[213.176.26.144]: SASL LOGIN authentication failed: UGFzc3dvcmQ6
Aug  9 10:10:31 brollon postfix/submission/smtpd[27726]: disconnect from unknown[213.176.26.159] ehlo=1 auth=0/1 rset=1 quit=1 commands=3/4
Aug  9 10:10:31 brollon postfix/submission/smtpd[28438]: disconnect from unknown[213.176.26.144] ehlo=1 auth=0/1 rset=1 quit=1 commands=3/4
Aug  9 10:10:34 brollon postfix/smtps/smtpd[29751]: connect from unknown[213.176.26.37]
Aug  9 10:10:34 brollon postfix/submission/smtpd[30793]: connect from unknown[213.176.26.78]
Aug  9 10:10:37 brollon postfix/submission/smtpd[28438]: connect from unknown[213.176.26.134]
Aug  9 10:10:37 brollon postfix/submission/smtpd[23375]: warning: unknown[213.176.26.113]: SASL LOGIN authentication failed: UGFzc3dvcmQ6
Aug  9 10:10:37 brollon postfix/submission/smtpd[23375]: disconnect from unknown[213.176.26.113] ehlo=1 auth=0/1 rset=1 quit=1 commands=3/4
Aug  9 10:10:39 brollon postfix/submission/smtpd[27726]: connect from unknown[213.176.26.76]
Aug  9 10:10:40 brollon postfix/smtps/smtpd[29751]: warning: unknown[213.176.26.37]: SASL LOGIN authentication failed: UGFzc3dvcmQ6
Aug  9 10:10:40 brollon postfix/smtps/smtpd[29751]: lost connection after AUTH from unknown[213.176.26.37]
Aug  9 10:10:40 brollon postfix/smtps/smtpd[29751]: disconnect from unknown[213.176.26.37] ehlo=1 auth=0/1 rset=1 commands=2/3
Aug  9 10:10:41 brollon postfix/submission/smtpd[30793]: warning: unknown[213.176.26.78]: SASL LOGIN authentication failed: UGFzc3dvcmQ6
Aug  9 10:10:41 brollon postfix/submission/smtpd[30793]: disconnect from unknown[213.176.26.78] ehlo=1 auth=0/1 rset=1 quit=1 commands=3/4
Aug  9 10:10:43 brollon postfix/submission/smtpd[28438]: warning: unknown[213.176.26.134]: SASL LOGIN authentication failed: UGFzc3dvcmQ6
Aug  9 10:10:43 brollon postfix/submission/smtpd[28438]: disconnect from unknown[213.176.26.134] ehlo=1 auth=0/1 rset=1 quit=1 commands=3/4
Aug  9 10:10:45 brollon postfix/submission/smtpd[23375]: connect from unknown[213.176.26.74]
Aug  9 10:10:46 brollon postfix/submission/smtpd[27726]: warning: unknown[213.176.26.76]: SASL LOGIN authentication failed: UGFzc3dvcmQ6
Aug  9 10:10:46 brollon postfix/submission/smtpd[27726]: disconnect from unknown[213.176.26.76] ehlo=1 auth=0/1 rset=1 quit=1 commands=3/4
Aug  9 10:10:51 brollon postfix/submission/smtpd[28438]: connect from unknown[213.176.26.64]
Aug  9 10:10:51 brollon postfix/submission/smtpd[23375]: warning: unknown[213.176.26.74]: SASL LOGIN authentication failed: UGFzc3dvcmQ6
Aug  9 10:10:51 brollon postfix/submission/smtpd[23375]: disconnect from unknown[213.176.26.74] ehlo=1 auth=0/1 rset=1 quit=1 commands=3/4
Aug  9 10:10:57 brollon postfix/submission/smtpd[28438]: warning: unknown[213.176.26.64]: SASL LOGIN authentication failed: UGFzc3dvcmQ6
Aug  9 10:10:57 brollon postfix/submission/smtpd[28438]: disconnect from unknown[213.176.26.64] ehlo=1 auth=0/1 rset=1 quit=1 commands=3/4
Aug  9 10:11:00 brollon postfix/smtps/smtpd[30634]: connect from unknown[213.176.26.54]
Aug  9 10:11:01 brollon postfix/smtpd[30512]: connect from localhost[127.0.0.1]
Aug  9 10:11:01 brollon postfix/smtpd[30512]: lost connection after CONNECT from localhost[127.0.0.1]
Aug  9 10:11:01 brollon postfix/smtpd[30512]: disconnect from localhost[127.0.0.1] commands=0/0
Aug  9 10:11:01 brollon dovecot: imap-login: Disconnected (no auth attempts in 0 secs): user=<>, rip=127.0.0.1, lip=127.0.0.1, secured, session=<XfVsdJpYvI1/AAAB>
Aug  9 10:11:01 brollon dovecot: pop3-login: Disconnected (no auth attempts in 0 secs): user=<>, rip=127.0.0.1, lip=127.0.0.1, secured, session=<BRBtdJpY7IV/AAAB>
Aug  9 10:11:06 brollon postfix/smtps/smtpd[29751]: connect from unknown[213.176.26.34]
Aug  9 10:11:07 brollon postfix/smtps/smtpd[30634]: warning: unknown[213.176.26.54]: SASL LOGIN authentication failed: UGFzc3dvcmQ6
Aug  9 10:11:08 brollon postfix/smtps/smtpd[31555]: connect from unknown[213.176.26.29]
Aug  9 10:11:09 brollon postfix/smtps/smtpd[30634]: lost connection after AUTH from unknown[213.176.26.54]
Aug  9 10:11:09 brollon postfix/smtps/smtpd[30634]: disconnect from unknown[213.176.26.54] ehlo=1 auth=0/1 rset=1 commands=2/3
Aug  9 10:11:11 brollon postfix/submission/smtpd[27726]: connect from unknown[213.176.26.85]
Aug  9 10:11:12 brollon postfix/smtps/smtpd[31555]: warning: unknown[213.176.26.29]: SASL LOGIN authentication failed: UGFzc3dvcmQ6
Aug  9 10:11:12 brollon postfix/smtps/smtpd[31555]: lost connection after AUTH from unknown[213.176.26.29]
Aug  9 10:11:12 brollon postfix/smtps/smtpd[31555]: disconnect from unknown[213.176.26.29] ehlo=1 auth=0/1 rset=1 commands=2/3
Aug  9 10:11:12 brollon postfix/submission/smtpd[28438]: connect from unknown[213.176.26.114]
Aug  9 10:11:16 brollon postfix/smtps/smtpd[29751]: warning: unknown[213.176.26.34]: SASL LOGIN authentication failed: UGFzc3dvcmQ6
Aug  9 10:11:16 brollon postfix/smtps/smtpd[29751]: lost connection after AUTH from unknown[213.176.26.34]
Aug  9 10:11:16 brollon postfix/smtps/smtpd[29751]: disconnect from unknown[213.176.26.34] ehlo=1 auth=0/1 rset=1 commands=2/3
Aug  9 10:11:17 brollon postfix/submission/smtpd[27726]: warning: unknown[213.176.26.85]: SASL LOGIN authentication failed: UGFzc3dvcmQ6
Aug  9 10:11:17 brollon postfix/submission/smtpd[27726]: disconnect from unknown[213.176.26.85] ehlo=1 auth=0/1 rset=1 quit=1 commands=3/4
Aug  9 10:11:19 brollon postfix/submission/smtpd[28438]: warning: unknown[213.176.26.114]: SASL LOGIN authentication failed: UGFzc3dvcmQ6
Aug  9 10:11:19 brollon postfix/submission/smtpd[28438]: disconnect from unknown[213.176.26.114] ehlo=1 auth=0/1 rset=1 quit=1 commands=3/4
Aug  9 10:11:25 brollon postfix/submission/smtpd[23375]: connect from unknown[213.176.26.159]
Aug  9 10:11:30 brollon postfix/submission/smtpd[28438]: connect from unknown[213.176.26.144]
Aug  9 10:11:30 brollon postfix/submission/smtpd[27726]: connect from unknown[213.176.26.113]
Aug  9 10:11:32 brollon postfix/submission/smtpd[23375]: warning: unknown[213.176.26.159]: SASL LOGIN authentication failed: UGFzc3dvcmQ6
Aug  9 10:11:32 brollon postfix/submission/smtpd[23375]: disconnect from unknown[213.176.26.159] ehlo=1 auth=0/1 rset=1 quit=1 commands=3/4
Aug  9 10:11:36 brollon postfix/submission/smtpd[28438]: warning: unknown[213.176.26.144]: SASL LOGIN authentication failed: UGFzc3dvcmQ6
Aug  9 10:11:36 brollon postfix/submission/smtpd[28438]: disconnect from unknown[213.176.26.144] ehlo=1 auth=0/1 rset=1 quit=1 commands=3/4
Aug  9 10:11:37 brollon postfix/submission/smtpd[27726]: warning: unknown[213.176.26.113]: SASL LOGIN authentication failed: UGFzc3dvcmQ6
Aug  9 10:11:37 brollon postfix/submission/smtpd[27726]: disconnect from unknown[213.176.26.113] ehlo=1 auth=0/1 rset=1 quit=1 commands=3/4
Aug  9 10:11:38 brollon postfix/submission/smtpd[30793]: connect from unknown[213.176.26.78]
Aug  9 10:11:39 brollon postfix/submission/smtpd[23375]: connect from unknown[213.176.26.134]
Aug  9 10:11:42 brollon postfix/submission/smtpd[28438]: connect from unknown[213.176.26.76]
Aug  9 10:11:44 brollon postfix/submission/smtpd[30793]: warning: unknown[213.176.26.78]: SASL LOGIN authentication failed: UGFzc3dvcmQ6
Aug  9 10:11:45 brollon postfix/submission/smtpd[30793]: disconnect from unknown[213.176.26.78] ehlo=1 auth=0/1 rset=1 quit=1 commands=3/4
Aug  9 10:11:46 brollon postfix/submission/smtpd[23375]: warning: unknown[213.176.26.134]: SASL LOGIN authentication failed: UGFzc3dvcmQ6
Aug  9 10:11:46 brollon postfix/submission/smtpd[23375]: disconnect from unknown[213.176.26.134] ehlo=1 auth=0/1 rset=1 quit=1 commands=3/4
Aug  9 10:11:48 brollon postfix/submission/smtpd[27726]: connect from unknown[213.176.26.74]
Aug  9 10:11:48 brollon postfix/submission/smtpd[28438]: warning: unknown[213.176.26.76]: SASL LOGIN authentication failed: UGFzc3dvcmQ6
Aug  9 10:11:48 brollon postfix/submission/smtpd[28438]: disconnect from unknown[213.176.26.76] ehlo=1 auth=0/1 rset=1 quit=1 commands=3/4
Aug  9 10:11:49 brollon postfix/smtps/smtpd[30634]: connect from unknown[213.176.26.21]
Aug  9 10:11:53 brollon postfix/smtps/smtpd[30634]: warning: unknown[213.176.26.21]: SASL LOGIN authentication failed: UGFzc3dvcmQ6
Aug  9 10:11:54 brollon postfix/submission/smtpd[27726]: warning: unknown[213.176.26.74]: SASL LOGIN authentication failed: UGFzc3dvcmQ6
Aug  9 10:11:54 brollon postfix/smtps/smtpd[30634]: lost connection after AUTH from unknown[213.176.26.21]
Aug  9 10:11:54 brollon postfix/smtps/smtpd[30634]: disconnect from unknown[213.176.26.21] ehlo=1 auth=0/1 rset=1 commands=2/3
Aug  9 10:11:54 brollon postfix/submission/smtpd[30793]: connect from unknown[213.176.26.64]
Aug  9 10:11:55 brollon postfix/submission/smtpd[27726]: disconnect from unknown[213.176.26.74] ehlo=1 auth=0/1 rset=1 quit=1 commands=3/4
Aug  9 10:11:56 brollon postfix/submission/smtpd[23375]: connect from unknown[213.176.24.65]
Aug  9 10:12:00 brollon postfix/submission/smtpd[30793]: warning: unknown[213.176.26.64]: SASL LOGIN authentication failed: UGFzc3dvcmQ6
Aug  9 10:12:00 brollon postfix/submission/smtpd[30793]: disconnect from unknown[213.176.26.64] ehlo=1 auth=0/1 rset=1 quit=1 commands=3/4
Aug  9 10:12:01 brollon postfix/smtpd[30512]: connect from localhost[127.0.0.1]
Aug  9 10:12:01 brollon postfix/smtpd[30512]: lost connection after CONNECT from localhost[127.0.0.1]
Aug  9 10:12:01 brollon postfix/smtpd[30512]: disconnect from localhost[127.0.0.1] commands=0/0
Aug  9 10:12:01 brollon dovecot: imap-login: Disconnected (no auth attempts in 0 secs): user=<>, rip=127.0.0.1, lip=127.0.0.1, secured, session=<6y8DeJpYCI9/AAAB>
Aug  9 10:12:01 brollon dovecot: pop3-login: Disconnected (no auth attempts in 0 secs): user=<>, rip=127.0.0.1, lip=127.0.0.1, secured, session=<BTQDeJpYOId/AAAB>
Aug  9 10:12:09 brollon postfix/submission/smtpd[23375]: warning: unknown[213.176.24.65]: SASL LOGIN authentication failed: UGFzc3dvcmQ6
Aug  9 10:12:09 brollon postfix/submission/smtpd[23375]: lost connection after AUTH from unknown[213.176.24.65]
Aug  9 10:12:09 brollon postfix/submission/smtpd[23375]: disconnect from unknown[213.176.24.65] ehlo=1 auth=0/1 rset=1 commands=2/3
Aug  9 10:12:12 brollon postfix/submission/smtpd[28438]: connect from unknown[213.176.26.114]
Aug  9 10:12:14 brollon postfix/submission/smtpd[27726]: connect from unknown[213.176.26.85]
Aug  9 10:12:15 brollon postfix/submission/smtpd[28438]: warning: unknown[213.176.26.114]: SASL LOGIN authentication failed: UGFzc3dvcmQ6
Aug  9 10:12:15 brollon postfix/submission/smtpd[28438]: disconnect from unknown[213.176.26.114] ehlo=1 auth=0/1 rset=1 quit=1 commands=3/4
Aug  9 10:12:18 brollon postfix/smtps/smtpd[29751]: connect from unknown[213.176.26.42]
Aug  9 10:12:21 brollon postfix/submission/smtpd[27726]: warning: unknown[213.176.26.85]: SASL LOGIN authentication failed: UGFzc3dvcmQ6
Aug  9 10:12:22 brollon postfix/submission/smtpd[27726]: disconnect from unknown[213.176.26.85] ehlo=1 auth=0/1 rset=1 quit=1 commands=3/4
Aug  9 10:12:24 brollon postfix/smtps/smtpd[29751]: warning: unknown[213.176.26.42]: SASL LOGIN authentication failed: UGFzc3dvcmQ6
Aug  9 10:12:24 brollon postfix/smtps/smtpd[29751]: lost connection after AUTH from unknown[213.176.26.42]
Aug  9 10:12:24 brollon postfix/smtps/smtpd[29751]: disconnect from unknown[213.176.26.42] ehlo=1 auth=0/1 rset=1 commands=2/3
Aug  9 10:12:27 brollon postfix/submission/smtpd[30793]: connect from unknown[213.176.26.159]
Aug  9 10:12:32 brollon postfix/submission/smtpd[28438]: connect from unknown[213.176.26.113]
Aug  9 10:12:33 brollon postfix/submission/smtpd[27726]: connect from unknown[213.176.26.144]
Aug  9 10:12:34 brollon postfix/submission/smtpd[30793]: warning: unknown[213.176.26.159]: SASL LOGIN authentication failed: UGFzc3dvcmQ6
Aug  9 10:12:35 brollon postfix/submission/smtpd[27726]: warning: unknown[213.176.26.144]: SASL LOGIN authentication failed: UGFzc3dvcmQ6
Aug  9 10:12:35 brollon postfix/submission/smtpd[30793]: disconnect from unknown[213.176.26.159] ehlo=1 auth=0/1 rset=1 quit=1 commands=3/4
Aug  9 10:12:35 brollon postfix/submission/smtpd[27726]: disconnect from unknown[213.176.26.144] ehlo=1 auth=0/1 rset=1 quit=1 commands=3/4
Aug  9 10:12:39 brollon postfix/submission/smtpd[28438]: warning: unknown[213.176.26.113]: SASL LOGIN authentication failed: UGFzc3dvcmQ6
Aug  9 10:12:39 brollon postfix/submission/smtpd[28438]: disconnect from unknown[213.176.26.113] ehlo=1 auth=0/1 rset=1 quit=1 commands=3/4
Aug  9 10:12:41 brollon postfix/submission/smtpd[23375]: connect from unknown[213.176.26.78]
Aug  9 10:12:42 brollon postfix/submission/smtpd[28438]: connect from unknown[213.176.26.134]
Aug  9 10:12:44 brollon postfix/submission/smtpd[27726]: connect from unknown[213.176.26.76]
Aug  9 10:12:48 brollon postfix/submission/smtpd[28438]: warning: unknown[213.176.26.134]: SASL LOGIN authentication failed: UGFzc3dvcmQ6
Aug  9 10:12:48 brollon postfix/submission/smtpd[27726]: warning: unknown[213.176.26.76]: SASL LOGIN authentication failed: UGFzc3dvcmQ6
Aug  9 10:12:48 brollon postfix/submission/smtpd[23375]: warning: unknown[213.176.26.78]: SASL LOGIN authentication failed: UGFzc3dvcmQ6
Aug  9 10:12:48 brollon postfix/submission/smtpd[23375]: disconnect from unknown[213.176.26.78] ehlo=1 auth=0/1 rset=1 quit=1 commands=3/4
Aug  9 10:12:48 brollon postfix/submission/smtpd[27726]: disconnect from unknown[213.176.26.76] ehlo=1 auth=0/1 rset=1 quit=1 commands=3/4
Aug  9 10:12:48 brollon postfix/submission/smtpd[28438]: disconnect from unknown[213.176.26.134] ehlo=1 auth=0/1 rset=1 quit=1 commands=3/4
Aug  9 10:12:50 brollon postfix/smtps/smtpd[30634]: connect from unknown[213.176.26.69]
Aug  9 10:12:51 brollon postfix/submission/smtpd[30793]: connect from unknown[213.176.26.74]
Aug  9 10:12:57 brollon postfix/smtps/smtpd[30634]: warning: unknown[213.176.26.69]: SASL LOGIN authentication failed: UGFzc3dvcmQ6
Aug  9 10:12:58 brollon postfix/submission/smtpd[30793]: warning: unknown[213.176.26.74]: SASL LOGIN authentication failed: UGFzc3dvcmQ6
Aug  9 10:12:58 brollon postfix/submission/smtpd[28438]: connect from unknown[213.176.26.64]
Aug  9 10:12:58 brollon postfix/submission/smtpd[30793]: disconnect from unknown[213.176.26.74] ehlo=1 auth=0/1 rset=1 quit=1 commands=3/4
Aug  9 10:12:59 brollon postfix/smtps/smtpd[30634]: lost connection after AUTH from unknown[213.176.26.69]
Aug  9 10:12:59 brollon postfix/smtps/smtpd[30634]: disconnect from unknown[213.176.26.69] ehlo=1 auth=0/1 rset=1 commands=2/3
Aug  9 10:13:01 brollon postfix/smtpd[30512]: connect from localhost[127.0.0.1]
Aug  9 10:13:01 brollon postfix/smtpd[30512]: lost connection after CONNECT from localhost[127.0.0.1]
Aug  9 10:13:01 brollon postfix/smtpd[30512]: disconnect from localhost[127.0.0.1] commands=0/0
Aug  9 10:13:01 brollon dovecot: pop3-login: Disconnected (no auth attempts in 0 secs): user=<>, rip=127.0.0.1, lip=127.0.0.1, secured, session=<QaaKe5pYIoh/AAAB>
Aug  9 10:13:01 brollon dovecot: imap-login: Disconnected (no auth attempts in 0 secs): user=<>, rip=127.0.0.1, lip=127.0.0.1, secured, session=<36+Ke5pY8o9/AAAB>
Aug  9 10:13:04 brollon postfix/smtps/smtpd[29751]: connect from unknown[213.176.26.77]
Aug  9 10:13:05 brollon postfix/submission/smtpd[28438]: warning: unknown[213.176.26.64]: SASL LOGIN authentication failed: UGFzc3dvcmQ6
Aug  9 10:13:05 brollon postfix/submission/smtpd[28438]: disconnect from unknown[213.176.26.64] ehlo=1 auth=0/1 rset=1 quit=1 commands=3/4
Aug  9 10:13:09 brollon postfix/smtps/smtpd[29751]: warning: unknown[213.176.26.77]: SASL LOGIN authentication failed: UGFzc3dvcmQ6
Aug  9 10:13:09 brollon postfix/smtps/smtpd[29751]: lost connection after AUTH from unknown[213.176.26.77]
Aug  9 10:13:09 brollon postfix/smtps/smtpd[29751]: disconnect from unknown[213.176.26.77] ehlo=1 auth=0/1 rset=1 commands=2/3
Aug  9 10:13:13 brollon postfix/submission/smtpd[23375]: connect from unknown[213.176.26.114]
Aug  9 10:13:17 brollon postfix/submission/smtpd[27726]: connect from unknown[213.176.26.85]
Aug  9 10:13:20 brollon postfix/submission/smtpd[23375]: warning: unknown[213.176.26.114]: SASL LOGIN authentication failed: UGFzc3dvcmQ6
Aug  9 10:13:20 brollon postfix/submission/smtpd[23375]: disconnect from unknown[213.176.26.114] ehlo=1 auth=0/1 rset=1 quit=1 commands=3/4
Aug  9 10:13:20 brollon postfix/smtps/smtpd[30634]: connect from unknown[213.176.26.109]
Aug  9 10:13:24 brollon postfix/smtps/smtpd[29751]: connect from unknown[213.176.26.95]
Aug  9 10:13:24 brollon postfix/submission/smtpd[27726]: warning: unknown[213.176.26.85]: SASL LOGIN authentication failed: UGFzc3dvcmQ6
Aug  9 10:13:24 brollon postfix/submission/smtpd[27726]: disconnect from unknown[213.176.26.85] ehlo=1 auth=0/1 rset=1 quit=1 commands=3/4
Aug  9 10:13:26 brollon postfix/smtps/smtpd[30634]: warning: unknown[213.176.26.109]: SASL LOGIN authentication failed: UGFzc3dvcmQ6
Aug  9 10:13:26 brollon postfix/smtps/smtpd[30634]: lost connection after AUTH from unknown[213.176.26.109]
Aug  9 10:13:26 brollon postfix/smtps/smtpd[30634]: disconnect from unknown[213.176.26.109] ehlo=1 auth=0/1 rset=1 commands=2/3
Aug  9 10:13:28 brollon postfix/submission/smtpd[30793]: connect from unknown[213.176.26.159]
Aug  9 10:13:28 brollon postfix/smtps/smtpd[30634]: connect from unknown[213.176.26.51]
Aug  9 10:13:30 brollon postfix/smtps/smtpd[31733]: connect from unknown[213.176.26.182]
Aug  9 10:13:31 brollon postfix/smtps/smtpd[29751]: warning: unknown[213.176.26.95]: SASL LOGIN authentication failed: UGFzc3dvcmQ6
Aug  9 10:13:31 brollon postfix/smtps/smtpd[29751]: lost connection after AUTH from unknown[213.176.26.95]
Aug  9 10:13:31 brollon postfix/smtps/smtpd[29751]: disconnect from unknown[213.176.26.95] ehlo=1 auth=0/1 rset=1 commands=2/3
Aug  9 10:13:33 brollon postfix/submission/smtpd[27726]: connect from unknown[213.176.26.113]
Aug  9 10:13:34 brollon postfix/smtps/smtpd[30634]: warning: unknown[213.176.26.51]: SASL LOGIN authentication failed: UGFzc3dvcmQ6
Aug  9 10:13:34 brollon postfix/smtps/smtpd[30634]: lost connection after AUTH from unknown[213.176.26.51]
Aug  9 10:13:34 brollon postfix/smtps/smtpd[30634]: disconnect from unknown[213.176.26.51] ehlo=1 auth=0/1 rset=1 commands=2/3
Aug  9 10:13:35 brollon postfix/smtps/smtpd[29751]: connect from unknown[213.176.26.153]
Aug  9 10:13:35 brollon postfix/submission/smtpd[30793]: warning: unknown[213.176.26.159]: SASL LOGIN authentication failed: UGFzc3dvcmQ6
Aug  9 10:13:35 brollon postfix/submission/smtpd[30793]: disconnect from unknown[213.176.26.159] ehlo=1 auth=0/1 rset=1 quit=1 commands=3/4
Aug  9 10:13:36 brollon postfix/smtps/smtpd[31733]: warning: unknown[213.176.26.182]: SASL LOGIN authentication failed: UGFzc3dvcmQ6
Aug  9 10:13:36 brollon postfix/smtps/smtpd[31733]: lost connection after AUTH from unknown[213.176.26.182]
Aug  9 10:13:36 brollon postfix/smtps/smtpd[31733]: disconnect from unknown[213.176.26.182] ehlo=1 auth=0/1 rset=1 commands=2/3
Aug  9 10:13:36 brollon postfix/submission/smtpd[28438]: connect from unknown[213.176.26.144]
Aug  9 10:13:40 brollon postfix/smtps/smtpd[29751]: warning: unknown[213.176.26.153]: SASL LOGIN authentication failed: UGFzc3dvcmQ6
Aug  9 10:13:40 brollon postfix/submission/smtpd[27726]: warning: unknown[213.176.26.113]: SASL LOGIN authentication failed: UGFzc3dvcmQ6
Aug  9 10:13:40 brollon postfix/submission/smtpd[27726]: disconnect from unknown[213.176.26.113] ehlo=1 auth=0/1 rset=1 quit=1 commands=3/4
Aug  9 10:13:40 brollon postfix/smtps/smtpd[29751]: lost connection after AUTH from unknown[213.176.26.153]
Aug  9 10:13:40 brollon postfix/smtps/smtpd[29751]: disconnect from unknown[213.176.26.153] ehlo=1 auth=0/1 rset=1 commands=2/3
Aug  9 10:13:43 brollon postfix/submission/smtpd[28438]: warning: unknown[213.176.26.144]: SASL LOGIN authentication failed: UGFzc3dvcmQ6
Aug  9 10:13:44 brollon postfix/submission/smtpd[28438]: disconnect from unknown[213.176.26.144] ehlo=1 auth=0/1 rset=1 quit=1 commands=3/4
Aug  9 10:13:44 brollon postfix/smtps/smtpd[30634]: connect from unknown[213.176.26.82]
Aug  9 10:13:44 brollon postfix/submission/smtpd[30793]: connect from unknown[213.176.26.134]
Aug  9 10:13:46 brollon postfix/submission/smtpd[28438]: connect from unknown[213.176.26.78]
Aug  9 10:13:47 brollon postfix/submission/smtpd[27726]: connect from unknown[213.176.26.76]
Aug  9 10:13:51 brollon postfix/submission/smtpd[30793]: warning: unknown[213.176.26.134]: SASL LOGIN authentication failed: UGFzc3dvcmQ6
Aug  9 10:13:51 brollon postfix/submission/smtpd[30793]: disconnect from unknown[213.176.26.134] ehlo=1 auth=0/1 rset=1 quit=1 commands=3/4
Aug  9 10:13:52 brollon postfix/smtps/smtpd[30634]: warning: unknown[213.176.26.82]: SASL LOGIN authentication failed: UGFzc3dvcmQ6
Aug  9 10:13:52 brollon postfix/smtps/smtpd[29751]: connect from unknown[213.176.26.123]
Aug  9 10:13:53 brollon postfix/submission/smtpd[28438]: warning: unknown[213.176.26.78]: SASL LOGIN authentication failed: UGFzc3dvcmQ6
Aug  9 10:13:53 brollon postfix/submission/smtpd[27726]: warning: unknown[213.176.26.76]: SASL LOGIN authentication failed: UGFzc3dvcmQ6
Aug  9 10:13:53 brollon postfix/submission/smtpd[27726]: disconnect from unknown[213.176.26.76] ehlo=1 auth=0/1 rset=1 quit=1 commands=3/4
Aug  9 10:13:53 brollon postfix/submission/smtpd[28438]: disconnect from unknown[213.176.26.78] ehlo=1 auth=0/1 rset=1 quit=1 commands=3/4
Aug  9 10:13:54 brollon postfix/smtpd[30512]: connect from unknown[92.118.39.232]
Aug  9 10:13:54 brollon postfix/smtps/smtpd[30634]: lost connection after AUTH from unknown[213.176.26.82]
Aug  9 10:13:54 brollon postfix/smtps/smtpd[30634]: disconnect from unknown[213.176.26.82] ehlo=1 auth=0/1 rset=1 commands=2/3
Aug  9 10:13:55 brollon postfix/submission/smtpd[30793]: connect from unknown[213.176.26.74]
Aug  9 10:13:56 brollon postfix/smtps/smtpd[29751]: warning: unknown[213.176.26.123]: SASL LOGIN authentication failed: UGFzc3dvcmQ6
Aug  9 10:13:56 brollon postfix/smtpd[30512]: warning: unknown[92.118.39.232]: SASL LOGIN authentication failed: UGFzc3dvcmQ6
Aug  9 10:13:56 brollon postfix/smtpd[30512]: disconnect from unknown[92.118.39.232] ehlo=1 auth=0/1 quit=1 commands=2/3
Aug  9 10:13:56 brollon postfix/smtps/smtpd[29751]: lost connection after AUTH from unknown[213.176.26.123]
Aug  9 10:13:56 brollon postfix/smtps/smtpd[29751]: disconnect from unknown[213.176.26.123] ehlo=1 auth=0/1 rset=1 commands=2/3
Aug  9 10:14:01 brollon postfix/smtpd[30512]: connect from localhost[127.0.0.1]
Aug  9 10:14:01 brollon postfix/smtpd[30512]: lost connection after CONNECT from localhost[127.0.0.1]
Aug  9 10:14:01 brollon postfix/smtpd[30512]: disconnect from localhost[127.0.0.1] commands=0/0
Aug  9 10:14:01 brollon dovecot: imap-login: Disconnected (no auth attempts in 0 secs): user=<>, rip=127.0.0.1, lip=127.0.0.1, secured, session=<cyshf5pYepB/AAAB>
Aug  9 10:14:01 brollon dovecot: pop3-login: Disconnected (no auth attempts in 0 secs): user=<>, rip=127.0.0.1, lip=127.0.0.1, secured, session=<+TMhf5pYqoh/AAAB>
Aug  9 10:14:02 brollon postfix/smtps/smtpd[31733]: connect from unknown[213.176.26.72]
Aug  9 10:14:02 brollon postfix/submission/smtpd[30793]: warning: unknown[213.176.26.74]: SASL LOGIN authentication failed: UGFzc3dvcmQ6
Aug  9 10:14:02 brollon postfix/submission/smtpd[30793]: disconnect from unknown[213.176.26.74] ehlo=1 auth=0/1 rset=1 quit=1 commands=3/4
Aug  9 10:14:02 brollon postfix/submission/smtpd[27726]: connect from unknown[213.176.26.64]
Aug  9 10:14:05 brollon postfix/smtps/smtpd[30634]: connect from unknown[213.176.26.22]
Aug  9 10:14:06 brollon postfix/submission/smtpd[27726]: warning: unknown[213.176.26.64]: SASL LOGIN authentication failed: UGFzc3dvcmQ6
Aug  9 10:14:06 brollon postfix/submission/smtpd[27726]: disconnect from unknown[213.176.26.64] ehlo=1 auth=0/1 rset=1 quit=1 commands=3/4
Aug  9 10:14:08 brollon postfix/smtps/smtpd[31733]: warning: unknown[213.176.26.72]: SASL LOGIN authentication failed: UGFzc3dvcmQ6
Aug  9 10:14:08 brollon postfix/smtps/smtpd[31733]: lost connection after AUTH from unknown[213.176.26.72]
Aug  9 10:14:08 brollon postfix/smtps/smtpd[31733]: disconnect from unknown[213.176.26.72] ehlo=1 auth=0/1 rset=1 commands=2/3
Aug  9 10:14:11 brollon postfix/smtps/smtpd[30634]: warning: unknown[213.176.26.22]: SASL LOGIN authentication failed: UGFzc3dvcmQ6
Aug  9 10:14:11 brollon postfix/smtps/smtpd[30634]: lost connection after AUTH from unknown[213.176.26.22]
Aug  9 10:14:11 brollon postfix/smtps/smtpd[30634]: disconnect from unknown[213.176.26.22] ehlo=1 auth=0/1 rset=1 commands=2/3
Aug  9 10:14:13 brollon postfix/submission/smtpd[28438]: connect from unknown[213.176.26.114]
Aug  9 10:14:15 brollon postfix/smtps/smtpd[29751]: connect from unknown[213.176.26.62]
Aug  9 10:14:17 brollon postfix/submission/smtpd[28438]: warning: unknown[213.176.26.114]: SASL LOGIN authentication failed: UGFzc3dvcmQ6
Aug  9 10:14:17 brollon postfix/submission/smtpd[28438]: disconnect from unknown[213.176.26.114] ehlo=1 auth=0/1 rset=1 quit=1 commands=3/4
Aug  9 10:14:20 brollon postfix/submission/smtpd[30793]: connect from unknown[213.176.26.85]
Aug  9 10:14:21 brollon postfix/smtps/smtpd[29751]: warning: unknown[213.176.26.62]: SASL LOGIN authentication failed: UGFzc3dvcmQ6
Aug  9 10:14:21 brollon postfix/smtps/smtpd[29751]: lost connection after AUTH from unknown[213.176.26.62]
Aug  9 10:14:21 brollon postfix/smtps/smtpd[29751]: disconnect from unknown[213.176.26.62] ehlo=1 auth=0/1 rset=1 commands=2/3
Aug  9 10:14:23 brollon postfix/smtps/smtpd[30634]: connect from unknown[213.176.26.58]
Aug  9 10:14:26 brollon postfix/smtps/smtpd[31733]: connect from unknown[213.176.26.41]
Aug  9 10:14:27 brollon postfix/submission/smtpd[30793]: warning: unknown[213.176.26.85]: SASL LOGIN authentication failed: UGFzc3dvcmQ6
Aug  9 10:14:27 brollon postfix/submission/smtpd[30793]: disconnect from unknown[213.176.26.85] ehlo=1 auth=0/1 rset=1 quit=1 commands=3/4
