Aug  9 09:30:01 brollon postfix/smtpd[19741]: connect from localhost[127.0.0.1]
Aug  9 09:30:01 brollon postfix/smtpd[19741]: lost connection after CONNECT from localhost[127.0.0.1]
Aug  9 09:30:01 brollon postfix/smtpd[19741]: disconnect from localhost[127.0.0.1] commands=0/0
Aug  9 09:30:01 brollon dovecot: pop3-login: Disconnected (no auth attempts in 0 secs): user=<>, rip=127.0.0.1, lip=127.0.0.1, secured, session=<AQfN4ZlYTM9/AAAB>
Aug  9 09:30:01 brollon dovecot: imap-login: Disconnected (no auth attempts in 0 secs): user=<>, rip=127.0.0.1, lip=127.0.0.1, secured, session=<LwfN4ZlYHNd/AAAB>
Aug  9 09:30:21 brollon postfix/submission/smtpd[20017]: connect from unknown[213.176.26.144]
Aug  9 09:30:22 brollon postfix/submission/smtpd[23375]: connect from unknown[213.176.26.159]
Aug  9 09:30:23 brollon postfix/submission/smtpd[22377]: connect from unknown[213.176.26.85]
Aug  9 09:30:26 brollon postfix/submission/smtpd[23375]: warning: unknown[213.176.26.159]: SASL LOGIN authentication failed: UGFzc3dvcmQ6
Aug  9 09:30:26 brollon postfix/submission/smtpd[23375]: disconnect from unknown[213.176.26.159] ehlo=1 auth=0/1 rset=1 quit=1 commands=3/4
Aug  9 09:30:28 brollon postfix/submission/smtpd[20017]: warning: unknown[213.176.26.144]: SASL LOGIN authentication failed: UGFzc3dvcmQ6
Aug  9 09:30:29 brollon postfix/submission/smtpd[20017]: disconnect from unknown[213.176.26.144] ehlo=1 auth=0/1 rset=1 quit=1 commands=3/4
Aug  9 09:30:29 brollon postfix/submission/smtpd[23240]: connect from unknown[213.176.26.78]
Aug  9 09:30:30 brollon postfix/submission/smtpd[22377]: warning: unknown[213.176.26.85]: SASL LOGIN authentication failed: UGFzc3dvcmQ6
Aug  9 09:30:30 brollon postfix/submission/smtpd[22377]: disconnect from unknown[213.176.26.85] ehlo=1 auth=0/1 rset=1 quit=1 commands=3/4
Aug  9 09:30:35 brollon postfix/submission/smtpd[20017]: connect from unknown[213.176.26.74]
Aug  9 09:30:36 brollon postfix/submission/smtpd[23240]: warning: unknown[213.176.26.78]: SASL LOGIN authentication failed: UGFzc3dvcmQ6
Aug  9 09:30:37 brollon postfix/submission/smtpd[23240]: disconnect from unknown[213.176.26.78] ehlo=1 auth=0/1 rset=1 quit=1 commands=3/4
Aug  9 09:30:38 brollon postfix/submission/smtpd[22377]: connect from unknown[213.176.26.76]
Aug  9 09:30:38 brollon postfix/submission/smtpd[23375]: connect from unknown[213.176.26.113]
Aug  9 09:30:42 brollon postfix/submission/smtpd[20017]: warning: unknown[213.176.26.74]: SASL LOGIN authentication failed: UGFzc3dvcmQ6
Aug  9 09:30:42 brollon postfix/submission/smtpd[20017]: disconnect from unknown[213.176.26.74] ehlo=1 auth=0/1 rset=1 quit=1 commands=3/4
Aug  9 09:30:43 brollon postfix/submission/smtpd[23240]: connect from unknown[213.176.26.114]
Aug  9 09:30:43 brollon postfix/submission/smtpd[20017]: connect from unknown[213.176.26.64]
Aug  9 09:30:44 brollon postfix/submission/smtpd[22377]: warning: unknown[213.176.26.76]: SASL LOGIN authentication failed: UGFzc3dvcmQ6
Aug  9 09:30:44 brollon postfix/submission/smtpd[22377]: disconnect from unknown[213.176.26.76] ehlo=1 auth=0/1 rset=1 quit=1 commands=3/4
Aug  9 09:30:45 brollon postfix/submission/smtpd[23375]: warning: unknown[213.176.26.113]: SASL LOGIN authentication failed: UGFzc3dvcmQ6
Aug  9 09:30:45 brollon postfix/submission/smtpd[23375]: disconnect from unknown[213.176.26.113] ehlo=1 auth=0/1 rset=1 quit=1 commands=3/4
Aug  9 09:30:49 brollon postfix/submission/smtpd[23240]: warning: unknown[213.176.26.114]: SASL LOGIN authentication failed: UGFzc3dvcmQ6
Aug  9 09:30:49 brollon postfix/submission/smtpd[23240]: disconnect from unknown[213.176.26.114] ehlo=1 auth=0/1 rset=1 quit=1 commands=3/4
Aug  9 09:30:51 brollon postfix/submission/smtpd[20017]: warning: unknown[213.176.26.64]: SASL LOGIN authentication failed: UGFzc3dvcmQ6
Aug  9 09:30:51 brollon postfix/submission/smtpd[20017]: disconnect from unknown[213.176.26.64] ehlo=1 auth=0/1 rset=1 quit=1 commands=3/4
Aug  9 09:30:56 brollon postfix/submission/smtpd[22377]: connect from unknown[213.176.26.134]
Aug  9 09:30:56 brollon postfix/smtps/smtpd[22473]: connect from unknown[213.176.26.166]
Aug  9 09:31:01 brollon postfix/smtpd[19741]: connect from localhost[127.0.0.1]
Aug  9 09:31:01 brollon postfix/smtpd[19741]: lost connection after CONNECT from localhost[127.0.0.1]
Aug  9 09:31:01 brollon postfix/smtpd[19741]: disconnect from localhost[127.0.0.1] commands=0/0
Aug  9 09:31:01 brollon dovecot: imap-login: Disconnected (no auth attempts in 0 secs): user=<>, rip=127.0.0.1, lip=127.0.0.1, secured, session=<FgdW5ZlYUNh/AAAB>
Aug  9 09:31:01 brollon dovecot: pop3-login: Disconnected (no auth attempts in 0 secs): user=<>, rip=127.0.0.1, lip=127.0.0.1, secured, session=<LRBW5ZlYgNB/AAAB>
Aug  9 09:31:03 brollon postfix/submission/smtpd[22377]: warning: unknown[213.176.26.134]: SASL LOGIN authentication failed: UGFzc3dvcmQ6
Aug  9 09:31:03 brollon postfix/submission/smtpd[22377]: disconnect from unknown[213.176.26.134] ehlo=1 auth=0/1 rset=1 quit=1 commands=3/4
Aug  9 09:31:04 brollon postfix/smtps/smtpd[22473]: warning: unknown[213.176.26.166]: SASL LOGIN authentication failed: UGFzc3dvcmQ6
Aug  9 09:31:05 brollon postfix/smtps/smtpd[22473]: lost connection after AUTH from unknown[213.176.26.166]
Aug  9 09:31:05 brollon postfix/smtps/smtpd[22473]: disconnect from unknown[213.176.26.166] ehlo=1 auth=0/1 rset=1 commands=2/3
Aug  9 09:31:05 brollon postfix/smtps/smtpd[22473]: connect from unknown[213.176.26.63]
Aug  9 09:31:11 brollon postfix/smtps/smtpd[22473]: warning: unknown[213.176.26.63]: SASL LOGIN authentication failed: UGFzc3dvcmQ6
Aug  9 09:31:11 brollon postfix/smtps/smtpd[22473]: lost connection after AUTH from unknown[213.176.26.63]
Aug  9 09:31:11 brollon postfix/smtps/smtpd[22473]: disconnect from unknown[213.176.26.63] ehlo=1 auth=0/1 rset=1 commands=2/3
Aug  9 09:31:23 brollon postfix/smtpd[19741]: connect from unknown[2.57.122.98]
Aug  9 09:31:24 brollon postfix/submission/smtpd[20017]: connect from unknown[213.176.26.144]
Aug  9 09:31:24 brollon postfix/submission/smtpd[23240]: connect from unknown[213.176.26.159]
Aug  9 09:31:26 brollon postfix/smtpd[19741]: warning: unknown[2.57.122.98]: SASL LOGIN authentication failed: UGFzc3dvcmQ6
Aug  9 09:31:26 brollon postfix/smtpd[19741]: disconnect from unknown[2.57.122.98] ehlo=1 auth=0/1 quit=1 commands=2/3
Aug  9 09:31:27 brollon postfix/submission/smtpd[22377]: connect from unknown[213.176.26.85]
Aug  9 09:31:29 brollon postfix/submission/smtpd[22377]: warning: unknown[213.176.26.85]: SASL LOGIN authentication failed: UGFzc3dvcmQ6
Aug  9 09:31:29 brollon postfix/submission/smtpd[22377]: disconnect from unknown[213.176.26.85] ehlo=1 auth=0/1 rset=1 quit=1 commands=3/4
Aug  9 09:31:31 brollon postfix/submission/smtpd[20017]: warning: unknown[213.176.26.144]: SASL LOGIN authentication failed: UGFzc3dvcmQ6
Aug  9 09:31:31 brollon postfix/submission/smtpd[23240]: warning: unknown[213.176.26.159]: SASL LOGIN authentication failed: UGFzc3dvcmQ6
Aug  9 09:31:31 brollon postfix/submission/smtpd[23240]: disconnect from unknown[213.176.26.159] ehlo=1 auth=0/1 rset=1 quit=1 commands=3/4
Aug  9 09:31:32 brollon postfix/submission/smtpd[20017]: disconnect from unknown[213.176.26.144] ehlo=1 auth=0/1 rset=1 quit=1 commands=3/4
Aug  9 09:31:33 brollon postfix/submission/smtpd[23375]: connect from unknown[213.176.26.78]
Aug  9 09:31:34 brollon postfix/submission/smtpd[20017]: connect from unknown[213.176.24.65]
Aug  9 09:31:39 brollon postfix/submission/smtpd[23240]: connect from unknown[213.176.26.74]
Aug  9 09:31:39 brollon postfix/submission/smtpd[22377]: connect from unknown[213.176.26.113]
Aug  9 09:31:40 brollon postfix/submission/smtpd[23375]: warning: unknown[213.176.26.78]: SASL LOGIN authentication failed: UGFzc3dvcmQ6
Aug  9 09:31:41 brollon postfix/submission/smtpd[23375]: disconnect from unknown[213.176.26.78] ehlo=1 auth=0/1 rset=1 quit=1 commands=3/4
Aug  9 09:31:41 brollon postfix/submission/smtpd[23375]: connect from unknown[213.176.26.76]
Aug  9 09:31:43 brollon postfix/submission/smtpd[24118]: connect from unknown[213.176.26.114]
Aug  9 09:31:45 brollon postfix/submission/smtpd[22377]: warning: unknown[213.176.26.113]: SASL LOGIN authentication failed: UGFzc3dvcmQ6
Aug  9 09:31:45 brollon postfix/submission/smtpd[22377]: disconnect from unknown[213.176.26.113] ehlo=1 auth=0/1 rset=1 quit=1 commands=3/4
Aug  9 09:31:46 brollon postfix/submission/smtpd[23240]: warning: unknown[213.176.26.74]: SASL LOGIN authentication failed: UGFzc3dvcmQ6
Aug  9 09:31:46 brollon postfix/submission/smtpd[23375]: warning: unknown[213.176.26.76]: SASL LOGIN authentication failed: UGFzc3dvcmQ6
Aug  9 09:31:46 brollon postfix/submission/smtpd[23375]: disconnect from unknown[213.176.26.76] ehlo=1 auth=0/1 rset=1 quit=1 commands=3/4
Aug  9 09:31:47 brollon postfix/submission/smtpd[23240]: disconnect from unknown[213.176.26.74] ehlo=1 auth=0/1 rset=1 quit=1 commands=3/4
Aug  9 09:31:47 brollon postfix/submission/smtpd[20017]: warning: unknown[213.176.24.65]: SASL LOGIN authentication failed: UGFzc3dvcmQ6
Aug  9 09:31:47 brollon postfix/submission/smtpd[20017]: lost connection after AUTH from unknown[213.176.24.65]
Aug  9 09:31:47 brollon postfix/submission/smtpd[20017]: disconnect from unknown[213.176.24.65] ehlo=1 auth=0/1 rset=1 commands=2/3
Aug  9 09:31:47 brollon postfix/submission/smtpd[22377]: connect from unknown[213.176.26.64]
Aug  9 09:31:49 brollon postfix/smtps/smtpd[22473]: connect from unknown[213.176.24.64]
Aug  9 09:31:50 brollon postfix/submission/smtpd[24118]: warning: unknown[213.176.26.114]: SASL LOGIN authentication failed: UGFzc3dvcmQ6
Aug  9 09:31:50 brollon postfix/submission/smtpd[24118]: disconnect from unknown[213.176.26.114] ehlo=1 auth=0/1 rset=1 quit=1 commands=3/4
Aug  9 09:31:51 brollon postfix/smtps/smtpd[24120]: connect from unknown[213.176.26.54]
Aug  9 09:31:54 brollon postfix/submission/smtpd[22377]: warning: unknown[213.176.26.64]: SASL LOGIN authentication failed: UGFzc3dvcmQ6
Aug  9 09:31:55 brollon postfix/submission/smtpd[22377]: disconnect from unknown[213.176.26.64] ehlo=1 auth=0/1 rset=1 quit=1 commands=3/4
Aug  9 09:31:58 brollon postfix/smtps/smtpd[24120]: warning: unknown[213.176.26.54]: SASL LOGIN authentication failed: UGFzc3dvcmQ6
Aug  9 09:31:58 brollon postfix/smtps/smtpd[24120]: lost connection after AUTH from unknown[213.176.26.54]
Aug  9 09:31:58 brollon postfix/smtps/smtpd[24120]: disconnect from unknown[213.176.26.54] ehlo=1 auth=0/1 rset=1 commands=2/3
Aug  9 09:31:59 brollon postfix/submission/smtpd[23240]: connect from unknown[213.176.26.134]
Aug  9 09:32:01 brollon postfix/smtpd[19741]: connect from localhost[127.0.0.1]
Aug  9 09:32:01 brollon postfix/smtpd[19741]: lost connection after CONNECT from localhost[127.0.0.1]
Aug  9 09:32:01 brollon postfix/smtpd[19741]: disconnect from localhost[127.0.0.1] commands=0/0
Aug  9 09:32:01 brollon dovecot: imap-login: Disconnected (no auth attempts in 0 secs): user=<>, rip=127.0.0.1, lip=127.0.0.1, secured, session=<5+Ls6JlYVtl/AAAB>
Aug  9 09:32:01 brollon dovecot: pop3-login: Disconnected (no auth attempts in 0 secs): user=<>, rip=127.0.0.1, lip=127.0.0.1, secured, session=<KP7s6JlYhtF/AAAB>
Aug  9 09:32:05 brollon postfix/submission/smtpd[23240]: warning: unknown[213.176.26.134]: SASL LOGIN authentication failed: UGFzc3dvcmQ6
Aug  9 09:32:05 brollon postfix/submission/smtpd[23240]: disconnect from unknown[213.176.26.134] ehlo=1 auth=0/1 rset=1 quit=1 commands=3/4
Aug  9 09:32:11 brollon postfix/smtps/smtpd[22473]: warning: unknown[213.176.24.64]: SASL LOGIN authentication failed: UGFzc3dvcmQ6
Aug  9 09:32:11 brollon postfix/smtps/smtpd[22473]: lost connection after AUTH from unknown[213.176.24.64]
Aug  9 09:32:11 brollon postfix/smtps/smtpd[22473]: disconnect from unknown[213.176.24.64] ehlo=1 auth=0/1 rset=1 commands=2/3
Aug  9 09:32:14 brollon postfix/smtps/smtpd[24120]: connect from unknown[213.176.26.175]
Aug  9 09:32:16 brollon postfix/smtps/smtpd[22473]: connect from unknown[213.176.26.19]
Aug  9 09:32:19 brollon postfix/smtps/smtpd[22473]: warning: unknown[213.176.26.19]: SASL LOGIN authentication failed: UGFzc3dvcmQ6
Aug  9 09:32:19 brollon postfix/smtps/smtpd[22473]: lost connection after AUTH from unknown[213.176.26.19]
Aug  9 09:32:19 brollon postfix/smtps/smtpd[22473]: disconnect from unknown[213.176.26.19] ehlo=1 auth=0/1 rset=1 commands=2/3
Aug  9 09:32:20 brollon postfix/smtps/smtpd[24120]: warning: unknown[213.176.26.175]: SASL LOGIN authentication failed: UGFzc3dvcmQ6
Aug  9 09:32:20 brollon postfix/smtps/smtpd[24120]: lost connection after AUTH from unknown[213.176.26.175]
Aug  9 09:32:20 brollon postfix/smtps/smtpd[24120]: disconnect from unknown[213.176.26.175] ehlo=1 auth=0/1 rset=1 commands=2/3
Aug  9 09:32:25 brollon postfix/submission/smtpd[22377]: connect from unknown[213.176.26.159]
Aug  9 09:32:27 brollon postfix/smtps/smtpd[22473]: connect from unknown[213.176.26.191]
Aug  9 09:32:27 brollon postfix/submission/smtpd[23240]: connect from unknown[213.176.26.144]
Aug  9 09:32:28 brollon postfix/smtps/smtpd[24120]: connect from unknown[213.176.26.122]
Aug  9 09:32:29 brollon postfix/smtps/smtpd[22473]: warning: unknown[213.176.26.191]: SASL LOGIN authentication failed: UGFzc3dvcmQ6
Aug  9 09:32:29 brollon postfix/submission/smtpd[23375]: connect from unknown[213.176.26.85]
Aug  9 09:32:30 brollon postfix/smtps/smtpd[22473]: lost connection after AUTH from unknown[213.176.26.191]
Aug  9 09:32:30 brollon postfix/smtps/smtpd[22473]: disconnect from unknown[213.176.26.191] ehlo=1 auth=0/1 rset=1 commands=2/3
Aug  9 09:32:31 brollon postfix/submission/smtpd[22377]: warning: unknown[213.176.26.159]: SASL LOGIN authentication failed: UGFzc3dvcmQ6
Aug  9 09:32:31 brollon postfix/smtps/smtpd[24120]: warning: unknown[213.176.26.122]: SASL LOGIN authentication failed: UGFzc3dvcmQ6
Aug  9 09:32:31 brollon postfix/smtps/smtpd[24120]: lost connection after AUTH from unknown[213.176.26.122]
Aug  9 09:32:31 brollon postfix/smtps/smtpd[24120]: disconnect from unknown[213.176.26.122] ehlo=1 auth=0/1 rset=1 commands=2/3
Aug  9 09:32:31 brollon postfix/submission/smtpd[22377]: disconnect from unknown[213.176.26.159] ehlo=1 auth=0/1 rset=1 quit=1 commands=3/4
Aug  9 09:32:34 brollon postfix/submission/smtpd[23240]: warning: unknown[213.176.26.144]: SASL LOGIN authentication failed: UGFzc3dvcmQ6
Aug  9 09:32:34 brollon postfix/submission/smtpd[23240]: disconnect from unknown[213.176.26.144] ehlo=1 auth=0/1 rset=1 quit=1 commands=3/4
Aug  9 09:32:36 brollon postfix/submission/smtpd[23375]: warning: unknown[213.176.26.85]: SASL LOGIN authentication failed: UGFzc3dvcmQ6
Aug  9 09:32:36 brollon postfix/submission/smtpd[23375]: disconnect from unknown[213.176.26.85] ehlo=1 auth=0/1 rset=1 quit=1 commands=3/4
Aug  9 09:32:36 brollon postfix/submission/smtpd[20017]: connect from unknown[213.176.26.78]
Aug  9 09:32:37 brollon postfix/smtps/smtpd[22473]: connect from unknown[213.176.26.94]
Aug  9 09:32:40 brollon postfix/submission/smtpd[20017]: warning: unknown[213.176.26.78]: SASL LOGIN authentication failed: UGFzc3dvcmQ6
Aug  9 09:32:40 brollon postfix/submission/smtpd[20017]: disconnect from unknown[213.176.26.78] ehlo=1 auth=0/1 rset=1 quit=1 commands=3/4
Aug  9 09:32:40 brollon postfix/submission/smtpd[23240]: connect from unknown[213.176.26.113]
Aug  9 09:32:42 brollon postfix/smtps/smtpd[24120]: connect from unknown[213.176.26.87]
Aug  9 09:32:42 brollon postfix/submission/smtpd[20017]: connect from unknown[213.176.26.74]
Aug  9 09:32:43 brollon postfix/smtps/smtpd[22473]: warning: unknown[213.176.26.94]: SASL LOGIN authentication failed: UGFzc3dvcmQ6
Aug  9 09:32:43 brollon postfix/smtps/smtpd[22473]: lost connection after AUTH from unknown[213.176.26.94]
Aug  9 09:32:43 brollon postfix/smtps/smtpd[22473]: disconnect from unknown[213.176.26.94] ehlo=1 auth=0/1 rset=1 commands=2/3
Aug  9 09:32:43 brollon postfix/smtps/smtpd[22473]: connect from unknown[213.176.26.42]
Aug  9 09:32:44 brollon postfix/submission/smtpd[24118]: connect from unknown[213.176.26.114]
Aug  9 09:32:45 brollon postfix/smtps/smtpd[24120]: warning: unknown[213.176.26.87]: SASL LOGIN authentication failed: UGFzc3dvcmQ6
Aug  9 09:32:45 brollon postfix/smtps/smtpd[24120]: lost connection after AUTH from unknown[213.176.26.87]
Aug  9 09:32:45 brollon postfix/smtps/smtpd[24120]: disconnect from unknown[213.176.26.87] ehlo=1 auth=0/1 rset=1 commands=2/3
Aug  9 09:32:46 brollon postfix/submission/smtpd[22377]: connect from unknown[213.176.26.76]
Aug  9 09:32:47 brollon postfix/submission/smtpd[23240]: warning: unknown[213.176.26.113]: SASL LOGIN authentication failed: UGFzc3dvcmQ6
Aug  9 09:32:47 brollon postfix/smtps/smtpd[22473]: warning: unknown[213.176.26.42]: SASL LOGIN authentication failed: UGFzc3dvcmQ6
Aug  9 09:32:47 brollon postfix/submission/smtpd[23240]: disconnect from unknown[213.176.26.113] ehlo=1 auth=0/1 rset=1 quit=1 commands=3/4
Aug  9 09:32:47 brollon postfix/smtps/smtpd[22473]: lost connection after AUTH from unknown[213.176.26.42]
Aug  9 09:32:47 brollon postfix/smtps/smtpd[22473]: disconnect from unknown[213.176.26.42] ehlo=1 auth=0/1 rset=1 commands=2/3
Aug  9 09:32:49 brollon postfix/submission/smtpd[20017]: warning: unknown[213.176.26.74]: SASL LOGIN authentication failed: UGFzc3dvcmQ6
Aug  9 09:32:49 brollon postfix/submission/smtpd[20017]: disconnect from unknown[213.176.26.74] ehlo=1 auth=0/1 rset=1 quit=1 commands=3/4
Aug  9 09:32:50 brollon postfix/submission/smtpd[24118]: warning: unknown[213.176.26.114]: SASL LOGIN authentication failed: UGFzc3dvcmQ6
Aug  9 09:32:50 brollon postfix/submission/smtpd[24118]: disconnect from unknown[213.176.26.114] ehlo=1 auth=0/1 rset=1 quit=1 commands=3/4
Aug  9 09:32:50 brollon postfix/submission/smtpd[23375]: connect from unknown[213.176.26.64]
Aug  9 09:32:52 brollon postfix/submission/smtpd[22377]: warning: unknown[213.176.26.76]: SASL LOGIN authentication failed: UGFzc3dvcmQ6
Aug  9 09:32:52 brollon postfix/submission/smtpd[22377]: disconnect from unknown[213.176.26.76] ehlo=1 auth=0/1 rset=1 quit=1 commands=3/4
Aug  9 09:32:54 brollon postfix/submission/smtpd[23375]: warning: unknown[213.176.26.64]: SASL LOGIN authentication failed: UGFzc3dvcmQ6
Aug  9 09:32:54 brollon postfix/submission/smtpd[23375]: disconnect from unknown[213.176.26.64] ehlo=1 auth=0/1 rset=1 quit=1 commands=3/4
Aug  9 09:32:58 brollon postfix/smtps/smtpd[24120]: connect from unknown[213.176.26.88]
Aug  9 09:33:01 brollon postfix/smtps/smtpd[24120]: warning: unknown[213.176.26.88]: SASL LOGIN authentication failed: UGFzc3dvcmQ6
Aug  9 09:33:01 brollon postfix/smtps/smtpd[24120]: lost connection after AUTH from unknown[213.176.26.88]
Aug  9 09:33:01 brollon postfix/smtps/smtpd[24120]: disconnect from unknown[213.176.26.88] ehlo=1 auth=0/1 rset=1 commands=2/3
Aug  9 09:33:01 brollon postfix/smtps/smtpd[22473]: connect from unknown[213.176.26.186]
Aug  9 09:33:01 brollon postfix/smtpd[19741]: connect from localhost[127.0.0.1]
Aug  9 09:33:01 brollon postfix/smtpd[19741]: lost connection after CONNECT from localhost[127.0.0.1]
Aug  9 09:33:01 brollon postfix/smtpd[19741]: disconnect from localhost[127.0.0.1] commands=0/0
Aug  9 09:33:01 brollon dovecot: pop3-login: Disconnected (no auth attempts in 0 secs): user=<>, rip=127.0.0.1, lip=127.0.0.1, secured, session=<USiE7JlYctJ/AAAB>
Aug  9 09:33:01 brollon dovecot: imap-login: Disconnected (no auth attempts in 0 secs): user=<>, rip=127.0.0.1, lip=127.0.0.1, secured, session=<U2KE7JlYQtp/AAAB>
Aug  9 09:33:01 brollon postfix/submission/smtpd[23240]: connect from unknown[213.176.26.134]
Aug  9 09:33:02 brollon postfix/smtps/smtpd[24120]: connect from unknown[213.176.26.194]
Aug  9 09:33:03 brollon postfix/smtps/smtpd[24199]: connect from unknown[213.176.26.52]
Aug  9 09:33:04 brollon postfix/smtps/smtpd[22473]: warning: unknown[213.176.26.186]: SASL LOGIN authentication failed: UGFzc3dvcmQ6
Aug  9 09:33:05 brollon postfix/smtps/smtpd[24202]: connect from unknown[213.176.26.37]
Aug  9 09:33:06 brollon postfix/smtps/smtpd[22473]: lost connection after AUTH from unknown[213.176.26.186]
Aug  9 09:33:06 brollon postfix/smtps/smtpd[22473]: disconnect from unknown[213.176.26.186] ehlo=1 auth=0/1 rset=1 commands=2/3
Aug  9 09:33:06 brollon postfix/smtps/smtpd[22473]: connect from unknown[213.176.26.21]
Aug  9 09:33:08 brollon postfix/submission/smtpd[23240]: warning: unknown[213.176.26.134]: SASL LOGIN authentication failed: UGFzc3dvcmQ6
Aug  9 09:33:08 brollon postfix/smtps/smtpd[24199]: warning: unknown[213.176.26.52]: SASL LOGIN authentication failed: UGFzc3dvcmQ6
Aug  9 09:33:08 brollon postfix/submission/smtpd[23240]: disconnect from unknown[213.176.26.134] ehlo=1 auth=0/1 rset=1 quit=1 commands=3/4
Aug  9 09:33:08 brollon postfix/smtps/smtpd[24199]: lost connection after AUTH from unknown[213.176.26.52]
Aug  9 09:33:08 brollon postfix/smtps/smtpd[24199]: disconnect from unknown[213.176.26.52] ehlo=1 auth=0/1 rset=1 commands=2/3
Aug  9 09:33:09 brollon postfix/smtps/smtpd[24120]: warning: unknown[213.176.26.194]: SASL LOGIN authentication failed: UGFzc3dvcmQ6
Aug  9 09:33:10 brollon postfix/smtps/smtpd[22473]: warning: unknown[213.176.26.21]: SASL LOGIN authentication failed: UGFzc3dvcmQ6
Aug  9 09:33:10 brollon postfix/smtps/smtpd[22473]: lost connection after AUTH from unknown[213.176.26.21]
Aug  9 09:33:10 brollon postfix/smtps/smtpd[22473]: disconnect from unknown[213.176.26.21] ehlo=1 auth=0/1 rset=1 commands=2/3
Aug  9 09:33:11 brollon postfix/smtps/smtpd[24120]: lost connection after AUTH from unknown[213.176.26.194]
Aug  9 09:33:11 brollon postfix/smtps/smtpd[24120]: disconnect from unknown[213.176.26.194] ehlo=1 auth=0/1 rset=1 commands=2/3
Aug  9 09:33:11 brollon postfix/smtps/smtpd[24202]: warning: unknown[213.176.26.37]: SASL LOGIN authentication failed: UGFzc3dvcmQ6
Aug  9 09:33:11 brollon postfix/smtps/smtpd[24202]: lost connection after AUTH from unknown[213.176.26.37]
Aug  9 09:33:11 brollon postfix/smtps/smtpd[24202]: disconnect from unknown[213.176.26.37] ehlo=1 auth=0/1 rset=1 commands=2/3
Aug  9 09:33:27 brollon postfix/submission/smtpd[23375]: connect from unknown[213.176.26.159]
Aug  9 09:33:30 brollon postfix/submission/smtpd[20017]: connect from unknown[213.176.26.144]
Aug  9 09:33:31 brollon postfix/submission/smtpd[22377]: connect from unknown[213.176.26.85]
Aug  9 09:33:34 brollon postfix/smtps/smtpd[24199]: connect from unknown[213.176.26.69]
Aug  9 09:33:34 brollon postfix/submission/smtpd[23375]: warning: unknown[213.176.26.159]: SASL LOGIN authentication failed: UGFzc3dvcmQ6
Aug  9 09:33:35 brollon postfix/submission/smtpd[23375]: disconnect from unknown[213.176.26.159] ehlo=1 auth=0/1 rset=1 quit=1 commands=3/4
Aug  9 09:33:37 brollon postfix/submission/smtpd[20017]: warning: unknown[213.176.26.144]: SASL LOGIN authentication failed: UGFzc3dvcmQ6
Aug  9 09:33:37 brollon postfix/submission/smtpd[20017]: disconnect from unknown[213.176.26.144] ehlo=1 auth=0/1 rset=1 quit=1 commands=3/4
Aug  9 09:33:38 brollon postfix/submission/smtpd[22377]: warning: unknown[213.176.26.85]: SASL LOGIN authentication failed: UGFzc3dvcmQ6
Aug  9 09:33:38 brollon postfix/submission/smtpd[22377]: disconnect from unknown[213.176.26.85] ehlo=1 auth=0/1 rset=1 quit=1 commands=3/4
Aug  9 09:33:40 brollon postfix/submission/smtpd[24118]: connect from unknown[213.176.26.78]
Aug  9 09:33:41 brollon postfix/smtps/smtpd[24199]: warning: unknown[213.176.26.69]: SASL LOGIN authentication failed: UGFzc3dvcmQ6
Aug  9 09:33:41 brollon postfix/submission/smtpd[20017]: connect from unknown[213.176.26.113]
Aug  9 09:33:41 brollon postfix/smtps/smtpd[22473]: connect from unknown[213.176.26.29]
Aug  9 09:33:43 brollon postfix/smtps/smtpd[24199]: lost connection after AUTH from unknown[213.176.26.69]
Aug  9 09:33:43 brollon postfix/smtps/smtpd[24199]: disconnect from unknown[213.176.26.69] ehlo=1 auth=0/1 rset=1 commands=2/3
Aug  9 09:33:44 brollon postfix/smtps/smtpd[22473]: warning: unknown[213.176.26.29]: SASL LOGIN authentication failed: UGFzc3dvcmQ6
Aug  9 09:33:44 brollon postfix/smtps/smtpd[22473]: lost connection after AUTH from unknown[213.176.26.29]
Aug  9 09:33:44 brollon postfix/smtps/smtpd[22473]: disconnect from unknown[213.176.26.29] ehlo=1 auth=0/1 rset=1 commands=2/3
Aug  9 09:33:44 brollon postfix/submission/smtpd[23240]: connect from unknown[213.176.26.114]
Aug  9 09:33:46 brollon postfix/submission/smtpd[23375]: connect from unknown[213.176.26.74]
Aug  9 09:33:47 brollon postfix/submission/smtpd[24118]: warning: unknown[213.176.26.78]: SASL LOGIN authentication failed: UGFzc3dvcmQ6
Aug  9 09:33:48 brollon postfix/submission/smtpd[20017]: warning: unknown[213.176.26.113]: SASL LOGIN authentication failed: UGFzc3dvcmQ6
Aug  9 09:33:48 brollon postfix/submission/smtpd[20017]: disconnect from unknown[213.176.26.113] ehlo=1 auth=0/1 rset=1 quit=1 commands=3/4
Aug  9 09:33:48 brollon postfix/submission/smtpd[24118]: disconnect from unknown[213.176.26.78] ehlo=1 auth=0/1 rset=1 quit=1 commands=3/4
Aug  9 09:33:49 brollon postfix/submission/smtpd[23375]: warning: unknown[213.176.26.74]: SASL LOGIN authentication failed: UGFzc3dvcmQ6
Aug  9 09:33:49 brollon postfix/submission/smtpd[23375]: disconnect from unknown[213.176.26.74] ehlo=1 auth=0/1 rset=1 quit=1 commands=3/4
Aug  9 09:33:49 brollon postfix/submission/smtpd[22377]: connect from unknown[213.176.26.76]
Aug  9 09:33:50 brollon postfix/submission/smtpd[23240]: warning: unknown[213.176.26.114]: SASL LOGIN authentication failed: UGFzc3dvcmQ6
Aug  9 09:33:50 brollon postfix/submission/smtpd[23240]: disconnect from unknown[213.176.26.114] ehlo=1 auth=0/1 rset=1 quit=1 commands=3/4
Aug  9 09:33:53 brollon postfix/submission/smtpd[24118]: connect from unknown[213.176.26.64]
Aug  9 09:33:56 brollon postfix/submission/smtpd[22377]: warning: unknown[213.176.26.76]: SASL LOGIN authentication failed: UGFzc3dvcmQ6
Aug  9 09:33:56 brollon postfix/submission/smtpd[22377]: disconnect from unknown[213.176.26.76] ehlo=1 auth=0/1 rset=1 quit=1 commands=3/4
Aug  9 09:34:00 brollon postfix/submission/smtpd[24118]: warning: unknown[213.176.26.64]: SASL LOGIN authentication failed: UGFzc3dvcmQ6
Aug  9 09:34:01 brollon postfix/submission/smtpd[24118]: disconnect from unknown[213.176.26.64] ehlo=1 auth=0/1 rset=1 quit=1 commands=3/4
Aug  9 09:34:01 brollon postfix/smtpd[19741]: connect from localhost[127.0.0.1]
Aug  9 09:34:01 brollon postfix/smtpd[19741]: lost connection after CONNECT from localhost[127.0.0.1]
Aug  9 09:34:01 brollon postfix/smtpd[19741]: disconnect from localhost[127.0.0.1] commands=0/0
Aug  9 09:34:01 brollon dovecot: imap-login: Disconnected (no auth attempts in 0 secs): user=<>, rip=127.0.0.1, lip=127.0.0.1, secured, session=<uf4b8JlY7tp/AAAB>
Aug  9 09:34:01 brollon dovecot: pop3-login: Disconnected (no auth attempts in 0 secs): user=<>, rip=127.0.0.1, lip=127.0.0.1, secured, session=<eRMc8JlYHtN/AAAB>
Aug  9 09:34:04 brollon postfix/submission/smtpd[20017]: connect from unknown[213.176.26.134]
Aug  9 09:34:07 brollon postfix/smtps/smtpd[24202]: connect from unknown[213.176.26.77]
Aug  9 09:34:11 brollon postfix/submission/smtpd[20017]: warning: unknown[213.176.26.134]: SASL LOGIN authentication failed: UGFzc3dvcmQ6
Aug  9 09:34:11 brollon postfix/submission/smtpd[20017]: disconnect from unknown[213.176.26.134] ehlo=1 auth=0/1 rset=1 quit=1 commands=3/4
Aug  9 09:34:12 brollon postfix/smtps/smtpd[24202]: warning: unknown[213.176.26.77]: SASL LOGIN authentication failed: UGFzc3dvcmQ6
Aug  9 09:34:12 brollon postfix/smtps/smtpd[24202]: lost connection after AUTH from unknown[213.176.26.77]
Aug  9 09:34:12 brollon postfix/smtps/smtpd[24202]: disconnect from unknown[213.176.26.77] ehlo=1 auth=0/1 rset=1 commands=2/3
Aug  9 09:34:24 brollon postfix/smtps/smtpd[24199]: connect from unknown[213.176.26.34]
Aug  9 09:34:28 brollon postfix/smtps/smtpd[24199]: warning: unknown[213.176.26.34]: SASL LOGIN authentication failed: UGFzc3dvcmQ6
Aug  9 09:34:28 brollon postfix/smtps/smtpd[24199]: lost connection after AUTH from unknown[213.176.26.34]
Aug  9 09:34:28 brollon postfix/smtps/smtpd[24199]: disconnect from unknown[213.176.26.34] ehlo=1 auth=0/1 rset=1 commands=2/3
Aug  9 09:34:28 brollon postfix/submission/smtpd[22377]: connect from unknown[213.176.26.159]
Aug  9 09:34:33 brollon postfix/submission/smtpd[20017]: connect from unknown[213.176.26.85]
Aug  9 09:34:34 brollon postfix/submission/smtpd[24118]: connect from unknown[213.176.26.144]
Aug  9 09:34:35 brollon postfix/submission/smtpd[22377]: warning: unknown[213.176.26.159]: SASL LOGIN authentication failed: UGFzc3dvcmQ6
Aug  9 09:34:35 brollon postfix/submission/smtpd[22377]: disconnect from unknown[213.176.26.159] ehlo=1 auth=0/1 rset=1 quit=1 commands=3/4
Aug  9 09:34:36 brollon postfix/smtps/smtpd[24202]: connect from unknown[213.176.26.62]
Aug  9 09:34:40 brollon postfix/submission/smtpd[20017]: warning: unknown[213.176.26.85]: SASL LOGIN authentication failed: UGFzc3dvcmQ6
Aug  9 09:34:40 brollon postfix/submission/smtpd[20017]: disconnect from unknown[213.176.26.85] ehlo=1 auth=0/1 rset=1 quit=1 commands=3/4
Aug  9 09:34:41 brollon postfix/submission/smtpd[24118]: warning: unknown[213.176.26.144]: SASL LOGIN authentication failed: UGFzc3dvcmQ6
Aug  9 09:34:41 brollon postfix/submission/smtpd[24118]: disconnect from unknown[213.176.26.144] ehlo=1 auth=0/1 rset=1 quit=1 commands=3/4
Aug  9 09:34:42 brollon postfix/submission/smtpd[23240]: connect from unknown[213.176.26.78]
Aug  9 09:34:43 brollon postfix/submission/smtpd[22377]: connect from unknown[213.176.26.113]
Aug  9 09:34:44 brollon postfix/smtps/smtpd[24202]: warning: unknown[213.176.26.62]: SASL LOGIN authentication failed: UGFzc3dvcmQ6
Aug  9 09:34:45 brollon postfix/submission/smtpd[24118]: connect from unknown[213.176.26.114]
Aug  9 09:34:47 brollon postfix/smtps/smtpd[24202]: lost connection after AUTH from unknown[213.176.26.62]
Aug  9 09:34:47 brollon postfix/smtps/smtpd[24202]: disconnect from unknown[213.176.26.62] ehlo=1 auth=0/1 rset=1 commands=2/3
Aug  9 09:34:49 brollon postfix/submission/smtpd[23240]: warning: unknown[213.176.26.78]: SASL LOGIN authentication failed: UGFzc3dvcmQ6
Aug  9 09:34:50 brollon postfix/submission/smtpd[20017]: connect from unknown[213.176.26.74]
Aug  9 09:34:50 brollon postfix/submission/smtpd[22377]: warning: unknown[213.176.26.113]: SASL LOGIN authentication failed: UGFzc3dvcmQ6
Aug  9 09:34:50 brollon postfix/submission/smtpd[22377]: disconnect from unknown[213.176.26.113] ehlo=1 auth=0/1 rset=1 quit=1 commands=3/4
Aug  9 09:34:50 brollon postfix/submission/smtpd[23240]: disconnect from unknown[213.176.26.78] ehlo=1 auth=0/1 rset=1 quit=1 commands=3/4
Aug  9 09:34:52 brollon postfix/submission/smtpd[24118]: warning: unknown[213.176.26.114]: SASL LOGIN authentication failed: UGFzc3dvcmQ6
Aug  9 09:34:52 brollon postfix/submission/smtpd[24118]: disconnect from unknown[213.176.26.114] ehlo=1 auth=0/1 rset=1 quit=1 commands=3/4
Aug  9 09:34:53 brollon postfix/submission/smtpd[23375]: connect from unknown[213.176.26.76]
Aug  9 09:34:56 brollon postfix/submission/smtpd[20017]: warning: unknown[213.176.26.74]: SASL LOGIN authentication failed: UGFzc3dvcmQ6
Aug  9 09:34:56 brollon postfix/submission/smtpd[23375]: warning: unknown[213.176.26.76]: SASL LOGIN authentication failed: UGFzc3dvcmQ6
Aug  9 09:34:56 brollon postfix/submission/smtpd[20017]: disconnect from unknown[213.176.26.74] ehlo=1 auth=0/1 rset=1 quit=1 commands=3/4
Aug  9 09:34:56 brollon postfix/submission/smtpd[23375]: disconnect from unknown[213.176.26.76] ehlo=1 auth=0/1 rset=1 quit=1 commands=3/4
Aug  9 09:34:56 brollon postfix/submission/smtpd[22377]: connect from unknown[213.176.26.64]
Aug  9 09:35:02 brollon postfix/smtpd[19741]: connect from localhost[127.0.0.1]
Aug  9 09:35:02 brollon postfix/smtpd[19741]: lost connection after CONNECT from localhost[127.0.0.1]
Aug  9 09:35:02 brollon postfix/smtpd[19741]: disconnect from localhost[127.0.0.1] commands=0/0
Aug  9 09:35:02 brollon dovecot: imap-login: Disconnected (no auth attempts in 0 secs): user=<>, rip=127.0.0.1, lip=127.0.0.1, secured, session=<Zxay85lYFNx/AAAB>
Aug  9 09:35:02 brollon dovecot: pop3-login: Disconnected (no auth attempts in 0 secs): user=<>, rip=127.0.0.1, lip=127.0.0.1, secured, session=<BSSy85lYRNR/AAAB>
Aug  9 09:35:02 brollon postfix/smtpd[19741]: connect from localhost[127.0.0.1]
Aug  9 09:35:02 brollon postfix/smtpd[19741]: lost connection after CONNECT from localhost[127.0.0.1]
Aug  9 09:35:02 brollon postfix/smtpd[19741]: disconnect from localhost[127.0.0.1] commands=0/0
Aug  9 09:35:02 brollon dovecot: imap-login: Disconnected (no auth attempts in 0 secs): user=<>, rip=127.0.0.1, lip=127.0.0.1, secured, session=<dgm385lYINx/AAAB>
Aug  9 09:35:02 brollon dovecot: pop3-login: Disconnected (no auth attempts in 0 secs): user=<>, rip=127.0.0.1, lip=127.0.0.1, secured, session=<bR+385lYUNR/AAAB>
Aug  9 09:35:03 brollon postfix/submission/smtpd[22377]: warning: unknown[213.176.26.64]: SASL LOGIN authentication failed: UGFzc3dvcmQ6
Aug  9 09:35:03 brollon postfix/submission/smtpd[22377]: disconnect from unknown[213.176.26.64] ehlo=1 auth=0/1 rset=1 quit=1 commands=3/4
Aug  9 09:35:06 brollon postfix/smtps/smtpd[24199]: connect from unknown[213.176.26.82]
Aug  9 09:35:07 brollon postfix/submission/smtpd[23240]: connect from unknown[213.176.26.134]
Aug  9 09:35:12 brollon postfix/submission/smtpd[23240]: warning: unknown[213.176.26.134]: SASL LOGIN authentication failed: UGFzc3dvcmQ6
Aug  9 09:35:12 brollon postfix/submission/smtpd[23240]: disconnect from unknown[213.176.26.134] ehlo=1 auth=0/1 rset=1 quit=1 commands=3/4
Aug  9 09:35:13 brollon postfix/smtps/smtpd[24199]: warning: unknown[213.176.26.82]: SASL LOGIN authentication failed: UGFzc3dvcmQ6
Aug  9 09:35:13 brollon postfix/smtps/smtpd[24199]: lost connection after AUTH from unknown[213.176.26.82]
Aug  9 09:35:13 brollon postfix/smtps/smtpd[24199]: disconnect from unknown[213.176.26.82] ehlo=1 auth=0/1 rset=1 commands=2/3
Aug  9 09:35:30 brollon postfix/submission/smtpd[22377]: connect from unknown[213.176.26.159]
Aug  9 09:35:35 brollon postfix/submission/smtpd[20017]: connect from unknown[213.176.26.85]
Aug  9 09:35:37 brollon postfix/submission/smtpd[22377]: warning: unknown[213.176.26.159]: SASL LOGIN authentication failed: UGFzc3dvcmQ6
Aug  9 09:35:37 brollon postfix/submission/smtpd[22377]: disconnect from unknown[213.176.26.159] ehlo=1 auth=0/1 rset=1 quit=1 commands=3/4
Aug  9 09:35:38 brollon postfix/submission/smtpd[24118]: connect from unknown[213.176.26.144]
Aug  9 09:35:41 brollon postfix/submission/smtpd[20017]: warning: unknown[213.176.26.85]: SASL LOGIN authentication failed: UGFzc3dvcmQ6
Aug  9 09:35:41 brollon postfix/submission/smtpd[20017]: disconnect from unknown[213.176.26.85] ehlo=1 auth=0/1 rset=1 quit=1 commands=3/4
Aug  9 09:35:41 brollon postfix/smtps/smtpd[24199]: connect from unknown[213.176.26.41]
Aug  9 09:35:44 brollon postfix/submission/smtpd[22377]: connect from unknown[213.176.26.113]
Aug  9 09:35:45 brollon postfix/smtps/smtpd[24202]: connect from unknown[213.176.26.23]
Aug  9 09:35:45 brollon postfix/submission/smtpd[20017]: connect from unknown[213.176.26.78]
Aug  9 09:35:45 brollon postfix/submission/smtpd[24118]: warning: unknown[213.176.26.144]: SASL LOGIN authentication failed: UGFzc3dvcmQ6
Aug  9 09:35:46 brollon postfix/submission/smtpd[24118]: disconnect from unknown[213.176.26.144] ehlo=1 auth=0/1 rset=1 quit=1 commands=3/4
Aug  9 09:35:46 brollon postfix/submission/smtpd[23375]: connect from unknown[213.176.26.114]
Aug  9 09:35:47 brollon postfix/smtps/smtpd[24199]: warning: unknown[213.176.26.41]: SASL LOGIN authentication failed: UGFzc3dvcmQ6
Aug  9 09:35:47 brollon postfix/smtps/smtpd[24199]: lost connection after AUTH from unknown[213.176.26.41]
Aug  9 09:35:47 brollon postfix/smtps/smtpd[24199]: disconnect from unknown[213.176.26.41] ehlo=1 auth=0/1 rset=1 commands=2/3
Aug  9 09:35:48 brollon postfix/submission/smtpd[22377]: warning: unknown[213.176.26.113]: SASL LOGIN authentication failed: UGFzc3dvcmQ6
Aug  9 09:35:48 brollon postfix/submission/smtpd[22377]: disconnect from unknown[213.176.26.113] ehlo=1 auth=0/1 rset=1 quit=1 commands=3/4
Aug  9 09:35:49 brollon postfix/smtps/smtpd[24202]: warning: unknown[213.176.26.23]: SASL LOGIN authentication failed: UGFzc3dvcmQ6
Aug  9 09:35:49 brollon postfix/smtps/smtpd[24202]: lost connection after AUTH from unknown[213.176.26.23]
Aug  9 09:35:49 brollon postfix/smtps/smtpd[24202]: disconnect from unknown[213.176.26.23] ehlo=1 auth=0/1 rset=1 commands=2/3
Aug  9 09:35:52 brollon postfix/submission/smtpd[20017]: warning: unknown[213.176.26.78]: SASL LOGIN authentication failed: UGFzc3dvcmQ6
Aug  9 09:35:52 brollon postfix/submission/smtpd[20017]: disconnect from unknown[213.176.26.78] ehlo=1 auth=0/1 rset=1 quit=1 commands=3/4
Aug  9 09:35:52 brollon postfix/smtps/smtpd[24199]: connect from unknown[213.176.26.109]
Aug  9 09:35:53 brollon postfix/submission/smtpd[23375]: warning: unknown[213.176.26.114]: SASL LOGIN authentication failed: UGFzc3dvcmQ6
Aug  9 09:35:53 brollon postfix/submission/smtpd[23375]: disconnect from unknown[213.176.26.114] ehlo=1 auth=0/1 rset=1 quit=1 commands=3/4
Aug  9 09:35:53 brollon postfix/submission/smtpd[23240]: connect from unknown[213.176.26.74]
Aug  9 09:35:54 brollon postfix/smtps/smtpd[24202]: connect from unknown[213.176.26.51]
Aug  9 09:35:56 brollon postfix/submission/smtpd[22377]: connect from unknown[213.176.26.76]
Aug  9 09:35:56 brollon postfix/smtps/smtpd[24951]: connect from unknown[213.176.26.95]
Aug  9 09:35:58 brollon postfix/smtps/smtpd[24199]: warning: unknown[213.176.26.109]: SASL LOGIN authentication failed: UGFzc3dvcmQ6
Aug  9 09:35:58 brollon postfix/smtps/smtpd[24199]: lost connection after AUTH from unknown[213.176.26.109]
Aug  9 09:35:58 brollon postfix/smtps/smtpd[24199]: disconnect from unknown[213.176.26.109] ehlo=1 auth=0/1 rset=1 commands=2/3
Aug  9 09:36:00 brollon postfix/submission/smtpd[24118]: connect from unknown[213.176.26.64]
Aug  9 09:36:00 brollon postfix/smtps/smtpd[24202]: warning: unknown[213.176.26.51]: SASL LOGIN authentication failed: UGFzc3dvcmQ6
Aug  9 09:36:00 brollon postfix/smtps/smtpd[24202]: lost connection after AUTH from unknown[213.176.26.51]
Aug  9 09:36:00 brollon postfix/smtps/smtpd[24202]: disconnect from unknown[213.176.26.51] ehlo=1 auth=0/1 rset=1 commands=2/3
Aug  9 09:36:01 brollon postfix/submission/smtpd[22377]: warning: unknown[213.176.26.76]: SASL LOGIN authentication failed: UGFzc3dvcmQ6
Aug  9 09:36:01 brollon postfix/submission/smtpd[23240]: warning: unknown[213.176.26.74]: SASL LOGIN authentication failed: UGFzc3dvcmQ6
Aug  9 09:36:01 brollon postfix/submission/smtpd[23240]: disconnect from unknown[213.176.26.74] ehlo=1 auth=0/1 rset=1 quit=1 commands=3/4
Aug  9 09:36:01 brollon postfix/submission/smtpd[22377]: disconnect from unknown[213.176.26.76] ehlo=1 auth=0/1 rset=1 quit=1 commands=3/4
Aug  9 09:36:01 brollon postfix/smtpd[19741]: connect from localhost[127.0.0.1]
Aug  9 09:36:01 brollon postfix/smtpd[19741]: lost connection after CONNECT from localhost[127.0.0.1]
Aug  9 09:36:01 brollon postfix/smtpd[19741]: disconnect from localhost[127.0.0.1] commands=0/0
Aug  9 09:36:01 brollon dovecot: pop3-login: Disconnected (no auth attempts in 0 secs): user=<>, rip=127.0.0.1, lip=127.0.0.1, secured, session=<OlBA95lYyNV/AAAB>
Aug  9 09:36:01 brollon dovecot: imap-login: Disconnected (disconnected before auth was ready, waited 0 secs): user=<>, rip=127.0.0.1, lip=127.0.0.1, secured, session=<YlFA95lYmN1/AAAB>
Aug  9 09:36:03 brollon postfix/smtps/smtpd[24951]: warning: unknown[213.176.26.95]: SASL LOGIN authentication failed: UGFzc3dvcmQ6
Aug  9 09:36:03 brollon postfix/smtps/smtpd[24951]: lost connection after AUTH from unknown[213.176.26.95]
Aug  9 09:36:03 brollon postfix/smtps/smtpd[24951]: disconnect from unknown[213.176.26.95] ehlo=1 auth=0/1 rset=1 commands=2/3
Aug  9 09:36:06 brollon postfix/submission/smtpd[24118]: warning: unknown[213.176.26.64]: SASL LOGIN authentication failed: UGFzc3dvcmQ6
Aug  9 09:36:06 brollon postfix/submission/smtpd[24118]: disconnect from unknown[213.176.26.64] ehlo=1 auth=0/1 rset=1 quit=1 commands=3/4
Aug  9 09:36:07 brollon postfix/smtps/smtpd[24199]: connect from unknown[213.176.26.165]
Aug  9 09:36:10 brollon postfix/submission/smtpd[20017]: connect from unknown[213.176.26.134]
Aug  9 09:36:12 brollon postfix/smtps/smtpd[24199]: warning: unknown[213.176.26.165]: SASL LOGIN authentication failed: UGFzc3dvcmQ6
Aug  9 09:36:12 brollon postfix/smtps/smtpd[24199]: lost connection after AUTH from unknown[213.176.26.165]
Aug  9 09:36:12 brollon postfix/smtps/smtpd[24199]: disconnect from unknown[213.176.26.165] ehlo=1 auth=0/1 rset=1 commands=2/3
Aug  9 09:36:17 brollon postfix/submission/smtpd[20017]: warning: unknown[213.176.26.134]: SASL LOGIN authentication failed: UGFzc3dvcmQ6
Aug  9 09:36:17 brollon postfix/submission/smtpd[20017]: disconnect from unknown[213.176.26.134] ehlo=1 auth=0/1 rset=1 quit=1 commands=3/4
Aug  9 09:36:30 brollon dovecot: imap(comunicacion@concellodapobradobrollon.gal): Connection closed (IDLE running for 0.001 + waiting input for 12.954 secs, 2 B in + 10+0 B out, state=wait-input) in=311 out=4328
Aug  9 09:36:32 brollon postfix/submission/smtpd[23240]: connect from unknown[213.176.26.159]
Aug  9 09:36:32 brollon postfix/smtps/smtpd[24202]: connect from unknown[213.176.26.153]
Aug  9 09:36:36 brollon postfix/smtps/smtpd[24199]: connect from unknown[213.176.26.22]
Aug  9 09:36:38 brollon postfix/submission/smtpd[20017]: connect from unknown[213.176.26.85]
Aug  9 09:36:39 brollon postfix/submission/smtpd[23240]: warning: unknown[213.176.26.159]: SASL LOGIN authentication failed: UGFzc3dvcmQ6
Aug  9 09:36:39 brollon postfix/smtps/smtpd[24202]: warning: unknown[213.176.26.153]: SASL LOGIN authentication failed: UGFzc3dvcmQ6
Aug  9 09:36:39 brollon postfix/submission/smtpd[23240]: disconnect from unknown[213.176.26.159] ehlo=1 auth=0/1 rset=1 quit=1 commands=3/4
Aug  9 09:36:39 brollon postfix/smtps/smtpd[24202]: lost connection after AUTH from unknown[213.176.26.153]
Aug  9 09:36:39 brollon postfix/smtps/smtpd[24202]: disconnect from unknown[213.176.26.153] ehlo=1 auth=0/1 rset=1 commands=2/3
Aug  9 09:36:41 brollon postfix/smtps/smtpd[24199]: warning: unknown[213.176.26.22]: SASL LOGIN authentication failed: UGFzc3dvcmQ6
Aug  9 09:36:41 brollon postfix/smtps/smtpd[24199]: lost connection after AUTH from unknown[213.176.26.22]
Aug  9 09:36:41 brollon postfix/smtps/smtpd[24199]: disconnect from unknown[213.176.26.22] ehlo=1 auth=0/1 rset=1 commands=2/3
Aug  9 09:36:42 brollon postfix/submission/smtpd[24118]: connect from unknown[213.176.26.144]
Aug  9 09:36:43 brollon postfix/anvil[12649]: statistics: max connection rate 2/60s for (submission:213.176.26.114) at Aug  9 09:27:40
Aug  9 09:36:43 brollon postfix/anvil[12649]: statistics: max connection count 1 for (submission:213.176.26.134) at Aug  9 09:26:47
Aug  9 09:36:43 brollon postfix/anvil[12649]: statistics: max cache size 24 at Aug  9 09:33:07
Aug  9 09:36:43 brollon postfix/submission/smtpd[20017]: warning: unknown[213.176.26.85]: SASL LOGIN authentication failed: UGFzc3dvcmQ6
Aug  9 09:36:43 brollon postfix/submission/smtpd[20017]: disconnect from unknown[213.176.26.85] ehlo=1 auth=0/1 rset=1 quit=1 commands=3/4
Aug  9 09:36:46 brollon postfix/submission/smtpd[23240]: connect from unknown[213.176.26.113]
Aug  9 09:36:47 brollon postfix/submission/smtpd[20017]: connect from unknown[213.176.26.114]
Aug  9 09:36:48 brollon postfix/submission/smtpd[24118]: warning: unknown[213.176.26.144]: SASL LOGIN authentication failed: UGFzc3dvcmQ6
Aug  9 09:36:48 brollon postfix/submission/smtpd[23375]: connect from unknown[213.176.26.78]
Aug  9 09:36:49 brollon postfix/submission/smtpd[24118]: disconnect from unknown[213.176.26.144] ehlo=1 auth=0/1 rset=1 quit=1 commands=3/4
Aug  9 09:36:50 brollon postfix/submission/smtpd[20017]: warning: unknown[213.176.26.114]: SASL LOGIN authentication failed: UGFzc3dvcmQ6
Aug  9 09:36:50 brollon postfix/submission/smtpd[20017]: disconnect from unknown[213.176.26.114] ehlo=1 auth=0/1 rset=1 quit=1 commands=3/4
Aug  9 09:36:51 brollon postfix/smtps/smtpd[24951]: connect from unknown[213.176.26.58]
Aug  9 09:36:52 brollon postfix/smtps/smtpd[24199]: connect from unknown[213.176.26.72]
Aug  9 09:36:53 brollon postfix/submission/smtpd[23240]: warning: unknown[213.176.26.113]: SASL LOGIN authentication failed: UGFzc3dvcmQ6
Aug  9 09:36:53 brollon postfix/submission/smtpd[23240]: disconnect from unknown[213.176.26.113] ehlo=1 auth=0/1 rset=1 quit=1 commands=3/4
Aug  9 09:36:55 brollon postfix/submission/smtpd[23375]: warning: unknown[213.176.26.78]: SASL LOGIN authentication failed: UGFzc3dvcmQ6
Aug  9 09:36:55 brollon postfix/submission/smtpd[23375]: disconnect from unknown[213.176.26.78] ehlo=1 auth=0/1 rset=1 quit=1 commands=3/4
Aug  9 09:36:57 brollon postfix/smtps/smtpd[24951]: warning: unknown[213.176.26.58]: SASL LOGIN authentication failed: UGFzc3dvcmQ6
Aug  9 09:36:57 brollon postfix/smtps/smtpd[24951]: lost connection after AUTH from unknown[213.176.26.58]
Aug  9 09:36:57 brollon postfix/smtps/smtpd[24951]: disconnect from unknown[213.176.26.58] ehlo=1 auth=0/1 rset=1 commands=2/3
Aug  9 09:36:57 brollon postfix/submission/smtpd[22377]: connect from unknown[213.176.26.74]
Aug  9 09:36:58 brollon postfix/smtps/smtpd[24199]: warning: unknown[213.176.26.72]: SASL LOGIN authentication failed: UGFzc3dvcmQ6
Aug  9 09:36:58 brollon postfix/smtps/smtpd[24199]: lost connection after AUTH from unknown[213.176.26.72]
Aug  9 09:36:58 brollon postfix/smtps/smtpd[24199]: disconnect from unknown[213.176.26.72] ehlo=1 auth=0/1 rset=1 commands=2/3
Aug  9 09:36:59 brollon postfix/submission/smtpd[20017]: connect from unknown[213.176.26.76]
Aug  9 09:37:01 brollon postfix/smtpd[19741]: connect from localhost[127.0.0.1]
Aug  9 09:37:01 brollon postfix/smtpd[19741]: lost connection after CONNECT from localhost[127.0.0.1]
Aug  9 09:37:01 brollon postfix/smtpd[19741]: disconnect from localhost[127.0.0.1] commands=0/0
Aug  9 09:37:02 brollon dovecot: pop3-login: Disconnected (no auth attempts in 0 secs): user=<>, rip=127.0.0.1, lip=127.0.0.1, secured, session=<rPHY+plYDtd/AAAB>
Aug  9 09:37:02 brollon dovecot: imap-login: Disconnected (no auth attempts in 0 secs): user=<>, rip=127.0.0.1, lip=127.0.0.1, secured, session=<cPrY+plY3t5/AAAB>
Aug  9 09:37:03 brollon postfix/submission/smtpd[24118]: connect from unknown[213.176.26.64]
Aug  9 09:37:04 brollon postfix/submission/smtpd[22377]: warning: unknown[213.176.26.74]: SASL LOGIN authentication failed: UGFzc3dvcmQ6
Aug  9 09:37:04 brollon postfix/submission/smtpd[22377]: disconnect from unknown[213.176.26.74] ehlo=1 auth=0/1 rset=1 quit=1 commands=3/4
Aug  9 09:37:06 brollon postfix/submission/smtpd[20017]: warning: unknown[213.176.26.76]: SASL LOGIN authentication failed: UGFzc3dvcmQ6
Aug  9 09:37:06 brollon postfix/submission/smtpd[20017]: disconnect from unknown[213.176.26.76] ehlo=1 auth=0/1 rset=1 quit=1 commands=3/4
Aug  9 09:37:10 brollon postfix/submission/smtpd[24118]: warning: unknown[213.176.26.64]: SASL LOGIN authentication failed: UGFzc3dvcmQ6
Aug  9 09:37:10 brollon postfix/smtpd[19741]: connect from unknown[2.57.122.98]
Aug  9 09:37:11 brollon postfix/submission/smtpd[24118]: disconnect from unknown[213.176.26.64] ehlo=1 auth=0/1 rset=1 quit=1 commands=3/4
Aug  9 09:37:13 brollon postfix/smtpd[19741]: warning: unknown[2.57.122.98]: SASL LOGIN authentication failed: UGFzc3dvcmQ6
Aug  9 09:37:13 brollon postfix/smtpd[19741]: disconnect from unknown[2.57.122.98] ehlo=1 auth=0/1 quit=1 commands=2/3
Aug  9 09:37:13 brollon postfix/submission/smtpd[23240]: connect from unknown[213.176.26.134]
Aug  9 09:37:17 brollon postfix/smtpd[19741]: connect from unknown[193.32.162.9]
Aug  9 09:37:19 brollon postfix/smtpd[19741]: warning: unknown[193.32.162.9]: SASL LOGIN authentication failed: UGFzc3dvcmQ6
Aug  9 09:37:19 brollon postfix/submission/smtpd[23240]: warning: unknown[213.176.26.134]: SASL LOGIN authentication failed: UGFzc3dvcmQ6
Aug  9 09:37:19 brollon postfix/smtpd[19741]: lost connection after AUTH from unknown[193.32.162.9]
Aug  9 09:37:19 brollon postfix/smtpd[19741]: disconnect from unknown[193.32.162.9] ehlo=1 auth=0/1 commands=1/2
Aug  9 09:37:19 brollon postfix/submission/smtpd[23240]: disconnect from unknown[213.176.26.134] ehlo=1 auth=0/1 rset=1 quit=1 commands=3/4
Aug  9 09:37:22 brollon postfix/smtps/smtpd[24202]: connect from unknown[213.176.26.182]
Aug  9 09:37:22 brollon postfix/smtps/smtpd[24951]: connect from unknown[213.176.26.123]
Aug  9 09:37:25 brollon postfix/smtps/smtpd[24951]: warning: unknown[213.176.26.123]: SASL LOGIN authentication failed: UGFzc3dvcmQ6
Aug  9 09:37:25 brollon postfix/smtps/smtpd[24951]: lost connection after AUTH from unknown[213.176.26.123]
Aug  9 09:37:25 brollon postfix/smtps/smtpd[24951]: disconnect from unknown[213.176.26.123] ehlo=1 auth=0/1 rset=1 commands=2/3
Aug  9 09:37:28 brollon postfix/smtps/smtpd[24202]: warning: unknown[213.176.26.182]: SASL LOGIN authentication failed: UGFzc3dvcmQ6
Aug  9 09:37:28 brollon postfix/smtps/smtpd[24202]: lost connection after AUTH from unknown[213.176.26.182]
Aug  9 09:37:28 brollon postfix/smtps/smtpd[24202]: disconnect from unknown[213.176.26.182] ehlo=1 auth=0/1 rset=1 commands=2/3
Aug  9 09:37:33 brollon postfix/submission/smtpd[22377]: connect from unknown[213.176.26.159]
Aug  9 09:37:40 brollon postfix/submission/smtpd[22377]: warning: unknown[213.176.26.159]: SASL LOGIN authentication failed: UGFzc3dvcmQ6
Aug  9 09:37:40 brollon postfix/submission/smtpd[22377]: disconnect from unknown[213.176.26.159] ehlo=1 auth=0/1 rset=1 quit=1 commands=3/4
Aug  9 09:37:40 brollon postfix/submission/smtpd[23240]: connect from unknown[213.176.26.85]
Aug  9 09:37:45 brollon postfix/submission/smtpd[22377]: connect from unknown[213.176.26.144]
