Aug  9 08:28:01 brollon postfix/smtpd[12607]: lost connection after CONNECT from localhost[127.0.0.1]
Aug  9 08:28:01 brollon postfix/smtpd[12607]: disconnect from localhost[127.0.0.1] commands=0/0
Aug  9 08:28:01 brollon dovecot: imap-login: Disconnected (no auth attempts in 0 secs): user=<>, rip=127.0.0.1, lip=127.0.0.1, secured, session=<+24OBJlYSp1/AAAB>
Aug  9 08:28:01 brollon dovecot: pop3-login: Disconnected (no auth attempts in 0 secs): user=<>, rip=127.0.0.1, lip=127.0.0.1, secured, session=<2nAOBJlYepV/AAAB>
Aug  9 08:28:02 brollon postfix/submission/smtpd[5684]: warning: unknown[213.176.26.144]: SASL LOGIN authentication failed: UGFzc3dvcmQ6
Aug  9 08:28:02 brollon postfix/submission/smtpd[5684]: disconnect from unknown[213.176.26.144] ehlo=1 auth=0/1 rset=1 quit=1 commands=3/4
Aug  9 08:28:03 brollon postfix/submission/smtpd[6324]: warning: unknown[213.176.26.114]: SASL LOGIN authentication failed: UGFzc3dvcmQ6
Aug  9 08:28:03 brollon postfix/submission/smtpd[6324]: disconnect from unknown[213.176.26.114] ehlo=1 auth=0/1 rset=1 quit=1 commands=3/4
Aug  9 08:28:03 brollon postfix/smtpd[12607]: connect from unknown[88.214.25.124]
Aug  9 08:28:03 brollon postfix/smtpd[12607]: lost connection after CONNECT from unknown[88.214.25.124]
Aug  9 08:28:03 brollon postfix/smtpd[12607]: disconnect from unknown[88.214.25.124] commands=0/0
Aug  9 08:28:07 brollon postfix/smtps/smtpd[11009]: connect from unknown[213.176.26.19]
Aug  9 08:28:10 brollon postfix/smtps/smtpd[11009]: warning: unknown[213.176.26.19]: SASL LOGIN authentication failed: UGFzc3dvcmQ6
Aug  9 08:28:11 brollon postfix/smtps/smtpd[11009]: lost connection after AUTH from unknown[213.176.26.19]
Aug  9 08:28:11 brollon postfix/smtps/smtpd[11009]: disconnect from unknown[213.176.26.19] ehlo=1 auth=0/1 rset=1 commands=2/3
Aug  9 08:28:13 brollon postfix/smtps/smtpd[11009]: connect from unknown[213.176.26.94]
Aug  9 08:28:15 brollon postfix/submission/smtpd[8389]: connect from unknown[213.176.26.113]
Aug  9 08:28:16 brollon postfix/smtps/smtpd[12055]: warning: unknown[213.176.24.64]: SASL LOGIN authentication failed: UGFzc3dvcmQ6
Aug  9 08:28:16 brollon postfix/smtps/smtpd[12055]: lost connection after AUTH from unknown[213.176.24.64]
Aug  9 08:28:16 brollon postfix/smtps/smtpd[12055]: disconnect from unknown[213.176.24.64] ehlo=1 auth=0/1 rset=1 commands=2/3
Aug  9 08:28:17 brollon postfix/submission/smtpd[6324]: connect from unknown[213.176.26.78]
Aug  9 08:28:17 brollon postfix/submission/smtpd[8508]: connect from unknown[213.176.26.64]
Aug  9 08:28:18 brollon postfix/submission/smtpd[5684]: connect from unknown[213.176.26.76]
Aug  9 08:28:19 brollon postfix/submission/smtpd[6324]: warning: unknown[213.176.26.78]: SASL LOGIN authentication failed: UGFzc3dvcmQ6
Aug  9 08:28:19 brollon postfix/submission/smtpd[8508]: warning: unknown[213.176.26.64]: SASL LOGIN authentication failed: UGFzc3dvcmQ6
Aug  9 08:28:19 brollon postfix/submission/smtpd[8508]: disconnect from unknown[213.176.26.64] ehlo=1 auth=0/1 rset=1 quit=1 commands=3/4
Aug  9 08:28:19 brollon postfix/submission/smtpd[6324]: disconnect from unknown[213.176.26.78] ehlo=1 auth=0/1 rset=1 quit=1 commands=3/4
Aug  9 08:28:20 brollon postfix/smtps/smtpd[11009]: warning: unknown[213.176.26.94]: SASL LOGIN authentication failed: UGFzc3dvcmQ6
Aug  9 08:28:20 brollon postfix/smtps/smtpd[11009]: lost connection after AUTH from unknown[213.176.26.94]
Aug  9 08:28:20 brollon postfix/smtps/smtpd[11009]: disconnect from unknown[213.176.26.94] ehlo=1 auth=0/1 rset=1 commands=2/3
Aug  9 08:28:22 brollon postfix/submission/smtpd[8389]: warning: unknown[213.176.26.113]: SASL LOGIN authentication failed: UGFzc3dvcmQ6
Aug  9 08:28:22 brollon postfix/submission/smtpd[8389]: disconnect from unknown[213.176.26.113] ehlo=1 auth=0/1 rset=1 quit=1 commands=3/4
Aug  9 08:28:26 brollon postfix/submission/smtpd[5684]: warning: unknown[213.176.26.76]: SASL LOGIN authentication failed: UGFzc3dvcmQ6
Aug  9 08:28:26 brollon postfix/submission/smtpd[8508]: connect from unknown[213.176.26.74]
Aug  9 08:28:26 brollon postfix/submission/smtpd[5684]: disconnect from unknown[213.176.26.76] ehlo=1 auth=0/1 rset=1 quit=1 commands=3/4
Aug  9 08:28:29 brollon postfix/smtps/smtpd[12055]: connect from unknown[213.176.26.52]
Aug  9 08:28:32 brollon postfix/submission/smtpd[8508]: warning: unknown[213.176.26.74]: SASL LOGIN authentication failed: UGFzc3dvcmQ6
Aug  9 08:28:32 brollon postfix/submission/smtpd[8508]: disconnect from unknown[213.176.26.74] ehlo=1 auth=0/1 rset=1 quit=1 commands=3/4
Aug  9 08:28:36 brollon postfix/smtps/smtpd[12055]: warning: unknown[213.176.26.52]: SASL LOGIN authentication failed: UGFzc3dvcmQ6
Aug  9 08:28:36 brollon postfix/smtps/smtpd[12055]: lost connection after AUTH from unknown[213.176.26.52]
Aug  9 08:28:36 brollon postfix/smtps/smtpd[12055]: disconnect from unknown[213.176.26.52] ehlo=1 auth=0/1 rset=1 commands=2/3
Aug  9 08:28:38 brollon postfix/submission/smtpd[6324]: connect from unknown[213.176.26.85]
Aug  9 08:28:45 brollon postfix/submission/smtpd[6324]: warning: unknown[213.176.26.85]: SASL LOGIN authentication failed: UGFzc3dvcmQ6
Aug  9 08:28:45 brollon postfix/submission/smtpd[6324]: disconnect from unknown[213.176.26.85] ehlo=1 auth=0/1 rset=1 quit=1 commands=3/4
Aug  9 08:28:48 brollon postfix/submission/smtpd[8389]: connect from unknown[213.176.26.159]
Aug  9 08:28:51 brollon postfix/submission/smtpd[5684]: connect from unknown[213.176.26.134]
Aug  9 08:28:54 brollon postfix/submission/smtpd[8389]: warning: unknown[213.176.26.159]: SASL LOGIN authentication failed: UGFzc3dvcmQ6
Aug  9 08:28:54 brollon postfix/submission/smtpd[8389]: disconnect from unknown[213.176.26.159] ehlo=1 auth=0/1 rset=1 quit=1 commands=3/4
Aug  9 08:28:56 brollon postfix/submission/smtpd[8508]: connect from unknown[213.176.26.114]
Aug  9 08:28:58 brollon postfix/submission/smtpd[5684]: warning: unknown[213.176.26.134]: SASL LOGIN authentication failed: UGFzc3dvcmQ6
Aug  9 08:28:58 brollon postfix/submission/smtpd[5684]: disconnect from unknown[213.176.26.134] ehlo=1 auth=0/1 rset=1 quit=1 commands=3/4
Aug  9 08:28:59 brollon postfix/submission/smtpd[6324]: connect from unknown[213.176.26.144]
Aug  9 08:29:01 brollon postfix/smtpd[12607]: connect from localhost[127.0.0.1]
Aug  9 08:29:01 brollon postfix/smtpd[12607]: lost connection after CONNECT from localhost[127.0.0.1]
Aug  9 08:29:01 brollon postfix/smtpd[12607]: disconnect from localhost[127.0.0.1] commands=0/0
Aug  9 08:29:01 brollon dovecot: pop3-login: Disconnected (no auth attempts in 0 secs): user=<>, rip=127.0.0.1, lip=127.0.0.1, secured, session=<7R2lB5lYtJZ/AAAB>
Aug  9 08:29:01 brollon dovecot: imap-login: Disconnected (no auth attempts in 0 secs): user=<>, rip=127.0.0.1, lip=127.0.0.1, secured, session=<uialB5lYhJ5/AAAB>
Aug  9 08:29:03 brollon postfix/submission/smtpd[8508]: warning: unknown[213.176.26.114]: SASL LOGIN authentication failed: UGFzc3dvcmQ6
Aug  9 08:29:03 brollon postfix/submission/smtpd[8508]: disconnect from unknown[213.176.26.114] ehlo=1 auth=0/1 rset=1 quit=1 commands=3/4
Aug  9 08:29:06 brollon postfix/submission/smtpd[6324]: warning: unknown[213.176.26.144]: SASL LOGIN authentication failed: UGFzc3dvcmQ6
Aug  9 08:29:07 brollon postfix/submission/smtpd[6324]: disconnect from unknown[213.176.26.144] ehlo=1 auth=0/1 rset=1 quit=1 commands=3/4
Aug  9 08:29:16 brollon postfix/submission/smtpd[8389]: connect from unknown[213.176.26.113]
Aug  9 08:29:21 brollon postfix/submission/smtpd[6324]: connect from unknown[213.176.26.64]
Aug  9 08:29:21 brollon postfix/submission/smtpd[8508]: connect from unknown[213.176.26.76]
Aug  9 08:29:23 brollon postfix/submission/smtpd[8389]: warning: unknown[213.176.26.113]: SASL LOGIN authentication failed: UGFzc3dvcmQ6
Aug  9 08:29:23 brollon postfix/submission/smtpd[8389]: disconnect from unknown[213.176.26.113] ehlo=1 auth=0/1 rset=1 quit=1 commands=3/4
Aug  9 08:29:24 brollon postfix/submission/smtpd[8389]: connect from unknown[213.176.26.78]
Aug  9 08:29:24 brollon postfix/smtps/smtpd[11009]: connect from unknown[213.176.26.44]
Aug  9 08:29:27 brollon postfix/submission/smtpd[8508]: warning: unknown[213.176.26.76]: SASL LOGIN authentication failed: UGFzc3dvcmQ6
Aug  9 08:29:27 brollon postfix/submission/smtpd[6324]: warning: unknown[213.176.26.64]: SASL LOGIN authentication failed: UGFzc3dvcmQ6
Aug  9 08:29:27 brollon postfix/submission/smtpd[6324]: disconnect from unknown[213.176.26.64] ehlo=1 auth=0/1 rset=1 quit=1 commands=3/4
Aug  9 08:29:27 brollon postfix/submission/smtpd[8508]: disconnect from unknown[213.176.26.76] ehlo=1 auth=0/1 rset=1 quit=1 commands=3/4
Aug  9 08:29:29 brollon postfix/submission/smtpd[6324]: connect from unknown[213.176.26.74]
Aug  9 08:29:31 brollon postfix/smtps/smtpd[11009]: warning: unknown[213.176.26.44]: SASL LOGIN authentication failed: UGFzc3dvcmQ6
Aug  9 08:29:31 brollon postfix/submission/smtpd[8389]: warning: unknown[213.176.26.78]: SASL LOGIN authentication failed: UGFzc3dvcmQ6
Aug  9 08:29:31 brollon postfix/smtps/smtpd[11009]: lost connection after AUTH from unknown[213.176.26.44]
Aug  9 08:29:31 brollon postfix/smtps/smtpd[11009]: disconnect from unknown[213.176.26.44] ehlo=1 auth=0/1 rset=1 commands=2/3
Aug  9 08:29:32 brollon postfix/submission/smtpd[8389]: disconnect from unknown[213.176.26.78] ehlo=1 auth=0/1 rset=1 quit=1 commands=3/4
Aug  9 08:29:36 brollon postfix/submission/smtpd[6324]: warning: unknown[213.176.26.74]: SASL LOGIN authentication failed: UGFzc3dvcmQ6
Aug  9 08:29:36 brollon postfix/submission/smtpd[6324]: disconnect from unknown[213.176.26.74] ehlo=1 auth=0/1 rset=1 quit=1 commands=3/4
Aug  9 08:29:41 brollon postfix/submission/smtpd[8508]: connect from unknown[213.176.26.85]
Aug  9 08:29:43 brollon postfix/smtps/smtpd[12055]: connect from unknown[213.176.26.109]
Aug  9 08:29:46 brollon postfix/submission/smtpd[8508]: warning: unknown[213.176.26.85]: SASL LOGIN authentication failed: UGFzc3dvcmQ6
Aug  9 08:29:46 brollon postfix/submission/smtpd[8508]: disconnect from unknown[213.176.26.85] ehlo=1 auth=0/1 rset=1 quit=1 commands=3/4
Aug  9 08:29:48 brollon postfix/smtps/smtpd[12055]: warning: unknown[213.176.26.109]: SASL LOGIN authentication failed: UGFzc3dvcmQ6
Aug  9 08:29:48 brollon postfix/smtps/smtpd[12055]: lost connection after AUTH from unknown[213.176.26.109]
Aug  9 08:29:48 brollon postfix/smtps/smtpd[12055]: disconnect from unknown[213.176.26.109] ehlo=1 auth=0/1 rset=1 commands=2/3
Aug  9 08:29:50 brollon postfix/submission/smtpd[6324]: connect from unknown[213.176.26.159]
Aug  9 08:29:54 brollon postfix/submission/smtpd[8389]: connect from unknown[213.176.26.134]
Aug  9 08:29:55 brollon postfix/submission/smtpd[6324]: warning: unknown[213.176.26.159]: SASL LOGIN authentication failed: UGFzc3dvcmQ6
Aug  9 08:29:55 brollon postfix/submission/smtpd[6324]: disconnect from unknown[213.176.26.159] ehlo=1 auth=0/1 rset=1 quit=1 commands=3/4
Aug  9 08:29:56 brollon postfix/smtps/smtpd[11009]: connect from unknown[213.176.26.133]
Aug  9 08:29:57 brollon postfix/submission/smtpd[8508]: connect from unknown[213.176.26.114]
Aug  9 08:30:01 brollon postfix/submission/smtpd[8508]: warning: unknown[213.176.26.114]: SASL LOGIN authentication failed: UGFzc3dvcmQ6
Aug  9 08:30:01 brollon postfix/submission/smtpd[8389]: warning: unknown[213.176.26.134]: SASL LOGIN authentication failed: UGFzc3dvcmQ6
Aug  9 08:30:01 brollon postfix/submission/smtpd[8508]: disconnect from unknown[213.176.26.114] ehlo=1 auth=0/1 rset=1 quit=1 commands=3/4
Aug  9 08:30:01 brollon postfix/submission/smtpd[8389]: disconnect from unknown[213.176.26.134] ehlo=1 auth=0/1 rset=1 quit=1 commands=3/4
Aug  9 08:30:01 brollon postfix/smtpd[12607]: connect from localhost[127.0.0.1]
Aug  9 08:30:01 brollon postfix/smtpd[12607]: lost connection after CONNECT from localhost[127.0.0.1]
Aug  9 08:30:01 brollon postfix/smtpd[12607]: disconnect from localhost[127.0.0.1] commands=0/0
Aug  9 08:30:01 brollon dovecot: imap-login: Disconnected (no auth attempts in 0 secs): user=<>, rip=127.0.0.1, lip=127.0.0.1, secured, session=<KIk7C5lYvp9/AAAB>
Aug  9 08:30:01 brollon dovecot: pop3-login: Disconnected (no auth attempts in 0 secs): user=<>, rip=127.0.0.1, lip=127.0.0.1, secured, session=<KpE7C5lY7pd/AAAB>
Aug  9 08:30:02 brollon postfix/smtpd[12607]: connect from localhost[127.0.0.1]
Aug  9 08:30:02 brollon postfix/smtpd[12607]: lost connection after CONNECT from localhost[127.0.0.1]
Aug  9 08:30:02 brollon postfix/smtpd[12607]: disconnect from localhost[127.0.0.1] commands=0/0
Aug  9 08:30:02 brollon dovecot: imap-login: Disconnected (no auth attempts in 0 secs): user=<>, rip=127.0.0.1, lip=127.0.0.1, secured, session=<2jo/C5lYzp9/AAAB>
Aug  9 08:30:02 brollon dovecot: pop3-login: Disconnected (no auth attempts in 0 secs): user=<>, rip=127.0.0.1, lip=127.0.0.1, secured, session=<bD4/C5lY/pd/AAAB>
Aug  9 08:30:02 brollon postfix/submission/smtpd[6324]: connect from unknown[213.176.26.144]
Aug  9 08:30:03 brollon postfix/smtps/smtpd[11009]: warning: unknown[213.176.26.133]: SASL LOGIN authentication failed: UGFzc3dvcmQ6
Aug  9 08:30:03 brollon postfix/smtps/smtpd[11009]: lost connection after AUTH from unknown[213.176.26.133]
Aug  9 08:30:03 brollon postfix/smtps/smtpd[11009]: disconnect from unknown[213.176.26.133] ehlo=1 auth=0/1 rset=1 commands=2/3
Aug  9 08:30:05 brollon postfix/smtps/smtpd[12055]: connect from unknown[213.176.26.51]
Aug  9 08:30:08 brollon postfix/smtps/smtpd[11009]: connect from unknown[213.176.26.95]
Aug  9 08:30:09 brollon postfix/smtps/smtpd[13365]: connect from unknown[213.176.26.34]
Aug  9 08:30:09 brollon postfix/submission/smtpd[6324]: warning: unknown[213.176.26.144]: SASL LOGIN authentication failed: UGFzc3dvcmQ6
Aug  9 08:30:09 brollon postfix/submission/smtpd[6324]: disconnect from unknown[213.176.26.144] ehlo=1 auth=0/1 rset=1 quit=1 commands=3/4
Aug  9 08:30:11 brollon postfix/smtps/smtpd[12055]: warning: unknown[213.176.26.51]: SASL LOGIN authentication failed: UGFzc3dvcmQ6
Aug  9 08:30:11 brollon postfix/smtps/smtpd[12055]: lost connection after AUTH from unknown[213.176.26.51]
Aug  9 08:30:11 brollon postfix/smtps/smtpd[12055]: disconnect from unknown[213.176.26.51] ehlo=1 auth=0/1 rset=1 commands=2/3
Aug  9 08:30:14 brollon postfix/smtps/smtpd[11009]: warning: unknown[213.176.26.95]: SASL LOGIN authentication failed: UGFzc3dvcmQ6
Aug  9 08:30:14 brollon postfix/smtps/smtpd[13365]: warning: unknown[213.176.26.34]: SASL LOGIN authentication failed: UGFzc3dvcmQ6
Aug  9 08:30:14 brollon postfix/smtps/smtpd[13365]: lost connection after AUTH from unknown[213.176.26.34]
Aug  9 08:30:14 brollon postfix/smtps/smtpd[13365]: disconnect from unknown[213.176.26.34] ehlo=1 auth=0/1 rset=1 commands=2/3
Aug  9 08:30:14 brollon postfix/smtps/smtpd[11009]: lost connection after AUTH from unknown[213.176.26.95]
Aug  9 08:30:14 brollon postfix/smtps/smtpd[11009]: disconnect from unknown[213.176.26.95] ehlo=1 auth=0/1 rset=1 commands=2/3
Aug  9 08:30:17 brollon postfix/submission/smtpd[8508]: connect from unknown[213.176.26.113]
Aug  9 08:30:21 brollon postfix/submission/smtpd[8508]: warning: unknown[213.176.26.113]: SASL LOGIN authentication failed: UGFzc3dvcmQ6
Aug  9 08:30:21 brollon postfix/submission/smtpd[8508]: disconnect from unknown[213.176.26.113] ehlo=1 auth=0/1 rset=1 quit=1 commands=3/4
Aug  9 08:30:24 brollon postfix/submission/smtpd[6324]: connect from unknown[213.176.26.76]
Aug  9 08:30:24 brollon postfix/submission/smtpd[8508]: connect from unknown[213.176.26.64]
Aug  9 08:30:28 brollon postfix/submission/smtpd[8389]: connect from unknown[213.176.26.78]
Aug  9 08:30:30 brollon postfix/submission/smtpd[8508]: warning: unknown[213.176.26.64]: SASL LOGIN authentication failed: UGFzc3dvcmQ6
Aug  9 08:30:30 brollon postfix/submission/smtpd[6324]: warning: unknown[213.176.26.76]: SASL LOGIN authentication failed: UGFzc3dvcmQ6
Aug  9 08:30:30 brollon postfix/submission/smtpd[6324]: disconnect from unknown[213.176.26.76] ehlo=1 auth=0/1 rset=1 quit=1 commands=3/4
Aug  9 08:30:30 brollon postfix/submission/smtpd[8508]: disconnect from unknown[213.176.26.64] ehlo=1 auth=0/1 rset=1 quit=1 commands=3/4
Aug  9 08:30:32 brollon postfix/submission/smtpd[6324]: connect from unknown[213.176.26.74]
Aug  9 08:30:35 brollon postfix/submission/smtpd[8389]: warning: unknown[213.176.26.78]: SASL LOGIN authentication failed: UGFzc3dvcmQ6
Aug  9 08:30:35 brollon postfix/submission/smtpd[8389]: disconnect from unknown[213.176.26.78] ehlo=1 auth=0/1 rset=1 quit=1 commands=3/4
Aug  9 08:30:39 brollon postfix/submission/smtpd[6324]: warning: unknown[213.176.26.74]: SASL LOGIN authentication failed: UGFzc3dvcmQ6
Aug  9 08:30:39 brollon postfix/submission/smtpd[6324]: disconnect from unknown[213.176.26.74] ehlo=1 auth=0/1 rset=1 quit=1 commands=3/4
Aug  9 08:30:44 brollon postfix/submission/smtpd[8508]: connect from unknown[213.176.26.85]
Aug  9 08:30:51 brollon postfix/submission/smtpd[8389]: connect from unknown[213.176.24.65]
Aug  9 08:30:51 brollon postfix/submission/smtpd[8508]: warning: unknown[213.176.26.85]: SASL LOGIN authentication failed: UGFzc3dvcmQ6
Aug  9 08:30:51 brollon postfix/smtps/smtpd[12055]: connect from unknown[213.176.26.22]
Aug  9 08:30:52 brollon postfix/submission/smtpd[8508]: disconnect from unknown[213.176.26.85] ehlo=1 auth=0/1 rset=1 quit=1 commands=3/4
Aug  9 08:30:52 brollon postfix/submission/smtpd[6324]: connect from unknown[213.176.26.159]
Aug  9 08:30:57 brollon postfix/smtps/smtpd[12055]: warning: unknown[213.176.26.22]: SASL LOGIN authentication failed: UGFzc3dvcmQ6
Aug  9 08:30:57 brollon postfix/smtps/smtpd[12055]: lost connection after AUTH from unknown[213.176.26.22]
Aug  9 08:30:57 brollon postfix/smtps/smtpd[12055]: disconnect from unknown[213.176.26.22] ehlo=1 auth=0/1 rset=1 commands=2/3
Aug  9 08:30:57 brollon postfix/submission/smtpd[8508]: connect from unknown[213.176.26.134]
Aug  9 08:30:57 brollon postfix/submission/smtpd[13393]: connect from unknown[213.176.26.114]
Aug  9 08:30:59 brollon postfix/submission/smtpd[6324]: warning: unknown[213.176.26.159]: SASL LOGIN authentication failed: UGFzc3dvcmQ6
Aug  9 08:30:59 brollon postfix/submission/smtpd[6324]: disconnect from unknown[213.176.26.159] ehlo=1 auth=0/1 rset=1 quit=1 commands=3/4
Aug  9 08:31:01 brollon postfix/submission/smtpd[13393]: warning: unknown[213.176.26.114]: SASL LOGIN authentication failed: UGFzc3dvcmQ6
Aug  9 08:31:01 brollon postfix/submission/smtpd[13393]: disconnect from unknown[213.176.26.114] ehlo=1 auth=0/1 rset=1 quit=1 commands=3/4
Aug  9 08:31:01 brollon postfix/smtpd[12607]: connect from localhost[127.0.0.1]
Aug  9 08:31:01 brollon postfix/smtpd[12607]: lost connection after CONNECT from localhost[127.0.0.1]
Aug  9 08:31:01 brollon postfix/smtpd[12607]: disconnect from localhost[127.0.0.1] commands=0/0
Aug  9 08:31:01 brollon dovecot: pop3-login: Disconnected (no auth attempts in 0 secs): user=<>, rip=127.0.0.1, lip=127.0.0.1, secured, session=<u2HLDplYNpl/AAAB>
Aug  9 08:31:01 brollon dovecot: imap-login: Disconnected (no auth attempts in 0 secs): user=<>, rip=127.0.0.1, lip=127.0.0.1, secured, session=<o2HLDplYBqF/AAAB>
Aug  9 08:31:02 brollon postfix/smtps/smtpd[11009]: connect from unknown[213.176.26.58]
Aug  9 08:31:03 brollon postfix/submission/smtpd[8389]: warning: unknown[213.176.24.65]: SASL LOGIN authentication failed: UGFzc3dvcmQ6
Aug  9 08:31:03 brollon postfix/submission/smtpd[8389]: lost connection after AUTH from unknown[213.176.24.65]
Aug  9 08:31:03 brollon postfix/submission/smtpd[8389]: disconnect from unknown[213.176.24.65] ehlo=1 auth=0/1 rset=1 commands=2/3
Aug  9 08:31:04 brollon postfix/submission/smtpd[8508]: warning: unknown[213.176.26.134]: SASL LOGIN authentication failed: UGFzc3dvcmQ6
Aug  9 08:31:04 brollon postfix/submission/smtpd[8508]: disconnect from unknown[213.176.26.134] ehlo=1 auth=0/1 rset=1 quit=1 commands=3/4
Aug  9 08:31:05 brollon postfix/submission/smtpd[6324]: connect from unknown[213.176.26.144]
Aug  9 08:31:06 brollon postfix/smtps/smtpd[13365]: connect from unknown[213.176.26.72]
Aug  9 08:31:07 brollon postfix/smtps/smtpd[12055]: connect from unknown[213.176.26.153]
Aug  9 08:31:08 brollon postfix/smtps/smtpd[11009]: warning: unknown[213.176.26.58]: SASL LOGIN authentication failed: UGFzc3dvcmQ6
Aug  9 08:31:08 brollon postfix/smtps/smtpd[11009]: lost connection after AUTH from unknown[213.176.26.58]
Aug  9 08:31:08 brollon postfix/smtps/smtpd[11009]: disconnect from unknown[213.176.26.58] ehlo=1 auth=0/1 rset=1 commands=2/3
Aug  9 08:31:12 brollon postfix/submission/smtpd[6324]: warning: unknown[213.176.26.144]: SASL LOGIN authentication failed: UGFzc3dvcmQ6
Aug  9 08:31:13 brollon postfix/smtps/smtpd[13365]: warning: unknown[213.176.26.72]: SASL LOGIN authentication failed: UGFzc3dvcmQ6
Aug  9 08:31:13 brollon postfix/submission/smtpd[6324]: disconnect from unknown[213.176.26.144] ehlo=1 auth=0/1 rset=1 quit=1 commands=3/4
Aug  9 08:31:14 brollon postfix/smtps/smtpd[13365]: lost connection after AUTH from unknown[213.176.26.72]
Aug  9 08:31:14 brollon postfix/smtps/smtpd[13365]: disconnect from unknown[213.176.26.72] ehlo=1 auth=0/1 rset=1 commands=2/3
Aug  9 08:31:14 brollon postfix/smtps/smtpd[12055]: warning: unknown[213.176.26.153]: SASL LOGIN authentication failed: UGFzc3dvcmQ6
Aug  9 08:31:15 brollon postfix/smtps/smtpd[12055]: lost connection after AUTH from unknown[213.176.26.153]
Aug  9 08:31:15 brollon postfix/smtps/smtpd[12055]: disconnect from unknown[213.176.26.153] ehlo=1 auth=0/1 rset=1 commands=2/3
Aug  9 08:31:19 brollon postfix/submission/smtpd[8508]: connect from unknown[213.176.26.113]
Aug  9 08:31:25 brollon postfix/submission/smtpd[8508]: warning: unknown[213.176.26.113]: SASL LOGIN authentication failed: UGFzc3dvcmQ6
Aug  9 08:31:25 brollon postfix/submission/smtpd[8508]: disconnect from unknown[213.176.26.113] ehlo=1 auth=0/1 rset=1 quit=1 commands=3/4
Aug  9 08:31:27 brollon postfix/submission/smtpd[8389]: connect from unknown[213.176.26.64]
Aug  9 08:31:29 brollon postfix/submission/smtpd[13393]: connect from unknown[213.176.26.76]
Aug  9 08:31:32 brollon postfix/submission/smtpd[8508]: connect from unknown[213.176.26.78]
Aug  9 08:31:33 brollon postfix/submission/smtpd[8389]: warning: unknown[213.176.26.64]: SASL LOGIN authentication failed: UGFzc3dvcmQ6
Aug  9 08:31:33 brollon postfix/submission/smtpd[8389]: disconnect from unknown[213.176.26.64] ehlo=1 auth=0/1 rset=1 quit=1 commands=3/4
Aug  9 08:31:36 brollon postfix/submission/smtpd[13393]: warning: unknown[213.176.26.76]: SASL LOGIN authentication failed: UGFzc3dvcmQ6
Aug  9 08:31:36 brollon postfix/submission/smtpd[8389]: connect from unknown[213.176.26.74]
Aug  9 08:31:37 brollon postfix/submission/smtpd[13393]: disconnect from unknown[213.176.26.76] ehlo=1 auth=0/1 rset=1 quit=1 commands=3/4
Aug  9 08:31:39 brollon postfix/submission/smtpd[8508]: warning: unknown[213.176.26.78]: SASL LOGIN authentication failed: UGFzc3dvcmQ6
Aug  9 08:31:39 brollon postfix/submission/smtpd[8508]: disconnect from unknown[213.176.26.78] ehlo=1 auth=0/1 rset=1 quit=1 commands=3/4
Aug  9 08:31:42 brollon postfix/submission/smtpd[8389]: warning: unknown[213.176.26.74]: SASL LOGIN authentication failed: UGFzc3dvcmQ6
Aug  9 08:31:42 brollon postfix/submission/smtpd[8389]: disconnect from unknown[213.176.26.74] ehlo=1 auth=0/1 rset=1 quit=1 commands=3/4
Aug  9 08:31:46 brollon postfix/submission/smtpd[13393]: connect from unknown[213.176.26.85]
Aug  9 08:31:53 brollon postfix/submission/smtpd[13393]: warning: unknown[213.176.26.85]: SASL LOGIN authentication failed: UGFzc3dvcmQ6
Aug  9 08:31:53 brollon postfix/submission/smtpd[13393]: disconnect from unknown[213.176.26.85] ehlo=1 auth=0/1 rset=1 quit=1 commands=3/4
Aug  9 08:31:53 brollon postfix/submission/smtpd[8508]: connect from unknown[213.176.26.159]
Aug  9 08:31:54 brollon postfix/smtpd[12607]: connect from unknown[2.57.122.98]
Aug  9 08:31:56 brollon postfix/submission/smtpd[8508]: warning: unknown[213.176.26.159]: SASL LOGIN authentication failed: UGFzc3dvcmQ6
Aug  9 08:31:56 brollon postfix/smtpd[12607]: warning: unknown[2.57.122.98]: SASL LOGIN authentication failed: UGFzc3dvcmQ6
Aug  9 08:31:56 brollon postfix/submission/smtpd[8508]: disconnect from unknown[213.176.26.159] ehlo=1 auth=0/1 rset=1 quit=1 commands=3/4
Aug  9 08:31:56 brollon postfix/smtpd[12607]: disconnect from unknown[2.57.122.98] ehlo=1 auth=0/1 quit=1 commands=2/3
Aug  9 08:31:58 brollon postfix/submission/smtpd[8389]: connect from unknown[213.176.26.114]
Aug  9 08:32:01 brollon postfix/submission/smtpd[13393]: connect from unknown[213.176.26.134]
Aug  9 08:32:02 brollon postfix/smtpd[12607]: connect from localhost[127.0.0.1]
Aug  9 08:32:02 brollon postfix/smtpd[12607]: lost connection after CONNECT from localhost[127.0.0.1]
Aug  9 08:32:02 brollon postfix/smtpd[12607]: disconnect from localhost[127.0.0.1] commands=0/0
Aug  9 08:32:02 brollon dovecot: pop3-login: Disconnected (no auth attempts in 0 secs): user=<>, rip=127.0.0.1, lip=127.0.0.1, secured, session=<j31lEplYeJl/AAAB>
Aug  9 08:32:02 brollon dovecot: imap-login: Disconnected (no auth attempts in 0 secs): user=<>, rip=127.0.0.1, lip=127.0.0.1, secured, session=<yn9lEplYSKF/AAAB>
Aug  9 08:32:05 brollon postfix/submission/smtpd[8389]: warning: unknown[213.176.26.114]: SASL LOGIN authentication failed: UGFzc3dvcmQ6
Aug  9 08:32:05 brollon postfix/submission/smtpd[8389]: disconnect from unknown[213.176.26.114] ehlo=1 auth=0/1 rset=1 quit=1 commands=3/4
Aug  9 08:32:08 brollon postfix/submission/smtpd[13393]: warning: unknown[213.176.26.134]: SASL LOGIN authentication failed: UGFzc3dvcmQ6
Aug  9 08:32:08 brollon postfix/submission/smtpd[13393]: disconnect from unknown[213.176.26.134] ehlo=1 auth=0/1 rset=1 quit=1 commands=3/4
Aug  9 08:32:09 brollon postfix/submission/smtpd[8508]: connect from unknown[213.176.26.144]
Aug  9 08:32:15 brollon postfix/submission/smtpd[8508]: warning: unknown[213.176.26.144]: SASL LOGIN authentication failed: UGFzc3dvcmQ6
Aug  9 08:32:15 brollon postfix/submission/smtpd[8508]: disconnect from unknown[213.176.26.144] ehlo=1 auth=0/1 rset=1 quit=1 commands=3/4
Aug  9 08:32:20 brollon postfix/submission/smtpd[8389]: connect from unknown[213.176.26.113]
Aug  9 08:32:26 brollon postfix/submission/smtpd[8389]: warning: unknown[213.176.26.113]: SASL LOGIN authentication failed: UGFzc3dvcmQ6
Aug  9 08:32:26 brollon postfix/submission/smtpd[8389]: disconnect from unknown[213.176.26.113] ehlo=1 auth=0/1 rset=1 quit=1 commands=3/4
Aug  9 08:32:31 brollon postfix/submission/smtpd[13393]: connect from unknown[213.176.26.64]
Aug  9 08:32:32 brollon postfix/submission/smtpd[8508]: connect from unknown[213.176.26.76]
Aug  9 08:32:36 brollon postfix/submission/smtpd[13393]: warning: unknown[213.176.26.64]: SASL LOGIN authentication failed: UGFzc3dvcmQ6
Aug  9 08:32:36 brollon postfix/submission/smtpd[13393]: disconnect from unknown[213.176.26.64] ehlo=1 auth=0/1 rset=1 quit=1 commands=3/4
Aug  9 08:32:36 brollon postfix/submission/smtpd[8389]: connect from unknown[213.176.26.78]
Aug  9 08:32:39 brollon postfix/submission/smtpd[13393]: connect from unknown[213.176.26.74]
Aug  9 08:32:39 brollon postfix/submission/smtpd[8389]: warning: unknown[213.176.26.78]: SASL LOGIN authentication failed: UGFzc3dvcmQ6
Aug  9 08:32:39 brollon postfix/submission/smtpd[8389]: disconnect from unknown[213.176.26.78] ehlo=1 auth=0/1 rset=1 quit=1 commands=3/4
Aug  9 08:32:40 brollon postfix/submission/smtpd[8508]: warning: unknown[213.176.26.76]: SASL LOGIN authentication failed: UGFzc3dvcmQ6
Aug  9 08:32:40 brollon postfix/submission/smtpd[8508]: disconnect from unknown[213.176.26.76] ehlo=1 auth=0/1 rset=1 quit=1 commands=3/4
Aug  9 08:32:41 brollon dovecot: pop3-login: Disconnected (no auth attempts in 10 secs): user=<>, rip=20.65.194.122, lip=54.37.21.250, TLS handshaking: SSL_accept() syscall failed: Success, session=<FvHDFJlYmMwUQcJ6>
Aug  9 08:32:42 brollon dovecot: pop3-login: Disconnected (no auth attempts in 0 secs): user=<>, rip=20.65.194.122, lip=54.37.21.250, TLS handshaking: SSL_accept() failed: error:1408F10B:SSL routines:ssl3_get_record:wrong version number, session=<ZfDFFJlYBp4UQcJ6>
Aug  9 08:32:43 brollon postfix/submission/smtpd[13393]: warning: unknown[213.176.26.74]: SASL LOGIN authentication failed: UGFzc3dvcmQ6
Aug  9 08:32:44 brollon postfix/submission/smtpd[13393]: disconnect from unknown[213.176.26.74] ehlo=1 auth=0/1 rset=1 quit=1 commands=3/4
Aug  9 08:32:44 brollon postfix/smtps/smtpd[11009]: connect from unknown[213.176.26.54]
Aug  9 08:32:46 brollon postfix/smtpd[12607]: connect from unknown[91.92.240.92]
Aug  9 08:32:48 brollon postfix/smtpd[12607]: warning: unknown[91.92.240.92]: SASL LOGIN authentication failed: UGFzc3dvcmQ6
Aug  9 08:32:48 brollon postfix/smtpd[12607]: disconnect from unknown[91.92.240.92] ehlo=1 auth=0/1 quit=1 commands=2/3
Aug  9 08:32:50 brollon postfix/submission/smtpd[8389]: connect from unknown[213.176.26.85]
Aug  9 08:32:52 brollon postfix/smtps/smtpd[11009]: warning: unknown[213.176.26.54]: SASL LOGIN authentication failed: UGFzc3dvcmQ6
Aug  9 08:32:55 brollon postfix/smtps/smtpd[11009]: lost connection after AUTH from unknown[213.176.26.54]
Aug  9 08:32:55 brollon postfix/smtps/smtpd[11009]: disconnect from unknown[213.176.26.54] ehlo=1 auth=0/1 rset=1 commands=2/3
Aug  9 08:32:55 brollon postfix/submission/smtpd[8508]: connect from unknown[213.176.26.159]
Aug  9 08:32:56 brollon postfix/submission/smtpd[8389]: warning: unknown[213.176.26.85]: SASL LOGIN authentication failed: UGFzc3dvcmQ6
Aug  9 08:32:56 brollon postfix/submission/smtpd[8389]: disconnect from unknown[213.176.26.85] ehlo=1 auth=0/1 rset=1 quit=1 commands=3/4
Aug  9 08:32:59 brollon postfix/submission/smtpd[13393]: connect from unknown[213.176.26.114]
Aug  9 08:33:00 brollon postfix/smtps/smtpd[11009]: connect from unknown[213.176.26.182]
Aug  9 08:33:01 brollon postfix/smtpd[12607]: connect from localhost[127.0.0.1]
Aug  9 08:33:01 brollon postfix/smtpd[12607]: lost connection after CONNECT from localhost[127.0.0.1]
Aug  9 08:33:01 brollon postfix/smtpd[12607]: disconnect from localhost[127.0.0.1] commands=0/0
Aug  9 08:33:01 brollon dovecot: pop3-login: Disconnected (no auth attempts in 0 secs): user=<>, rip=127.0.0.1, lip=127.0.0.1, secured, session=<Ll7uFZlYApp/AAAB>
Aug  9 08:33:01 brollon dovecot: imap-login: Disconnected (no auth attempts in 0 secs): user=<>, rip=127.0.0.1, lip=127.0.0.1, secured, session=<hl7uFZlY0qF/AAAB>
Aug  9 08:33:02 brollon postfix/submission/smtpd[8508]: warning: unknown[213.176.26.159]: SASL LOGIN authentication failed: UGFzc3dvcmQ6
Aug  9 08:33:03 brollon postfix/submission/smtpd[8508]: disconnect from unknown[213.176.26.159] ehlo=1 auth=0/1 rset=1 quit=1 commands=3/4
Aug  9 08:33:03 brollon postfix/submission/smtpd[8389]: connect from unknown[213.176.26.134]
Aug  9 08:33:04 brollon postfix/submission/smtpd[13393]: warning: unknown[213.176.26.114]: SASL LOGIN authentication failed: UGFzc3dvcmQ6
Aug  9 08:33:04 brollon postfix/submission/smtpd[13393]: disconnect from unknown[213.176.26.114] ehlo=1 auth=0/1 rset=1 quit=1 commands=3/4
Aug  9 08:33:06 brollon postfix/smtps/smtpd[11009]: warning: unknown[213.176.26.182]: SASL LOGIN authentication failed: UGFzc3dvcmQ6
Aug  9 08:33:06 brollon postfix/smtps/smtpd[11009]: lost connection after AUTH from unknown[213.176.26.182]
Aug  9 08:33:06 brollon postfix/smtps/smtpd[11009]: disconnect from unknown[213.176.26.182] ehlo=1 auth=0/1 rset=1 commands=2/3
Aug  9 08:33:10 brollon postfix/submission/smtpd[8389]: warning: unknown[213.176.26.134]: SASL LOGIN authentication failed: UGFzc3dvcmQ6
Aug  9 08:33:10 brollon postfix/submission/smtpd[8389]: disconnect from unknown[213.176.26.134] ehlo=1 auth=0/1 rset=1 quit=1 commands=3/4
Aug  9 08:33:12 brollon postfix/submission/smtpd[8508]: connect from unknown[213.176.26.144]
Aug  9 08:33:13 brollon postfix/smtps/smtpd[11009]: connect from unknown[213.176.26.123]
Aug  9 08:33:18 brollon postfix/smtps/smtpd[11009]: warning: unknown[213.176.26.123]: SASL LOGIN authentication failed: UGFzc3dvcmQ6
Aug  9 08:33:19 brollon postfix/submission/smtpd[8508]: warning: unknown[213.176.26.144]: SASL LOGIN authentication failed: UGFzc3dvcmQ6
Aug  9 08:33:19 brollon postfix/submission/smtpd[8508]: disconnect from unknown[213.176.26.144] ehlo=1 auth=0/1 rset=1 quit=1 commands=3/4
Aug  9 08:33:20 brollon postfix/smtps/smtpd[11009]: lost connection after AUTH from unknown[213.176.26.123]
Aug  9 08:33:20 brollon postfix/smtps/smtpd[11009]: disconnect from unknown[213.176.26.123] ehlo=1 auth=0/1 rset=1 commands=2/3
Aug  9 08:33:21 brollon postfix/submission/smtpd[13393]: connect from unknown[213.176.26.113]
Aug  9 08:33:23 brollon postfix/submission/smtpd[13393]: warning: unknown[213.176.26.113]: SASL LOGIN authentication failed: UGFzc3dvcmQ6
Aug  9 08:33:23 brollon postfix/submission/smtpd[13393]: disconnect from unknown[213.176.26.113] ehlo=1 auth=0/1 rset=1 quit=1 commands=3/4
Aug  9 08:33:33 brollon postfix/submission/smtpd[8508]: connect from unknown[213.176.26.64]
Aug  9 08:33:37 brollon postfix/submission/smtpd[13393]: connect from unknown[213.176.26.76]
Aug  9 08:33:40 brollon postfix/submission/smtpd[8389]: connect from unknown[213.176.26.78]
Aug  9 08:33:40 brollon postfix/submission/smtpd[8508]: warning: unknown[213.176.26.64]: SASL LOGIN authentication failed: UGFzc3dvcmQ6
Aug  9 08:33:40 brollon postfix/submission/smtpd[8508]: disconnect from unknown[213.176.26.64] ehlo=1 auth=0/1 rset=1 quit=1 commands=3/4
Aug  9 08:33:42 brollon postfix/submission/smtpd[8508]: connect from unknown[213.176.26.74]
Aug  9 08:33:43 brollon postfix/submission/smtpd[13393]: warning: unknown[213.176.26.76]: SASL LOGIN authentication failed: UGFzc3dvcmQ6
Aug  9 08:33:43 brollon postfix/submission/smtpd[13393]: disconnect from unknown[213.176.26.76] ehlo=1 auth=0/1 rset=1 quit=1 commands=3/4
Aug  9 08:33:44 brollon postfix/submission/smtpd[8508]: warning: unknown[213.176.26.74]: SASL LOGIN authentication failed: UGFzc3dvcmQ6
Aug  9 08:33:44 brollon postfix/submission/smtpd[8508]: disconnect from unknown[213.176.26.74] ehlo=1 auth=0/1 rset=1 quit=1 commands=3/4
Aug  9 08:33:44 brollon postfix/smtps/smtpd[11009]: connect from unknown[213.176.26.42]
Aug  9 08:33:46 brollon postfix/submission/smtpd[8389]: warning: unknown[213.176.26.78]: SASL LOGIN authentication failed: UGFzc3dvcmQ6
Aug  9 08:33:46 brollon postfix/submission/smtpd[8389]: disconnect from unknown[213.176.26.78] ehlo=1 auth=0/1 rset=1 quit=1 commands=3/4
Aug  9 08:33:51 brollon postfix/smtps/smtpd[11009]: warning: unknown[213.176.26.42]: SASL LOGIN authentication failed: UGFzc3dvcmQ6
Aug  9 08:33:51 brollon postfix/smtps/smtpd[11009]: lost connection after AUTH from unknown[213.176.26.42]
Aug  9 08:33:51 brollon postfix/smtps/smtpd[11009]: disconnect from unknown[213.176.26.42] ehlo=1 auth=0/1 rset=1 commands=2/3
Aug  9 08:33:53 brollon postfix/submission/smtpd[13393]: connect from unknown[213.176.26.85]
Aug  9 08:33:57 brollon postfix/submission/smtpd[8508]: connect from unknown[213.176.26.159]
Aug  9 08:34:00 brollon postfix/submission/smtpd[13393]: warning: unknown[213.176.26.85]: SASL LOGIN authentication failed: UGFzc3dvcmQ6
Aug  9 08:34:00 brollon postfix/submission/smtpd[8389]: connect from unknown[213.176.26.114]
Aug  9 08:34:01 brollon postfix/submission/smtpd[13393]: disconnect from unknown[213.176.26.85] ehlo=1 auth=0/1 rset=1 quit=1 commands=3/4
Aug  9 08:34:01 brollon postfix/smtpd[12607]: connect from localhost[127.0.0.1]
Aug  9 08:34:01 brollon postfix/smtpd[12607]: lost connection after CONNECT from localhost[127.0.0.1]
Aug  9 08:34:01 brollon postfix/smtpd[12607]: disconnect from localhost[127.0.0.1] commands=0/0
Aug  9 08:34:01 brollon dovecot: pop3-login: Disconnected (no auth attempts in 0 secs): user=<>, rip=127.0.0.1, lip=127.0.0.1, secured, session=<xWyEGZlYEJt/AAAB>
Aug  9 08:34:01 brollon dovecot: imap-login: Disconnected (no auth attempts in 0 secs): user=<>, rip=127.0.0.1, lip=127.0.0.1, secured, session=<eniEGZlY4KJ/AAAB>
Aug  9 08:34:04 brollon postfix/submission/smtpd[8508]: warning: unknown[213.176.26.159]: SASL LOGIN authentication failed: UGFzc3dvcmQ6
Aug  9 08:34:04 brollon postfix/submission/smtpd[8508]: disconnect from unknown[213.176.26.159] ehlo=1 auth=0/1 rset=1 quit=1 commands=3/4
Aug  9 08:34:06 brollon postfix/submission/smtpd[8389]: warning: unknown[213.176.26.114]: SASL LOGIN authentication failed: UGFzc3dvcmQ6
Aug  9 08:34:06 brollon postfix/submission/smtpd[8389]: disconnect from unknown[213.176.26.114] ehlo=1 auth=0/1 rset=1 quit=1 commands=3/4
Aug  9 08:34:07 brollon postfix/submission/smtpd[13393]: connect from unknown[213.176.26.134]
Aug  9 08:34:07 brollon postfix/smtps/smtpd[11009]: connect from unknown[213.176.26.63]
Aug  9 08:34:13 brollon postfix/submission/smtpd[13393]: warning: unknown[213.176.26.134]: SASL LOGIN authentication failed: UGFzc3dvcmQ6
Aug  9 08:34:13 brollon postfix/submission/smtpd[13393]: disconnect from unknown[213.176.26.134] ehlo=1 auth=0/1 rset=1 quit=1 commands=3/4
Aug  9 08:34:14 brollon postfix/smtps/smtpd[11009]: warning: unknown[213.176.26.63]: SASL LOGIN authentication failed: UGFzc3dvcmQ6
Aug  9 08:34:14 brollon postfix/smtps/smtpd[11009]: lost connection after AUTH from unknown[213.176.26.63]
Aug  9 08:34:14 brollon postfix/smtps/smtpd[11009]: disconnect from unknown[213.176.26.63] ehlo=1 auth=0/1 rset=1 commands=2/3
Aug  9 08:34:15 brollon postfix/smtps/smtpd[11009]: connect from unknown[213.176.26.69]
Aug  9 08:34:16 brollon postfix/submission/smtpd[8389]: connect from unknown[213.176.26.144]
Aug  9 08:34:18 brollon postfix/smtps/smtpd[13593]: connect from unknown[213.176.26.166]
Aug  9 08:34:22 brollon postfix/smtps/smtpd[11009]: warning: unknown[213.176.26.69]: SASL LOGIN authentication failed: UGFzc3dvcmQ6
Aug  9 08:34:22 brollon postfix/submission/smtpd[13393]: connect from unknown[213.176.26.113]
Aug  9 08:34:23 brollon postfix/submission/smtpd[8389]: warning: unknown[213.176.26.144]: SASL LOGIN authentication failed: UGFzc3dvcmQ6
Aug  9 08:34:23 brollon postfix/submission/smtpd[8389]: disconnect from unknown[213.176.26.144] ehlo=1 auth=0/1 rset=1 quit=1 commands=3/4
Aug  9 08:34:24 brollon postfix/smtps/smtpd[11009]: lost connection after AUTH from unknown[213.176.26.69]
Aug  9 08:34:24 brollon postfix/smtps/smtpd[11009]: disconnect from unknown[213.176.26.69] ehlo=1 auth=0/1 rset=1 commands=2/3
Aug  9 08:34:24 brollon postfix/smtps/smtpd[13593]: warning: unknown[213.176.26.166]: SASL LOGIN authentication failed: UGFzc3dvcmQ6
Aug  9 08:34:24 brollon postfix/submission/smtpd[13393]: warning: unknown[213.176.26.113]: SASL LOGIN authentication failed: UGFzc3dvcmQ6
Aug  9 08:34:24 brollon postfix/submission/smtpd[13393]: disconnect from unknown[213.176.26.113] ehlo=1 auth=0/1 rset=1 quit=1 commands=3/4
Aug  9 08:34:24 brollon postfix/smtps/smtpd[13593]: lost connection after AUTH from unknown[213.176.26.166]
Aug  9 08:34:24 brollon postfix/smtps/smtpd[13593]: disconnect from unknown[213.176.26.166] ehlo=1 auth=0/1 rset=1 commands=2/3
Aug  9 08:34:36 brollon postfix/submission/smtpd[8508]: connect from unknown[213.176.26.64]
Aug  9 08:34:36 brollon postfix/smtps/smtpd[11009]: connect from unknown[213.176.26.62]
Aug  9 08:34:41 brollon postfix/submission/smtpd[13393]: connect from unknown[213.176.26.76]
Aug  9 08:34:43 brollon postfix/submission/smtpd[8508]: warning: unknown[213.176.26.64]: SASL LOGIN authentication failed: UGFzc3dvcmQ6
Aug  9 08:34:43 brollon postfix/submission/smtpd[8508]: disconnect from unknown[213.176.26.64] ehlo=1 auth=0/1 rset=1 quit=1 commands=3/4
Aug  9 08:34:43 brollon postfix/submission/smtpd[8389]: connect from unknown[213.176.26.78]
Aug  9 08:34:44 brollon postfix/smtps/smtpd[11009]: warning: unknown[213.176.26.62]: SASL LOGIN authentication failed: UGFzc3dvcmQ6
Aug  9 08:34:44 brollon postfix/submission/smtpd[8508]: connect from unknown[213.176.26.74]
Aug  9 08:34:45 brollon postfix/submission/smtpd[13393]: warning: unknown[213.176.26.76]: SASL LOGIN authentication failed: UGFzc3dvcmQ6
Aug  9 08:34:45 brollon postfix/submission/smtpd[13393]: disconnect from unknown[213.176.26.76] ehlo=1 auth=0/1 rset=1 quit=1 commands=3/4
Aug  9 08:34:46 brollon postfix/submission/smtpd[8389]: warning: unknown[213.176.26.78]: SASL LOGIN authentication failed: UGFzc3dvcmQ6
Aug  9 08:34:46 brollon postfix/submission/smtpd[8389]: disconnect from unknown[213.176.26.78] ehlo=1 auth=0/1 rset=1 quit=1 commands=3/4
Aug  9 08:34:46 brollon postfix/smtps/smtpd[11009]: lost connection after AUTH from unknown[213.176.26.62]
Aug  9 08:34:46 brollon postfix/smtps/smtpd[11009]: disconnect from unknown[213.176.26.62] ehlo=1 auth=0/1 rset=1 commands=2/3
Aug  9 08:34:51 brollon postfix/submission/smtpd[8508]: warning: unknown[213.176.26.74]: SASL LOGIN authentication failed: UGFzc3dvcmQ6
Aug  9 08:34:51 brollon postfix/submission/smtpd[8508]: disconnect from unknown[213.176.26.74] ehlo=1 auth=0/1 rset=1 quit=1 commands=3/4
Aug  9 08:34:56 brollon postfix/submission/smtpd[13393]: connect from unknown[213.176.26.85]
Aug  9 08:34:58 brollon postfix/submission/smtpd[8508]: connect from unknown[213.176.26.159]
Aug  9 08:35:00 brollon postfix/submission/smtpd[8389]: connect from unknown[213.176.26.114]
Aug  9 08:35:01 brollon postfix/smtpd[12607]: connect from localhost[127.0.0.1]
Aug  9 08:35:01 brollon postfix/smtpd[12607]: lost connection after CONNECT from localhost[127.0.0.1]
Aug  9 08:35:01 brollon postfix/smtpd[12607]: disconnect from localhost[127.0.0.1] commands=0/0
Aug  9 08:35:01 brollon dovecot: pop3-login: Disconnected (no auth attempts in 0 secs): user=<>, rip=127.0.0.1, lip=127.0.0.1, secured, session=<hI0bHZlYVpt/AAAB>
Aug  9 08:35:01 brollon dovecot: imap-login: Disconnected (no auth attempts in 0 secs): user=<>, rip=127.0.0.1, lip=127.0.0.1, secured, session=<xZIbHZlYJqN/AAAB>
Aug  9 08:35:02 brollon postfix/smtpd[12607]: connect from localhost[127.0.0.1]
Aug  9 08:35:02 brollon postfix/smtpd[12607]: lost connection after CONNECT from localhost[127.0.0.1]
Aug  9 08:35:02 brollon postfix/smtpd[12607]: disconnect from localhost[127.0.0.1] commands=0/0
Aug  9 08:35:02 brollon dovecot: pop3-login: Disconnected (no auth attempts in 0 secs): user=<>, rip=127.0.0.1, lip=127.0.0.1, secured, session=<IFQeHZlYZJt/AAAB>
Aug  9 08:35:02 brollon dovecot: imap-login: Disconnected (no auth attempts in 0 secs): user=<>, rip=127.0.0.1, lip=127.0.0.1, secured, session=<xnIeHZlYNKN/AAAB>
Aug  9 08:35:02 brollon postfix/submission/smtpd[8508]: warning: unknown[213.176.26.159]: SASL LOGIN authentication failed: UGFzc3dvcmQ6
Aug  9 08:35:02 brollon postfix/submission/smtpd[8508]: disconnect from unknown[213.176.26.159] ehlo=1 auth=0/1 rset=1 quit=1 commands=3/4
Aug  9 08:35:03 brollon postfix/submission/smtpd[13393]: warning: unknown[213.176.26.85]: SASL LOGIN authentication failed: UGFzc3dvcmQ6
Aug  9 08:35:03 brollon postfix/submission/smtpd[8389]: warning: unknown[213.176.26.114]: SASL LOGIN authentication failed: UGFzc3dvcmQ6
Aug  9 08:35:03 brollon postfix/submission/smtpd[8389]: disconnect from unknown[213.176.26.114] ehlo=1 auth=0/1 rset=1 quit=1 commands=3/4
Aug  9 08:35:03 brollon postfix/submission/smtpd[13393]: disconnect from unknown[213.176.26.85] ehlo=1 auth=0/1 rset=1 quit=1 commands=3/4
Aug  9 08:35:10 brollon postfix/submission/smtpd[8508]: connect from unknown[213.176.26.134]
Aug  9 08:35:16 brollon postfix/submission/smtpd[8508]: warning: unknown[213.176.26.134]: SASL LOGIN authentication failed: UGFzc3dvcmQ6
Aug  9 08:35:16 brollon postfix/submission/smtpd[8508]: disconnect from unknown[213.176.26.134] ehlo=1 auth=0/1 rset=1 quit=1 commands=3/4
Aug  9 08:35:19 brollon postfix/smtps/smtpd[13593]: connect from unknown[213.176.26.21]
Aug  9 08:35:21 brollon postfix/submission/smtpd[8389]: connect from unknown[213.176.26.144]
Aug  9 08:35:23 brollon postfix/submission/smtpd[8508]: connect from unknown[213.176.26.113]
Aug  9 08:35:24 brollon postfix/smtps/smtpd[13593]: warning: unknown[213.176.26.21]: SASL LOGIN authentication failed: UGFzc3dvcmQ6
Aug  9 08:35:26 brollon postfix/smtps/smtpd[13593]: lost connection after AUTH from unknown[213.176.26.21]
Aug  9 08:35:26 brollon postfix/smtps/smtpd[13593]: disconnect from unknown[213.176.26.21] ehlo=1 auth=0/1 rset=1 commands=2/3
Aug  9 08:35:28 brollon postfix/submission/smtpd[8389]: warning: unknown[213.176.26.144]: SASL LOGIN authentication failed: UGFzc3dvcmQ6
Aug  9 08:35:29 brollon postfix/submission/smtpd[8389]: disconnect from unknown[213.176.26.144] ehlo=1 auth=0/1 rset=1 quit=1 commands=3/4
Aug  9 08:35:30 brollon postfix/submission/smtpd[8508]: warning: unknown[213.176.26.113]: SASL LOGIN authentication failed: UGFzc3dvcmQ6
Aug  9 08:35:30 brollon postfix/submission/smtpd[8508]: disconnect from unknown[213.176.26.113] ehlo=1 auth=0/1 rset=1 quit=1 commands=3/4
Aug  9 08:35:30 brollon postfix/smtps/smtpd[11009]: connect from unknown[213.176.26.77]
Aug  9 08:35:37 brollon postfix/smtps/smtpd[11009]: warning: unknown[213.176.26.77]: SASL LOGIN authentication failed: UGFzc3dvcmQ6
Aug  9 08:35:37 brollon postfix/smtps/smtpd[11009]: lost connection after AUTH from unknown[213.176.26.77]
Aug  9 08:35:37 brollon postfix/smtps/smtpd[11009]: disconnect from unknown[213.176.26.77] ehlo=1 auth=0/1 rset=1 commands=2/3
Aug  9 08:35:45 brollon postfix/submission/smtpd[13393]: connect from unknown[213.176.26.76]
Aug  9 08:35:46 brollon postfix/submission/smtpd[8508]: connect from unknown[213.176.26.64]
Aug  9 08:35:47 brollon postfix/submission/smtpd[8389]: connect from unknown[213.176.26.78]
Aug  9 08:35:47 brollon postfix/submission/smtpd[14200]: connect from unknown[213.176.26.74]
Aug  9 08:35:49 brollon postfix/submission/smtpd[14200]: warning: unknown[213.176.26.74]: SASL LOGIN authentication failed: UGFzc3dvcmQ6
Aug  9 08:35:49 brollon postfix/submission/smtpd[14200]: disconnect from unknown[213.176.26.74] ehlo=1 auth=0/1 rset=1 quit=1 commands=3/4
Aug  9 08:35:52 brollon postfix/submission/smtpd[13393]: warning: unknown[213.176.26.76]: SASL LOGIN authentication failed: UGFzc3dvcmQ6
Aug  9 08:35:52 brollon postfix/submission/smtpd[8508]: warning: unknown[213.176.26.64]: SASL LOGIN authentication failed: UGFzc3dvcmQ6
Aug  9 08:35:52 brollon postfix/submission/smtpd[13393]: disconnect from unknown[213.176.26.76] ehlo=1 auth=0/1 rset=1 quit=1 commands=3/4
Aug  9 08:35:52 brollon postfix/submission/smtpd[8508]: disconnect from unknown[213.176.26.64] ehlo=1 auth=0/1 rset=1 quit=1 commands=3/4
Aug  9 08:35:53 brollon postfix/submission/smtpd[8389]: warning: unknown[213.176.26.78]: SASL LOGIN authentication failed: VXNlcm5hbWU6
Aug  9 08:35:54 brollon postfix/smtps/smtpd[13593]: connect from unknown[213.176.26.175]
Aug  9 08:35:55 brollon postfix/submission/smtpd[8389]: disconnect from unknown[213.176.26.78] ehlo=1 auth=0/1 rset=1 quit=1 unknown=0/1 commands=3/5
Aug  9 08:35:56 brollon postfix/smtps/smtpd[11009]: connect from unknown[213.176.26.191]
Aug  9 08:35:58 brollon postfix/submission/smtpd[14200]: connect from unknown[213.176.26.85]
Aug  9 08:35:59 brollon postfix/smtps/smtpd[11009]: warning: unknown[213.176.26.191]: SASL LOGIN authentication failed: UGFzc3dvcmQ6
Aug  9 08:35:59 brollon postfix/submission/smtpd[8508]: connect from unknown[213.176.26.159]
Aug  9 08:35:59 brollon postfix/smtps/smtpd[11009]: lost connection after AUTH from unknown[213.176.26.191]
Aug  9 08:35:59 brollon postfix/smtps/smtpd[11009]: disconnect from unknown[213.176.26.191] ehlo=1 auth=0/1 rset=1 commands=2/3
Aug  9 08:36:01 brollon postfix/smtps/smtpd[13593]: warning: unknown[213.176.26.175]: SASL LOGIN authentication failed: UGFzc3dvcmQ6
Aug  9 08:36:01 brollon postfix/smtps/smtpd[13593]: lost connection after AUTH from unknown[213.176.26.175]
Aug  9 08:36:01 brollon postfix/smtps/smtpd[13593]: disconnect from unknown[213.176.26.175] ehlo=1 auth=0/1 rset=1 commands=2/3
Aug  9 08:36:01 brollon postfix/smtpd[12607]: connect from localhost[127.0.0.1]
Aug  9 08:36:01 brollon postfix/smtpd[12607]: lost connection after CONNECT from localhost[127.0.0.1]
Aug  9 08:36:01 brollon postfix/smtpd[12607]: disconnect from localhost[127.0.0.1] commands=0/0
Aug  9 08:36:01 brollon dovecot: imap-login: Disconnected (no auth attempts in 0 secs): user=<>, rip=127.0.0.1, lip=127.0.0.1, secured, session=<0WGnIJlYIKR/AAAB>
Aug  9 08:36:01 brollon dovecot: pop3-login: Disconnected (no auth attempts in 0 secs): user=<>, rip=127.0.0.1, lip=127.0.0.1, secured, session=<8nWnIJlYUJx/AAAB>
Aug  9 08:36:01 brollon postfix/submission/smtpd[8389]: connect from unknown[213.176.26.114]
Aug  9 08:36:05 brollon postfix/submission/smtpd[14200]: warning: unknown[213.176.26.85]: SASL LOGIN authentication failed: UGFzc3dvcmQ6
Aug  9 08:36:05 brollon postfix/submission/smtpd[14200]: disconnect from unknown[213.176.26.85] ehlo=1 auth=0/1 rset=1 quit=1 commands=3/4
Aug  9 08:36:06 brollon postfix/submission/smtpd[8508]: warning: unknown[213.176.26.159]: SASL LOGIN authentication failed: UGFzc3dvcmQ6
Aug  9 08:36:06 brollon postfix/submission/smtpd[8508]: disconnect from unknown[213.176.26.159] ehlo=1 auth=0/1 rset=1 quit=1 commands=3/4
Aug  9 08:36:07 brollon postfix/submission/smtpd[8389]: warning: unknown[213.176.26.114]: SASL LOGIN authentication failed: UGFzc3dvcmQ6
Aug  9 08:36:07 brollon postfix/submission/smtpd[8389]: disconnect from unknown[213.176.26.114] ehlo=1 auth=0/1 rset=1 quit=1 commands=3/4
Aug  9 08:36:13 brollon postfix/submission/smtpd[13393]: connect from unknown[213.176.26.134]
Aug  9 08:36:16 brollon postfix/smtps/smtpd[11009]: connect from unknown[213.176.26.87]
Aug  9 08:36:16 brollon postfix/smtps/smtpd[13593]: connect from unknown[213.176.26.122]
Aug  9 08:36:19 brollon postfix/smtps/smtpd[11009]: warning: unknown[213.176.26.87]: SASL LOGIN authentication failed: UGFzc3dvcmQ6
