Aug  9 09:14:19 brollon postfix/smtps/smtpd[20739]: disconnect from unknown[213.176.26.194] ehlo=1 auth=0/1 rset=1 commands=2/3
Aug  9 09:14:20 brollon postfix/smtps/smtpd[20740]: warning: unknown[213.176.26.186]: SASL LOGIN authentication failed: UGFzc3dvcmQ6
Aug  9 09:14:21 brollon postfix/smtps/smtpd[20740]: lost connection after AUTH from unknown[213.176.26.186]
Aug  9 09:14:21 brollon postfix/smtps/smtpd[20740]: disconnect from unknown[213.176.26.186] ehlo=1 auth=0/1 rset=1 commands=2/3
Aug  9 09:14:23 brollon postfix/smtpd[19741]: connect from email-probes.cs.vt.edu[128.173.237.165]
Aug  9 09:14:23 brollon postfix/submission/smtpd[14200]: warning: unknown[213.176.26.134]: SASL LOGIN authentication failed: UGFzc3dvcmQ6
Aug  9 09:14:23 brollon postfix/submission/smtpd[14200]: disconnect from unknown[213.176.26.134] ehlo=1 auth=0/1 rset=1 quit=1 commands=3/4
Aug  9 09:14:23 brollon postfix/smtpd[19741]: disconnect from email-probes.cs.vt.edu[128.173.237.165] ehlo=2 starttls=1 quit=1 commands=4
Aug  9 09:14:24 brollon postfix/smtps/smtpd[20713]: warning: unknown[213.176.26.52]: SASL LOGIN authentication failed: UGFzc3dvcmQ6
Aug  9 09:14:24 brollon postfix/submission/smtpd[15213]: warning: unknown[213.176.26.113]: SASL LOGIN authentication failed: UGFzc3dvcmQ6
Aug  9 09:14:24 brollon postfix/smtps/smtpd[20713]: lost connection after AUTH from unknown[213.176.26.52]
Aug  9 09:14:24 brollon postfix/smtps/smtpd[20713]: disconnect from unknown[213.176.26.52] ehlo=1 auth=0/1 rset=1 commands=2/3
Aug  9 09:14:24 brollon postfix/submission/smtpd[15213]: disconnect from unknown[213.176.26.113] ehlo=1 auth=0/1 rset=1 quit=1 commands=3/4
Aug  9 09:14:26 brollon postfix/smtps/smtpd[20739]: connect from unknown[213.176.26.62]
Aug  9 09:14:31 brollon postfix/submission/smtpd[20017]: connect from unknown[213.176.26.114]
Aug  9 09:14:33 brollon postfix/submission/smtpd[15213]: connect from unknown[213.176.26.144]
Aug  9 09:14:33 brollon postfix/smtps/smtpd[20739]: warning: unknown[213.176.26.62]: SASL LOGIN authentication failed: UGFzc3dvcmQ6
Aug  9 09:14:34 brollon postfix/smtps/smtpd[20739]: lost connection after AUTH from unknown[213.176.26.62]
Aug  9 09:14:34 brollon postfix/smtps/smtpd[20739]: disconnect from unknown[213.176.26.62] ehlo=1 auth=0/1 rset=1 commands=2/3
Aug  9 09:14:34 brollon postfix/smtps/smtpd[20713]: connect from unknown[213.176.26.77]
Aug  9 09:14:36 brollon postfix/submission/smtpd[14200]: connect from unknown[213.176.26.78]
Aug  9 09:14:37 brollon postfix/smtps/smtpd[20713]: warning: unknown[213.176.26.77]: SASL LOGIN authentication failed: UGFzc3dvcmQ6
Aug  9 09:14:37 brollon postfix/smtps/smtpd[20713]: lost connection after AUTH from unknown[213.176.26.77]
Aug  9 09:14:37 brollon postfix/smtps/smtpd[20713]: disconnect from unknown[213.176.26.77] ehlo=1 auth=0/1 rset=1 commands=2/3
Aug  9 09:14:38 brollon postfix/submission/smtpd[20017]: warning: unknown[213.176.26.114]: SASL LOGIN authentication failed: UGFzc3dvcmQ6
Aug  9 09:14:38 brollon postfix/submission/smtpd[20017]: disconnect from unknown[213.176.26.114] ehlo=1 auth=0/1 rset=1 quit=1 commands=3/4
Aug  9 09:14:39 brollon postfix/submission/smtpd[15213]: warning: unknown[213.176.26.144]: SASL LOGIN authentication failed: UGFzc3dvcmQ6
Aug  9 09:14:39 brollon postfix/submission/smtpd[15213]: disconnect from unknown[213.176.26.144] ehlo=1 auth=0/1 rset=1 quit=1 commands=3/4
Aug  9 09:14:40 brollon postfix/submission/smtpd[15102]: connect from unknown[213.176.26.85]
Aug  9 09:14:41 brollon postfix/submission/smtpd[14200]: warning: unknown[213.176.26.78]: SASL LOGIN authentication failed: UGFzc3dvcmQ6
Aug  9 09:14:42 brollon postfix/submission/smtpd[14200]: disconnect from unknown[213.176.26.78] ehlo=1 auth=0/1 rset=1 quit=1 commands=3/4
Aug  9 09:14:45 brollon postfix/smtps/smtpd[20739]: connect from unknown[213.176.26.29]
Aug  9 09:14:46 brollon postfix/submission/smtpd[15213]: connect from unknown[213.176.26.74]
Aug  9 09:14:47 brollon postfix/submission/smtpd[15102]: warning: unknown[213.176.26.85]: SASL LOGIN authentication failed: UGFzc3dvcmQ6
Aug  9 09:14:47 brollon postfix/submission/smtpd[15102]: disconnect from unknown[213.176.26.85] ehlo=1 auth=0/1 rset=1 quit=1 commands=3/4
Aug  9 09:14:48 brollon postfix/smtps/smtpd[20739]: warning: unknown[213.176.26.29]: SASL LOGIN authentication failed: UGFzc3dvcmQ6
Aug  9 09:14:48 brollon postfix/smtps/smtpd[20739]: lost connection after AUTH from unknown[213.176.26.29]
Aug  9 09:14:48 brollon postfix/smtps/smtpd[20739]: disconnect from unknown[213.176.26.29] ehlo=1 auth=0/1 rset=1 commands=2/3
Aug  9 09:14:50 brollon postfix/submission/smtpd[14200]: connect from unknown[213.176.26.76]
Aug  9 09:14:52 brollon postfix/submission/smtpd[15213]: warning: unknown[213.176.26.74]: SASL LOGIN authentication failed: UGFzc3dvcmQ6
Aug  9 09:14:52 brollon postfix/submission/smtpd[15213]: disconnect from unknown[213.176.26.74] ehlo=1 auth=0/1 rset=1 quit=1 commands=3/4
Aug  9 09:14:55 brollon postfix/submission/smtpd[20017]: connect from unknown[213.176.26.64]
Aug  9 09:14:57 brollon postfix/submission/smtpd[14200]: warning: unknown[213.176.26.76]: SASL LOGIN authentication failed: UGFzc3dvcmQ6
Aug  9 09:14:57 brollon postfix/submission/smtpd[14200]: disconnect from unknown[213.176.26.76] ehlo=1 auth=0/1 rset=1 quit=1 commands=3/4
Aug  9 09:14:58 brollon postfix/submission/smtpd[15102]: connect from unknown[213.176.26.159]
Aug  9 09:15:01 brollon postfix/smtpd[19741]: connect from localhost[127.0.0.1]
Aug  9 09:15:01 brollon postfix/smtpd[19741]: lost connection after CONNECT from localhost[127.0.0.1]
Aug  9 09:15:01 brollon postfix/smtpd[19741]: disconnect from localhost[127.0.0.1] commands=0/0
Aug  9 09:15:01 brollon dovecot: pop3-login: Disconnected (no auth attempts in 0 secs): user=<>, rip=127.0.0.1, lip=127.0.0.1, secured, session=<NLkirJlYdMB/AAAB>
Aug  9 09:15:01 brollon dovecot: imap-login: Disconnected (no auth attempts in 0 secs): user=<>, rip=127.0.0.1, lip=127.0.0.1, secured, session=<v8QirJlYRMh/AAAB>
Aug  9 09:15:01 brollon postfix/smtpd[19741]: connect from localhost[127.0.0.1]
Aug  9 09:15:01 brollon postfix/smtpd[19741]: lost connection after CONNECT from localhost[127.0.0.1]
Aug  9 09:15:01 brollon postfix/smtpd[19741]: disconnect from localhost[127.0.0.1] commands=0/0
Aug  9 09:15:01 brollon dovecot: pop3-login: Disconnected (no auth attempts in 0 secs): user=<>, rip=127.0.0.1, lip=127.0.0.1, secured, session=<kLAnrJlYhsB/AAAB>
Aug  9 09:15:01 brollon dovecot: imap-login: Disconnected (no auth attempts in 0 secs): user=<>, rip=127.0.0.1, lip=127.0.0.1, secured, session=<u7cnrJlYVsh/AAAB>
Aug  9 09:15:02 brollon postfix/submission/smtpd[20017]: warning: unknown[213.176.26.64]: SASL LOGIN authentication failed: UGFzc3dvcmQ6
Aug  9 09:15:02 brollon postfix/submission/smtpd[20017]: disconnect from unknown[213.176.26.64] ehlo=1 auth=0/1 rset=1 quit=1 commands=3/4
Aug  9 09:15:05 brollon postfix/submission/smtpd[15102]: warning: unknown[213.176.26.159]: SASL LOGIN authentication failed: UGFzc3dvcmQ6
Aug  9 09:15:06 brollon postfix/submission/smtpd[15102]: disconnect from unknown[213.176.26.159] ehlo=1 auth=0/1 rset=1 quit=1 commands=3/4
Aug  9 09:15:19 brollon postfix/submission/smtpd[15213]: connect from unknown[213.176.26.113]
Aug  9 09:15:19 brollon postfix/submission/smtpd[14200]: connect from unknown[213.176.26.134]
Aug  9 09:15:24 brollon postfix/submission/smtpd[15213]: warning: unknown[213.176.26.113]: SASL LOGIN authentication failed: UGFzc3dvcmQ6
Aug  9 09:15:24 brollon postfix/submission/smtpd[15213]: disconnect from unknown[213.176.26.113] ehlo=1 auth=0/1 rset=1 quit=1 commands=3/4
Aug  9 09:15:26 brollon postfix/submission/smtpd[14200]: warning: unknown[213.176.26.134]: SASL LOGIN authentication failed: UGFzc3dvcmQ6
Aug  9 09:15:26 brollon postfix/submission/smtpd[14200]: disconnect from unknown[213.176.26.134] ehlo=1 auth=0/1 rset=1 quit=1 commands=3/4
Aug  9 09:15:32 brollon postfix/submission/smtpd[15102]: connect from unknown[213.176.26.114]
Aug  9 09:15:36 brollon postfix/submission/smtpd[20017]: connect from unknown[213.176.26.144]
Aug  9 09:15:36 brollon postfix/smtps/smtpd[20713]: connect from unknown[213.176.26.82]
Aug  9 09:15:39 brollon postfix/submission/smtpd[15213]: connect from unknown[213.176.26.78]
Aug  9 09:15:39 brollon postfix/submission/smtpd[15102]: warning: unknown[213.176.26.114]: SASL LOGIN authentication failed: UGFzc3dvcmQ6
Aug  9 09:15:39 brollon postfix/submission/smtpd[15102]: disconnect from unknown[213.176.26.114] ehlo=1 auth=0/1 rset=1 quit=1 commands=3/4
Aug  9 09:15:40 brollon postfix/smtps/smtpd[20739]: connect from unknown[213.176.26.34]
Aug  9 09:15:42 brollon postfix/submission/smtpd[14200]: connect from unknown[213.176.26.85]
Aug  9 09:15:43 brollon postfix/submission/smtpd[20017]: warning: unknown[213.176.26.144]: SASL LOGIN authentication failed: UGFzc3dvcmQ6
Aug  9 09:15:43 brollon postfix/smtps/smtpd[20739]: warning: unknown[213.176.26.34]: SASL LOGIN authentication failed: UGFzc3dvcmQ6
Aug  9 09:15:43 brollon postfix/smtps/smtpd[20739]: lost connection after AUTH from unknown[213.176.26.34]
Aug  9 09:15:43 brollon postfix/smtps/smtpd[20739]: disconnect from unknown[213.176.26.34] ehlo=1 auth=0/1 rset=1 commands=2/3
Aug  9 09:15:44 brollon postfix/submission/smtpd[20017]: disconnect from unknown[213.176.26.144] ehlo=1 auth=0/1 rset=1 quit=1 commands=3/4
Aug  9 09:15:44 brollon postfix/smtps/smtpd[20713]: warning: unknown[213.176.26.82]: SASL LOGIN authentication failed: UGFzc3dvcmQ6
Aug  9 09:15:46 brollon postfix/smtps/smtpd[20713]: lost connection after AUTH from unknown[213.176.26.82]
Aug  9 09:15:46 brollon postfix/smtps/smtpd[20713]: disconnect from unknown[213.176.26.82] ehlo=1 auth=0/1 rset=1 commands=2/3
Aug  9 09:15:46 brollon postfix/submission/smtpd[15213]: warning: unknown[213.176.26.78]: SASL LOGIN authentication failed: UGFzc3dvcmQ6
Aug  9 09:15:46 brollon postfix/submission/smtpd[15213]: disconnect from unknown[213.176.26.78] ehlo=1 auth=0/1 rset=1 quit=1 commands=3/4
Aug  9 09:15:49 brollon postfix/submission/smtpd[14200]: warning: unknown[213.176.26.85]: SASL LOGIN authentication failed: UGFzc3dvcmQ6
Aug  9 09:15:49 brollon postfix/submission/smtpd[14200]: disconnect from unknown[213.176.26.85] ehlo=1 auth=0/1 rset=1 quit=1 commands=3/4
Aug  9 09:15:49 brollon postfix/submission/smtpd[15102]: connect from unknown[213.176.26.74]
Aug  9 09:15:52 brollon postfix/smtps/smtpd[20740]: connect from unknown[213.176.26.23]
Aug  9 09:15:54 brollon postfix/submission/smtpd[20017]: connect from unknown[213.176.26.76]
Aug  9 09:15:56 brollon postfix/submission/smtpd[15102]: warning: unknown[213.176.26.74]: SASL LOGIN authentication failed: UGFzc3dvcmQ6
Aug  9 09:15:56 brollon postfix/submission/smtpd[15102]: disconnect from unknown[213.176.26.74] ehlo=1 auth=0/1 rset=1 quit=1 commands=3/4
Aug  9 09:15:57 brollon postfix/submission/smtpd[20017]: warning: unknown[213.176.26.76]: SASL LOGIN authentication failed: UGFzc3dvcmQ6
Aug  9 09:15:57 brollon postfix/smtps/smtpd[20740]: warning: unknown[213.176.26.23]: SASL LOGIN authentication failed: UGFzc3dvcmQ6
Aug  9 09:15:57 brollon postfix/smtps/smtpd[20740]: lost connection after AUTH from unknown[213.176.26.23]
Aug  9 09:15:57 brollon postfix/smtps/smtpd[20740]: disconnect from unknown[213.176.26.23] ehlo=1 auth=0/1 rset=1 commands=2/3
Aug  9 09:15:58 brollon postfix/submission/smtpd[20017]: disconnect from unknown[213.176.26.76] ehlo=1 auth=0/1 rset=1 quit=1 commands=3/4
Aug  9 09:15:59 brollon postfix/submission/smtpd[15213]: connect from unknown[213.176.26.64]
Aug  9 09:16:00 brollon postfix/smtpd[19741]: connect from unknown[2.57.122.98]
Aug  9 09:16:00 brollon postfix/submission/smtpd[15102]: connect from unknown[213.176.26.159]
Aug  9 09:16:02 brollon dovecot: imap-login: Disconnected (no auth attempts in 0 secs): user=<>, rip=127.0.0.1, lip=127.0.0.1, secured, session=<pgrAr5lYeMl/AAAB>
Aug  9 09:16:02 brollon dovecot: pop3-login: Disconnected (no auth attempts in 0 secs): user=<>, rip=127.0.0.1, lip=127.0.0.1, secured, session=<NArAr5lYqMF/AAAB>
Aug  9 09:16:02 brollon postfix/smtpd[19741]: warning: unknown[2.57.122.98]: SASL LOGIN authentication failed: UGFzc3dvcmQ6
Aug  9 09:16:02 brollon postfix/smtpd[19741]: disconnect from unknown[2.57.122.98] ehlo=1 auth=0/1 quit=1 commands=2/3
Aug  9 09:16:02 brollon postfix/smtpd[19741]: connect from localhost[127.0.0.1]
Aug  9 09:16:02 brollon postfix/smtpd[19741]: lost connection after CONNECT from localhost[127.0.0.1]
Aug  9 09:16:02 brollon postfix/smtpd[19741]: disconnect from localhost[127.0.0.1] commands=0/0
Aug  9 09:16:05 brollon postfix/submission/smtpd[15213]: warning: unknown[213.176.26.64]: SASL LOGIN authentication failed: UGFzc3dvcmQ6
Aug  9 09:16:05 brollon postfix/submission/smtpd[15213]: disconnect from unknown[213.176.26.64] ehlo=1 auth=0/1 rset=1 quit=1 commands=3/4
Aug  9 09:16:06 brollon postfix/submission/smtpd[15102]: warning: unknown[213.176.26.159]: SASL LOGIN authentication failed: UGFzc3dvcmQ6
Aug  9 09:16:06 brollon postfix/submission/smtpd[15102]: disconnect from unknown[213.176.26.159] ehlo=1 auth=0/1 rset=1 quit=1 commands=3/4
Aug  9 09:16:09 brollon postfix/smtps/smtpd[20713]: connect from unknown[213.176.26.165]
Aug  9 09:16:12 brollon postfix/smtps/smtpd[20713]: warning: unknown[213.176.26.165]: SASL LOGIN authentication failed: UGFzc3dvcmQ6
Aug  9 09:16:12 brollon postfix/smtps/smtpd[20713]: lost connection after AUTH from unknown[213.176.26.165]
Aug  9 09:16:12 brollon postfix/smtps/smtpd[20713]: disconnect from unknown[213.176.26.165] ehlo=1 auth=0/1 rset=1 commands=2/3
Aug  9 09:16:17 brollon dovecot: pop3-login: Disconnected (no auth attempts in 0 secs): user=<>, rip=185.242.226.33, lip=54.37.21.250, TLS handshaking: SSL_accept() failed: error:14094410:SSL routines:ssl3_read_bytes:sslv3 alert handshake failure: SSL alert number 40, session=<X4+ksJlYfKa58uIh>
Aug  9 09:16:17 brollon dovecot: pop3-login: Disconnected (no auth attempts in 0 secs): user=<>, rip=185.242.226.33, lip=54.37.21.250, TLS handshaking: SSL_accept() failed: error:14094410:SSL routines:ssl3_read_bytes:sslv3 alert handshake failure: SSL alert number 40, session=<WoemsJlYjKa58uIh>
Aug  9 09:16:17 brollon dovecot: pop3-login: Disconnected (no auth attempts in 0 secs): user=<>, rip=185.242.226.33, lip=54.37.21.250, TLS handshaking: SSL_accept() failed: error:14094410:SSL routines:ssl3_read_bytes:sslv3 alert handshake failure: SSL alert number 40, session=<J0iosJlYmKa58uIh>
Aug  9 09:16:17 brollon dovecot: pop3-login: Disconnected (no auth attempts in 0 secs): user=<>, rip=185.242.226.33, lip=54.37.21.250, TLS handshaking: SSL_accept() failed: error:14094410:SSL routines:ssl3_read_bytes:sslv3 alert handshake failure: SSL alert number 40, session=<S0KqsJlYqqa58uIh>
Aug  9 09:16:17 brollon dovecot: pop3-login: Disconnected (no auth attempts in 0 secs): user=<>, rip=185.242.226.33, lip=54.37.21.250, TLS handshaking: SSL_accept() failed: error:14094410:SSL routines:ssl3_read_bytes:sslv3 alert handshake failure: SSL alert number 40, session=<BT6ssJlYvKa58uIh>
Aug  9 09:16:17 brollon dovecot: pop3-login: Disconnected (no auth attempts in 0 secs): user=<>, rip=185.242.226.33, lip=54.37.21.250, TLS handshaking: SSL_accept() failed: error:14094410:SSL routines:ssl3_read_bytes:sslv3 alert handshake failure: SSL alert number 40, session=<dGSusJlYyqa58uIh>
Aug  9 09:16:17 brollon dovecot: pop3-login: Disconnected (no auth attempts in 0 secs): user=<>, rip=185.242.226.33, lip=54.37.21.250, TLS handshaking: SSL_accept() failed: error:14094410:SSL routines:ssl3_read_bytes:sslv3 alert handshake failure: SSL alert number 40, session=<uliwsJlY3Ka58uIh>
Aug  9 09:16:17 brollon dovecot: pop3-login: Disconnected (no auth attempts in 0 secs): user=<>, rip=185.242.226.33, lip=54.37.21.250, TLS handshaking: SSL_accept() syscall failed: Success, session=<5tKxsJlY8qa58uIh>
Aug  9 09:16:21 brollon postfix/submission/smtpd[14200]: connect from unknown[213.176.26.113]
Aug  9 09:16:21 brollon postfix/smtps/smtpd[20739]: connect from unknown[213.176.26.41]
Aug  9 09:16:22 brollon postfix/submission/smtpd[15102]: connect from unknown[213.176.26.134]
Aug  9 09:16:27 brollon postfix/smtps/smtpd[20739]: warning: unknown[213.176.26.41]: SASL LOGIN authentication failed: UGFzc3dvcmQ6
Aug  9 09:16:27 brollon dovecot: pop3-login: Disconnected (no auth attempts in 9 secs): user=<>, rip=185.242.226.33, lip=54.37.21.250, TLS handshaking: SSL_accept() syscall failed: Success, session=<QVNAsZlY/qa58uIh>
Aug  9 09:16:27 brollon postfix/smtps/smtpd[20739]: lost connection after AUTH from unknown[213.176.26.41]
Aug  9 09:16:27 brollon postfix/smtps/smtpd[20739]: disconnect from unknown[213.176.26.41] ehlo=1 auth=0/1 rset=1 commands=2/3
Aug  9 09:16:28 brollon postfix/submission/smtpd[15102]: warning: unknown[213.176.26.134]: SASL LOGIN authentication failed: UGFzc3dvcmQ6
Aug  9 09:16:28 brollon postfix/submission/smtpd[14200]: warning: unknown[213.176.26.113]: SASL LOGIN authentication failed: UGFzc3dvcmQ6
Aug  9 09:16:28 brollon postfix/submission/smtpd[14200]: disconnect from unknown[213.176.26.113] ehlo=1 auth=0/1 rset=1 quit=1 commands=3/4
Aug  9 09:16:28 brollon postfix/submission/smtpd[15102]: disconnect from unknown[213.176.26.134] ehlo=1 auth=0/1 rset=1 quit=1 commands=3/4
Aug  9 09:16:33 brollon postfix/submission/smtpd[20017]: connect from unknown[213.176.26.114]
Aug  9 09:16:39 brollon postfix/submission/smtpd[20017]: warning: unknown[213.176.26.114]: SASL LOGIN authentication failed: UGFzc3dvcmQ6
Aug  9 09:16:39 brollon postfix/submission/smtpd[20017]: disconnect from unknown[213.176.26.114] ehlo=1 auth=0/1 rset=1 quit=1 commands=3/4
Aug  9 09:16:39 brollon postfix/submission/smtpd[14200]: connect from unknown[213.176.26.144]
Aug  9 09:16:43 brollon postfix/submission/smtpd[20017]: connect from unknown[213.176.26.78]
Aug  9 09:16:43 brollon postfix/anvil[12649]: statistics: max connection rate 2/60s for (submission:213.176.26.114) at Aug  9 09:08:27
Aug  9 09:16:43 brollon postfix/anvil[12649]: statistics: max connection count 1 for (submission:213.176.26.159) at Aug  9 09:06:44
Aug  9 09:16:43 brollon postfix/anvil[12649]: statistics: max cache size 25 at Aug  9 09:14:34
Aug  9 09:16:45 brollon postfix/submission/smtpd[15213]: connect from unknown[213.176.26.85]
Aug  9 09:16:46 brollon postfix/submission/smtpd[14200]: warning: unknown[213.176.26.144]: SASL LOGIN authentication failed: UGFzc3dvcmQ6
Aug  9 09:16:46 brollon postfix/submission/smtpd[14200]: disconnect from unknown[213.176.26.144] ehlo=1 auth=0/1 rset=1 quit=1 commands=3/4
Aug  9 09:16:49 brollon postfix/smtps/smtpd[20713]: connect from unknown[213.176.26.109]
Aug  9 09:16:50 brollon postfix/submission/smtpd[20017]: warning: unknown[213.176.26.78]: SASL LOGIN authentication failed: UGFzc3dvcmQ6
Aug  9 09:16:51 brollon postfix/submission/smtpd[20017]: disconnect from unknown[213.176.26.78] ehlo=1 auth=0/1 rset=1 quit=1 commands=3/4
Aug  9 09:16:51 brollon postfix/submission/smtpd[15213]: warning: unknown[213.176.26.85]: SASL LOGIN authentication failed: UGFzc3dvcmQ6
Aug  9 09:16:51 brollon postfix/submission/smtpd[15213]: disconnect from unknown[213.176.26.85] ehlo=1 auth=0/1 rset=1 quit=1 commands=3/4
Aug  9 09:16:54 brollon postfix/submission/smtpd[15102]: connect from unknown[213.176.26.74]
Aug  9 09:16:54 brollon postfix/smtps/smtpd[20713]: warning: unknown[213.176.26.109]: SASL LOGIN authentication failed: UGFzc3dvcmQ6
Aug  9 09:16:54 brollon postfix/smtps/smtpd[20713]: lost connection after AUTH from unknown[213.176.26.109]
Aug  9 09:16:54 brollon postfix/smtps/smtpd[20713]: disconnect from unknown[213.176.26.109] ehlo=1 auth=0/1 rset=1 commands=2/3
Aug  9 09:16:56 brollon postfix/smtps/smtpd[20739]: connect from unknown[213.176.26.51]
Aug  9 09:16:58 brollon postfix/submission/smtpd[20017]: connect from unknown[213.176.26.76]
Aug  9 09:17:00 brollon postfix/submission/smtpd[15102]: warning: unknown[213.176.26.74]: SASL LOGIN authentication failed: UGFzc3dvcmQ6
Aug  9 09:17:00 brollon postfix/submission/smtpd[15102]: disconnect from unknown[213.176.26.74] ehlo=1 auth=0/1 rset=1 quit=1 commands=3/4
Aug  9 09:17:01 brollon postfix/smtpd[19741]: connect from localhost[127.0.0.1]
Aug  9 09:17:01 brollon postfix/smtpd[19741]: lost connection after CONNECT from localhost[127.0.0.1]
Aug  9 09:17:01 brollon postfix/smtpd[19741]: disconnect from localhost[127.0.0.1] commands=0/0
Aug  9 09:17:01 brollon dovecot: pop3-login: Disconnected (no auth attempts in 0 secs): user=<>, rip=127.0.0.1, lip=127.0.0.1, secured, session=<ahdHs5lYwMJ/AAAB>
Aug  9 09:17:01 brollon dovecot: imap-login: Disconnected (no auth attempts in 0 secs): user=<>, rip=127.0.0.1, lip=127.0.0.1, secured, session=<jzhHs5lYkMp/AAAB>
Aug  9 09:17:02 brollon postfix/smtps/smtpd[20739]: warning: unknown[213.176.26.51]: SASL LOGIN authentication failed: UGFzc3dvcmQ6
Aug  9 09:17:02 brollon postfix/submission/smtpd[15213]: connect from unknown[213.176.26.159]
Aug  9 09:17:02 brollon postfix/smtps/smtpd[20739]: lost connection after AUTH from unknown[213.176.26.51]
Aug  9 09:17:02 brollon postfix/smtps/smtpd[20739]: disconnect from unknown[213.176.26.51] ehlo=1 auth=0/1 rset=1 commands=2/3
Aug  9 09:17:02 brollon postfix/submission/smtpd[14200]: connect from unknown[213.176.26.64]
Aug  9 09:17:04 brollon postfix/submission/smtpd[20017]: warning: unknown[213.176.26.76]: SASL LOGIN authentication failed: UGFzc3dvcmQ6
Aug  9 09:17:04 brollon postfix/smtps/smtpd[20713]: connect from unknown[213.176.26.95]
Aug  9 09:17:05 brollon postfix/submission/smtpd[20017]: disconnect from unknown[213.176.26.76] ehlo=1 auth=0/1 rset=1 quit=1 commands=3/4
Aug  9 09:17:09 brollon postfix/submission/smtpd[15213]: warning: unknown[213.176.26.159]: SASL LOGIN authentication failed: UGFzc3dvcmQ6
Aug  9 09:17:09 brollon postfix/submission/smtpd[14200]: warning: unknown[213.176.26.64]: SASL LOGIN authentication failed: UGFzc3dvcmQ6
Aug  9 09:17:09 brollon postfix/submission/smtpd[15213]: disconnect from unknown[213.176.26.159] ehlo=1 auth=0/1 rset=1 quit=1 commands=3/4
Aug  9 09:17:09 brollon postfix/submission/smtpd[14200]: disconnect from unknown[213.176.26.64] ehlo=1 auth=0/1 rset=1 quit=1 commands=3/4
Aug  9 09:17:11 brollon postfix/smtps/smtpd[20713]: warning: unknown[213.176.26.95]: SASL LOGIN authentication failed: UGFzc3dvcmQ6
Aug  9 09:17:11 brollon postfix/smtps/smtpd[20713]: lost connection after AUTH from unknown[213.176.26.95]
Aug  9 09:17:11 brollon postfix/smtps/smtpd[20713]: disconnect from unknown[213.176.26.95] ehlo=1 auth=0/1 rset=1 commands=2/3
Aug  9 09:17:22 brollon postfix/submission/smtpd[15102]: connect from unknown[213.176.26.113]
Aug  9 09:17:25 brollon postfix/submission/smtpd[20017]: connect from unknown[213.176.26.134]
Aug  9 09:17:29 brollon postfix/submission/smtpd[15102]: warning: unknown[213.176.26.113]: SASL LOGIN authentication failed: UGFzc3dvcmQ6
Aug  9 09:17:29 brollon postfix/submission/smtpd[15102]: disconnect from unknown[213.176.26.113] ehlo=1 auth=0/1 rset=1 quit=1 commands=3/4
Aug  9 09:17:30 brollon postfix/smtps/smtpd[20740]: connect from unknown[213.176.26.153]
Aug  9 09:17:32 brollon postfix/submission/smtpd[20017]: warning: unknown[213.176.26.134]: SASL LOGIN authentication failed: UGFzc3dvcmQ6
Aug  9 09:17:32 brollon postfix/submission/smtpd[20017]: disconnect from unknown[213.176.26.134] ehlo=1 auth=0/1 rset=1 quit=1 commands=3/4
Aug  9 09:17:34 brollon postfix/submission/smtpd[15213]: connect from unknown[213.176.26.114]
Aug  9 09:17:35 brollon postfix/smtps/smtpd[20740]: warning: unknown[213.176.26.153]: SASL LOGIN authentication failed: UGFzc3dvcmQ6
Aug  9 09:17:35 brollon postfix/smtps/smtpd[20740]: lost connection after AUTH from unknown[213.176.26.153]
Aug  9 09:17:35 brollon postfix/smtps/smtpd[20740]: disconnect from unknown[213.176.26.153] ehlo=1 auth=0/1 rset=1 commands=2/3
Aug  9 09:17:41 brollon postfix/smtps/smtpd[20739]: connect from unknown[213.176.26.22]
Aug  9 09:17:41 brollon postfix/submission/smtpd[15213]: warning: unknown[213.176.26.114]: SASL LOGIN authentication failed: UGFzc3dvcmQ6
Aug  9 09:17:41 brollon postfix/submission/smtpd[15213]: disconnect from unknown[213.176.26.114] ehlo=1 auth=0/1 rset=1 quit=1 commands=3/4
Aug  9 09:17:43 brollon postfix/submission/smtpd[15102]: connect from unknown[213.176.26.144]
Aug  9 09:17:47 brollon postfix/smtps/smtpd[20739]: warning: unknown[213.176.26.22]: SASL LOGIN authentication failed: UGFzc3dvcmQ6
Aug  9 09:17:47 brollon postfix/smtps/smtpd[20739]: lost connection after AUTH from unknown[213.176.26.22]
Aug  9 09:17:47 brollon postfix/smtps/smtpd[20739]: disconnect from unknown[213.176.26.22] ehlo=1 auth=0/1 rset=1 commands=2/3
Aug  9 09:17:48 brollon postfix/submission/smtpd[15213]: connect from unknown[213.176.26.78]
Aug  9 09:17:48 brollon postfix/submission/smtpd[20017]: connect from unknown[213.176.26.85]
Aug  9 09:17:50 brollon postfix/submission/smtpd[15102]: warning: unknown[213.176.26.144]: SASL LOGIN authentication failed: UGFzc3dvcmQ6
Aug  9 09:17:51 brollon postfix/submission/smtpd[15102]: disconnect from unknown[213.176.26.144] ehlo=1 auth=0/1 rset=1 quit=1 commands=3/4
Aug  9 09:17:52 brollon postfix/smtps/smtpd[20740]: connect from unknown[213.176.26.72]
Aug  9 09:17:55 brollon postfix/submission/smtpd[20017]: warning: unknown[213.176.26.85]: SASL LOGIN authentication failed: UGFzc3dvcmQ6
Aug  9 09:17:55 brollon postfix/submission/smtpd[15213]: warning: unknown[213.176.26.78]: SASL LOGIN authentication failed: UGFzc3dvcmQ6
Aug  9 09:17:55 brollon postfix/submission/smtpd[20017]: disconnect from unknown[213.176.26.85] ehlo=1 auth=0/1 rset=1 quit=1 commands=3/4
Aug  9 09:17:55 brollon postfix/submission/smtpd[15213]: disconnect from unknown[213.176.26.78] ehlo=1 auth=0/1 rset=1 quit=1 commands=3/4
Aug  9 09:17:57 brollon postfix/submission/smtpd[14200]: connect from unknown[213.176.26.74]
Aug  9 09:17:59 brollon postfix/smtps/smtpd[20740]: warning: unknown[213.176.26.72]: SASL LOGIN authentication failed: UGFzc3dvcmQ6
Aug  9 09:18:00 brollon postfix/smtps/smtpd[20740]: lost connection after AUTH from unknown[213.176.26.72]
Aug  9 09:18:00 brollon postfix/smtps/smtpd[20740]: disconnect from unknown[213.176.26.72] ehlo=1 auth=0/1 rset=1 commands=2/3
Aug  9 09:18:02 brollon postfix/submission/smtpd[15102]: connect from unknown[213.176.26.76]
Aug  9 09:18:02 brollon postfix/smtpd[19741]: connect from localhost[127.0.0.1]
Aug  9 09:18:02 brollon postfix/smtpd[19741]: lost connection after CONNECT from localhost[127.0.0.1]
Aug  9 09:18:02 brollon postfix/smtpd[19741]: disconnect from localhost[127.0.0.1] commands=0/0
Aug  9 09:18:02 brollon dovecot: pop3-login: Disconnected (no auth attempts in 0 secs): user=<>, rip=127.0.0.1, lip=127.0.0.1, secured, session=<AjvutplY9sN/AAAB>
Aug  9 09:18:02 brollon dovecot: imap-login: Disconnected (no auth attempts in 0 secs): user=<>, rip=127.0.0.1, lip=127.0.0.1, secured, session=<QDvutplYxst/AAAB>
Aug  9 09:18:03 brollon postfix/submission/smtpd[20017]: connect from unknown[213.176.26.159]
Aug  9 09:18:04 brollon postfix/submission/smtpd[15102]: warning: unknown[213.176.26.76]: SASL LOGIN authentication failed: UGFzc3dvcmQ6
Aug  9 09:18:04 brollon postfix/submission/smtpd[14200]: warning: unknown[213.176.26.74]: SASL LOGIN authentication failed: UGFzc3dvcmQ6
Aug  9 09:18:04 brollon postfix/submission/smtpd[14200]: disconnect from unknown[213.176.26.74] ehlo=1 auth=0/1 rset=1 quit=1 commands=3/4
Aug  9 09:18:04 brollon postfix/submission/smtpd[15102]: disconnect from unknown[213.176.26.76] ehlo=1 auth=0/1 rset=1 quit=1 commands=3/4
Aug  9 09:18:05 brollon postfix/smtps/smtpd[20739]: connect from unknown[213.176.26.58]
Aug  9 09:18:06 brollon postfix/submission/smtpd[15213]: connect from unknown[213.176.26.64]
Aug  9 09:18:10 brollon postfix/submission/smtpd[20017]: warning: unknown[213.176.26.159]: SASL LOGIN authentication failed: UGFzc3dvcmQ6
Aug  9 09:18:10 brollon postfix/submission/smtpd[20017]: disconnect from unknown[213.176.26.159] ehlo=1 auth=0/1 rset=1 quit=1 commands=3/4
Aug  9 09:18:11 brollon postfix/smtps/smtpd[20739]: warning: unknown[213.176.26.58]: SASL LOGIN authentication failed: UGFzc3dvcmQ6
Aug  9 09:18:11 brollon postfix/smtps/smtpd[20739]: lost connection after AUTH from unknown[213.176.26.58]
Aug  9 09:18:11 brollon postfix/smtps/smtpd[20739]: disconnect from unknown[213.176.26.58] ehlo=1 auth=0/1 rset=1 commands=2/3
Aug  9 09:18:13 brollon postfix/submission/smtpd[15213]: warning: unknown[213.176.26.64]: SASL LOGIN authentication failed: UGFzc3dvcmQ6
Aug  9 09:18:13 brollon postfix/submission/smtpd[15213]: disconnect from unknown[213.176.26.64] ehlo=1 auth=0/1 rset=1 quit=1 commands=3/4
Aug  9 09:18:23 brollon postfix/submission/smtpd[15102]: connect from unknown[213.176.26.113]
Aug  9 09:18:28 brollon postfix/submission/smtpd[14200]: connect from unknown[213.176.26.134]
Aug  9 09:18:30 brollon postfix/submission/smtpd[15102]: warning: unknown[213.176.26.113]: SASL LOGIN authentication failed: UGFzc3dvcmQ6
Aug  9 09:18:30 brollon postfix/submission/smtpd[15102]: disconnect from unknown[213.176.26.113] ehlo=1 auth=0/1 rset=1 quit=1 commands=3/4
Aug  9 09:18:34 brollon postfix/submission/smtpd[14200]: warning: unknown[213.176.26.134]: SASL LOGIN authentication failed: UGFzc3dvcmQ6
Aug  9 09:18:34 brollon postfix/submission/smtpd[14200]: disconnect from unknown[213.176.26.134] ehlo=1 auth=0/1 rset=1 quit=1 commands=3/4
Aug  9 09:18:35 brollon postfix/submission/smtpd[20017]: connect from unknown[213.176.26.114]
Aug  9 09:18:42 brollon postfix/submission/smtpd[20017]: warning: unknown[213.176.26.114]: SASL LOGIN authentication failed: UGFzc3dvcmQ6
Aug  9 09:18:42 brollon postfix/submission/smtpd[20017]: disconnect from unknown[213.176.26.114] ehlo=1 auth=0/1 rset=1 quit=1 commands=3/4
Aug  9 09:18:44 brollon postfix/smtps/smtpd[20740]: connect from unknown[213.176.26.182]
Aug  9 09:18:47 brollon postfix/submission/smtpd[15102]: connect from unknown[213.176.26.144]
Aug  9 09:18:50 brollon postfix/smtps/smtpd[20740]: warning: unknown[213.176.26.182]: SASL LOGIN authentication failed: UGFzc3dvcmQ6
Aug  9 09:18:50 brollon postfix/smtps/smtpd[20740]: lost connection after AUTH from unknown[213.176.26.182]
Aug  9 09:18:50 brollon postfix/smtps/smtpd[20740]: disconnect from unknown[213.176.26.182] ehlo=1 auth=0/1 rset=1 commands=2/3
Aug  9 09:18:51 brollon postfix/submission/smtpd[15213]: connect from unknown[213.176.26.78]
Aug  9 09:18:51 brollon postfix/submission/smtpd[20017]: connect from unknown[213.176.26.85]
Aug  9 09:18:54 brollon postfix/submission/smtpd[15102]: warning: unknown[213.176.26.144]: SASL LOGIN authentication failed: UGFzc3dvcmQ6
Aug  9 09:18:55 brollon postfix/submission/smtpd[15213]: warning: unknown[213.176.26.78]: SASL LOGIN authentication failed: UGFzc3dvcmQ6
Aug  9 09:18:55 brollon postfix/submission/smtpd[15102]: disconnect from unknown[213.176.26.144] ehlo=1 auth=0/1 rset=1 quit=1 commands=3/4
Aug  9 09:18:55 brollon postfix/submission/smtpd[15213]: disconnect from unknown[213.176.26.78] ehlo=1 auth=0/1 rset=1 quit=1 commands=3/4
Aug  9 09:18:55 brollon postfix/smtps/smtpd[20739]: connect from unknown[213.176.26.123]
Aug  9 09:18:57 brollon postfix/submission/smtpd[20017]: warning: unknown[213.176.26.85]: SASL LOGIN authentication failed: UGFzc3dvcmQ6
Aug  9 09:18:57 brollon postfix/submission/smtpd[20017]: disconnect from unknown[213.176.26.85] ehlo=1 auth=0/1 rset=1 quit=1 commands=3/4
Aug  9 09:18:59 brollon postfix/smtps/smtpd[20739]: warning: unknown[213.176.26.123]: SASL LOGIN authentication failed: UGFzc3dvcmQ6
Aug  9 09:18:59 brollon postfix/smtps/smtpd[20739]: lost connection after AUTH from unknown[213.176.26.123]
Aug  9 09:18:59 brollon postfix/smtps/smtpd[20739]: disconnect from unknown[213.176.26.123] ehlo=1 auth=0/1 rset=1 commands=2/3
Aug  9 09:19:00 brollon postfix/submission/smtpd[14200]: connect from unknown[213.176.26.74]
Aug  9 09:19:01 brollon postfix/smtpd[19741]: connect from localhost[127.0.0.1]
Aug  9 09:19:01 brollon postfix/smtpd[19741]: lost connection after CONNECT from localhost[127.0.0.1]
Aug  9 09:19:01 brollon postfix/smtpd[19741]: disconnect from localhost[127.0.0.1] commands=0/0
Aug  9 09:19:01 brollon dovecot: imap-login: Disconnected (no auth attempts in 0 secs): user=<>, rip=127.0.0.1, lip=127.0.0.1, secured, session=<SH5tuplYHMx/AAAB>
Aug  9 09:19:01 brollon dovecot: pop3-login: Disconnected (no auth attempts in 0 secs): user=<>, rip=127.0.0.1, lip=127.0.0.1, secured, session=<kJVtuplYTMR/AAAB>
Aug  9 09:19:05 brollon postfix/submission/smtpd[14200]: warning: unknown[213.176.26.74]: SASL LOGIN authentication failed: UGFzc3dvcmQ6
Aug  9 09:19:05 brollon postfix/submission/smtpd[20017]: connect from unknown[213.176.26.76]
Aug  9 09:19:05 brollon postfix/submission/smtpd[15213]: connect from unknown[213.176.26.159]
Aug  9 09:19:05 brollon postfix/submission/smtpd[14200]: disconnect from unknown[213.176.26.74] ehlo=1 auth=0/1 rset=1 quit=1 commands=3/4
Aug  9 09:19:06 brollon postfix/smtps/smtpd[20740]: connect from unknown[213.176.26.44]
Aug  9 09:19:09 brollon postfix/submission/smtpd[15102]: connect from unknown[213.176.26.64]
Aug  9 09:19:09 brollon postfix/submission/smtpd[15213]: warning: unknown[213.176.26.159]: SASL LOGIN authentication failed: UGFzc3dvcmQ6
Aug  9 09:19:10 brollon postfix/submission/smtpd[15213]: disconnect from unknown[213.176.26.159] ehlo=1 auth=0/1 rset=1 quit=1 commands=3/4
Aug  9 09:19:11 brollon postfix/submission/smtpd[20017]: warning: unknown[213.176.26.76]: SASL LOGIN authentication failed: UGFzc3dvcmQ6
Aug  9 09:19:11 brollon postfix/submission/smtpd[20017]: disconnect from unknown[213.176.26.76] ehlo=1 auth=0/1 rset=1 quit=1 commands=3/4
Aug  9 09:19:14 brollon postfix/smtps/smtpd[20740]: warning: unknown[213.176.26.44]: SASL LOGIN authentication failed: UGFzc3dvcmQ6
Aug  9 09:19:14 brollon postfix/submission/smtpd[15102]: warning: unknown[213.176.26.64]: SASL LOGIN authentication failed: UGFzc3dvcmQ6
Aug  9 09:19:15 brollon postfix/submission/smtpd[15102]: disconnect from unknown[213.176.26.64] ehlo=1 auth=0/1 rset=1 quit=1 commands=3/4
Aug  9 09:19:17 brollon postfix/smtps/smtpd[20740]: lost connection after AUTH from unknown[213.176.26.44]
Aug  9 09:19:17 brollon postfix/smtps/smtpd[20740]: disconnect from unknown[213.176.26.44] ehlo=1 auth=0/1 rset=1 commands=2/3
Aug  9 09:19:23 brollon postfix/smtps/smtpd[20739]: connect from unknown[213.176.26.133]
Aug  9 09:19:25 brollon postfix/submission/smtpd[14200]: connect from unknown[213.176.26.113]
Aug  9 09:19:30 brollon postfix/smtps/smtpd[20739]: warning: unknown[213.176.26.133]: SASL LOGIN authentication failed: UGFzc3dvcmQ6
Aug  9 09:19:30 brollon postfix/submission/smtpd[15213]: connect from unknown[213.176.26.134]
Aug  9 09:19:32 brollon postfix/submission/smtpd[14200]: warning: unknown[213.176.26.113]: SASL LOGIN authentication failed: UGFzc3dvcmQ6
Aug  9 09:19:32 brollon postfix/submission/smtpd[14200]: disconnect from unknown[213.176.26.113] ehlo=1 auth=0/1 rset=1 quit=1 commands=3/4
Aug  9 09:19:32 brollon postfix/smtps/smtpd[20739]: lost connection after AUTH from unknown[213.176.26.133]
Aug  9 09:19:32 brollon postfix/smtps/smtpd[20739]: disconnect from unknown[213.176.26.133] ehlo=1 auth=0/1 rset=1 commands=2/3
Aug  9 09:19:36 brollon postfix/submission/smtpd[20017]: connect from unknown[213.176.26.114]
Aug  9 09:19:37 brollon postfix/submission/smtpd[15213]: warning: unknown[213.176.26.134]: SASL LOGIN authentication failed: UGFzc3dvcmQ6
Aug  9 09:19:37 brollon postfix/submission/smtpd[15213]: disconnect from unknown[213.176.26.134] ehlo=1 auth=0/1 rset=1 quit=1 commands=3/4
Aug  9 09:19:42 brollon postfix/submission/smtpd[20017]: warning: unknown[213.176.26.114]: SASL LOGIN authentication failed: UGFzc3dvcmQ6
Aug  9 09:19:42 brollon postfix/submission/smtpd[20017]: disconnect from unknown[213.176.26.114] ehlo=1 auth=0/1 rset=1 quit=1 commands=3/4
Aug  9 09:19:50 brollon postfix/submission/smtpd[15102]: connect from unknown[213.176.26.144]
Aug  9 09:19:54 brollon postfix/submission/smtpd[15213]: connect from unknown[213.176.26.85]
Aug  9 09:19:54 brollon postfix/submission/smtpd[20017]: connect from unknown[213.176.26.78]
Aug  9 09:19:57 brollon postfix/submission/smtpd[15102]: warning: unknown[213.176.26.144]: SASL LOGIN authentication failed: UGFzc3dvcmQ6
Aug  9 09:19:58 brollon postfix/submission/smtpd[15102]: disconnect from unknown[213.176.26.144] ehlo=1 auth=0/1 rset=1 quit=1 commands=3/4
Aug  9 09:19:58 brollon postfix/submission/smtpd[15213]: warning: unknown[213.176.26.85]: SASL LOGIN authentication failed: UGFzc3dvcmQ6
Aug  9 09:19:58 brollon postfix/submission/smtpd[15213]: disconnect from unknown[213.176.26.85] ehlo=1 auth=0/1 rset=1 quit=1 commands=3/4
Aug  9 09:20:01 brollon postfix/submission/smtpd[20017]: warning: unknown[213.176.26.78]: SASL LOGIN authentication failed: UGFzc3dvcmQ6
Aug  9 09:20:01 brollon postfix/submission/smtpd[20017]: disconnect from unknown[213.176.26.78] ehlo=1 auth=0/1 rset=1 quit=1 commands=3/4
Aug  9 09:20:01 brollon postfix/smtpd[19741]: connect from localhost[127.0.0.1]
Aug  9 09:20:01 brollon postfix/smtpd[19741]: lost connection after CONNECT from localhost[127.0.0.1]
Aug  9 09:20:01 brollon postfix/smtpd[19741]: disconnect from localhost[127.0.0.1] commands=0/0
Aug  9 09:20:01 brollon dovecot: imap-login: Disconnected (no auth attempts in 0 secs): user=<>, rip=127.0.0.1, lip=127.0.0.1, secured, session=<90EEvplY8Mx/AAAB>
Aug  9 09:20:01 brollon dovecot: pop3-login: Disconnected (no auth attempts in 0 secs): user=<>, rip=127.0.0.1, lip=127.0.0.1, secured, session=<tEUEvplYIMV/AAAB>
Aug  9 09:20:01 brollon postfix/smtpd[19741]: connect from localhost[127.0.0.1]
Aug  9 09:20:01 brollon postfix/smtpd[19741]: lost connection after CONNECT from localhost[127.0.0.1]
Aug  9 09:20:01 brollon postfix/smtpd[19741]: disconnect from localhost[127.0.0.1] commands=0/0
Aug  9 09:20:01 brollon dovecot: pop3-login: Disconnected (no auth attempts in 0 secs): user=<>, rip=127.0.0.1, lip=127.0.0.1, secured, session=<S2IIvplYLMV/AAAB>
Aug  9 09:20:01 brollon dovecot: imap-login: Disconnected (no auth attempts in 0 secs): user=<>, rip=127.0.0.1, lip=127.0.0.1, secured, session=<82cIvplY/Mx/AAAB>
Aug  9 09:20:04 brollon postfix/submission/smtpd[14200]: connect from unknown[213.176.26.74]
Aug  9 09:20:06 brollon postfix/submission/smtpd[14200]: warning: unknown[213.176.26.74]: SASL LOGIN authentication failed: UGFzc3dvcmQ6
Aug  9 09:20:06 brollon postfix/submission/smtpd[14200]: disconnect from unknown[213.176.26.74] ehlo=1 auth=0/1 rset=1 quit=1 commands=3/4
Aug  9 09:20:07 brollon postfix/submission/smtpd[15213]: connect from unknown[213.176.26.159]
Aug  9 09:20:08 brollon postfix/submission/smtpd[20017]: connect from unknown[213.176.26.76]
Aug  9 09:20:08 brollon postfix/smtpd[19741]: connect from unknown[91.92.240.92]
Aug  9 09:20:10 brollon postfix/smtpd[19741]: warning: unknown[91.92.240.92]: SASL LOGIN authentication failed: UGFzc3dvcmQ6
Aug  9 09:20:10 brollon postfix/smtpd[19741]: disconnect from unknown[91.92.240.92] ehlo=1 auth=0/1 quit=1 commands=2/3
Aug  9 09:20:12 brollon postfix/submission/smtpd[20017]: warning: unknown[213.176.26.76]: SASL LOGIN authentication failed: UGFzc3dvcmQ6
Aug  9 09:20:12 brollon postfix/submission/smtpd[15102]: connect from unknown[213.176.26.64]
Aug  9 09:20:13 brollon postfix/submission/smtpd[20017]: disconnect from unknown[213.176.26.76] ehlo=1 auth=0/1 rset=1 quit=1 commands=3/4
Aug  9 09:20:14 brollon postfix/submission/smtpd[15213]: warning: unknown[213.176.26.159]: SASL LOGIN authentication failed: UGFzc3dvcmQ6
Aug  9 09:20:14 brollon postfix/submission/smtpd[15213]: disconnect from unknown[213.176.26.159] ehlo=1 auth=0/1 rset=1 quit=1 commands=3/4
Aug  9 09:20:18 brollon postfix/submission/smtpd[15102]: warning: unknown[213.176.26.64]: SASL LOGIN authentication failed: UGFzc3dvcmQ6
Aug  9 09:20:18 brollon postfix/submission/smtpd[15102]: disconnect from unknown[213.176.26.64] ehlo=1 auth=0/1 rset=1 quit=1 commands=3/4
Aug  9 09:20:26 brollon postfix/submission/smtpd[14200]: connect from unknown[213.176.26.113]
Aug  9 09:20:33 brollon postfix/submission/smtpd[14200]: warning: unknown[213.176.26.113]: SASL LOGIN authentication failed: UGFzc3dvcmQ6
Aug  9 09:20:33 brollon postfix/submission/smtpd[15102]: connect from unknown[213.176.26.134]
Aug  9 09:20:34 brollon postfix/submission/smtpd[14200]: disconnect from unknown[213.176.26.113] ehlo=1 auth=0/1 rset=1 quit=1 commands=3/4
Aug  9 09:20:36 brollon postfix/submission/smtpd[15213]: connect from unknown[213.176.26.114]
Aug  9 09:20:40 brollon postfix/submission/smtpd[15102]: warning: unknown[213.176.26.134]: SASL LOGIN authentication failed: UGFzc3dvcmQ6
Aug  9 09:20:40 brollon postfix/submission/smtpd[15102]: disconnect from unknown[213.176.26.134] ehlo=1 auth=0/1 rset=1 quit=1 commands=3/4
Aug  9 09:20:43 brollon postfix/submission/smtpd[15213]: warning: unknown[213.176.26.114]: SASL LOGIN authentication failed: UGFzc3dvcmQ6
Aug  9 09:20:43 brollon postfix/submission/smtpd[15213]: disconnect from unknown[213.176.26.114] ehlo=1 auth=0/1 rset=1 quit=1 commands=3/4
Aug  9 09:20:54 brollon postfix/submission/smtpd[20017]: connect from unknown[213.176.26.144]
Aug  9 09:20:56 brollon postfix/submission/smtpd[15213]: connect from unknown[213.176.26.85]
Aug  9 09:20:58 brollon postfix/submission/smtpd[15102]: connect from unknown[213.176.26.78]
Aug  9 09:21:01 brollon postfix/submission/smtpd[15213]: warning: unknown[213.176.26.85]: SASL LOGIN authentication failed: UGFzc3dvcmQ6
Aug  9 09:21:01 brollon postfix/submission/smtpd[20017]: warning: unknown[213.176.26.144]: SASL LOGIN authentication failed: UGFzc3dvcmQ6
Aug  9 09:21:01 brollon postfix/submission/smtpd[20017]: disconnect from unknown[213.176.26.144] ehlo=1 auth=0/1 rset=1 quit=1 commands=3/4
Aug  9 09:21:01 brollon postfix/submission/smtpd[15213]: disconnect from unknown[213.176.26.85] ehlo=1 auth=0/1 rset=1 quit=1 commands=3/4
Aug  9 09:21:02 brollon postfix/smtpd[19741]: connect from localhost[127.0.0.1]
Aug  9 09:21:02 brollon postfix/smtpd[19741]: lost connection after CONNECT from localhost[127.0.0.1]
Aug  9 09:21:02 brollon postfix/smtpd[19741]: disconnect from localhost[127.0.0.1] commands=0/0
Aug  9 09:21:02 brollon dovecot: pop3-login: Disconnected (no auth attempts in 0 secs): user=<>, rip=127.0.0.1, lip=127.0.0.1, secured, session=<NE6iwZlY1MV/AAAB>
Aug  9 09:21:02 brollon dovecot: imap-login: Disconnected (no auth attempts in 0 secs): user=<>, rip=127.0.0.1, lip=127.0.0.1, secured, session=<cVGiwZlYpM1/AAAB>
Aug  9 09:21:04 brollon postfix/submission/smtpd[15102]: warning: unknown[213.176.26.78]: SASL LOGIN authentication failed: UGFzc3dvcmQ6
Aug  9 09:21:04 brollon postfix/submission/smtpd[15102]: disconnect from unknown[213.176.26.78] ehlo=1 auth=0/1 rset=1 quit=1 commands=3/4
Aug  9 09:21:07 brollon postfix/submission/smtpd[14200]: connect from unknown[213.176.26.74]
Aug  9 09:21:08 brollon postfix/submission/smtpd[20017]: connect from unknown[213.176.26.159]
Aug  9 09:21:11 brollon postfix/submission/smtpd[15213]: connect from unknown[213.176.26.76]
Aug  9 09:21:12 brollon postfix/submission/smtpd[15102]: connect from unknown[213.176.24.65]
Aug  9 09:21:14 brollon postfix/submission/smtpd[14200]: warning: unknown[213.176.26.74]: SASL LOGIN authentication failed: UGFzc3dvcmQ6
Aug  9 09:21:15 brollon postfix/submission/smtpd[20017]: warning: unknown[213.176.26.159]: SASL LOGIN authentication failed: UGFzc3dvcmQ6
Aug  9 09:21:15 brollon postfix/submission/smtpd[22377]: connect from unknown[213.176.26.64]
Aug  9 09:21:15 brollon postfix/submission/smtpd[20017]: disconnect from unknown[213.176.26.159] ehlo=1 auth=0/1 rset=1 quit=1 commands=3/4
Aug  9 09:21:15 brollon postfix/submission/smtpd[14200]: disconnect from unknown[213.176.26.74] ehlo=1 auth=0/1 rset=1 quit=1 commands=3/4
Aug  9 09:21:18 brollon postfix/submission/smtpd[15213]: warning: unknown[213.176.26.76]: SASL LOGIN authentication failed: UGFzc3dvcmQ6
Aug  9 09:21:19 brollon postfix/submission/smtpd[15213]: disconnect from unknown[213.176.26.76] ehlo=1 auth=0/1 rset=1 quit=1 commands=3/4
Aug  9 09:21:21 brollon postfix/submission/smtpd[22377]: warning: unknown[213.176.26.64]: SASL LOGIN authentication failed: UGFzc3dvcmQ6
Aug  9 09:21:21 brollon postfix/submission/smtpd[22377]: disconnect from unknown[213.176.26.64] ehlo=1 auth=0/1 rset=1 quit=1 commands=3/4
Aug  9 09:21:23 brollon postfix/submission/smtpd[15102]: warning: unknown[213.176.24.65]: SASL LOGIN authentication failed: UGFzc3dvcmQ6
Aug  9 09:21:23 brollon postfix/submission/smtpd[15102]: lost connection after AUTH from unknown[213.176.24.65]
Aug  9 09:21:23 brollon postfix/submission/smtpd[15102]: disconnect from unknown[213.176.24.65] ehlo=1 auth=0/1 rset=1 commands=2/3
Aug  9 09:21:27 brollon postfix/submission/smtpd[20017]: connect from unknown[213.176.26.113]
Aug  9 09:21:30 brollon postfix/submission/smtpd[20017]: warning: unknown[213.176.26.113]: SASL LOGIN authentication failed: UGFzc3dvcmQ6
Aug  9 09:21:30 brollon postfix/submission/smtpd[20017]: disconnect from unknown[213.176.26.113] ehlo=1 auth=0/1 rset=1 quit=1 commands=3/4
Aug  9 09:21:33 brollon dovecot: imap-login: Login: user=<comunicacion@concellodapobradobrollon.gal>, method=PLAIN, rip=31.221.174.82, lip=54.37.21.250, mpid=22393, TLS, session=<Msx4w5lY+gkf3a5S>
Aug  9 09:21:33 brollon postfix/smtps/smtpd[22394]: connect from unknown[213.176.26.166]
Aug  9 09:21:35 brollon postfix/submission/smtpd[15102]: connect from unknown[213.176.26.134]
Aug  9 09:21:37 brollon postfix/smtps/smtpd[22396]: connect from unknown[213.176.26.63]
Aug  9 09:21:37 brollon postfix/submission/smtpd[20017]: connect from unknown[213.176.26.114]
Aug  9 09:21:39 brollon postfix/smtps/smtpd[22394]: warning: unknown[213.176.26.166]: SASL LOGIN authentication failed: UGFzc3dvcmQ6
Aug  9 09:21:39 brollon postfix/smtps/smtpd[22394]: lost connection after AUTH from unknown[213.176.26.166]
Aug  9 09:21:39 brollon postfix/smtps/smtpd[22394]: disconnect from unknown[213.176.26.166] ehlo=1 auth=0/1 rset=1 commands=2/3
Aug  9 09:21:42 brollon postfix/submission/smtpd[15102]: warning: unknown[213.176.26.134]: SASL LOGIN authentication failed: UGFzc3dvcmQ6
Aug  9 09:21:42 brollon postfix/submission/smtpd[15102]: disconnect from unknown[213.176.26.134] ehlo=1 auth=0/1 rset=1 quit=1 commands=3/4
Aug  9 09:21:43 brollon postfix/submission/smtpd[20017]: warning: unknown[213.176.26.114]: SASL LOGIN authentication failed: UGFzc3dvcmQ6
Aug  9 09:21:43 brollon postfix/submission/smtpd[20017]: disconnect from unknown[213.176.26.114] ehlo=1 auth=0/1 rset=1 quit=1 commands=3/4
Aug  9 09:21:44 brollon postfix/smtps/smtpd[22396]: warning: unknown[213.176.26.63]: SASL LOGIN authentication failed: UGFzc3dvcmQ6
Aug  9 09:21:45 brollon postfix/smtps/smtpd[22396]: lost connection after AUTH from unknown[213.176.26.63]
Aug  9 09:21:45 brollon postfix/smtps/smtpd[22396]: disconnect from unknown[213.176.26.63] ehlo=1 auth=0/1 rset=1 commands=2/3
Aug  9 09:21:57 brollon postfix/submission/smtpd[22377]: connect from unknown[213.176.26.144]
Aug  9 09:21:59 brollon postfix/submission/smtpd[20017]: connect from unknown[213.176.26.85]
Aug  9 09:22:01 brollon postfix/submission/smtpd[15102]: connect from unknown[213.176.26.78]
Aug  9 09:22:01 brollon postfix/smtpd[19741]: connect from localhost[127.0.0.1]
Aug  9 09:22:01 brollon postfix/smtpd[19741]: lost connection after CONNECT from localhost[127.0.0.1]
Aug  9 09:22:01 brollon postfix/smtpd[19741]: disconnect from localhost[127.0.0.1] commands=0/0
Aug  9 09:22:01 brollon dovecot: imap-login: Disconnected (no auth attempts in 0 secs): user=<>, rip=127.0.0.1, lip=127.0.0.1, secured, session=<J5YpxZlYfM5/AAAB>
Aug  9 09:22:01 brollon dovecot: pop3-login: Disconnected (no auth attempts in 0 secs): user=<>, rip=127.0.0.1, lip=127.0.0.1, secured, session=<VeApxZlYrMZ/AAAB>
Aug  9 09:22:03 brollon postfix/submission/smtpd[22377]: warning: unknown[213.176.26.144]: SASL LOGIN authentication failed: UGFzc3dvcmQ6
Aug  9 09:22:03 brollon postfix/submission/smtpd[22377]: disconnect from unknown[213.176.26.144] ehlo=1 auth=0/1 rset=1 quit=1 commands=3/4
Aug  9 09:22:04 brollon postfix/smtps/smtpd[22394]: connect from unknown[213.176.26.54]
Aug  9 09:22:06 brollon postfix/submission/smtpd[20017]: warning: unknown[213.176.26.85]: SASL LOGIN authentication failed: UGFzc3dvcmQ6
Aug  9 09:22:06 brollon postfix/submission/smtpd[20017]: disconnect from unknown[213.176.26.85] ehlo=1 auth=0/1 rset=1 quit=1 commands=3/4
Aug  9 09:22:08 brollon postfix/submission/smtpd[15102]: warning: unknown[213.176.26.78]: SASL LOGIN authentication failed: UGFzc3dvcmQ6
Aug  9 09:22:08 brollon postfix/submission/smtpd[15102]: disconnect from unknown[213.176.26.78] ehlo=1 auth=0/1 rset=1 quit=1 commands=3/4
Aug  9 09:22:10 brollon postfix/submission/smtpd[15213]: connect from unknown[213.176.26.74]
Aug  9 09:22:10 brollon postfix/submission/smtpd[20017]: connect from unknown[213.176.26.159]
Aug  9 09:22:11 brollon postfix/smtps/smtpd[22394]: warning: unknown[213.176.26.54]: SASL LOGIN authentication failed: UGFzc3dvcmQ6
Aug  9 09:22:12 brollon postfix/submission/smtpd[20017]: warning: unknown[213.176.26.159]: SASL LOGIN authentication failed: UGFzc3dvcmQ6
Aug  9 09:22:12 brollon postfix/submission/smtpd[20017]: disconnect from unknown[213.176.26.159] ehlo=1 auth=0/1 rset=1 quit=1 commands=3/4
Aug  9 09:22:13 brollon postfix/smtps/smtpd[22394]: lost connection after AUTH from unknown[213.176.26.54]
Aug  9 09:22:13 brollon postfix/smtps/smtpd[22394]: disconnect from unknown[213.176.26.54] ehlo=1 auth=0/1 rset=1 commands=2/3
Aug  9 09:22:14 brollon postfix/submission/smtpd[15102]: connect from unknown[213.176.26.76]
