AlkantarClanX12

Your IP : 216.73.217.128


Current Path : /var/log/
Upload File :
Current File : //var/log/mail.log

Aug  9 06:25:12 brollon postfix/submission/smtpd[18042]: connect from unknown[213.176.26.159]
Aug  9 06:25:13 brollon postfix/submission/smtpd[13711]: connect from unknown[213.176.26.134]
Aug  9 06:25:16 brollon postfix/submission/smtpd[18042]: warning: unknown[213.176.26.159]: SASL LOGIN authentication failed: UGFzc3dvcmQ6
Aug  9 06:25:16 brollon postfix/submission/smtpd[18042]: disconnect from unknown[213.176.26.159] ehlo=1 auth=0/1 rset=1 quit=1 commands=3/4
Aug  9 06:25:16 brollon postfix/submission/smtpd[19331]: connect from unknown[213.176.26.76]
Aug  9 06:25:19 brollon postfix/submission/smtpd[13711]: warning: unknown[213.176.26.134]: SASL LOGIN authentication failed: UGFzc3dvcmQ6
Aug  9 06:25:19 brollon postfix/submission/smtpd[13711]: disconnect from unknown[213.176.26.134] ehlo=1 auth=0/1 rset=1 quit=1 commands=3/4
Aug  9 06:25:20 brollon postfix/smtps/smtpd[20714]: connect from unknown[213.176.26.62]
Aug  9 06:25:23 brollon postfix/submission/smtpd[19331]: warning: unknown[213.176.26.76]: SASL LOGIN authentication failed: UGFzc3dvcmQ6
Aug  9 06:25:23 brollon postfix/submission/smtpd[19331]: disconnect from unknown[213.176.26.76] ehlo=1 auth=0/1 rset=1 quit=1 commands=3/4
Aug  9 06:25:25 brollon postfix/submission/smtpd[18040]: connect from unknown[213.176.26.144]
Aug  9 06:25:27 brollon postfix/smtps/smtpd[22183]: connect from unknown[213.176.26.122]
Aug  9 06:25:28 brollon postfix/smtps/smtpd[20714]: warning: unknown[213.176.26.62]: SASL LOGIN authentication failed: UGFzc3dvcmQ6
Aug  9 06:25:30 brollon postfix/submission/smtpd[18042]: connect from unknown[213.176.26.114]
Aug  9 06:25:31 brollon postfix/smtps/smtpd[22183]: warning: unknown[213.176.26.122]: SASL LOGIN authentication failed: UGFzc3dvcmQ6
Aug  9 06:25:31 brollon postfix/smtps/smtpd[19958]: warning: unknown[213.176.24.64]: SASL LOGIN authentication failed: UGFzc3dvcmQ6
Aug  9 06:25:31 brollon postfix/smtps/smtpd[22183]: lost connection after AUTH from unknown[213.176.26.122]
Aug  9 06:25:31 brollon postfix/smtps/smtpd[22183]: disconnect from unknown[213.176.26.122] ehlo=1 auth=0/1 rset=1 commands=2/3
Aug  9 06:25:31 brollon postfix/smtps/smtpd[20714]: lost connection after AUTH from unknown[213.176.26.62]
Aug  9 06:25:31 brollon postfix/smtps/smtpd[20714]: disconnect from unknown[213.176.26.62] ehlo=1 auth=0/1 rset=1 commands=2/3
Aug  9 06:25:32 brollon postfix/submission/smtpd[18040]: warning: unknown[213.176.26.144]: SASL LOGIN authentication failed: UGFzc3dvcmQ6
Aug  9 06:25:32 brollon postfix/smtps/smtpd[19958]: lost connection after AUTH from unknown[213.176.24.64]
Aug  9 06:25:32 brollon postfix/smtps/smtpd[19958]: disconnect from unknown[213.176.24.64] ehlo=1 auth=0/1 rset=1 commands=2/3
Aug  9 06:25:32 brollon postfix/submission/smtpd[18040]: disconnect from unknown[213.176.26.144] ehlo=1 auth=0/1 rset=1 quit=1 commands=3/4
Aug  9 06:25:32 brollon postfix/smtps/smtpd[22183]: connect from unknown[213.176.26.42]
Aug  9 06:25:33 brollon postfix/smtps/smtpd[19958]: connect from unknown[213.176.26.37]
Aug  9 06:25:35 brollon postfix/submission/smtpd[18042]: warning: unknown[213.176.26.114]: SASL LOGIN authentication failed: UGFzc3dvcmQ6
Aug  9 06:25:35 brollon postfix/submission/smtpd[18042]: disconnect from unknown[213.176.26.114] ehlo=1 auth=0/1 rset=1 quit=1 commands=3/4
Aug  9 06:25:37 brollon postfix/submission/smtpd[13711]: connect from unknown[213.176.26.85]
Aug  9 06:25:39 brollon postfix/smtps/smtpd[19958]: warning: unknown[213.176.26.37]: SASL LOGIN authentication failed: UGFzc3dvcmQ6
Aug  9 06:25:39 brollon postfix/smtps/smtpd[22183]: warning: unknown[213.176.26.42]: SASL LOGIN authentication failed: UGFzc3dvcmQ6
Aug  9 06:25:39 brollon postfix/smtps/smtpd[22183]: lost connection after AUTH from unknown[213.176.26.42]
Aug  9 06:25:39 brollon postfix/smtps/smtpd[22183]: disconnect from unknown[213.176.26.42] ehlo=1 auth=0/1 rset=1 commands=2/3
Aug  9 06:25:39 brollon postfix/smtps/smtpd[19958]: lost connection after AUTH from unknown[213.176.26.37]
Aug  9 06:25:39 brollon postfix/smtps/smtpd[19958]: disconnect from unknown[213.176.26.37] ehlo=1 auth=0/1 rset=1 commands=2/3
Aug  9 06:25:39 brollon postfix/submission/smtpd[19331]: connect from unknown[213.176.26.113]
Aug  9 06:25:40 brollon postfix/smtps/smtpd[20714]: connect from unknown[213.176.26.29]
Aug  9 06:25:41 brollon postfix/smtps/smtpd[22183]: connect from unknown[213.176.26.88]
Aug  9 06:25:44 brollon postfix/submission/smtpd[13711]: warning: unknown[213.176.26.85]: SASL LOGIN authentication failed: UGFzc3dvcmQ6
Aug  9 06:25:44 brollon postfix/smtps/smtpd[22183]: warning: unknown[213.176.26.88]: SASL LOGIN authentication failed: UGFzc3dvcmQ6
Aug  9 06:25:44 brollon postfix/smtps/smtpd[22183]: lost connection after AUTH from unknown[213.176.26.88]
Aug  9 06:25:44 brollon postfix/smtps/smtpd[22183]: disconnect from unknown[213.176.26.88] ehlo=1 auth=0/1 rset=1 commands=2/3
Aug  9 06:25:44 brollon postfix/submission/smtpd[13711]: disconnect from unknown[213.176.26.85] ehlo=1 auth=0/1 rset=1 quit=1 commands=3/4
Aug  9 06:25:45 brollon postfix/smtps/smtpd[20714]: warning: unknown[213.176.26.29]: SASL LOGIN authentication failed: UGFzc3dvcmQ6
Aug  9 06:25:45 brollon postfix/smtps/smtpd[20714]: lost connection after AUTH from unknown[213.176.26.29]
Aug  9 06:25:45 brollon postfix/smtps/smtpd[20714]: disconnect from unknown[213.176.26.29] ehlo=1 auth=0/1 rset=1 commands=2/3
Aug  9 06:25:46 brollon postfix/submission/smtpd[19331]: warning: unknown[213.176.26.113]: SASL LOGIN authentication failed: UGFzc3dvcmQ6
Aug  9 06:25:46 brollon postfix/submission/smtpd[19331]: disconnect from unknown[213.176.26.113] ehlo=1 auth=0/1 rset=1 quit=1 commands=3/4
Aug  9 06:25:46 brollon postfix/smtps/smtpd[19958]: connect from unknown[213.176.26.87]
Aug  9 06:25:46 brollon postfix/smtps/smtpd[22183]: connect from unknown[213.176.26.182]
Aug  9 06:25:50 brollon postfix/smtps/smtpd[19958]: warning: unknown[213.176.26.87]: SASL LOGIN authentication failed: UGFzc3dvcmQ6
Aug  9 06:25:50 brollon postfix/smtps/smtpd[19958]: lost connection after AUTH from unknown[213.176.26.87]
Aug  9 06:25:50 brollon postfix/smtps/smtpd[19958]: disconnect from unknown[213.176.26.87] ehlo=1 auth=0/1 rset=1 commands=2/3
Aug  9 06:25:52 brollon postfix/smtps/smtpd[22183]: warning: unknown[213.176.26.182]: SASL LOGIN authentication failed: UGFzc3dvcmQ6
Aug  9 06:25:52 brollon postfix/smtps/smtpd[22183]: lost connection after AUTH from unknown[213.176.26.182]
Aug  9 06:25:52 brollon postfix/smtps/smtpd[22183]: disconnect from unknown[213.176.26.182] ehlo=1 auth=0/1 rset=1 commands=2/3
Aug  9 06:25:54 brollon postfix/submission/smtpd[18040]: connect from unknown[213.176.26.74]
Aug  9 06:25:55 brollon postfix/submission/smtpd[18042]: connect from unknown[213.176.26.64]
Aug  9 06:26:00 brollon postfix/submission/smtpd[18040]: warning: unknown[213.176.26.74]: SASL LOGIN authentication failed: UGFzc3dvcmQ6
Aug  9 06:26:01 brollon postfix/submission/smtpd[18040]: disconnect from unknown[213.176.26.74] ehlo=1 auth=0/1 rset=1 quit=1 commands=3/4
Aug  9 06:26:01 brollon postfix/smtpd[17434]: connect from localhost[127.0.0.1]
Aug  9 06:26:01 brollon postfix/smtpd[17434]: lost connection after CONNECT from localhost[127.0.0.1]
Aug  9 06:26:01 brollon postfix/smtpd[17434]: disconnect from localhost[127.0.0.1] commands=0/0
Aug  9 06:26:01 brollon dovecot: imap-login: Disconnected (no auth attempts in 0 secs): user=<>, rip=127.0.0.1, lip=127.0.0.1, secured, session=<CYTAT5dYGKB/AAAB>
Aug  9 06:26:01 brollon dovecot: pop3-login: Disconnected (no auth attempts in 0 secs): user=<>, rip=127.0.0.1, lip=127.0.0.1, secured, session=<AbTAT5dYSJh/AAAB>
Aug  9 06:26:02 brollon postfix/submission/smtpd[18042]: warning: unknown[213.176.26.64]: SASL LOGIN authentication failed: UGFzc3dvcmQ6
Aug  9 06:26:02 brollon postfix/submission/smtpd[13711]: connect from unknown[213.176.26.78]
Aug  9 06:26:02 brollon postfix/submission/smtpd[18042]: disconnect from unknown[213.176.26.64] ehlo=1 auth=0/1 rset=1 quit=1 commands=3/4
Aug  9 06:26:03 brollon postfix/smtps/smtpd[20714]: connect from unknown[213.176.26.194]
Aug  9 06:26:03 brollon postfix/smtps/smtpd[22183]: connect from unknown[213.176.26.69]
Aug  9 06:26:09 brollon postfix/submission/smtpd[13711]: warning: unknown[213.176.26.78]: SASL LOGIN authentication failed: UGFzc3dvcmQ6
Aug  9 06:26:10 brollon postfix/submission/smtpd[13711]: disconnect from unknown[213.176.26.78] ehlo=1 auth=0/1 rset=1 quit=1 commands=3/4
Aug  9 06:26:10 brollon postfix/smtps/smtpd[20714]: warning: unknown[213.176.26.194]: SASL LOGIN authentication failed: UGFzc3dvcmQ6
Aug  9 06:26:10 brollon postfix/smtps/smtpd[20714]: lost connection after AUTH from unknown[213.176.26.194]
Aug  9 06:26:10 brollon postfix/smtps/smtpd[20714]: disconnect from unknown[213.176.26.194] ehlo=1 auth=0/1 rset=1 commands=2/3
Aug  9 06:26:11 brollon postfix/smtps/smtpd[22183]: warning: unknown[213.176.26.69]: SASL LOGIN authentication failed: UGFzc3dvcmQ6
Aug  9 06:26:13 brollon postfix/submission/smtpd[19331]: connect from unknown[213.176.26.159]
Aug  9 06:26:13 brollon postfix/smtps/smtpd[22183]: lost connection after AUTH from unknown[213.176.26.69]
Aug  9 06:26:13 brollon postfix/smtps/smtpd[22183]: disconnect from unknown[213.176.26.69] ehlo=1 auth=0/1 rset=1 commands=2/3
Aug  9 06:26:15 brollon postfix/submission/smtpd[19331]: warning: unknown[213.176.26.159]: SASL LOGIN authentication failed: UGFzc3dvcmQ6
Aug  9 06:26:15 brollon postfix/submission/smtpd[19331]: disconnect from unknown[213.176.26.159] ehlo=1 auth=0/1 rset=1 quit=1 commands=3/4
Aug  9 06:26:15 brollon postfix/submission/smtpd[18040]: connect from unknown[213.176.26.134]
Aug  9 06:26:19 brollon postfix/submission/smtpd[19331]: connect from unknown[213.176.26.76]
Aug  9 06:26:21 brollon postfix/smtps/smtpd[19958]: connect from unknown[213.176.26.123]
Aug  9 06:26:22 brollon postfix/submission/smtpd[18040]: warning: unknown[213.176.26.134]: SASL LOGIN authentication failed: UGFzc3dvcmQ6
Aug  9 06:26:22 brollon postfix/submission/smtpd[18040]: disconnect from unknown[213.176.26.134] ehlo=1 auth=0/1 rset=1 quit=1 commands=3/4
Aug  9 06:26:25 brollon postfix/submission/smtpd[19331]: warning: unknown[213.176.26.76]: SASL LOGIN authentication failed: UGFzc3dvcmQ6
Aug  9 06:26:25 brollon postfix/smtps/smtpd[19958]: warning: unknown[213.176.26.123]: SASL LOGIN authentication failed: UGFzc3dvcmQ6
Aug  9 06:26:25 brollon dovecot: imap-login: Login: user=<secretaria@concellodapobradobrollon.gal>, method=PLAIN, rip=83.48.54.234, lip=54.37.21.250, mpid=22273, session=<mVArUZdY1MFTMDbq>
Aug  9 06:26:25 brollon postfix/smtps/smtpd[19958]: lost connection after AUTH from unknown[213.176.26.123]
Aug  9 06:26:25 brollon postfix/smtps/smtpd[19958]: disconnect from unknown[213.176.26.123] ehlo=1 auth=0/1 rset=1 commands=2/3
Aug  9 06:26:26 brollon postfix/submission/smtpd[19331]: disconnect from unknown[213.176.26.76] ehlo=1 auth=0/1 rset=1 quit=1 commands=3/4
Aug  9 06:26:28 brollon postfix/submission/smtpd[13711]: connect from unknown[213.176.26.144]
Aug  9 06:26:28 brollon dovecot: imap-login: Disconnected (no auth attempts in 0 secs): user=<>, rip=198.235.24.134, lip=54.37.21.250, session=<9pJcUZdYvvrG6xiG>
Aug  9 06:26:31 brollon postfix/submission/smtpd[19331]: connect from unknown[213.176.26.114]
Aug  9 06:26:33 brollon dovecot: pop3-login: Disconnected (no auth attempts in 0 secs): user=<>, rip=18.218.118.203, lip=54.37.21.250, TLS handshaking: SSL_accept() failed: error:1408F09C:SSL routines:ssl3_get_record:http request, session=<JE+gUZdYGOAS2nbL>
Aug  9 06:26:35 brollon postfix/submission/smtpd[13711]: warning: unknown[213.176.26.144]: SASL LOGIN authentication failed: UGFzc3dvcmQ6
Aug  9 06:26:36 brollon postfix/submission/smtpd[13711]: disconnect from unknown[213.176.26.144] ehlo=1 auth=0/1 rset=1 quit=1 commands=3/4
Aug  9 06:26:38 brollon postfix/submission/smtpd[19331]: warning: unknown[213.176.26.114]: SASL LOGIN authentication failed: UGFzc3dvcmQ6
Aug  9 06:26:38 brollon postfix/submission/smtpd[19331]: disconnect from unknown[213.176.26.114] ehlo=1 auth=0/1 rset=1 quit=1 commands=3/4
Aug  9 06:26:40 brollon postfix/submission/smtpd[18040]: connect from unknown[213.176.26.85]
Aug  9 06:26:40 brollon postfix/submission/smtpd[19331]: connect from unknown[213.176.26.113]
Aug  9 06:26:43 brollon postfix/anvil[12649]: statistics: max connection rate 2/60s for (submission:213.176.26.114) at Aug  9 06:20:26
Aug  9 06:26:43 brollon postfix/anvil[12649]: statistics: max connection count 1 for (smtps:213.176.24.64) at Aug  9 06:16:45
Aug  9 06:26:43 brollon postfix/anvil[12649]: statistics: max cache size 22 at Aug  9 06:26:21
Aug  9 06:26:44 brollon postfix/submission/smtpd[19331]: warning: unknown[213.176.26.113]: SASL LOGIN authentication failed: UGFzc3dvcmQ6
Aug  9 06:26:44 brollon postfix/submission/smtpd[19331]: disconnect from unknown[213.176.26.113] ehlo=1 auth=0/1 rset=1 quit=1 commands=3/4
Aug  9 06:26:46 brollon postfix/smtpd[17434]: connect from unknown[unknown]
Aug  9 06:26:46 brollon postfix/smtpd[17434]: lost connection after CONNECT from unknown[unknown]
Aug  9 06:26:46 brollon postfix/smtpd[17434]: disconnect from unknown[unknown] commands=0/0
Aug  9 06:26:46 brollon postfix/smtpd[17434]: connect from unknown[157.230.108.191]
Aug  9 06:26:46 brollon postfix/smtpd[17434]: lost connection after CONNECT from unknown[157.230.108.191]
Aug  9 06:26:46 brollon postfix/smtpd[17434]: disconnect from unknown[157.230.108.191] commands=0/0
Aug  9 06:26:46 brollon postfix/smtpd[17434]: connect from unknown[167.172.108.50]
Aug  9 06:26:46 brollon postfix/smtpd[22286]: connect from unknown[68.183.78.2]
Aug  9 06:26:46 brollon postfix/smtpd[22286]: lost connection after CONNECT from unknown[68.183.78.2]
Aug  9 06:26:46 brollon postfix/smtpd[22286]: disconnect from unknown[68.183.78.2] commands=0/0
Aug  9 06:26:46 brollon postfix/smtpd[17434]: lost connection after STARTTLS from unknown[167.172.108.50]
Aug  9 06:26:46 brollon postfix/smtpd[17434]: disconnect from unknown[167.172.108.50] ehlo=1 starttls=1 commands=2
Aug  9 06:26:47 brollon postfix/submission/smtpd[18040]: warning: unknown[213.176.26.85]: SASL LOGIN authentication failed: UGFzc3dvcmQ6
Aug  9 06:26:47 brollon postfix/smtpd[22286]: connect from unknown[167.172.108.50]
Aug  9 06:26:47 brollon postfix/smtpd[22286]: lost connection after CONNECT from unknown[167.172.108.50]
Aug  9 06:26:47 brollon postfix/smtpd[22286]: disconnect from unknown[167.172.108.50] commands=0/0
Aug  9 06:26:47 brollon postfix/smtpd[17434]: connect from unknown[167.172.108.50]
Aug  9 06:26:47 brollon postfix/smtpd[17434]: lost connection after CONNECT from unknown[167.172.108.50]
Aug  9 06:26:47 brollon postfix/smtpd[17434]: disconnect from unknown[167.172.108.50] commands=0/0
Aug  9 06:26:47 brollon postfix/smtpd[22286]: connect from unknown[167.172.108.50]
Aug  9 06:26:47 brollon postfix/smtpd[22286]: lost connection after CONNECT from unknown[167.172.108.50]
Aug  9 06:26:47 brollon postfix/smtpd[22286]: disconnect from unknown[167.172.108.50] commands=0/0
Aug  9 06:26:47 brollon postfix/smtpd[17434]: connect from unknown[167.172.108.50]
Aug  9 06:26:47 brollon postfix/submission/smtpd[18040]: disconnect from unknown[213.176.26.85] ehlo=1 auth=0/1 rset=1 quit=1 commands=3/4
Aug  9 06:26:47 brollon postfix/smtpd[17434]: lost connection after CONNECT from unknown[167.172.108.50]
Aug  9 06:26:47 brollon postfix/smtpd[17434]: disconnect from unknown[167.172.108.50] commands=0/0
Aug  9 06:26:47 brollon postfix/smtpd[22286]: connect from unknown[167.172.108.50]
Aug  9 06:26:47 brollon postfix/smtpd[22286]: lost connection after CONNECT from unknown[167.172.108.50]
Aug  9 06:26:47 brollon postfix/smtpd[22286]: disconnect from unknown[167.172.108.50] commands=0/0
Aug  9 06:26:47 brollon postfix/smtpd[17434]: connect from unknown[167.172.108.50]
Aug  9 06:26:47 brollon postfix/smtpd[17434]: lost connection after CONNECT from unknown[167.172.108.50]
Aug  9 06:26:47 brollon postfix/smtpd[17434]: disconnect from unknown[167.172.108.50] commands=0/0
Aug  9 06:26:47 brollon postfix/smtpd[22286]: connect from unknown[167.172.108.50]
Aug  9 06:26:47 brollon postfix/smtpd[22286]: lost connection after CONNECT from unknown[167.172.108.50]
Aug  9 06:26:47 brollon postfix/smtpd[22286]: disconnect from unknown[167.172.108.50] commands=0/0
Aug  9 06:26:47 brollon postfix/smtpd[17434]: connect from unknown[167.172.108.50]
Aug  9 06:26:47 brollon postfix/smtpd[17434]: lost connection after CONNECT from unknown[167.172.108.50]
Aug  9 06:26:47 brollon postfix/smtpd[17434]: disconnect from unknown[167.172.108.50] commands=0/0
Aug  9 06:26:47 brollon postfix/smtpd[22286]: connect from unknown[167.172.108.50]
Aug  9 06:26:47 brollon postfix/smtpd[22286]: lost connection after CONNECT from unknown[167.172.108.50]
Aug  9 06:26:47 brollon postfix/smtpd[22286]: disconnect from unknown[167.172.108.50] commands=0/0
Aug  9 06:26:47 brollon postfix/smtpd[17434]: connect from unknown[167.172.108.50]
Aug  9 06:26:47 brollon postfix/smtpd[17434]: lost connection after CONNECT from unknown[167.172.108.50]
Aug  9 06:26:47 brollon postfix/smtpd[17434]: disconnect from unknown[167.172.108.50] commands=0/0
Aug  9 06:26:51 brollon postfix/smtps/smtpd[22183]: connect from unknown[213.176.26.23]
Aug  9 06:26:56 brollon postfix/smtps/smtpd[22183]: warning: unknown[213.176.26.23]: SASL LOGIN authentication failed: VXNlcm5hbWU6
Aug  9 06:26:56 brollon postfix/smtps/smtpd[22183]: lost connection after UNKNOWN from unknown[213.176.26.23]
Aug  9 06:26:56 brollon postfix/smtps/smtpd[22183]: disconnect from unknown[213.176.26.23] ehlo=1 auth=0/1 rset=1 unknown=0/1 commands=2/4
Aug  9 06:26:58 brollon postfix/submission/smtpd[18042]: connect from unknown[213.176.26.74]
Aug  9 06:26:58 brollon postfix/submission/smtpd[19331]: connect from unknown[213.176.26.64]
Aug  9 06:26:59 brollon postfix/smtps/smtpd[20714]: connect from unknown[213.176.26.186]
Aug  9 06:27:01 brollon postfix/smtpd[22286]: connect from localhost[127.0.0.1]
Aug  9 06:27:01 brollon postfix/smtpd[22286]: lost connection after CONNECT from localhost[127.0.0.1]
Aug  9 06:27:01 brollon postfix/smtpd[22286]: disconnect from localhost[127.0.0.1] commands=0/0
Aug  9 06:27:01 brollon dovecot: imap-login: Disconnected (no auth attempts in 0 secs): user=<>, rip=127.0.0.1, lip=127.0.0.1, secured, session=<iJJXU5dYmKB/AAAB>
Aug  9 06:27:01 brollon dovecot: pop3-login: Disconnected (no auth attempts in 0 secs): user=<>, rip=127.0.0.1, lip=127.0.0.1, secured, session=<UKRXU5dYyJh/AAAB>
Aug  9 06:27:02 brollon postfix/smtps/smtpd[20714]: warning: unknown[213.176.26.186]: SASL LOGIN authentication failed: UGFzc3dvcmQ6
Aug  9 06:27:03 brollon postfix/smtps/smtpd[20714]: lost connection after AUTH from unknown[213.176.26.186]
Aug  9 06:27:03 brollon postfix/smtps/smtpd[20714]: disconnect from unknown[213.176.26.186] ehlo=1 auth=0/1 rset=1 commands=2/3
Aug  9 06:27:04 brollon postfix/submission/smtpd[18042]: warning: unknown[213.176.26.74]: SASL LOGIN authentication failed: UGFzc3dvcmQ6
Aug  9 06:27:04 brollon postfix/submission/smtpd[18042]: disconnect from unknown[213.176.26.74] ehlo=1 auth=0/1 rset=1 quit=1 commands=3/4
Aug  9 06:27:05 brollon postfix/submission/smtpd[18040]: connect from unknown[213.176.26.78]
Aug  9 06:27:06 brollon postfix/submission/smtpd[19331]: warning: unknown[213.176.26.64]: SASL LOGIN authentication failed: UGFzc3dvcmQ6
Aug  9 06:27:06 brollon postfix/submission/smtpd[19331]: disconnect from unknown[213.176.26.64] ehlo=1 auth=0/1 rset=1 quit=1 commands=3/4
Aug  9 06:27:11 brollon postfix/smtpd[17434]: connect from unknown[2.57.122.98]
Aug  9 06:27:12 brollon postfix/submission/smtpd[18040]: warning: unknown[213.176.26.78]: SASL LOGIN authentication failed: UGFzc3dvcmQ6
Aug  9 06:27:12 brollon dovecot: imap(secretaria@concellodapobradobrollon.gal): Logged out in=721 out=81385
Aug  9 06:27:13 brollon postfix/smtpd[17434]: warning: unknown[2.57.122.98]: SASL LOGIN authentication failed: UGFzc3dvcmQ6
Aug  9 06:27:13 brollon postfix/smtpd[17434]: disconnect from unknown[2.57.122.98] ehlo=1 auth=0/1 quit=1 commands=2/3
Aug  9 06:27:13 brollon postfix/submission/smtpd[18040]: disconnect from unknown[213.176.26.78] ehlo=1 auth=0/1 rset=1 quit=1 commands=3/4
Aug  9 06:27:15 brollon postfix/submission/smtpd[18042]: connect from unknown[213.176.26.159]
Aug  9 06:27:17 brollon postfix/submission/smtpd[18040]: connect from unknown[213.176.26.134]
Aug  9 06:27:20 brollon postfix/submission/smtpd[18040]: warning: unknown[213.176.26.134]: SASL LOGIN authentication failed: UGFzc3dvcmQ6
Aug  9 06:27:20 brollon postfix/submission/smtpd[18040]: disconnect from unknown[213.176.26.134] ehlo=1 auth=0/1 rset=1 quit=1 commands=3/4
Aug  9 06:27:21 brollon postfix/submission/smtpd[18042]: warning: unknown[213.176.26.159]: SASL LOGIN authentication failed: UGFzc3dvcmQ6
Aug  9 06:27:21 brollon postfix/submission/smtpd[18042]: disconnect from unknown[213.176.26.159] ehlo=1 auth=0/1 rset=1 quit=1 commands=3/4
Aug  9 06:27:22 brollon postfix/submission/smtpd[19331]: connect from unknown[213.176.26.76]
Aug  9 06:27:28 brollon postfix/submission/smtpd[19331]: warning: unknown[213.176.26.76]: SASL LOGIN authentication failed: UGFzc3dvcmQ6
Aug  9 06:27:28 brollon postfix/submission/smtpd[19331]: disconnect from unknown[213.176.26.76] ehlo=1 auth=0/1 rset=1 quit=1 commands=3/4
Aug  9 06:27:31 brollon postfix/submission/smtpd[18042]: connect from unknown[213.176.26.144]
Aug  9 06:27:31 brollon postfix/submission/smtpd[19331]: connect from unknown[213.176.26.114]
Aug  9 06:27:35 brollon postfix/submission/smtpd[19331]: warning: unknown[213.176.26.114]: SASL LOGIN authentication failed: UGFzc3dvcmQ6
Aug  9 06:27:35 brollon postfix/submission/smtpd[19331]: disconnect from unknown[213.176.26.114] ehlo=1 auth=0/1 rset=1 quit=1 commands=3/4
Aug  9 06:27:38 brollon postfix/submission/smtpd[18042]: warning: unknown[213.176.26.144]: SASL LOGIN authentication failed: UGFzc3dvcmQ6
Aug  9 06:27:39 brollon postfix/submission/smtpd[18042]: disconnect from unknown[213.176.26.144] ehlo=1 auth=0/1 rset=1 quit=1 commands=3/4
Aug  9 06:27:41 brollon postfix/submission/smtpd[18040]: connect from unknown[213.176.26.113]
Aug  9 06:27:41 brollon dovecot: pop3-login: Disconnected (no auth attempts in 0 secs): user=<>, rip=18.218.118.203, lip=54.37.21.250, TLS handshaking: SSL_accept() failed: error:1408F09C:SSL routines:ssl3_get_record:http request, session=<qde6VZdYPGgS2nbL>
Aug  9 06:27:42 brollon postfix/smtps/smtpd[22183]: connect from unknown[213.176.26.95]
Aug  9 06:27:42 brollon postfix/smtps/smtpd[20714]: connect from unknown[213.176.26.51]
Aug  9 06:27:43 brollon postfix/submission/smtpd[18042]: connect from unknown[213.176.26.85]
Aug  9 06:27:48 brollon postfix/submission/smtpd[18040]: warning: unknown[213.176.26.113]: SASL LOGIN authentication failed: UGFzc3dvcmQ6
Aug  9 06:27:48 brollon postfix/smtps/smtpd[20714]: warning: unknown[213.176.26.51]: SASL LOGIN authentication failed: UGFzc3dvcmQ6
Aug  9 06:27:48 brollon postfix/smtps/smtpd[20714]: lost connection after AUTH from unknown[213.176.26.51]
Aug  9 06:27:48 brollon postfix/smtps/smtpd[20714]: disconnect from unknown[213.176.26.51] ehlo=1 auth=0/1 rset=1 commands=2/3
Aug  9 06:27:49 brollon postfix/smtps/smtpd[22183]: warning: unknown[213.176.26.95]: SASL LOGIN authentication failed: UGFzc3dvcmQ6
Aug  9 06:27:49 brollon postfix/submission/smtpd[18040]: disconnect from unknown[213.176.26.113] ehlo=1 auth=0/1 rset=1 quit=1 commands=3/4
Aug  9 06:27:50 brollon postfix/smtps/smtpd[22183]: lost connection after AUTH from unknown[213.176.26.95]
Aug  9 06:27:50 brollon postfix/smtps/smtpd[22183]: disconnect from unknown[213.176.26.95] ehlo=1 auth=0/1 rset=1 commands=2/3
Aug  9 06:27:50 brollon postfix/submission/smtpd[18042]: warning: unknown[213.176.26.85]: SASL LOGIN authentication failed: UGFzc3dvcmQ6
Aug  9 06:27:50 brollon postfix/submission/smtpd[18042]: disconnect from unknown[213.176.26.85] ehlo=1 auth=0/1 rset=1 quit=1 commands=3/4
Aug  9 06:27:53 brollon postfix/smtpd[22286]: connect from unknown[91.92.240.92]
Aug  9 06:27:55 brollon postfix/smtpd[22286]: warning: unknown[91.92.240.92]: SASL LOGIN authentication failed: UGFzc3dvcmQ6
Aug  9 06:27:55 brollon postfix/smtpd[22286]: disconnect from unknown[91.92.240.92] ehlo=1 auth=0/1 quit=1 commands=2/3
Aug  9 06:27:55 brollon postfix/smtps/smtpd[19958]: connect from unknown[213.176.26.109]
Aug  9 06:28:00 brollon postfix/submission/smtpd[19331]: connect from unknown[213.176.26.74]
Aug  9 06:28:01 brollon postfix/smtps/smtpd[19958]: warning: unknown[213.176.26.109]: SASL LOGIN authentication failed: UGFzc3dvcmQ6
Aug  9 06:28:01 brollon postfix/smtps/smtpd[19958]: lost connection after AUTH from unknown[213.176.26.109]
Aug  9 06:28:01 brollon postfix/smtps/smtpd[19958]: disconnect from unknown[213.176.26.109] ehlo=1 auth=0/1 rset=1 commands=2/3
Aug  9 06:28:01 brollon postfix/submission/smtpd[18042]: connect from unknown[213.176.26.64]
Aug  9 06:28:02 brollon postfix/smtpd[17434]: connect from localhost[127.0.0.1]
Aug  9 06:28:02 brollon postfix/smtpd[17434]: lost connection after CONNECT from localhost[127.0.0.1]
Aug  9 06:28:02 brollon postfix/smtpd[17434]: disconnect from localhost[127.0.0.1] commands=0/0
Aug  9 06:28:02 brollon dovecot: imap-login: Disconnected (no auth attempts in 0 secs): user=<>, rip=127.0.0.1, lip=127.0.0.1, secured, session=<GlHwVpdYMKF/AAAB>
Aug  9 06:28:02 brollon dovecot: pop3-login: Disconnected (no auth attempts in 0 secs): user=<>, rip=127.0.0.1, lip=127.0.0.1, secured, session=<8lLwVpdYYJl/AAAB>
Aug  9 06:28:03 brollon postfix/submission/smtpd[18042]: warning: unknown[213.176.26.64]: SASL LOGIN authentication failed: UGFzc3dvcmQ6
Aug  9 06:28:03 brollon postfix/submission/smtpd[18042]: disconnect from unknown[213.176.26.64] ehlo=1 auth=0/1 rset=1 quit=1 commands=3/4
Aug  9 06:28:07 brollon postfix/submission/smtpd[19331]: warning: unknown[213.176.26.74]: SASL LOGIN authentication failed: UGFzc3dvcmQ6
Aug  9 06:28:07 brollon postfix/submission/smtpd[19331]: disconnect from unknown[213.176.26.74] ehlo=1 auth=0/1 rset=1 quit=1 commands=3/4
Aug  9 06:28:08 brollon postfix/submission/smtpd[18040]: connect from unknown[213.176.26.78]
Aug  9 06:28:15 brollon postfix/submission/smtpd[18040]: warning: unknown[213.176.26.78]: SASL LOGIN authentication failed: UGFzc3dvcmQ6
Aug  9 06:28:15 brollon postfix/submission/smtpd[19331]: connect from unknown[213.176.26.159]
Aug  9 06:28:16 brollon postfix/submission/smtpd[18040]: disconnect from unknown[213.176.26.78] ehlo=1 auth=0/1 rset=1 quit=1 commands=3/4
Aug  9 06:28:19 brollon postfix/submission/smtpd[19331]: warning: unknown[213.176.26.159]: SASL LOGIN authentication failed: UGFzc3dvcmQ6
Aug  9 06:28:19 brollon postfix/submission/smtpd[19331]: disconnect from unknown[213.176.26.159] ehlo=1 auth=0/1 rset=1 quit=1 commands=3/4
Aug  9 06:28:19 brollon postfix/submission/smtpd[18042]: connect from unknown[213.176.26.134]
Aug  9 06:28:24 brollon postfix/submission/smtpd[19331]: connect from unknown[213.176.26.76]
Aug  9 06:28:24 brollon postfix/submission/smtpd[18042]: warning: unknown[213.176.26.134]: SASL LOGIN authentication failed: UGFzc3dvcmQ6
Aug  9 06:28:24 brollon postfix/submission/smtpd[18042]: disconnect from unknown[213.176.26.134] ehlo=1 auth=0/1 rset=1 quit=1 commands=3/4
Aug  9 06:28:31 brollon postfix/submission/smtpd[19331]: warning: unknown[213.176.26.76]: SASL LOGIN authentication failed: UGFzc3dvcmQ6
Aug  9 06:28:32 brollon postfix/submission/smtpd[19331]: disconnect from unknown[213.176.26.76] ehlo=1 auth=0/1 rset=1 quit=1 commands=3/4
Aug  9 06:28:32 brollon postfix/submission/smtpd[18040]: connect from unknown[213.176.26.114]
Aug  9 06:28:33 brollon postfix/submission/smtpd[19331]: connect from unknown[213.176.26.144]
Aug  9 06:28:39 brollon postfix/submission/smtpd[18040]: warning: unknown[213.176.26.114]: SASL LOGIN authentication failed: UGFzc3dvcmQ6
Aug  9 06:28:39 brollon postfix/submission/smtpd[19331]: warning: unknown[213.176.26.144]: SASL LOGIN authentication failed: UGFzc3dvcmQ6
Aug  9 06:28:39 brollon postfix/submission/smtpd[18040]: disconnect from unknown[213.176.26.114] ehlo=1 auth=0/1 rset=1 quit=1 commands=3/4
Aug  9 06:28:40 brollon postfix/submission/smtpd[19331]: disconnect from unknown[213.176.26.144] ehlo=1 auth=0/1 rset=1 quit=1 commands=3/4
Aug  9 06:28:41 brollon postfix/submission/smtpd[18042]: connect from unknown[213.176.26.113]
Aug  9 06:28:45 brollon postfix/submission/smtpd[19331]: connect from unknown[213.176.26.85]
Aug  9 06:28:48 brollon postfix/submission/smtpd[18042]: warning: unknown[213.176.26.113]: SASL LOGIN authentication failed: UGFzc3dvcmQ6
Aug  9 06:28:48 brollon postfix/submission/smtpd[18042]: disconnect from unknown[213.176.26.113] ehlo=1 auth=0/1 rset=1 quit=1 commands=3/4
Aug  9 06:28:52 brollon postfix/submission/smtpd[19331]: warning: unknown[213.176.26.85]: SASL LOGIN authentication failed: UGFzc3dvcmQ6
Aug  9 06:28:52 brollon postfix/submission/smtpd[19331]: disconnect from unknown[213.176.26.85] ehlo=1 auth=0/1 rset=1 quit=1 commands=3/4
Aug  9 06:29:02 brollon postfix/smtpd[22286]: connect from localhost[127.0.0.1]
Aug  9 06:29:02 brollon postfix/smtpd[22286]: lost connection after CONNECT from localhost[127.0.0.1]
Aug  9 06:29:02 brollon postfix/smtpd[22286]: disconnect from localhost[127.0.0.1] commands=0/0
Aug  9 06:29:02 brollon postfix/submission/smtpd[18040]: connect from unknown[213.176.26.74]
Aug  9 06:29:02 brollon dovecot: pop3-login: Disconnected (no auth attempts in 0 secs): user=<>, rip=127.0.0.1, lip=127.0.0.1, secured, session=<ivmDWpdYvJl/AAAB>
Aug  9 06:29:02 brollon dovecot: imap-login: Disconnected (no auth attempts in 0 secs): user=<>, rip=127.0.0.1, lip=127.0.0.1, secured, session=<9geEWpdYjKF/AAAB>
Aug  9 06:29:03 brollon postfix/submission/smtpd[18042]: connect from unknown[213.176.26.64]
Aug  9 06:29:08 brollon postfix/submission/smtpd[18040]: warning: unknown[213.176.26.74]: SASL LOGIN authentication failed: UGFzc3dvcmQ6
Aug  9 06:29:08 brollon postfix/smtps/smtpd[20714]: connect from unknown[213.176.26.165]
Aug  9 06:29:08 brollon postfix/submission/smtpd[18040]: disconnect from unknown[213.176.26.74] ehlo=1 auth=0/1 rset=1 quit=1 commands=3/4
Aug  9 06:29:10 brollon postfix/submission/smtpd[18042]: warning: unknown[213.176.26.64]: SASL LOGIN authentication failed: UGFzc3dvcmQ6
Aug  9 06:29:10 brollon postfix/submission/smtpd[18042]: disconnect from unknown[213.176.26.64] ehlo=1 auth=0/1 rset=1 quit=1 commands=3/4
Aug  9 06:29:11 brollon postfix/submission/smtpd[19331]: connect from unknown[213.176.26.78]
Aug  9 06:29:13 brollon postfix/smtps/smtpd[20714]: warning: unknown[213.176.26.165]: SASL LOGIN authentication failed: UGFzc3dvcmQ6
Aug  9 06:29:13 brollon postfix/smtps/smtpd[20714]: lost connection after AUTH from unknown[213.176.26.165]
Aug  9 06:29:13 brollon postfix/smtps/smtpd[20714]: disconnect from unknown[213.176.26.165] ehlo=1 auth=0/1 rset=1 commands=2/3
Aug  9 06:29:13 brollon postfix/smtps/smtpd[22183]: connect from unknown[213.176.26.94]
Aug  9 06:29:16 brollon postfix/submission/smtpd[18042]: connect from unknown[213.176.26.159]
Aug  9 06:29:18 brollon postfix/submission/smtpd[19331]: warning: unknown[213.176.26.78]: SASL LOGIN authentication failed: UGFzc3dvcmQ6
Aug  9 06:29:18 brollon postfix/submission/smtpd[19331]: disconnect from unknown[213.176.26.78] ehlo=1 auth=0/1 rset=1 quit=1 commands=3/4
Aug  9 06:29:20 brollon postfix/smtps/smtpd[22183]: warning: unknown[213.176.26.94]: SASL LOGIN authentication failed: UGFzc3dvcmQ6
Aug  9 06:29:20 brollon postfix/smtps/smtpd[22183]: lost connection after AUTH from unknown[213.176.26.94]
Aug  9 06:29:20 brollon postfix/smtps/smtpd[22183]: disconnect from unknown[213.176.26.94] ehlo=1 auth=0/1 rset=1 commands=2/3
Aug  9 06:29:21 brollon postfix/submission/smtpd[18040]: connect from unknown[213.176.26.134]
Aug  9 06:29:22 brollon postfix/smtps/smtpd[19958]: connect from unknown[213.176.26.22]
Aug  9 06:29:23 brollon postfix/submission/smtpd[18042]: warning: unknown[213.176.26.159]: SASL LOGIN authentication failed: UGFzc3dvcmQ6
Aug  9 06:29:23 brollon postfix/submission/smtpd[18042]: disconnect from unknown[213.176.26.159] ehlo=1 auth=0/1 rset=1 quit=1 commands=3/4
Aug  9 06:29:26 brollon postfix/submission/smtpd[19331]: connect from unknown[213.176.26.76]
Aug  9 06:29:27 brollon postfix/submission/smtpd[18040]: warning: unknown[213.176.26.134]: SASL LOGIN authentication failed: UGFzc3dvcmQ6
Aug  9 06:29:27 brollon postfix/submission/smtpd[18040]: disconnect from unknown[213.176.26.134] ehlo=1 auth=0/1 rset=1 quit=1 commands=3/4
Aug  9 06:29:28 brollon postfix/smtps/smtpd[19958]: warning: unknown[213.176.26.22]: SASL LOGIN authentication failed: UGFzc3dvcmQ6
Aug  9 06:29:28 brollon postfix/smtps/smtpd[19958]: lost connection after AUTH from unknown[213.176.26.22]
Aug  9 06:29:28 brollon postfix/smtps/smtpd[19958]: disconnect from unknown[213.176.26.22] ehlo=1 auth=0/1 rset=1 commands=2/3
Aug  9 06:29:31 brollon postfix/submission/smtpd[18042]: connect from unknown[213.176.24.65]
Aug  9 06:29:32 brollon postfix/submission/smtpd[19331]: warning: unknown[213.176.26.76]: SASL LOGIN authentication failed: UGFzc3dvcmQ6
Aug  9 06:29:32 brollon postfix/submission/smtpd[18040]: connect from unknown[213.176.26.114]
Aug  9 06:29:32 brollon postfix/submission/smtpd[19331]: disconnect from unknown[213.176.26.76] ehlo=1 auth=0/1 rset=1 quit=1 commands=3/4
Aug  9 06:29:35 brollon postfix/submission/smtpd[18040]: warning: unknown[213.176.26.114]: SASL LOGIN authentication failed: UGFzc3dvcmQ6
Aug  9 06:29:35 brollon postfix/submission/smtpd[18040]: disconnect from unknown[213.176.26.114] ehlo=1 auth=0/1 rset=1 quit=1 commands=3/4
Aug  9 06:29:36 brollon postfix/submission/smtpd[19331]: connect from unknown[213.176.26.144]
Aug  9 06:29:38 brollon postfix/smtps/smtpd[20714]: connect from unknown[213.176.26.77]
Aug  9 06:29:38 brollon dovecot: pop3-login: Disconnected (no auth attempts in 0 secs): user=<>, rip=194.165.16.163, lip=54.37.21.250, session=<1H21XJdY5f/CpRCj>
Aug  9 06:29:43 brollon postfix/smtps/smtpd[20714]: warning: unknown[213.176.26.77]: SASL LOGIN authentication failed: UGFzc3dvcmQ6
Aug  9 06:29:43 brollon postfix/submission/smtpd[19331]: warning: unknown[213.176.26.144]: SASL LOGIN authentication failed: UGFzc3dvcmQ6
Aug  9 06:29:43 brollon postfix/smtps/smtpd[20714]: lost connection after AUTH from unknown[213.176.26.77]
Aug  9 06:29:43 brollon postfix/smtps/smtpd[20714]: disconnect from unknown[213.176.26.77] ehlo=1 auth=0/1 rset=1 commands=2/3
Aug  9 06:29:43 brollon postfix/submission/smtpd[19331]: disconnect from unknown[213.176.26.144] ehlo=1 auth=0/1 rset=1 quit=1 commands=3/4
Aug  9 06:29:43 brollon postfix/submission/smtpd[18040]: connect from unknown[213.176.26.113]
Aug  9 06:29:45 brollon postfix/submission/smtpd[18042]: warning: unknown[213.176.24.65]: SASL LOGIN authentication failed: UGFzc3dvcmQ6
Aug  9 06:29:45 brollon postfix/submission/smtpd[18042]: lost connection after AUTH from unknown[213.176.24.65]
Aug  9 06:29:45 brollon postfix/submission/smtpd[18042]: disconnect from unknown[213.176.24.65] ehlo=1 auth=0/1 rset=1 commands=2/3
Aug  9 06:29:48 brollon postfix/submission/smtpd[19331]: connect from unknown[213.176.26.85]
Aug  9 06:29:50 brollon postfix/submission/smtpd[18040]: warning: unknown[213.176.26.113]: SASL LOGIN authentication failed: UGFzc3dvcmQ6
Aug  9 06:29:50 brollon postfix/submission/smtpd[18040]: disconnect from unknown[213.176.26.113] ehlo=1 auth=0/1 rset=1 quit=1 commands=3/4
Aug  9 06:29:55 brollon postfix/submission/smtpd[19331]: warning: unknown[213.176.26.85]: SASL LOGIN authentication failed: UGFzc3dvcmQ6
Aug  9 06:29:55 brollon postfix/submission/smtpd[19331]: disconnect from unknown[213.176.26.85] ehlo=1 auth=0/1 rset=1 quit=1 commands=3/4
Aug  9 06:29:58 brollon postfix/smtps/smtpd[22183]: connect from unknown[213.176.26.58]
Aug  9 06:30:01 brollon postfix/smtpd[22286]: connect from localhost[127.0.0.1]
Aug  9 06:30:01 brollon postfix/smtpd[22286]: lost connection after CONNECT from localhost[127.0.0.1]
Aug  9 06:30:01 brollon postfix/smtpd[22286]: disconnect from localhost[127.0.0.1] commands=0/0
Aug  9 06:30:01 brollon dovecot: pop3-login: Disconnected (no auth attempts in 0 secs): user=<>, rip=127.0.0.1, lip=127.0.0.1, secured, session=<mYcRXpdYGpp/AAAB>
Aug  9 06:30:01 brollon dovecot: imap-login: Disconnected (no auth attempts in 0 secs): user=<>, rip=127.0.0.1, lip=127.0.0.1, secured, session=<Gp0RXpdY6qF/AAAB>
Aug  9 06:30:02 brollon postfix/smtps/smtpd[19958]: connect from unknown[213.176.26.72]
Aug  9 06:30:02 brollon postfix/smtpd[22286]: connect from localhost[127.0.0.1]
Aug  9 06:30:02 brollon postfix/smtpd[22286]: lost connection after CONNECT from localhost[127.0.0.1]
Aug  9 06:30:02 brollon postfix/smtpd[22286]: disconnect from localhost[127.0.0.1] commands=0/0
Aug  9 06:30:02 brollon dovecot: pop3-login: Disconnected (no auth attempts in 0 secs): user=<>, rip=127.0.0.1, lip=127.0.0.1, secured, session=<o3ggXpdYKJp/AAAB>
Aug  9 06:30:02 brollon dovecot: imap-login: Disconnected (no auth attempts in 0 secs): user=<>, rip=127.0.0.1, lip=127.0.0.1, secured, session=<jnggXpdY+KF/AAAB>
Aug  9 06:30:03 brollon postfix/smtps/smtpd[22183]: warning: unknown[213.176.26.58]: SASL LOGIN authentication failed: UGFzc3dvcmQ6
Aug  9 06:30:03 brollon postfix/smtps/smtpd[22183]: lost connection after AUTH from unknown[213.176.26.58]
Aug  9 06:30:03 brollon postfix/smtps/smtpd[22183]: disconnect from unknown[213.176.26.58] ehlo=1 auth=0/1 rset=1 commands=2/3
Aug  9 06:30:04 brollon postfix/submission/smtpd[18042]: connect from unknown[213.176.26.74]
Aug  9 06:30:06 brollon postfix/submission/smtpd[18040]: connect from unknown[213.176.26.64]
Aug  9 06:30:09 brollon postfix/smtps/smtpd[19958]: warning: unknown[213.176.26.72]: SASL LOGIN authentication failed: UGFzc3dvcmQ6
Aug  9 06:30:09 brollon postfix/smtps/smtpd[19958]: lost connection after AUTH from unknown[213.176.26.72]
Aug  9 06:30:09 brollon postfix/smtps/smtpd[19958]: disconnect from unknown[213.176.26.72] ehlo=1 auth=0/1 rset=1 commands=2/3
Aug  9 06:30:11 brollon postfix/submission/smtpd[18042]: warning: unknown[213.176.26.74]: SASL LOGIN authentication failed: UGFzc3dvcmQ6
Aug  9 06:30:11 brollon postfix/submission/smtpd[18040]: warning: unknown[213.176.26.64]: SASL LOGIN authentication failed: UGFzc3dvcmQ6
Aug  9 06:30:11 brollon postfix/submission/smtpd[18042]: disconnect from unknown[213.176.26.74] ehlo=1 auth=0/1 rset=1 quit=1 commands=3/4
Aug  9 06:30:11 brollon postfix/submission/smtpd[18040]: disconnect from unknown[213.176.26.64] ehlo=1 auth=0/1 rset=1 quit=1 commands=3/4
Aug  9 06:30:13 brollon postfix/smtps/smtpd[20714]: connect from unknown[213.176.26.153]
Aug  9 06:30:14 brollon postfix/submission/smtpd[19331]: connect from unknown[213.176.26.78]
Aug  9 06:30:16 brollon postfix/submission/smtpd[19331]: warning: unknown[213.176.26.78]: SASL LOGIN authentication failed: UGFzc3dvcmQ6
Aug  9 06:30:16 brollon postfix/submission/smtpd[19331]: disconnect from unknown[213.176.26.78] ehlo=1 auth=0/1 rset=1 quit=1 commands=3/4
Aug  9 06:30:17 brollon postfix/submission/smtpd[18042]: connect from unknown[213.176.26.159]
Aug  9 06:30:19 brollon postfix/smtps/smtpd[20714]: warning: unknown[213.176.26.153]: SASL LOGIN authentication failed: UGFzc3dvcmQ6
Aug  9 06:30:30 brollon postfix/smtps/smtpd[20714]: lost connection after AUTH from unknown[213.176.26.153]
Aug  9 06:30:30 brollon postfix/smtps/smtpd[20714]: disconnect from unknown[213.176.26.153] ehlo=1 auth=0/1 rset=1 commands=2/3
Aug  9 06:30:33 brollon postfix/submission/smtpd[18040]: connect from unknown[213.176.26.76]
Aug  9 06:30:36 brollon postfix/submission/smtpd[18042]: warning: unknown[213.176.26.159]: SASL LOGIN authentication failed: UGFzc3dvcmQ6
Aug  9 06:30:36 brollon postfix/submission/smtpd[18042]: disconnect from unknown[213.176.26.159] ehlo=1 auth=0/1 rset=1 quit=1 commands=3/4
Aug  9 06:30:38 brollon postfix/smtps/smtpd[19958]: connect from unknown[213.176.26.19]
Aug  9 06:30:39 brollon postfix/submission/smtpd[19331]: connect from unknown[213.176.26.114]
Aug  9 06:30:39 brollon dovecot: pop3-login: Disconnected (no auth attempts in 4 secs): user=<>, rip=18.218.118.203, lip=54.37.21.250, TLS, session=<6a9TYJdYKnsS2nbL>
Aug  9 06:30:40 brollon postfix/submission/smtpd[18040]: warning: unknown[213.176.26.76]: SASL LOGIN authentication failed: UGFzc3dvcmQ6
Aug  9 06:30:40 brollon postfix/submission/smtpd[18040]: disconnect from unknown[213.176.26.76] ehlo=1 auth=0/1 rset=1 quit=1 commands=3/4
Aug  9 06:30:44 brollon postfix/smtps/smtpd[19958]: warning: unknown[213.176.26.19]: SASL LOGIN authentication failed: UGFzc3dvcmQ6
Aug  9 06:30:44 brollon postfix/smtps/smtpd[19958]: lost connection after AUTH from unknown[213.176.26.19]
Aug  9 06:30:44 brollon postfix/smtps/smtpd[19958]: disconnect from unknown[213.176.26.19] ehlo=1 auth=0/1 rset=1 commands=2/3
Aug  9 06:30:44 brollon postfix/submission/smtpd[18042]: connect from unknown[213.176.26.144]
Aug  9 06:30:45 brollon postfix/submission/smtpd[19331]: warning: unknown[213.176.26.114]: SASL LOGIN authentication failed: UGFzc3dvcmQ6
Aug  9 06:30:45 brollon postfix/submission/smtpd[19331]: disconnect from unknown[213.176.26.114] ehlo=1 auth=0/1 rset=1 quit=1 commands=3/4
Aug  9 06:30:47 brollon postfix/submission/smtpd[18042]: warning: unknown[213.176.26.144]: SASL LOGIN authentication failed: UGFzc3dvcmQ6
Aug  9 06:30:47 brollon postfix/submission/smtpd[18042]: disconnect from unknown[213.176.26.144] ehlo=1 auth=0/1 rset=1 quit=1 commands=3/4
Aug  9 06:30:50 brollon postfix/smtps/smtpd[20714]: connect from unknown[213.176.26.52]
Aug  9 06:30:50 brollon postfix/submission/smtpd[18040]: connect from unknown[213.176.26.113]
Aug  9 06:30:57 brollon postfix/submission/smtpd[18040]: warning: unknown[213.176.26.113]: SASL LOGIN authentication failed: UGFzc3dvcmQ6
Aug  9 06:30:57 brollon postfix/submission/smtpd[18040]: disconnect from unknown[213.176.26.113] ehlo=1 auth=0/1 rset=1 quit=1 commands=3/4
Aug  9 06:30:57 brollon postfix/submission/smtpd[18042]: connect from unknown[213.176.26.85]
Aug  9 06:30:59 brollon postfix/smtps/smtpd[20714]: warning: unknown[213.176.26.52]: SASL LOGIN authentication failed: UGFzc3dvcmQ6
Aug  9 06:30:59 brollon postfix/smtps/smtpd[19958]: connect from unknown[213.176.26.44]
Aug  9 06:31:02 brollon postfix/smtpd[22286]: connect from localhost[127.0.0.1]
Aug  9 06:31:02 brollon postfix/smtpd[22286]: lost connection after CONNECT from localhost[127.0.0.1]
Aug  9 06:31:02 brollon postfix/smtpd[22286]: disconnect from localhost[127.0.0.1] commands=0/0
Aug  9 06:31:02 brollon dovecot: pop3-login: Disconnected (no auth attempts in 0 secs): user=<>, rip=127.0.0.1, lip=127.0.0.1, secured, session=<mbKoYZdYEJt/AAAB>
Aug  9 06:31:02 brollon dovecot: imap-login: Disconnected (disconnected before auth was ready, waited 0 secs): user=<>, rip=127.0.0.1, lip=127.0.0.1, secured, session=<sMWoYZdY4KJ/AAAB>
Aug  9 06:31:02 brollon postfix/smtps/smtpd[20714]: lost connection after AUTH from unknown[213.176.26.52]
Aug  9 06:31:02 brollon postfix/smtps/smtpd[20714]: disconnect from unknown[213.176.26.52] ehlo=1 auth=0/1 rset=1 commands=2/3
Aug  9 06:31:04 brollon postfix/submission/smtpd[18042]: warning: unknown[213.176.26.85]: SASL LOGIN authentication failed: UGFzc3dvcmQ6
Aug  9 06:31:04 brollon postfix/submission/smtpd[18042]: disconnect from unknown[213.176.26.85] ehlo=1 auth=0/1 rset=1 quit=1 commands=3/4
Aug  9 06:31:04 brollon dovecot: pop3-login: Disconnected (no auth attempts in 0 secs): user=<>, rip=18.218.118.203, lip=54.37.21.250, TLS, session=<FhXPYZdYctsS2nbL>
Aug  9 06:31:10 brollon postfix/smtps/smtpd[19958]: warning: unknown[213.176.26.44]: SASL LOGIN authentication failed: UGFzc3dvcmQ6
Aug  9 06:31:11 brollon postfix/smtps/smtpd[19958]: lost connection after AUTH from unknown[213.176.26.44]
Aug  9 06:31:11 brollon postfix/smtps/smtpd[19958]: disconnect from unknown[213.176.26.44] ehlo=1 auth=0/1 rset=1 commands=2/3
Aug  9 06:31:12 brollon postfix/submission/smtpd[18040]: connect from unknown[213.176.26.74]
Aug  9 06:31:15 brollon postfix/submission/smtpd[18040]: warning: unknown[213.176.26.74]: SASL LOGIN authentication failed: UGFzc3dvcmQ6
Aug  9 06:31:15 brollon postfix/submission/smtpd[18040]: disconnect from unknown[213.176.26.74] ehlo=1 auth=0/1 rset=1 quit=1 commands=3/4
Aug  9 06:31:16 brollon postfix/submission/smtpd[18042]: connect from unknown[213.176.26.64]
Aug  9 06:31:23 brollon postfix/submission/smtpd[18042]: warning: unknown[213.176.26.64]: SASL LOGIN authentication failed: UGFzc3dvcmQ6
Aug  9 06:31:23 brollon postfix/submission/smtpd[18042]: disconnect from unknown[213.176.26.64] ehlo=1 auth=0/1 rset=1 quit=1 commands=3/4
Aug  9 06:31:24 brollon postfix/submission/smtpd[18040]: connect from unknown[213.176.26.78]
Aug  9 06:31:24 brollon postfix/submission/smtpd[19331]: connect from unknown[213.176.26.159]
Aug  9 06:31:29 brollon postfix/smtps/smtpd[22183]: connect from unknown[213.176.26.21]
Aug  9 06:31:30 brollon postfix/submission/smtpd[18040]: warning: unknown[213.176.26.78]: SASL LOGIN authentication failed: UGFzc3dvcmQ6
Aug  9 06:31:31 brollon postfix/submission/smtpd[19331]: warning: unknown[213.176.26.159]: SASL LOGIN authentication failed: UGFzc3dvcmQ6
Aug  9 06:31:31 brollon postfix/submission/smtpd[18042]: connect from unknown[213.176.26.134]
Aug  9 06:31:31 brollon postfix/submission/smtpd[19331]: disconnect from unknown[213.176.26.159] ehlo=1 auth=0/1 rset=1 quit=1 commands=3/4
Aug  9 06:31:31 brollon postfix/submission/smtpd[18040]: disconnect from unknown[213.176.26.78] ehlo=1 auth=0/1 rset=1 quit=1 commands=3/4
Aug  9 06:31:33 brollon postfix/smtps/smtpd[22183]: warning: unknown[213.176.26.21]: SASL LOGIN authentication failed: UGFzc3dvcmQ6
Aug  9 06:31:33 brollon postfix/smtps/smtpd[22183]: lost connection after AUTH from unknown[213.176.26.21]
Aug  9 06:31:33 brollon postfix/smtps/smtpd[22183]: disconnect from unknown[213.176.26.21] ehlo=1 auth=0/1 rset=1 commands=2/3
Aug  9 06:31:36 brollon postfix/submission/smtpd[18042]: warning: unknown[213.176.26.134]: SASL LOGIN authentication failed: UGFzc3dvcmQ6
Aug  9 06:31:36 brollon postfix/submission/smtpd[18042]: disconnect from unknown[213.176.26.134] ehlo=1 auth=0/1 rset=1 quit=1 commands=3/4
Aug  9 06:31:37 brollon postfix/submission/smtpd[19331]: connect from unknown[213.176.26.76]
Aug  9 06:31:39 brollon postfix/submission/smtpd[18040]: connect from unknown[213.176.26.114]
Aug  9 06:31:42 brollon postfix/submission/smtpd[18040]: warning: unknown[213.176.26.114]: SASL LOGIN authentication failed: UGFzc3dvcmQ6
Aug  9 06:31:42 brollon postfix/submission/smtpd[18040]: disconnect from unknown[213.176.26.114] ehlo=1 auth=0/1 rset=1 quit=1 commands=3/4
Aug  9 06:31:43 brollon postfix/smtps/smtpd[20714]: connect from unknown[213.176.26.133]
Aug  9 06:31:44 brollon postfix/submission/smtpd[19331]: warning: unknown[213.176.26.76]: SASL LOGIN authentication failed: UGFzc3dvcmQ6
Aug  9 06:31:44 brollon postfix/submission/smtpd[19331]: disconnect from unknown[213.176.26.76] ehlo=1 auth=0/1 rset=1 quit=1 commands=3/4
Aug  9 06:31:47 brollon postfix/submission/smtpd[18042]: connect from unknown[213.176.26.144]
Aug  9 06:31:49 brollon postfix/smtps/smtpd[22183]: connect from unknown[213.176.26.63]
Aug  9 06:31:52 brollon postfix/submission/smtpd[18040]: connect from unknown[213.176.26.113]
Aug  9 06:31:54 brollon postfix/submission/smtpd[18042]: warning: unknown[213.176.26.144]: SASL LOGIN authentication failed: UGFzc3dvcmQ6
Aug  9 06:31:55 brollon postfix/submission/smtpd[18042]: disconnect from unknown[213.176.26.144] ehlo=1 auth=0/1 rset=1 quit=1 commands=3/4
Aug  9 06:31:55 brollon postfix/smtps/smtpd[22183]: warning: unknown[213.176.26.63]: SASL LOGIN authentication failed: UGFzc3dvcmQ6
Aug  9 06:31:55 brollon postfix/smtps/smtpd[22183]: lost connection after AUTH from unknown[213.176.26.63]
Aug  9 06:31:55 brollon postfix/smtps/smtpd[22183]: disconnect from unknown[213.176.26.63] ehlo=1 auth=0/1 rset=1 commands=2/3
Aug  9 06:31:57 brollon postfix/submission/smtpd[18040]: warning: unknown[213.176.26.113]: SASL LOGIN authentication failed: UGFzc3dvcmQ6
Aug  9 06:31:57 brollon postfix/submission/smtpd[18040]: disconnect from unknown[213.176.26.113] ehlo=1 auth=0/1 rset=1 quit=1 commands=3/4
Aug  9 06:31:59 brollon postfix/smtps/smtpd[20714]: warning: unknown[213.176.26.133]: SASL LOGIN authentication failed: UGFzc3dvcmQ6
Aug  9 06:31:59 brollon postfix/submission/smtpd[19331]: connect from unknown[213.176.26.85]
Aug  9 06:32:00 brollon postfix/smtps/smtpd[20714]: lost connection after AUTH from unknown[213.176.26.133]
Aug  9 06:32:00 brollon postfix/smtps/smtpd[20714]: disconnect from unknown[213.176.26.133] ehlo=1 auth=0/1 rset=1 commands=2/3
Aug  9 06:32:00 brollon postfix/smtpd[22286]: connect from unknown[2.57.122.98]
Aug  9 06:32:01 brollon postfix/smtps/smtpd[19958]: connect from unknown[213.176.26.166]
Aug  9 06:32:01 brollon dovecot: imap-login: Disconnected (no auth attempts in 0 secs): user=<>, rip=127.0.0.1, lip=127.0.0.1, secured, session=<6SgyZZdYeKN/AAAB>
Aug  9 06:32:01 brollon dovecot: pop3-login: Disconnected (no auth attempts in 0 secs): user=<>, rip=127.0.0.1, lip=127.0.0.1, secured, session=<SSkyZZdYqJt/AAAB>
Aug  9 06:32:01 brollon postfix/smtpd[24776]: connect from localhost[127.0.0.1]
Aug  9 06:32:01 brollon postfix/smtpd[24776]: lost connection after CONNECT from localhost[127.0.0.1]
Aug  9 06:32:01 brollon postfix/smtpd[24776]: disconnect from localhost[127.0.0.1] commands=0/0
Aug  9 06:32:02 brollon postfix/smtpd[22286]: warning: unknown[2.57.122.98]: SASL LOGIN authentication failed: UGFzc3dvcmQ6
