Aug  9 07:25:57 brollon postfix/submission/smtpd[1141]: connect from unknown[213.176.26.113]
Aug  9 07:25:58 brollon postfix/submission/smtpd[2049]: disconnect from unknown[213.176.26.134] ehlo=1 auth=0/1 rset=1 quit=1 commands=3/4
Aug  9 07:25:58 brollon postfix/smtps/smtpd[1422]: warning: unknown[213.176.26.72]: SASL LOGIN authentication failed: UGFzc3dvcmQ6
Aug  9 07:25:58 brollon postfix/submission/smtpd[28133]: disconnect from unknown[213.176.26.64] ehlo=1 auth=0/1 rset=1 quit=1 commands=3/4
Aug  9 07:25:58 brollon postfix/smtps/smtpd[1422]: lost connection after AUTH from unknown[213.176.26.72]
Aug  9 07:25:58 brollon postfix/smtps/smtpd[1422]: disconnect from unknown[213.176.26.72] ehlo=1 auth=0/1 rset=1 commands=2/3
Aug  9 07:25:59 brollon postfix/smtpd[32744]: connect from unknown[2.57.122.98]
Aug  9 07:26:01 brollon postfix/smtpd[32744]: warning: unknown[2.57.122.98]: SASL LOGIN authentication failed: UGFzc3dvcmQ6
Aug  9 07:26:01 brollon postfix/smtpd[32744]: disconnect from unknown[2.57.122.98] ehlo=1 auth=0/1 quit=1 commands=2/3
Aug  9 07:26:01 brollon postfix/smtpd[32744]: connect from localhost[127.0.0.1]
Aug  9 07:26:01 brollon postfix/smtpd[32744]: lost connection after CONNECT from localhost[127.0.0.1]
Aug  9 07:26:01 brollon postfix/smtpd[32744]: disconnect from localhost[127.0.0.1] commands=0/0
Aug  9 07:26:01 brollon dovecot: pop3-login: Disconnected (no auth attempts in 0 secs): user=<>, rip=127.0.0.1, lip=127.0.0.1, secured, session=<nkFXJphYVsl/AAAB>
Aug  9 07:26:01 brollon dovecot: imap-login: Disconnected (no auth attempts in 0 secs): user=<>, rip=127.0.0.1, lip=127.0.0.1, secured, session=<IENXJphYJtF/AAAB>
Aug  9 07:26:04 brollon postfix/submission/smtpd[1141]: warning: unknown[213.176.26.113]: SASL LOGIN authentication failed: UGFzc3dvcmQ6
Aug  9 07:26:04 brollon postfix/submission/smtpd[1141]: disconnect from unknown[213.176.26.113] ehlo=1 auth=0/1 rset=1 quit=1 commands=3/4
Aug  9 07:26:05 brollon postfix/submission/smtpd[2049]: connect from unknown[213.176.26.85]
Aug  9 07:26:09 brollon postfix/submission/smtpd[1141]: connect from unknown[213.176.26.78]
Aug  9 07:26:10 brollon postfix/smtps/smtpd[20714]: connect from unknown[213.176.26.34]
Aug  9 07:26:12 brollon postfix/submission/smtpd[2049]: warning: unknown[213.176.26.85]: SASL LOGIN authentication failed: UGFzc3dvcmQ6
Aug  9 07:26:12 brollon postfix/submission/smtpd[2049]: disconnect from unknown[213.176.26.85] ehlo=1 auth=0/1 rset=1 quit=1 commands=3/4
Aug  9 07:26:14 brollon postfix/smtps/smtpd[1419]: warning: unknown[213.176.24.64]: SASL LOGIN authentication failed: UGFzc3dvcmQ6
Aug  9 07:26:14 brollon postfix/smtps/smtpd[1419]: lost connection after AUTH from unknown[213.176.24.64]
Aug  9 07:26:14 brollon postfix/smtps/smtpd[1419]: disconnect from unknown[213.176.24.64] ehlo=1 auth=0/1 rset=1 commands=2/3
Aug  9 07:26:14 brollon postfix/submission/smtpd[28133]: connect from unknown[213.176.26.114]
Aug  9 07:26:15 brollon postfix/submission/smtpd[1141]: warning: unknown[213.176.26.78]: SASL LOGIN authentication failed: UGFzc3dvcmQ6
Aug  9 07:26:15 brollon postfix/smtps/smtpd[20714]: warning: unknown[213.176.26.34]: SASL LOGIN authentication failed: UGFzc3dvcmQ6
Aug  9 07:26:15 brollon postfix/smtps/smtpd[20714]: lost connection after AUTH from unknown[213.176.26.34]
Aug  9 07:26:15 brollon postfix/smtps/smtpd[20714]: disconnect from unknown[213.176.26.34] ehlo=1 auth=0/1 rset=1 commands=2/3
Aug  9 07:26:15 brollon postfix/submission/smtpd[1141]: disconnect from unknown[213.176.26.78] ehlo=1 auth=0/1 rset=1 quit=1 commands=3/4
Aug  9 07:26:16 brollon postfix/submission/smtpd[2049]: connect from unknown[213.176.26.76]
Aug  9 07:26:21 brollon postfix/submission/smtpd[28133]: warning: unknown[213.176.26.114]: SASL LOGIN authentication failed: UGFzc3dvcmQ6
Aug  9 07:26:21 brollon postfix/submission/smtpd[28133]: disconnect from unknown[213.176.26.114] ehlo=1 auth=0/1 rset=1 quit=1 commands=3/4
Aug  9 07:26:22 brollon postfix/submission/smtpd[2049]: warning: unknown[213.176.26.76]: SASL LOGIN authentication failed: UGFzc3dvcmQ6
Aug  9 07:26:23 brollon postfix/submission/smtpd[2049]: disconnect from unknown[213.176.26.76] ehlo=1 auth=0/1 rset=1 quit=1 commands=3/4
Aug  9 07:26:27 brollon postfix/submission/smtpd[1141]: connect from unknown[213.176.26.159]
Aug  9 07:26:34 brollon postfix/submission/smtpd[1141]: warning: unknown[213.176.26.159]: SASL LOGIN authentication failed: UGFzc3dvcmQ6
Aug  9 07:26:34 brollon postfix/submission/smtpd[1141]: disconnect from unknown[213.176.26.159] ehlo=1 auth=0/1 rset=1 quit=1 commands=3/4
Aug  9 07:26:34 brollon postfix/submission/smtpd[2049]: connect from unknown[213.176.26.144]
Aug  9 07:26:35 brollon dovecot: imap-login: Login: user=<secretaria@concellodapobradobrollon.gal>, method=PLAIN, rip=83.48.54.234, lip=54.37.21.250, mpid=2111, session=<KOZZKJhY/utTMDbq>
Aug  9 07:26:40 brollon postfix/submission/smtpd[2049]: warning: unknown[213.176.26.144]: SASL LOGIN authentication failed: UGFzc3dvcmQ6
Aug  9 07:26:41 brollon postfix/submission/smtpd[2049]: disconnect from unknown[213.176.26.144] ehlo=1 auth=0/1 rset=1 quit=1 commands=3/4
Aug  9 07:26:43 brollon postfix/anvil[12649]: statistics: max connection rate 2/60s for (submission:213.176.26.114) at Aug  9 07:17:08
Aug  9 07:26:43 brollon postfix/anvil[12649]: statistics: max connection count 1 for (submission:213.176.26.78) at Aug  9 07:16:43
Aug  9 07:26:43 brollon postfix/anvil[12649]: statistics: max cache size 21 at Aug  9 07:20:48
Aug  9 07:26:46 brollon postfix/submission/smtpd[1141]: connect from unknown[213.176.26.74]
Aug  9 07:26:53 brollon postfix/submission/smtpd[1141]: warning: unknown[213.176.26.74]: SASL LOGIN authentication failed: UGFzc3dvcmQ6
Aug  9 07:26:53 brollon postfix/submission/smtpd[1141]: disconnect from unknown[213.176.26.74] ehlo=1 auth=0/1 rset=1 quit=1 commands=3/4
Aug  9 07:26:54 brollon postfix/submission/smtpd[2049]: connect from unknown[213.176.26.134]
Aug  9 07:26:56 brollon postfix/submission/smtpd[28133]: connect from unknown[213.176.26.64]
Aug  9 07:26:59 brollon postfix/submission/smtpd[1141]: connect from unknown[213.176.26.113]
Aug  9 07:27:00 brollon postfix/submission/smtpd[2049]: warning: unknown[213.176.26.134]: SASL LOGIN authentication failed: UGFzc3dvcmQ6
Aug  9 07:27:00 brollon postfix/submission/smtpd[2049]: disconnect from unknown[213.176.26.134] ehlo=1 auth=0/1 rset=1 quit=1 commands=3/4
Aug  9 07:27:01 brollon postfix/smtps/smtpd[1422]: connect from unknown[213.176.26.23]
Aug  9 07:27:01 brollon postfix/smtpd[32744]: connect from localhost[127.0.0.1]
Aug  9 07:27:01 brollon postfix/smtpd[32744]: lost connection after CONNECT from localhost[127.0.0.1]
Aug  9 07:27:01 brollon postfix/smtpd[32744]: disconnect from localhost[127.0.0.1] commands=0/0
Aug  9 07:27:01 brollon dovecot: imap-login: Disconnected (no auth attempts in 0 secs): user=<>, rip=127.0.0.1, lip=127.0.0.1, secured, session=<taXtKZhYatF/AAAB>
Aug  9 07:27:01 brollon dovecot: pop3-login: Disconnected (no auth attempts in 0 secs): user=<>, rip=127.0.0.1, lip=127.0.0.1, secured, session=<+7PtKZhYmsl/AAAB>
Aug  9 07:27:02 brollon postfix/submission/smtpd[28133]: warning: unknown[213.176.26.64]: SASL LOGIN authentication failed: UGFzc3dvcmQ6
Aug  9 07:27:02 brollon postfix/submission/smtpd[28133]: disconnect from unknown[213.176.26.64] ehlo=1 auth=0/1 rset=1 quit=1 commands=3/4
Aug  9 07:27:06 brollon postfix/smtps/smtpd[1422]: warning: unknown[213.176.26.23]: SASL LOGIN authentication failed: UGFzc3dvcmQ6
Aug  9 07:27:06 brollon postfix/submission/smtpd[1141]: warning: unknown[213.176.26.113]: SASL LOGIN authentication failed: UGFzc3dvcmQ6
Aug  9 07:27:06 brollon postfix/smtps/smtpd[1422]: lost connection after AUTH from unknown[213.176.26.23]
Aug  9 07:27:06 brollon postfix/smtps/smtpd[1422]: disconnect from unknown[213.176.26.23] ehlo=1 auth=0/1 rset=1 commands=2/3
Aug  9 07:27:06 brollon postfix/submission/smtpd[1141]: disconnect from unknown[213.176.26.113] ehlo=1 auth=0/1 rset=1 quit=1 commands=3/4
Aug  9 07:27:08 brollon postfix/submission/smtpd[2049]: connect from unknown[213.176.26.85]
Aug  9 07:27:12 brollon postfix/submission/smtpd[1141]: connect from unknown[213.176.26.78]
Aug  9 07:27:15 brollon postfix/submission/smtpd[2049]: warning: unknown[213.176.26.85]: SASL LOGIN authentication failed: UGFzc3dvcmQ6
Aug  9 07:27:15 brollon postfix/submission/smtpd[2049]: disconnect from unknown[213.176.26.85] ehlo=1 auth=0/1 rset=1 quit=1 commands=3/4
Aug  9 07:27:15 brollon postfix/submission/smtpd[28133]: connect from unknown[213.176.26.114]
Aug  9 07:27:17 brollon postfix/smtpd[32744]: connect from unknown[178.16.52.113]
Aug  9 07:27:19 brollon postfix/submission/smtpd[1141]: warning: unknown[213.176.26.78]: SASL LOGIN authentication failed: UGFzc3dvcmQ6
Aug  9 07:27:19 brollon postfix/submission/smtpd[2049]: connect from unknown[213.176.26.76]
Aug  9 07:27:20 brollon postfix/smtpd[32744]: warning: unknown[178.16.52.113]: SASL LOGIN authentication failed: UGFzc3dvcmQ6
Aug  9 07:27:20 brollon postfix/submission/smtpd[1141]: disconnect from unknown[213.176.26.78] ehlo=1 auth=0/1 rset=1 quit=1 commands=3/4
Aug  9 07:27:22 brollon postfix/submission/smtpd[28133]: warning: unknown[213.176.26.114]: SASL LOGIN authentication failed: UGFzc3dvcmQ6
Aug  9 07:27:22 brollon postfix/submission/smtpd[28133]: disconnect from unknown[213.176.26.114] ehlo=1 auth=0/1 rset=1 quit=1 commands=3/4
Aug  9 07:27:25 brollon dovecot: imap(secretaria@concellodapobradobrollon.gal): Logged out in=721 out=81385
Aug  9 07:27:26 brollon postfix/smtpd[32744]: warning: unknown[178.16.52.113]: SASL LOGIN authentication failed: UGFzc3dvcmQ6
Aug  9 07:27:26 brollon postfix/submission/smtpd[2049]: warning: unknown[213.176.26.76]: SASL LOGIN authentication failed: UGFzc3dvcmQ6
Aug  9 07:27:27 brollon postfix/submission/smtpd[2049]: disconnect from unknown[213.176.26.76] ehlo=1 auth=0/1 rset=1 quit=1 commands=3/4
Aug  9 07:27:28 brollon postfix/submission/smtpd[1141]: connect from unknown[213.176.26.159]
Aug  9 07:27:35 brollon postfix/submission/smtpd[1141]: warning: unknown[213.176.26.159]: SASL LOGIN authentication failed: UGFzc3dvcmQ6
Aug  9 07:27:35 brollon postfix/submission/smtpd[1141]: disconnect from unknown[213.176.26.159] ehlo=1 auth=0/1 rset=1 quit=1 commands=3/4
Aug  9 07:27:36 brollon postfix/smtpd[32744]: warning: unknown[178.16.52.113]: SASL LOGIN authentication failed: UGFzc3dvcmQ6
Aug  9 07:27:38 brollon postfix/submission/smtpd[2049]: connect from unknown[213.176.26.144]
Aug  9 07:27:45 brollon postfix/submission/smtpd[2049]: warning: unknown[213.176.26.144]: SASL LOGIN authentication failed: UGFzc3dvcmQ6
Aug  9 07:27:46 brollon postfix/smtpd[32744]: warning: unknown[178.16.52.113]: SASL LOGIN authentication failed: Connection lost to authentication server
Aug  9 07:27:46 brollon postfix/submission/smtpd[2049]: disconnect from unknown[213.176.26.144] ehlo=1 auth=0/1 rset=1 quit=1 commands=3/4
Aug  9 07:27:46 brollon postfix/smtpd[32744]: disconnect from unknown[178.16.52.113] ehlo=1 auth=0/4 rset=4 quit=1 commands=6/10
Aug  9 07:27:49 brollon postfix/submission/smtpd[28133]: connect from unknown[213.176.26.74]
Aug  9 07:27:50 brollon postfix/smtps/smtpd[1419]: connect from unknown[213.176.26.77]
Aug  9 07:27:56 brollon postfix/smtps/smtpd[1419]: warning: unknown[213.176.26.77]: SASL LOGIN authentication failed: UGFzc3dvcmQ6
Aug  9 07:27:56 brollon postfix/submission/smtpd[28133]: warning: unknown[213.176.26.74]: SASL LOGIN authentication failed: UGFzc3dvcmQ6
Aug  9 07:27:56 brollon postfix/smtps/smtpd[1419]: lost connection after AUTH from unknown[213.176.26.77]
Aug  9 07:27:56 brollon postfix/smtps/smtpd[1419]: disconnect from unknown[213.176.26.77] ehlo=1 auth=0/1 rset=1 commands=2/3
Aug  9 07:27:56 brollon postfix/submission/smtpd[28133]: disconnect from unknown[213.176.26.74] ehlo=1 auth=0/1 rset=1 quit=1 commands=3/4
Aug  9 07:27:57 brollon postfix/submission/smtpd[2049]: connect from unknown[213.176.26.134]
Aug  9 07:28:00 brollon postfix/submission/smtpd[28133]: connect from unknown[213.176.26.113]
Aug  9 07:28:01 brollon postfix/submission/smtpd[1141]: connect from unknown[213.176.26.64]
Aug  9 07:28:01 brollon postfix/smtpd[32744]: connect from localhost[127.0.0.1]
Aug  9 07:28:01 brollon postfix/smtpd[32744]: lost connection after CONNECT from localhost[127.0.0.1]
Aug  9 07:28:01 brollon postfix/smtpd[32744]: disconnect from localhost[127.0.0.1] commands=0/0
Aug  9 07:28:01 brollon dovecot: imap-login: Disconnected (no auth attempts in 0 secs): user=<>, rip=127.0.0.1, lip=127.0.0.1, secured, session=<Xzl1LZhYXtJ/AAAB>
Aug  9 07:28:01 brollon dovecot: pop3-login: Disconnected (no auth attempts in 0 secs): user=<>, rip=127.0.0.1, lip=127.0.0.1, secured, session=<GkV1LZhYjsp/AAAB>
Aug  9 07:28:01 brollon postfix/smtps/smtpd[1422]: connect from unknown[213.176.26.63]
Aug  9 07:28:02 brollon postfix/smtps/smtpd[1419]: connect from unknown[213.176.26.165]
Aug  9 07:28:04 brollon postfix/submission/smtpd[2049]: warning: unknown[213.176.26.134]: SASL LOGIN authentication failed: UGFzc3dvcmQ6
Aug  9 07:28:04 brollon postfix/submission/smtpd[2049]: disconnect from unknown[213.176.26.134] ehlo=1 auth=0/1 rset=1 quit=1 commands=3/4
Aug  9 07:28:07 brollon postfix/smtps/smtpd[1419]: warning: unknown[213.176.26.165]: SASL LOGIN authentication failed: UGFzc3dvcmQ6
Aug  9 07:28:07 brollon postfix/submission/smtpd[28133]: warning: unknown[213.176.26.113]: SASL LOGIN authentication failed: UGFzc3dvcmQ6
Aug  9 07:28:07 brollon postfix/smtps/smtpd[1419]: lost connection after AUTH from unknown[213.176.26.165]
Aug  9 07:28:07 brollon postfix/smtps/smtpd[1419]: disconnect from unknown[213.176.26.165] ehlo=1 auth=0/1 rset=1 commands=2/3
Aug  9 07:28:07 brollon postfix/submission/smtpd[28133]: disconnect from unknown[213.176.26.113] ehlo=1 auth=0/1 rset=1 quit=1 commands=3/4
Aug  9 07:28:08 brollon postfix/smtps/smtpd[1422]: warning: unknown[213.176.26.63]: SASL LOGIN authentication failed: UGFzc3dvcmQ6
Aug  9 07:28:08 brollon postfix/submission/smtpd[1141]: warning: unknown[213.176.26.64]: SASL LOGIN authentication failed: UGFzc3dvcmQ6
Aug  9 07:28:08 brollon postfix/submission/smtpd[1141]: disconnect from unknown[213.176.26.64] ehlo=1 auth=0/1 rset=1 quit=1 commands=3/4
Aug  9 07:28:08 brollon postfix/smtps/smtpd[1422]: lost connection after AUTH from unknown[213.176.26.63]
Aug  9 07:28:08 brollon postfix/smtps/smtpd[1422]: disconnect from unknown[213.176.26.63] ehlo=1 auth=0/1 rset=1 commands=2/3
Aug  9 07:28:11 brollon postfix/submission/smtpd[2049]: connect from unknown[213.176.26.85]
Aug  9 07:28:14 brollon postfix/submission/smtpd[28133]: connect from unknown[213.176.26.78]
Aug  9 07:28:15 brollon postfix/submission/smtpd[1141]: connect from unknown[213.176.26.114]
Aug  9 07:28:18 brollon postfix/submission/smtpd[2049]: warning: unknown[213.176.26.85]: SASL LOGIN authentication failed: UGFzc3dvcmQ6
Aug  9 07:28:18 brollon postfix/submission/smtpd[2049]: disconnect from unknown[213.176.26.85] ehlo=1 auth=0/1 rset=1 quit=1 commands=3/4
Aug  9 07:28:18 brollon postfix/smtps/smtpd[1419]: connect from unknown[213.176.26.166]
Aug  9 07:28:20 brollon postfix/submission/smtpd[1141]: warning: unknown[213.176.26.114]: SASL LOGIN authentication failed: UGFzc3dvcmQ6
Aug  9 07:28:20 brollon postfix/submission/smtpd[1141]: disconnect from unknown[213.176.26.114] ehlo=1 auth=0/1 rset=1 quit=1 commands=3/4
Aug  9 07:28:21 brollon postfix/submission/smtpd[28133]: warning: unknown[213.176.26.78]: SASL LOGIN authentication failed: UGFzc3dvcmQ6
Aug  9 07:28:22 brollon postfix/submission/smtpd[2049]: connect from unknown[213.176.26.76]
Aug  9 07:28:22 brollon postfix/submission/smtpd[28133]: disconnect from unknown[213.176.26.78] ehlo=1 auth=0/1 rset=1 quit=1 commands=3/4
Aug  9 07:28:26 brollon postfix/smtps/smtpd[1419]: warning: unknown[213.176.26.166]: SASL LOGIN authentication failed: UGFzc3dvcmQ6
Aug  9 07:28:27 brollon postfix/submission/smtpd[2049]: warning: unknown[213.176.26.76]: SASL LOGIN authentication failed: UGFzc3dvcmQ6
Aug  9 07:28:27 brollon postfix/smtps/smtpd[1419]: lost connection after AUTH from unknown[213.176.26.166]
Aug  9 07:28:27 brollon postfix/smtps/smtpd[1419]: disconnect from unknown[213.176.26.166] ehlo=1 auth=0/1 rset=1 commands=2/3
Aug  9 07:28:27 brollon postfix/submission/smtpd[2049]: disconnect from unknown[213.176.26.76] ehlo=1 auth=0/1 rset=1 quit=1 commands=3/4
Aug  9 07:28:29 brollon postfix/submission/smtpd[1141]: connect from unknown[213.176.26.159]
Aug  9 07:28:33 brollon postfix/smtps/smtpd[1422]: connect from unknown[213.176.26.21]
Aug  9 07:28:36 brollon postfix/submission/smtpd[1141]: warning: unknown[213.176.26.159]: SASL LOGIN authentication failed: UGFzc3dvcmQ6
Aug  9 07:28:36 brollon postfix/submission/smtpd[1141]: disconnect from unknown[213.176.26.159] ehlo=1 auth=0/1 rset=1 quit=1 commands=3/4
Aug  9 07:28:37 brollon postfix/smtps/smtpd[1422]: warning: unknown[213.176.26.21]: SASL LOGIN authentication failed: UGFzc3dvcmQ6
Aug  9 07:28:37 brollon postfix/smtps/smtpd[1422]: lost connection after AUTH from unknown[213.176.26.21]
Aug  9 07:28:37 brollon postfix/smtps/smtpd[1422]: disconnect from unknown[213.176.26.21] ehlo=1 auth=0/1 rset=1 commands=2/3
Aug  9 07:28:41 brollon postfix/submission/smtpd[28133]: connect from unknown[213.176.26.144]
Aug  9 07:28:48 brollon postfix/submission/smtpd[28133]: warning: unknown[213.176.26.144]: SASL LOGIN authentication failed: UGFzc3dvcmQ6
Aug  9 07:28:48 brollon postfix/submission/smtpd[28133]: disconnect from unknown[213.176.26.144] ehlo=1 auth=0/1 rset=1 quit=1 commands=3/4
Aug  9 07:28:51 brollon postfix/submission/smtpd[1141]: connect from unknown[213.176.26.74]
Aug  9 07:28:57 brollon postfix/submission/smtpd[1141]: warning: unknown[213.176.26.74]: SASL LOGIN authentication failed: UGFzc3dvcmQ6
Aug  9 07:28:57 brollon postfix/submission/smtpd[1141]: disconnect from unknown[213.176.26.74] ehlo=1 auth=0/1 rset=1 quit=1 commands=3/4
Aug  9 07:29:01 brollon postfix/smtpd[32744]: connect from localhost[127.0.0.1]
Aug  9 07:29:01 brollon postfix/smtpd[32744]: lost connection after CONNECT from localhost[127.0.0.1]
Aug  9 07:29:01 brollon postfix/smtpd[32744]: disconnect from localhost[127.0.0.1] commands=0/0
Aug  9 07:29:01 brollon dovecot: pop3-login: Disconnected (no auth attempts in 0 secs): user=<>, rip=127.0.0.1, lip=127.0.0.1, secured, session=<2qALMZhYvMt/AAAB>
Aug  9 07:29:01 brollon dovecot: imap-login: Disconnected (no auth attempts in 0 secs): user=<>, rip=127.0.0.1, lip=127.0.0.1, secured, session=</rcLMZhYjNN/AAAB>
Aug  9 07:29:02 brollon postfix/submission/smtpd[2049]: connect from unknown[213.176.26.134]
Aug  9 07:29:02 brollon postfix/submission/smtpd[1141]: connect from unknown[213.176.26.113]
Aug  9 07:29:07 brollon postfix/submission/smtpd[28133]: connect from unknown[213.176.26.64]
Aug  9 07:29:08 brollon postfix/submission/smtpd[2049]: warning: unknown[213.176.26.134]: SASL LOGIN authentication failed: UGFzc3dvcmQ6
Aug  9 07:29:08 brollon postfix/submission/smtpd[2049]: disconnect from unknown[213.176.26.134] ehlo=1 auth=0/1 rset=1 quit=1 commands=3/4
Aug  9 07:29:09 brollon postfix/submission/smtpd[28133]: warning: unknown[213.176.26.64]: SASL LOGIN authentication failed: UGFzc3dvcmQ6
Aug  9 07:29:09 brollon postfix/submission/smtpd[1141]: warning: unknown[213.176.26.113]: SASL LOGIN authentication failed: UGFzc3dvcmQ6
Aug  9 07:29:09 brollon postfix/submission/smtpd[28133]: disconnect from unknown[213.176.26.64] ehlo=1 auth=0/1 rset=1 quit=1 commands=3/4
Aug  9 07:29:09 brollon postfix/submission/smtpd[1141]: disconnect from unknown[213.176.26.113] ehlo=1 auth=0/1 rset=1 quit=1 commands=3/4
Aug  9 07:29:13 brollon postfix/submission/smtpd[2049]: connect from unknown[213.176.26.85]
Aug  9 07:29:15 brollon postfix/submission/smtpd[28133]: connect from unknown[213.176.26.114]
Aug  9 07:29:17 brollon postfix/submission/smtpd[1141]: connect from unknown[213.176.26.78]
Aug  9 07:29:18 brollon postfix/submission/smtpd[2049]: warning: unknown[213.176.26.85]: SASL LOGIN authentication failed: UGFzc3dvcmQ6
Aug  9 07:29:18 brollon postfix/submission/smtpd[2049]: disconnect from unknown[213.176.26.85] ehlo=1 auth=0/1 rset=1 quit=1 commands=3/4
Aug  9 07:29:21 brollon postfix/submission/smtpd[1141]: warning: unknown[213.176.26.78]: SASL LOGIN authentication failed: UGFzc3dvcmQ6
Aug  9 07:29:21 brollon postfix/submission/smtpd[1141]: disconnect from unknown[213.176.26.78] ehlo=1 auth=0/1 rset=1 quit=1 commands=3/4
Aug  9 07:29:22 brollon postfix/submission/smtpd[28133]: warning: unknown[213.176.26.114]: SASL LOGIN authentication failed: UGFzc3dvcmQ6
Aug  9 07:29:22 brollon postfix/smtps/smtpd[1419]: connect from unknown[213.176.26.182]
Aug  9 07:29:22 brollon postfix/submission/smtpd[28133]: disconnect from unknown[213.176.26.114] ehlo=1 auth=0/1 rset=1 quit=1 commands=3/4
Aug  9 07:29:24 brollon postfix/submission/smtpd[2049]: connect from unknown[213.176.26.76]
Aug  9 07:29:28 brollon postfix/smtps/smtpd[1419]: warning: unknown[213.176.26.182]: SASL LOGIN authentication failed: UGFzc3dvcmQ6
Aug  9 07:29:28 brollon postfix/smtps/smtpd[1419]: lost connection after AUTH from unknown[213.176.26.182]
Aug  9 07:29:28 brollon postfix/smtps/smtpd[1419]: disconnect from unknown[213.176.26.182] ehlo=1 auth=0/1 rset=1 commands=2/3
Aug  9 07:29:30 brollon postfix/submission/smtpd[2049]: warning: unknown[213.176.26.76]: SASL LOGIN authentication failed: UGFzc3dvcmQ6
Aug  9 07:29:30 brollon postfix/submission/smtpd[28133]: connect from unknown[213.176.26.159]
Aug  9 07:29:30 brollon postfix/submission/smtpd[2049]: disconnect from unknown[213.176.26.76] ehlo=1 auth=0/1 rset=1 quit=1 commands=3/4
Aug  9 07:29:37 brollon postfix/submission/smtpd[28133]: warning: unknown[213.176.26.159]: SASL LOGIN authentication failed: UGFzc3dvcmQ6
Aug  9 07:29:38 brollon postfix/submission/smtpd[28133]: disconnect from unknown[213.176.26.159] ehlo=1 auth=0/1 rset=1 quit=1 commands=3/4
Aug  9 07:29:44 brollon postfix/submission/smtpd[1141]: connect from unknown[213.176.26.144]
Aug  9 07:29:44 brollon postfix/smtps/smtpd[1422]: connect from unknown[213.176.26.123]
Aug  9 07:29:46 brollon postfix/smtps/smtpd[1419]: connect from unknown[213.176.26.191]
Aug  9 07:29:46 brollon postfix/smtps/smtpd[2357]: connect from unknown[213.176.26.175]
Aug  9 07:29:47 brollon postfix/smtps/smtpd[1422]: warning: unknown[213.176.26.123]: SASL LOGIN authentication failed: UGFzc3dvcmQ6
Aug  9 07:29:47 brollon postfix/smtps/smtpd[1422]: lost connection after AUTH from unknown[213.176.26.123]
Aug  9 07:29:47 brollon postfix/smtps/smtpd[1422]: disconnect from unknown[213.176.26.123] ehlo=1 auth=0/1 rset=1 commands=2/3
Aug  9 07:29:48 brollon postfix/submission/smtpd[2049]: connect from unknown[213.176.24.65]
Aug  9 07:29:48 brollon postfix/smtps/smtpd[1419]: warning: unknown[213.176.26.191]: SASL LOGIN authentication failed: UGFzc3dvcmQ6
Aug  9 07:29:49 brollon postfix/smtps/smtpd[1419]: lost connection after AUTH from unknown[213.176.26.191]
Aug  9 07:29:49 brollon postfix/smtps/smtpd[1419]: disconnect from unknown[213.176.26.191] ehlo=1 auth=0/1 rset=1 commands=2/3
Aug  9 07:29:51 brollon postfix/smtps/smtpd[1422]: connect from unknown[213.176.26.41]
Aug  9 07:29:51 brollon postfix/submission/smtpd[1141]: warning: unknown[213.176.26.144]: SASL LOGIN authentication failed: UGFzc3dvcmQ6
Aug  9 07:29:52 brollon postfix/submission/smtpd[1141]: disconnect from unknown[213.176.26.144] ehlo=1 auth=0/1 rset=1 quit=1 commands=3/4
Aug  9 07:29:52 brollon postfix/smtps/smtpd[2357]: warning: unknown[213.176.26.175]: SASL LOGIN authentication failed: UGFzc3dvcmQ6
Aug  9 07:29:52 brollon postfix/smtps/smtpd[2357]: lost connection after AUTH from unknown[213.176.26.175]
Aug  9 07:29:52 brollon postfix/smtps/smtpd[2357]: disconnect from unknown[213.176.26.175] ehlo=1 auth=0/1 rset=1 commands=2/3
Aug  9 07:29:54 brollon postfix/submission/smtpd[1141]: connect from unknown[213.176.26.74]
Aug  9 07:29:58 brollon postfix/smtps/smtpd[1422]: warning: unknown[213.176.26.41]: SASL LOGIN authentication failed: UGFzc3dvcmQ6
Aug  9 07:30:00 brollon postfix/submission/smtpd[2049]: warning: unknown[213.176.24.65]: SASL LOGIN authentication failed: UGFzc3dvcmQ6
Aug  9 07:30:00 brollon postfix/submission/smtpd[2049]: lost connection after AUTH from unknown[213.176.24.65]
Aug  9 07:30:00 brollon postfix/submission/smtpd[2049]: disconnect from unknown[213.176.24.65] ehlo=1 auth=0/1 rset=1 commands=2/3
Aug  9 07:30:00 brollon postfix/smtps/smtpd[1422]: lost connection after AUTH from unknown[213.176.26.41]
Aug  9 07:30:00 brollon postfix/smtps/smtpd[1422]: disconnect from unknown[213.176.26.41] ehlo=1 auth=0/1 rset=1 commands=2/3
Aug  9 07:30:01 brollon postfix/submission/smtpd[1141]: warning: unknown[213.176.26.74]: SASL LOGIN authentication failed: UGFzc3dvcmQ6
Aug  9 07:30:01 brollon postfix/submission/smtpd[1141]: disconnect from unknown[213.176.26.74] ehlo=1 auth=0/1 rset=1 quit=1 commands=3/4
Aug  9 07:30:01 brollon postfix/smtpd[32744]: connect from localhost[127.0.0.1]
Aug  9 07:30:01 brollon postfix/smtpd[32744]: lost connection after CONNECT from localhost[127.0.0.1]
Aug  9 07:30:01 brollon postfix/smtpd[32744]: disconnect from localhost[127.0.0.1] commands=0/0
Aug  9 07:30:01 brollon dovecot: imap-login: Disconnected (no auth attempts in 0 secs): user=<>, rip=127.0.0.1, lip=127.0.0.1, secured, session=<pJ2iNJhYltR/AAAB>
Aug  9 07:30:01 brollon dovecot: pop3-login: Disconnected (no auth attempts in 0 secs): user=<>, rip=127.0.0.1, lip=127.0.0.1, secured, session=<KemiNJhYxsx/AAAB>
Aug  9 07:30:01 brollon postfix/smtpd[32744]: connect from localhost[127.0.0.1]
Aug  9 07:30:01 brollon postfix/smtpd[32744]: lost connection after CONNECT from localhost[127.0.0.1]
Aug  9 07:30:01 brollon postfix/smtpd[32744]: disconnect from localhost[127.0.0.1] commands=0/0
Aug  9 07:30:01 brollon dovecot: imap-login: Disconnected (no auth attempts in 0 secs): user=<>, rip=127.0.0.1, lip=127.0.0.1, secured, session=<8b6mNJhYpNR/AAAB>
Aug  9 07:30:01 brollon dovecot: pop3-login: Disconnected (no auth attempts in 0 secs): user=<>, rip=127.0.0.1, lip=127.0.0.1, secured, session=<br+mNJhY1Mx/AAAB>
Aug  9 07:30:03 brollon postfix/smtps/smtpd[1419]: connect from unknown[213.176.26.82]
Aug  9 07:30:03 brollon postfix/submission/smtpd[2049]: connect from unknown[213.176.26.113]
Aug  9 07:30:05 brollon postfix/submission/smtpd[1141]: connect from unknown[213.176.26.134]
Aug  9 07:30:09 brollon postfix/submission/smtpd[2049]: warning: unknown[213.176.26.113]: SASL LOGIN authentication failed: UGFzc3dvcmQ6
Aug  9 07:30:09 brollon postfix/submission/smtpd[2049]: disconnect from unknown[213.176.26.113] ehlo=1 auth=0/1 rset=1 quit=1 commands=3/4
Aug  9 07:30:11 brollon postfix/smtps/smtpd[1419]: warning: unknown[213.176.26.82]: SASL LOGIN authentication failed: UGFzc3dvcmQ6
Aug  9 07:30:11 brollon postfix/submission/smtpd[1141]: warning: unknown[213.176.26.134]: SASL LOGIN authentication failed: UGFzc3dvcmQ6
Aug  9 07:30:12 brollon postfix/submission/smtpd[2049]: connect from unknown[213.176.26.64]
Aug  9 07:30:12 brollon postfix/submission/smtpd[1141]: disconnect from unknown[213.176.26.134] ehlo=1 auth=0/1 rset=1 quit=1 commands=3/4
Aug  9 07:30:13 brollon postfix/smtps/smtpd[1419]: lost connection after AUTH from unknown[213.176.26.82]
Aug  9 07:30:13 brollon postfix/smtps/smtpd[1419]: disconnect from unknown[213.176.26.82] ehlo=1 auth=0/1 rset=1 commands=2/3
Aug  9 07:30:16 brollon postfix/submission/smtpd[1141]: connect from unknown[213.176.26.85]
Aug  9 07:30:16 brollon postfix/submission/smtpd[2874]: connect from unknown[213.176.26.114]
Aug  9 07:30:18 brollon postfix/submission/smtpd[2049]: warning: unknown[213.176.26.64]: SASL LOGIN authentication failed: UGFzc3dvcmQ6
Aug  9 07:30:18 brollon postfix/smtps/smtpd[1422]: connect from unknown[213.176.26.44]
Aug  9 07:30:19 brollon postfix/submission/smtpd[2049]: disconnect from unknown[213.176.26.64] ehlo=1 auth=0/1 rset=1 quit=1 commands=3/4
Aug  9 07:30:20 brollon postfix/submission/smtpd[2049]: connect from unknown[213.176.26.78]
Aug  9 07:30:23 brollon postfix/submission/smtpd[1141]: warning: unknown[213.176.26.85]: SASL LOGIN authentication failed: UGFzc3dvcmQ6
Aug  9 07:30:23 brollon postfix/submission/smtpd[2874]: warning: unknown[213.176.26.114]: SASL LOGIN authentication failed: UGFzc3dvcmQ6
Aug  9 07:30:23 brollon postfix/submission/smtpd[1141]: disconnect from unknown[213.176.26.85] ehlo=1 auth=0/1 rset=1 quit=1 commands=3/4
Aug  9 07:30:23 brollon postfix/submission/smtpd[2874]: disconnect from unknown[213.176.26.114] ehlo=1 auth=0/1 rset=1 quit=1 commands=3/4
Aug  9 07:30:25 brollon postfix/smtps/smtpd[1422]: warning: unknown[213.176.26.44]: SASL LOGIN authentication failed: UGFzc3dvcmQ6
Aug  9 07:30:25 brollon postfix/smtps/smtpd[1422]: lost connection after AUTH from unknown[213.176.26.44]
Aug  9 07:30:25 brollon postfix/smtps/smtpd[1422]: disconnect from unknown[213.176.26.44] ehlo=1 auth=0/1 rset=1 commands=2/3
Aug  9 07:30:27 brollon postfix/submission/smtpd[2049]: warning: unknown[213.176.26.78]: SASL LOGIN authentication failed: UGFzc3dvcmQ6
Aug  9 07:30:27 brollon postfix/submission/smtpd[1141]: connect from unknown[213.176.26.76]
Aug  9 07:30:27 brollon postfix/submission/smtpd[2049]: disconnect from unknown[213.176.26.78] ehlo=1 auth=0/1 rset=1 quit=1 commands=3/4
Aug  9 07:30:31 brollon postfix/submission/smtpd[2874]: connect from unknown[213.176.26.159]
Aug  9 07:30:33 brollon postfix/submission/smtpd[1141]: warning: unknown[213.176.26.76]: SASL LOGIN authentication failed: UGFzc3dvcmQ6
Aug  9 07:30:33 brollon postfix/submission/smtpd[1141]: disconnect from unknown[213.176.26.76] ehlo=1 auth=0/1 rset=1 quit=1 commands=3/4
Aug  9 07:30:34 brollon postfix/submission/smtpd[2874]: warning: unknown[213.176.26.159]: SASL LOGIN authentication failed: UGFzc3dvcmQ6
Aug  9 07:30:34 brollon postfix/submission/smtpd[2874]: disconnect from unknown[213.176.26.159] ehlo=1 auth=0/1 rset=1 quit=1 commands=3/4
Aug  9 07:30:46 brollon postfix/submission/smtpd[2049]: connect from unknown[213.176.26.144]
Aug  9 07:30:47 brollon postfix/smtps/smtpd[1419]: connect from unknown[213.176.26.122]
Aug  9 07:30:48 brollon postfix/submission/smtpd[2049]: warning: unknown[213.176.26.144]: SASL LOGIN authentication failed: UGFzc3dvcmQ6
Aug  9 07:30:48 brollon postfix/submission/smtpd[2049]: disconnect from unknown[213.176.26.144] ehlo=1 auth=0/1 rset=1 quit=1 commands=3/4
Aug  9 07:30:50 brollon postfix/smtps/smtpd[1419]: warning: unknown[213.176.26.122]: SASL LOGIN authentication failed: UGFzc3dvcmQ6
Aug  9 07:30:50 brollon postfix/smtps/smtpd[1419]: lost connection after AUTH from unknown[213.176.26.122]
Aug  9 07:30:50 brollon postfix/smtps/smtpd[1419]: disconnect from unknown[213.176.26.122] ehlo=1 auth=0/1 rset=1 commands=2/3
Aug  9 07:30:52 brollon postfix/smtps/smtpd[1422]: connect from unknown[213.176.26.133]
Aug  9 07:30:57 brollon postfix/submission/smtpd[1141]: connect from unknown[213.176.26.74]
Aug  9 07:31:00 brollon postfix/smtps/smtpd[1422]: warning: unknown[213.176.26.133]: SASL LOGIN authentication failed: UGFzc3dvcmQ6
Aug  9 07:31:01 brollon postfix/smtpd[32744]: connect from localhost[127.0.0.1]
Aug  9 07:31:01 brollon postfix/smtpd[32744]: lost connection after CONNECT from localhost[127.0.0.1]
Aug  9 07:31:01 brollon postfix/smtpd[32744]: disconnect from localhost[127.0.0.1] commands=0/0
Aug  9 07:31:01 brollon dovecot: pop3-login: Disconnected (no auth attempts in 0 secs): user=<>, rip=127.0.0.1, lip=127.0.0.1, secured, session=<TJEvOJhYtM1/AAAB>
Aug  9 07:31:01 brollon dovecot: imap-login: Disconnected (no auth attempts in 0 secs): user=<>, rip=127.0.0.1, lip=127.0.0.1, secured, session=<TpMvOJhYhNV/AAAB>
Aug  9 07:31:02 brollon postfix/smtps/smtpd[1422]: lost connection after AUTH from unknown[213.176.26.133]
Aug  9 07:31:02 brollon postfix/smtps/smtpd[1422]: disconnect from unknown[213.176.26.133] ehlo=1 auth=0/1 rset=1 commands=2/3
Aug  9 07:31:03 brollon postfix/submission/smtpd[1141]: warning: unknown[213.176.26.74]: SASL LOGIN authentication failed: UGFzc3dvcmQ6
Aug  9 07:31:03 brollon postfix/submission/smtpd[1141]: disconnect from unknown[213.176.26.74] ehlo=1 auth=0/1 rset=1 quit=1 commands=3/4
Aug  9 07:31:04 brollon postfix/submission/smtpd[2874]: connect from unknown[213.176.26.113]
Aug  9 07:31:08 brollon postfix/submission/smtpd[2049]: connect from unknown[213.176.26.134]
Aug  9 07:31:09 brollon postfix/smtps/smtpd[2357]: connect from unknown[213.176.26.87]
Aug  9 07:31:10 brollon postfix/smtps/smtpd[1419]: connect from unknown[213.176.26.37]
Aug  9 07:31:11 brollon postfix/submission/smtpd[2874]: warning: unknown[213.176.26.113]: SASL LOGIN authentication failed: UGFzc3dvcmQ6
Aug  9 07:31:11 brollon postfix/submission/smtpd[2874]: disconnect from unknown[213.176.26.113] ehlo=1 auth=0/1 rset=1 quit=1 commands=3/4
Aug  9 07:31:11 brollon postfix/smtps/smtpd[1422]: connect from unknown[213.176.26.88]
Aug  9 07:31:13 brollon postfix/smtps/smtpd[2357]: warning: unknown[213.176.26.87]: SASL LOGIN authentication failed: UGFzc3dvcmQ6
Aug  9 07:31:13 brollon postfix/smtps/smtpd[2357]: lost connection after AUTH from unknown[213.176.26.87]
Aug  9 07:31:13 brollon postfix/smtps/smtpd[2357]: disconnect from unknown[213.176.26.87] ehlo=1 auth=0/1 rset=1 commands=2/3
Aug  9 07:31:14 brollon postfix/submission/smtpd[2049]: warning: unknown[213.176.26.134]: SASL LOGIN authentication failed: UGFzc3dvcmQ6
Aug  9 07:31:14 brollon postfix/submission/smtpd[2049]: disconnect from unknown[213.176.26.134] ehlo=1 auth=0/1 rset=1 quit=1 commands=3/4
Aug  9 07:31:16 brollon postfix/smtps/smtpd[1419]: warning: unknown[213.176.26.37]: SASL LOGIN authentication failed: UGFzc3dvcmQ6
Aug  9 07:31:16 brollon postfix/smtps/smtpd[1422]: warning: unknown[213.176.26.88]: SASL LOGIN authentication failed: UGFzc3dvcmQ6
Aug  9 07:31:16 brollon postfix/smtps/smtpd[1422]: lost connection after AUTH from unknown[213.176.26.88]
Aug  9 07:31:16 brollon postfix/smtps/smtpd[1422]: disconnect from unknown[213.176.26.88] ehlo=1 auth=0/1 rset=1 commands=2/3
Aug  9 07:31:16 brollon postfix/smtps/smtpd[1419]: lost connection after AUTH from unknown[213.176.26.37]
Aug  9 07:31:16 brollon postfix/smtps/smtpd[1419]: disconnect from unknown[213.176.26.37] ehlo=1 auth=0/1 rset=1 commands=2/3
Aug  9 07:31:17 brollon postfix/submission/smtpd[1141]: connect from unknown[213.176.26.114]
Aug  9 07:31:17 brollon postfix/submission/smtpd[2874]: connect from unknown[213.176.26.64]
Aug  9 07:31:18 brollon postfix/submission/smtpd[2049]: connect from unknown[213.176.26.85]
Aug  9 07:31:20 brollon postfix/submission/smtpd[1141]: warning: unknown[213.176.26.114]: SASL LOGIN authentication failed: UGFzc3dvcmQ6
Aug  9 07:31:20 brollon postfix/submission/smtpd[1141]: disconnect from unknown[213.176.26.114] ehlo=1 auth=0/1 rset=1 quit=1 commands=3/4
Aug  9 07:31:23 brollon postfix/submission/smtpd[2874]: warning: unknown[213.176.26.64]: SASL LOGIN authentication failed: UGFzc3dvcmQ6
Aug  9 07:31:23 brollon postfix/submission/smtpd[2874]: disconnect from unknown[213.176.26.64] ehlo=1 auth=0/1 rset=1 quit=1 commands=3/4
Aug  9 07:31:24 brollon postfix/submission/smtpd[1141]: connect from unknown[213.176.26.78]
Aug  9 07:31:24 brollon postfix/submission/smtpd[2049]: warning: unknown[213.176.26.85]: SASL LOGIN authentication failed: UGFzc3dvcmQ6
Aug  9 07:31:24 brollon postfix/smtps/smtpd[2357]: connect from unknown[213.176.26.29]
Aug  9 07:31:24 brollon postfix/submission/smtpd[2049]: disconnect from unknown[213.176.26.85] ehlo=1 auth=0/1 rset=1 quit=1 commands=3/4
Aug  9 07:31:26 brollon postfix/smtps/smtpd[1422]: connect from unknown[213.176.26.194]
Aug  9 07:31:28 brollon postfix/smtps/smtpd[2357]: warning: unknown[213.176.26.29]: SASL LOGIN authentication failed: UGFzc3dvcmQ6
Aug  9 07:31:28 brollon postfix/smtps/smtpd[2357]: lost connection after AUTH from unknown[213.176.26.29]
Aug  9 07:31:28 brollon postfix/smtps/smtpd[2357]: disconnect from unknown[213.176.26.29] ehlo=1 auth=0/1 rset=1 commands=2/3
Aug  9 07:31:28 brollon postfix/smtpd[32744]: connect from unknown[2.57.122.98]
Aug  9 07:31:30 brollon postfix/submission/smtpd[2874]: connect from unknown[213.176.26.76]
Aug  9 07:31:30 brollon postfix/smtpd[32744]: warning: unknown[2.57.122.98]: SASL LOGIN authentication failed: UGFzc3dvcmQ6
Aug  9 07:31:30 brollon postfix/smtpd[32744]: disconnect from unknown[2.57.122.98] ehlo=1 auth=0/1 quit=1 commands=2/3
Aug  9 07:31:31 brollon postfix/submission/smtpd[1141]: warning: unknown[213.176.26.78]: SASL LOGIN authentication failed: UGFzc3dvcmQ6
Aug  9 07:31:31 brollon postfix/smtps/smtpd[1422]: warning: unknown[213.176.26.194]: SASL LOGIN authentication failed: UGFzc3dvcmQ6
Aug  9 07:31:31 brollon postfix/submission/smtpd[1141]: disconnect from unknown[213.176.26.78] ehlo=1 auth=0/1 rset=1 quit=1 commands=3/4
Aug  9 07:31:31 brollon postfix/smtps/smtpd[1422]: lost connection after AUTH from unknown[213.176.26.194]
Aug  9 07:31:31 brollon postfix/smtps/smtpd[1422]: disconnect from unknown[213.176.26.194] ehlo=1 auth=0/1 rset=1 commands=2/3
Aug  9 07:31:32 brollon postfix/submission/smtpd[2049]: connect from unknown[213.176.26.159]
Aug  9 07:31:35 brollon postfix/submission/smtpd[2874]: warning: unknown[213.176.26.76]: SASL LOGIN authentication failed: UGFzc3dvcmQ6
Aug  9 07:31:36 brollon postfix/submission/smtpd[2874]: disconnect from unknown[213.176.26.76] ehlo=1 auth=0/1 rset=1 quit=1 commands=3/4
Aug  9 07:31:39 brollon postfix/submission/smtpd[2049]: warning: unknown[213.176.26.159]: SASL LOGIN authentication failed: UGFzc3dvcmQ6
Aug  9 07:31:39 brollon postfix/submission/smtpd[2049]: disconnect from unknown[213.176.26.159] ehlo=1 auth=0/1 rset=1 quit=1 commands=3/4
Aug  9 07:31:49 brollon postfix/submission/smtpd[1141]: connect from unknown[213.176.26.144]
Aug  9 07:31:52 brollon postfix/smtps/smtpd[1419]: connect from unknown[213.176.26.186]
Aug  9 07:31:55 brollon postfix/smtps/smtpd[1419]: warning: unknown[213.176.26.186]: SASL LOGIN authentication failed: UGFzc3dvcmQ6
Aug  9 07:31:55 brollon postfix/smtps/smtpd[1419]: lost connection after AUTH from unknown[213.176.26.186]
Aug  9 07:31:55 brollon postfix/smtps/smtpd[1419]: disconnect from unknown[213.176.26.186] ehlo=1 auth=0/1 rset=1 commands=2/3
Aug  9 07:31:56 brollon postfix/submission/smtpd[1141]: warning: unknown[213.176.26.144]: SASL LOGIN authentication failed: UGFzc3dvcmQ6
Aug  9 07:31:56 brollon postfix/submission/smtpd[1141]: disconnect from unknown[213.176.26.144] ehlo=1 auth=0/1 rset=1 quit=1 commands=3/4
Aug  9 07:31:59 brollon postfix/submission/smtpd[2874]: connect from unknown[213.176.26.74]
Aug  9 07:32:01 brollon postfix/smtpd[32744]: connect from localhost[127.0.0.1]
Aug  9 07:32:01 brollon postfix/smtpd[32744]: lost connection after CONNECT from localhost[127.0.0.1]
Aug  9 07:32:01 brollon postfix/smtpd[32744]: disconnect from localhost[127.0.0.1] commands=0/0
Aug  9 07:32:01 brollon dovecot: pop3-login: Disconnected (no auth attempts in 0 secs): user=<>, rip=127.0.0.1, lip=127.0.0.1, secured, session=<M0/GO5hYDs5/AAAB>
Aug  9 07:32:01 brollon dovecot: imap-login: Disconnected (no auth attempts in 0 secs): user=<>, rip=127.0.0.1, lip=127.0.0.1, secured, session=<KWPGO5hY3tV/AAAB>
Aug  9 07:32:06 brollon postfix/submission/smtpd[2874]: warning: unknown[213.176.26.74]: SASL LOGIN authentication failed: UGFzc3dvcmQ6
Aug  9 07:32:06 brollon postfix/submission/smtpd[2049]: connect from unknown[213.176.26.113]
Aug  9 07:32:06 brollon postfix/submission/smtpd[2874]: disconnect from unknown[213.176.26.74] ehlo=1 auth=0/1 rset=1 quit=1 commands=3/4
Aug  9 07:32:11 brollon postfix/submission/smtpd[1141]: connect from unknown[213.176.26.134]
Aug  9 07:32:12 brollon postfix/submission/smtpd[2049]: warning: unknown[213.176.26.113]: SASL LOGIN authentication failed: UGFzc3dvcmQ6
Aug  9 07:32:12 brollon postfix/submission/smtpd[2049]: disconnect from unknown[213.176.26.113] ehlo=1 auth=0/1 rset=1 quit=1 commands=3/4
Aug  9 07:32:17 brollon postfix/submission/smtpd[2874]: connect from unknown[213.176.26.114]
Aug  9 07:32:18 brollon postfix/submission/smtpd[1141]: warning: unknown[213.176.26.134]: SASL LOGIN authentication failed: UGFzc3dvcmQ6
Aug  9 07:32:18 brollon postfix/submission/smtpd[1141]: disconnect from unknown[213.176.26.134] ehlo=1 auth=0/1 rset=1 quit=1 commands=3/4
Aug  9 07:32:21 brollon postfix/submission/smtpd[2049]: connect from unknown[213.176.26.64]
Aug  9 07:32:21 brollon postfix/submission/smtpd[1141]: connect from unknown[213.176.26.85]
Aug  9 07:32:24 brollon postfix/submission/smtpd[2874]: warning: unknown[213.176.26.114]: SASL LOGIN authentication failed: UGFzc3dvcmQ6
Aug  9 07:32:24 brollon postfix/submission/smtpd[2874]: disconnect from unknown[213.176.26.114] ehlo=1 auth=0/1 rset=1 quit=1 commands=3/4
Aug  9 07:32:27 brollon postfix/submission/smtpd[2874]: connect from unknown[213.176.26.78]
Aug  9 07:32:28 brollon postfix/submission/smtpd[2049]: warning: unknown[213.176.26.64]: SASL LOGIN authentication failed: UGFzc3dvcmQ6
Aug  9 07:32:28 brollon postfix/submission/smtpd[1141]: warning: unknown[213.176.26.85]: SASL LOGIN authentication failed: UGFzc3dvcmQ6
Aug  9 07:32:28 brollon postfix/submission/smtpd[2049]: disconnect from unknown[213.176.26.64] ehlo=1 auth=0/1 rset=1 quit=1 commands=3/4
Aug  9 07:32:28 brollon postfix/submission/smtpd[1141]: disconnect from unknown[213.176.26.85] ehlo=1 auth=0/1 rset=1 quit=1 commands=3/4
Aug  9 07:32:33 brollon postfix/submission/smtpd[2049]: connect from unknown[213.176.26.159]
Aug  9 07:32:33 brollon postfix/submission/smtpd[1141]: connect from unknown[213.176.26.76]
Aug  9 07:32:34 brollon postfix/submission/smtpd[2874]: warning: unknown[213.176.26.78]: SASL LOGIN authentication failed: UGFzc3dvcmQ6
Aug  9 07:32:35 brollon postfix/submission/smtpd[2874]: disconnect from unknown[213.176.26.78] ehlo=1 auth=0/1 rset=1 quit=1 commands=3/4
Aug  9 07:32:40 brollon postfix/submission/smtpd[2049]: warning: unknown[213.176.26.159]: SASL LOGIN authentication failed: UGFzc3dvcmQ6
Aug  9 07:32:40 brollon postfix/submission/smtpd[1141]: warning: unknown[213.176.26.76]: SASL LOGIN authentication failed: UGFzc3dvcmQ6
Aug  9 07:32:40 brollon postfix/submission/smtpd[2049]: disconnect from unknown[213.176.26.159] ehlo=1 auth=0/1 rset=1 quit=1 commands=3/4
Aug  9 07:32:40 brollon postfix/submission/smtpd[1141]: disconnect from unknown[213.176.26.76] ehlo=1 auth=0/1 rset=1 quit=1 commands=3/4
Aug  9 07:32:52 brollon postfix/submission/smtpd[2874]: connect from unknown[213.176.26.144]
Aug  9 07:32:56 brollon postfix/submission/smtpd[2874]: warning: unknown[213.176.26.144]: SASL LOGIN authentication failed: UGFzc3dvcmQ6
Aug  9 07:32:57 brollon postfix/submission/smtpd[2874]: disconnect from unknown[213.176.26.144] ehlo=1 auth=0/1 rset=1 quit=1 commands=3/4
Aug  9 07:33:01 brollon postfix/smtpd[32744]: connect from localhost[127.0.0.1]
Aug  9 07:33:01 brollon postfix/smtpd[32744]: lost connection after CONNECT from localhost[127.0.0.1]
Aug  9 07:33:01 brollon postfix/smtpd[32744]: disconnect from localhost[127.0.0.1] commands=0/0
Aug  9 07:33:01 brollon dovecot: pop3-login: Disconnected (no auth attempts in 0 secs): user=<>, rip=127.0.0.1, lip=127.0.0.1, secured, session=<r41dP5hYMs9/AAAB>
Aug  9 07:33:01 brollon dovecot: imap-login: Disconnected (no auth attempts in 0 secs): user=<>, rip=127.0.0.1, lip=127.0.0.1, secured, session=<EpFdP5hYAtd/AAAB>
Aug  9 07:33:02 brollon postfix/submission/smtpd[1141]: connect from unknown[213.176.26.74]
Aug  9 07:33:07 brollon postfix/submission/smtpd[2874]: connect from unknown[213.176.26.113]
Aug  9 07:33:08 brollon postfix/submission/smtpd[1141]: warning: unknown[213.176.26.74]: SASL LOGIN authentication failed: UGFzc3dvcmQ6
Aug  9 07:33:08 brollon postfix/submission/smtpd[1141]: disconnect from unknown[213.176.26.74] ehlo=1 auth=0/1 rset=1 quit=1 commands=3/4
Aug  9 07:33:14 brollon postfix/submission/smtpd[2874]: warning: unknown[213.176.26.113]: SASL LOGIN authentication failed: UGFzc3dvcmQ6
Aug  9 07:33:14 brollon postfix/submission/smtpd[2049]: connect from unknown[213.176.26.134]
Aug  9 07:33:15 brollon postfix/smtps/smtpd[1419]: connect from unknown[213.176.26.109]
Aug  9 07:33:15 brollon postfix/submission/smtpd[2874]: disconnect from unknown[213.176.26.113] ehlo=1 auth=0/1 rset=1 quit=1 commands=3/4
Aug  9 07:33:16 brollon postfix/smtps/smtpd[3048]: connect from unknown[213.176.26.94]
Aug  9 07:33:17 brollon postfix/submission/smtpd[1141]: connect from unknown[213.176.26.114]
Aug  9 07:33:20 brollon postfix/submission/smtpd[1141]: warning: unknown[213.176.26.114]: SASL LOGIN authentication failed: UGFzc3dvcmQ6
Aug  9 07:33:20 brollon postfix/submission/smtpd[1141]: disconnect from unknown[213.176.26.114] ehlo=1 auth=0/1 rset=1 quit=1 commands=3/4
Aug  9 07:33:21 brollon postfix/submission/smtpd[2049]: warning: unknown[213.176.26.134]: SASL LOGIN authentication failed: UGFzc3dvcmQ6
Aug  9 07:33:21 brollon postfix/smtps/smtpd[1419]: warning: unknown[213.176.26.109]: SASL LOGIN authentication failed: UGFzc3dvcmQ6
Aug  9 07:33:21 brollon postfix/submission/smtpd[2049]: disconnect from unknown[213.176.26.134] ehlo=1 auth=0/1 rset=1 quit=1 commands=3/4
Aug  9 07:33:21 brollon postfix/smtps/smtpd[1419]: lost connection after AUTH from unknown[213.176.26.109]
Aug  9 07:33:21 brollon postfix/smtps/smtpd[1419]: disconnect from unknown[213.176.26.109] ehlo=1 auth=0/1 rset=1 commands=2/3
Aug  9 07:33:22 brollon postfix/smtps/smtpd[3048]: warning: unknown[213.176.26.94]: SASL LOGIN authentication failed: UGFzc3dvcmQ6
Aug  9 07:33:22 brollon postfix/smtps/smtpd[3048]: lost connection after AUTH from unknown[213.176.26.94]
Aug  9 07:33:22 brollon postfix/smtps/smtpd[3048]: disconnect from unknown[213.176.26.94] ehlo=1 auth=0/1 rset=1 commands=2/3
Aug  9 07:33:25 brollon postfix/submission/smtpd[2874]: connect from unknown[213.176.26.64]
Aug  9 07:33:25 brollon postfix/submission/smtpd[1141]: connect from unknown[213.176.26.85]
Aug  9 07:33:30 brollon postfix/submission/smtpd[2049]: connect from unknown[213.176.26.78]
Aug  9 07:33:30 brollon postfix/submission/smtpd[2874]: warning: unknown[213.176.26.64]: SASL LOGIN authentication failed: UGFzc3dvcmQ6
Aug  9 07:33:30 brollon postfix/submission/smtpd[2874]: disconnect from unknown[213.176.26.64] ehlo=1 auth=0/1 rset=1 quit=1 commands=3/4
Aug  9 07:33:31 brollon postfix/submission/smtpd[1141]: warning: unknown[213.176.26.85]: SASL LOGIN authentication failed: UGFzc3dvcmQ6
Aug  9 07:33:31 brollon postfix/submission/smtpd[1141]: disconnect from unknown[213.176.26.85] ehlo=1 auth=0/1 rset=1 quit=1 commands=3/4
Aug  9 07:33:32 brollon postfix/smtps/smtpd[1419]: connect from unknown[213.176.26.51]
Aug  9 07:33:34 brollon postfix/submission/smtpd[2874]: connect from unknown[213.176.26.159]
Aug  9 07:33:36 brollon postfix/smtps/smtpd[3048]: connect from unknown[213.176.26.95]
Aug  9 07:33:37 brollon postfix/submission/smtpd[1141]: connect from unknown[213.176.26.76]
Aug  9 07:33:37 brollon postfix/submission/smtpd[2049]: warning: unknown[213.176.26.78]: SASL LOGIN authentication failed: UGFzc3dvcmQ6
Aug  9 07:33:37 brollon postfix/submission/smtpd[2049]: disconnect from unknown[213.176.26.78] ehlo=1 auth=0/1 rset=1 quit=1 commands=3/4
Aug  9 07:33:38 brollon postfix/smtps/smtpd[1419]: warning: unknown[213.176.26.51]: SASL LOGIN authentication failed: UGFzc3dvcmQ6
Aug  9 07:33:38 brollon postfix/smtps/smtpd[1419]: lost connection after AUTH from unknown[213.176.26.51]
Aug  9 07:33:38 brollon postfix/smtps/smtpd[1419]: disconnect from unknown[213.176.26.51] ehlo=1 auth=0/1 rset=1 commands=2/3
Aug  9 07:33:40 brollon postfix/submission/smtpd[2874]: warning: unknown[213.176.26.159]: SASL LOGIN authentication failed: UGFzc3dvcmQ6
Aug  9 07:33:40 brollon postfix/submission/smtpd[2874]: disconnect from unknown[213.176.26.159] ehlo=1 auth=0/1 rset=1 quit=1 commands=3/4
Aug  9 07:33:42 brollon postfix/smtps/smtpd[3048]: warning: unknown[213.176.26.95]: SASL LOGIN authentication failed: UGFzc3dvcmQ6
Aug  9 07:33:42 brollon postfix/smtps/smtpd[3048]: lost connection after AUTH from unknown[213.176.26.95]
Aug  9 07:33:42 brollon postfix/smtps/smtpd[3048]: disconnect from unknown[213.176.26.95] ehlo=1 auth=0/1 rset=1 commands=2/3
Aug  9 07:33:42 brollon postfix/smtps/smtpd[1419]: connect from unknown[213.176.26.54]
Aug  9 07:33:44 brollon postfix/submission/smtpd[1141]: warning: unknown[213.176.26.76]: SASL LOGIN authentication failed: UGFzc3dvcmQ6
Aug  9 07:33:44 brollon postfix/submission/smtpd[1141]: disconnect from unknown[213.176.26.76] ehlo=1 auth=0/1 rset=1 quit=1 commands=3/4
Aug  9 07:33:48 brollon postfix/smtps/smtpd[1419]: warning: unknown[213.176.26.54]: SASL LOGIN authentication failed: UGFzc3dvcmQ6
Aug  9 07:33:48 brollon postfix/smtps/smtpd[1419]: lost connection after AUTH from unknown[213.176.26.54]
Aug  9 07:33:48 brollon postfix/smtps/smtpd[1419]: disconnect from unknown[213.176.26.54] ehlo=1 auth=0/1 rset=1 commands=2/3
Aug  9 07:33:50 brollon postfix/smtps/smtpd[3048]: connect from unknown[213.176.26.19]
Aug  9 07:33:54 brollon postfix/smtps/smtpd[3048]: warning: unknown[213.176.26.19]: SASL LOGIN authentication failed: UGFzc3dvcmQ6
Aug  9 07:33:54 brollon postfix/smtps/smtpd[3048]: lost connection after AUTH from unknown[213.176.26.19]
Aug  9 07:33:54 brollon postfix/smtps/smtpd[3048]: disconnect from unknown[213.176.26.19] ehlo=1 auth=0/1 rset=1 commands=2/3
Aug  9 07:33:55 brollon postfix/submission/smtpd[2049]: connect from unknown[213.176.26.144]
Aug  9 07:34:01 brollon postfix/smtpd[32744]: connect from localhost[127.0.0.1]
Aug  9 07:34:01 brollon postfix/smtpd[32744]: lost connection after CONNECT from localhost[127.0.0.1]
Aug  9 07:34:01 brollon postfix/smtpd[32744]: disconnect from localhost[127.0.0.1] commands=0/0
