Aug  9 08:44:13 brollon postfix/submission/smtpd[8389]: warning: unknown[213.176.26.76]: SASL LOGIN authentication failed: UGFzc3dvcmQ6
Aug  9 08:44:13 brollon postfix/submission/smtpd[8389]: disconnect from unknown[213.176.26.76] ehlo=1 auth=0/1 rset=1 quit=1 commands=3/4
Aug  9 08:44:14 brollon postfix/submission/smtpd[15102]: warning: unknown[213.176.26.114]: SASL LOGIN authentication failed: UGFzc3dvcmQ6
Aug  9 08:44:14 brollon postfix/smtps/smtpd[15285]: warning: unknown[213.176.26.69]: SASL LOGIN authentication failed: UGFzc3dvcmQ6
Aug  9 08:44:14 brollon postfix/submission/smtpd[15102]: disconnect from unknown[213.176.26.114] ehlo=1 auth=0/1 rset=1 quit=1 commands=3/4
Aug  9 08:44:16 brollon postfix/submission/smtpd[15101]: connect from unknown[213.176.26.64]
Aug  9 08:44:16 brollon postfix/smtps/smtpd[15285]: lost connection after AUTH from unknown[213.176.26.69]
Aug  9 08:44:16 brollon postfix/smtps/smtpd[15285]: disconnect from unknown[213.176.26.69] ehlo=1 auth=0/1 rset=1 commands=2/3
Aug  9 08:44:17 brollon postfix/submission/smtpd[13393]: warning: unknown[213.176.26.159]: SASL LOGIN authentication failed: UGFzc3dvcmQ6
Aug  9 08:44:17 brollon postfix/submission/smtpd[13393]: disconnect from unknown[213.176.26.159] ehlo=1 auth=0/1 rset=1 quit=1 commands=3/4
Aug  9 08:44:18 brollon postfix/submission/smtpd[14200]: warning: unknown[213.176.26.78]: SASL LOGIN authentication failed: UGFzc3dvcmQ6
Aug  9 08:44:18 brollon postfix/submission/smtpd[15213]: warning: unknown[213.176.26.74]: SASL LOGIN authentication failed: UGFzc3dvcmQ6
Aug  9 08:44:18 brollon postfix/submission/smtpd[14200]: disconnect from unknown[213.176.26.78] ehlo=1 auth=0/1 rset=1 quit=1 commands=3/4
Aug  9 08:44:18 brollon postfix/submission/smtpd[15213]: disconnect from unknown[213.176.26.74] ehlo=1 auth=0/1 rset=1 quit=1 commands=3/4
Aug  9 08:44:21 brollon postfix/submission/smtpd[15101]: warning: unknown[213.176.26.64]: SASL LOGIN authentication failed: UGFzc3dvcmQ6
Aug  9 08:44:21 brollon postfix/submission/smtpd[15101]: disconnect from unknown[213.176.26.64] ehlo=1 auth=0/1 rset=1 quit=1 commands=3/4
Aug  9 08:44:21 brollon postfix/submission/smtpd[15102]: connect from unknown[213.176.26.85]
Aug  9 08:44:28 brollon postfix/submission/smtpd[15102]: warning: unknown[213.176.26.85]: SASL LOGIN authentication failed: UGFzc3dvcmQ6
Aug  9 08:44:28 brollon postfix/submission/smtpd[15102]: disconnect from unknown[213.176.26.85] ehlo=1 auth=0/1 rset=1 quit=1 commands=3/4
Aug  9 08:44:32 brollon postfix/smtps/smtpd[13593]: connect from unknown[213.176.26.62]
Aug  9 08:44:35 brollon postfix/submission/smtpd[15101]: connect from unknown[213.176.26.113]
Aug  9 08:44:37 brollon postfix/submission/smtpd[15101]: warning: unknown[213.176.26.113]: SASL LOGIN authentication failed: UGFzc3dvcmQ6
Aug  9 08:44:37 brollon postfix/submission/smtpd[15101]: disconnect from unknown[213.176.26.113] ehlo=1 auth=0/1 rset=1 quit=1 commands=3/4
Aug  9 08:44:40 brollon postfix/smtps/smtpd[13593]: warning: unknown[213.176.26.62]: SASL LOGIN authentication failed: UGFzc3dvcmQ6
Aug  9 08:44:42 brollon postfix/smtps/smtpd[13593]: lost connection after AUTH from unknown[213.176.26.62]
Aug  9 08:44:42 brollon postfix/smtps/smtpd[13593]: disconnect from unknown[213.176.26.62] ehlo=1 auth=0/1 rset=1 commands=2/3
Aug  9 08:44:42 brollon postfix/submission/smtpd[15213]: connect from unknown[213.176.26.134]
Aug  9 08:44:49 brollon postfix/submission/smtpd[15213]: warning: unknown[213.176.26.134]: SASL LOGIN authentication failed: UGFzc3dvcmQ6
Aug  9 08:44:49 brollon postfix/submission/smtpd[15213]: disconnect from unknown[213.176.26.134] ehlo=1 auth=0/1 rset=1 quit=1 commands=3/4
Aug  9 08:44:52 brollon postfix/submission/smtpd[15101]: connect from unknown[213.176.26.144]
Aug  9 08:44:55 brollon postfix/smtps/smtpd[15285]: connect from unknown[213.176.26.21]
Aug  9 08:44:55 brollon postfix/smtpd[12607]: timeout after AUTH from unknown[158.94.211.32]
Aug  9 08:44:55 brollon postfix/smtpd[12607]: disconnect from unknown[158.94.211.32] ehlo=1 auth=0/4 rset=4 commands=5/9
Aug  9 08:44:57 brollon postfix/submission/smtpd[15101]: warning: unknown[213.176.26.144]: SASL LOGIN authentication failed: UGFzc3dvcmQ6
Aug  9 08:44:57 brollon postfix/submission/smtpd[15101]: disconnect from unknown[213.176.26.144] ehlo=1 auth=0/1 rset=1 quit=1 commands=3/4
Aug  9 08:44:59 brollon postfix/smtps/smtpd[15285]: warning: unknown[213.176.26.21]: SASL LOGIN authentication failed: UGFzc3dvcmQ6
Aug  9 08:45:00 brollon postfix/smtps/smtpd[15285]: lost connection after AUTH from unknown[213.176.26.21]
Aug  9 08:45:00 brollon postfix/smtps/smtpd[15285]: disconnect from unknown[213.176.26.21] ehlo=1 auth=0/1 rset=1 commands=2/3
Aug  9 08:45:01 brollon postfix/smtpd[14670]: connect from localhost[127.0.0.1]
Aug  9 08:45:01 brollon postfix/smtpd[14670]: lost connection after CONNECT from localhost[127.0.0.1]
Aug  9 08:45:01 brollon postfix/smtpd[14670]: disconnect from localhost[127.0.0.1] commands=0/0
Aug  9 08:45:01 brollon dovecot: imap-login: Disconnected (no auth attempts in 0 secs): user=<>, rip=127.0.0.1, lip=127.0.0.1, secured, session=<2n3aQJlYxKt/AAAB>
Aug  9 08:45:01 brollon dovecot: pop3-login: Disconnected (no auth attempts in 0 secs): user=<>, rip=127.0.0.1, lip=127.0.0.1, secured, session=<GIDaQJlY9KN/AAAB>
Aug  9 08:45:01 brollon postfix/smtpd[14670]: connect from localhost[127.0.0.1]
Aug  9 08:45:01 brollon postfix/smtpd[14670]: lost connection after CONNECT from localhost[127.0.0.1]
Aug  9 08:45:01 brollon postfix/smtpd[14670]: disconnect from localhost[127.0.0.1] commands=0/0
Aug  9 08:45:01 brollon dovecot: imap-login: Disconnected (disconnected before auth was ready, waited 0 secs): user=<>, rip=127.0.0.1, lip=127.0.0.1, secured, session=<wh/eQJlY0Kt/AAAB>
Aug  9 08:45:01 brollon dovecot: pop3-login: Disconnected (no auth attempts in 0 secs): user=<>, rip=127.0.0.1, lip=127.0.0.1, secured, session=<QCbeQJlYAKR/AAAB>
Aug  9 08:45:08 brollon postfix/submission/smtpd[15213]: connect from unknown[213.176.26.114]
Aug  9 08:45:11 brollon postfix/submission/smtpd[15101]: connect from unknown[213.176.26.159]
Aug  9 08:45:12 brollon postfix/smtps/smtpd[13593]: connect from unknown[213.176.26.175]
Aug  9 08:45:13 brollon postfix/submission/smtpd[15102]: connect from unknown[213.176.26.76]
Aug  9 08:45:14 brollon postfix/smtps/smtpd[15285]: connect from unknown[213.176.26.77]
Aug  9 08:45:14 brollon postfix/submission/smtpd[14200]: connect from unknown[213.176.26.74]
Aug  9 08:45:14 brollon postfix/submission/smtpd[13393]: connect from unknown[213.176.26.78]
Aug  9 08:45:15 brollon postfix/submission/smtpd[15101]: warning: unknown[213.176.26.159]: SASL LOGIN authentication failed: UGFzc3dvcmQ6
Aug  9 08:45:15 brollon postfix/submission/smtpd[15213]: warning: unknown[213.176.26.114]: SASL LOGIN authentication failed: UGFzc3dvcmQ6
Aug  9 08:45:15 brollon postfix/submission/smtpd[15213]: disconnect from unknown[213.176.26.114] ehlo=1 auth=0/1 rset=1 quit=1 commands=3/4
Aug  9 08:45:15 brollon postfix/submission/smtpd[15101]: disconnect from unknown[213.176.26.159] ehlo=1 auth=0/1 rset=1 quit=1 commands=3/4
Aug  9 08:45:18 brollon postfix/smtps/smtpd[13593]: warning: unknown[213.176.26.175]: SASL LOGIN authentication failed: UGFzc3dvcmQ6
Aug  9 08:45:18 brollon postfix/smtps/smtpd[13593]: lost connection after AUTH from unknown[213.176.26.175]
Aug  9 08:45:18 brollon postfix/smtps/smtpd[13593]: disconnect from unknown[213.176.26.175] ehlo=1 auth=0/1 rset=1 commands=2/3
Aug  9 08:45:19 brollon postfix/submission/smtpd[15102]: warning: unknown[213.176.26.76]: SASL LOGIN authentication failed: UGFzc3dvcmQ6
Aug  9 08:45:19 brollon postfix/submission/smtpd[15102]: disconnect from unknown[213.176.26.76] ehlo=1 auth=0/1 rset=1 quit=1 commands=3/4
Aug  9 08:45:20 brollon postfix/smtps/smtpd[13593]: connect from unknown[213.176.26.191]
Aug  9 08:45:20 brollon postfix/submission/smtpd[8389]: connect from unknown[213.176.26.64]
Aug  9 08:45:21 brollon postfix/submission/smtpd[14200]: warning: unknown[213.176.26.74]: SASL LOGIN authentication failed: UGFzc3dvcmQ6
Aug  9 08:45:21 brollon postfix/smtps/smtpd[15285]: warning: unknown[213.176.26.77]: SASL LOGIN authentication failed: UGFzc3dvcmQ6
Aug  9 08:45:21 brollon postfix/submission/smtpd[13393]: warning: unknown[213.176.26.78]: SASL LOGIN authentication failed: UGFzc3dvcmQ6
Aug  9 08:45:21 brollon postfix/smtps/smtpd[15285]: lost connection after AUTH from unknown[213.176.26.77]
Aug  9 08:45:21 brollon postfix/smtps/smtpd[15285]: disconnect from unknown[213.176.26.77] ehlo=1 auth=0/1 rset=1 commands=2/3
Aug  9 08:45:21 brollon postfix/submission/smtpd[14200]: disconnect from unknown[213.176.26.74] ehlo=1 auth=0/1 rset=1 quit=1 commands=3/4
Aug  9 08:45:21 brollon postfix/submission/smtpd[13393]: disconnect from unknown[213.176.26.78] ehlo=1 auth=0/1 rset=1 quit=1 commands=3/4
Aug  9 08:45:22 brollon postfix/smtps/smtpd[13593]: warning: unknown[213.176.26.191]: SASL LOGIN authentication failed: UGFzc3dvcmQ6
Aug  9 08:45:23 brollon postfix/submission/smtpd[8389]: warning: unknown[213.176.26.64]: SASL LOGIN authentication failed: UGFzc3dvcmQ6
Aug  9 08:45:23 brollon postfix/smtps/smtpd[13593]: lost connection after AUTH from unknown[213.176.26.191]
Aug  9 08:45:23 brollon postfix/smtps/smtpd[13593]: disconnect from unknown[213.176.26.191] ehlo=1 auth=0/1 rset=1 commands=2/3
Aug  9 08:45:23 brollon postfix/submission/smtpd[8389]: disconnect from unknown[213.176.26.64] ehlo=1 auth=0/1 rset=1 quit=1 commands=3/4
Aug  9 08:45:24 brollon postfix/submission/smtpd[15101]: connect from unknown[213.176.26.85]
Aug  9 08:45:31 brollon postfix/submission/smtpd[15101]: warning: unknown[213.176.26.85]: SASL LOGIN authentication failed: UGFzc3dvcmQ6
Aug  9 08:45:31 brollon postfix/submission/smtpd[15101]: disconnect from unknown[213.176.26.85] ehlo=1 auth=0/1 rset=1 quit=1 commands=3/4
Aug  9 08:45:32 brollon postfix/smtps/smtpd[15285]: connect from unknown[213.176.26.122]
Aug  9 08:45:33 brollon postfix/smtps/smtpd[13593]: connect from unknown[213.176.26.87]
Aug  9 08:45:35 brollon postfix/smtps/smtpd[15285]: warning: unknown[213.176.26.122]: SASL LOGIN authentication failed: UGFzc3dvcmQ6
Aug  9 08:45:35 brollon postfix/smtps/smtpd[15285]: lost connection after AUTH from unknown[213.176.26.122]
Aug  9 08:45:35 brollon postfix/smtps/smtpd[15285]: disconnect from unknown[213.176.26.122] ehlo=1 auth=0/1 rset=1 commands=2/3
Aug  9 08:45:36 brollon postfix/submission/smtpd[8389]: connect from unknown[213.176.26.113]
Aug  9 08:45:37 brollon postfix/smtps/smtpd[13593]: warning: unknown[213.176.26.87]: SASL LOGIN authentication failed: UGFzc3dvcmQ6
Aug  9 08:45:37 brollon postfix/smtps/smtpd[13593]: lost connection after AUTH from unknown[213.176.26.87]
Aug  9 08:45:37 brollon postfix/smtps/smtpd[13593]: disconnect from unknown[213.176.26.87] ehlo=1 auth=0/1 rset=1 commands=2/3
Aug  9 08:45:43 brollon postfix/submission/smtpd[8389]: warning: unknown[213.176.26.113]: SASL LOGIN authentication failed: UGFzc3dvcmQ6
Aug  9 08:45:43 brollon postfix/submission/smtpd[8389]: disconnect from unknown[213.176.26.113] ehlo=1 auth=0/1 rset=1 quit=1 commands=3/4
Aug  9 08:45:46 brollon postfix/submission/smtpd[15101]: connect from unknown[213.176.26.134]
Aug  9 08:45:53 brollon postfix/submission/smtpd[15101]: warning: unknown[213.176.26.134]: SASL LOGIN authentication failed: UGFzc3dvcmQ6
Aug  9 08:45:54 brollon postfix/submission/smtpd[15101]: disconnect from unknown[213.176.26.134] ehlo=1 auth=0/1 rset=1 quit=1 commands=3/4
Aug  9 08:45:55 brollon postfix/submission/smtpd[13393]: connect from unknown[213.176.26.144]
Aug  9 08:45:57 brollon postfix/smtps/smtpd[15285]: connect from unknown[213.176.26.194]
Aug  9 08:46:01 brollon postfix/smtps/smtpd[13593]: connect from unknown[213.176.26.88]
Aug  9 08:46:02 brollon postfix/smtpd[14670]: connect from localhost[127.0.0.1]
Aug  9 08:46:02 brollon postfix/smtpd[14670]: lost connection after CONNECT from localhost[127.0.0.1]
Aug  9 08:46:02 brollon postfix/smtpd[14670]: disconnect from localhost[127.0.0.1] commands=0/0
Aug  9 08:46:02 brollon dovecot: imap-login: Disconnected (no auth attempts in 0 secs): user=<>, rip=127.0.0.1, lip=127.0.0.1, secured, session=<STV2RJlYUqx/AAAB>
Aug  9 08:46:02 brollon dovecot: pop3-login: Disconnected (no auth attempts in 0 secs): user=<>, rip=127.0.0.1, lip=127.0.0.1, secured, session=<IlV2RJlYgqR/AAAB>
Aug  9 08:46:02 brollon postfix/submission/smtpd[13393]: warning: unknown[213.176.26.144]: SASL LOGIN authentication failed: UGFzc3dvcmQ6
Aug  9 08:46:03 brollon postfix/submission/smtpd[13393]: disconnect from unknown[213.176.26.144] ehlo=1 auth=0/1 rset=1 quit=1 commands=3/4
Aug  9 08:46:04 brollon postfix/smtps/smtpd[15285]: warning: unknown[213.176.26.194]: SASL LOGIN authentication failed: UGFzc3dvcmQ6
Aug  9 08:46:04 brollon postfix/smtps/smtpd[13593]: warning: unknown[213.176.26.88]: SASL LOGIN authentication failed: UGFzc3dvcmQ6
Aug  9 08:46:04 brollon postfix/smtps/smtpd[13593]: lost connection after AUTH from unknown[213.176.26.88]
Aug  9 08:46:04 brollon postfix/smtps/smtpd[13593]: disconnect from unknown[213.176.26.88] ehlo=1 auth=0/1 rset=1 commands=2/3
Aug  9 08:46:04 brollon postfix/smtps/smtpd[13593]: connect from unknown[213.176.26.37]
Aug  9 08:46:05 brollon postfix/smtps/smtpd[15285]: lost connection after AUTH from unknown[213.176.26.194]
Aug  9 08:46:05 brollon postfix/smtps/smtpd[15285]: disconnect from unknown[213.176.26.194] ehlo=1 auth=0/1 rset=1 commands=2/3
Aug  9 08:46:09 brollon postfix/submission/smtpd[14200]: connect from unknown[213.176.26.114]
Aug  9 08:46:10 brollon postfix/smtps/smtpd[15285]: connect from unknown[213.176.24.64]
Aug  9 08:46:10 brollon postfix/smtps/smtpd[13593]: warning: unknown[213.176.26.37]: SASL LOGIN authentication failed: UGFzc3dvcmQ6
Aug  9 08:46:10 brollon postfix/smtps/smtpd[13593]: lost connection after AUTH from unknown[213.176.26.37]
Aug  9 08:46:10 brollon postfix/smtps/smtpd[13593]: disconnect from unknown[213.176.26.37] ehlo=1 auth=0/1 rset=1 commands=2/3
Aug  9 08:46:13 brollon postfix/submission/smtpd[13393]: connect from unknown[213.176.26.159]
Aug  9 08:46:15 brollon postfix/smtps/smtpd[13593]: connect from unknown[213.176.26.186]
Aug  9 08:46:16 brollon postfix/submission/smtpd[14200]: warning: unknown[213.176.26.114]: SASL LOGIN authentication failed: UGFzc3dvcmQ6
Aug  9 08:46:16 brollon postfix/submission/smtpd[14200]: disconnect from unknown[213.176.26.114] ehlo=1 auth=0/1 rset=1 quit=1 commands=3/4
Aug  9 08:46:16 brollon postfix/submission/smtpd[15101]: connect from unknown[213.176.26.76]
Aug  9 08:46:18 brollon postfix/submission/smtpd[8389]: connect from unknown[213.176.26.78]
Aug  9 08:46:18 brollon postfix/smtps/smtpd[13593]: warning: unknown[213.176.26.186]: SASL LOGIN authentication failed: UGFzc3dvcmQ6
Aug  9 08:46:18 brollon postfix/submission/smtpd[15213]: connect from unknown[213.176.26.74]
Aug  9 08:46:18 brollon postfix/smtps/smtpd[13593]: lost connection after AUTH from unknown[213.176.26.186]
Aug  9 08:46:18 brollon postfix/smtps/smtpd[13593]: disconnect from unknown[213.176.26.186] ehlo=1 auth=0/1 rset=1 commands=2/3
Aug  9 08:46:19 brollon postfix/smtps/smtpd[13593]: connect from unknown[213.176.26.19]
Aug  9 08:46:20 brollon postfix/submission/smtpd[13393]: warning: unknown[213.176.26.159]: SASL LOGIN authentication failed: UGFzc3dvcmQ6
Aug  9 08:46:20 brollon postfix/submission/smtpd[13393]: disconnect from unknown[213.176.26.159] ehlo=1 auth=0/1 rset=1 quit=1 commands=3/4
Aug  9 08:46:20 brollon postfix/smtps/smtpd[15982]: connect from unknown[213.176.26.23]
Aug  9 08:46:22 brollon postfix/smtps/smtpd[13593]: warning: unknown[213.176.26.19]: SASL LOGIN authentication failed: UGFzc3dvcmQ6
Aug  9 08:46:22 brollon postfix/submission/smtpd[15101]: warning: unknown[213.176.26.76]: SASL LOGIN authentication failed: UGFzc3dvcmQ6
Aug  9 08:46:22 brollon postfix/submission/smtpd[15101]: disconnect from unknown[213.176.26.76] ehlo=1 auth=0/1 rset=1 quit=1 commands=3/4
Aug  9 08:46:22 brollon postfix/smtps/smtpd[13593]: lost connection after AUTH from unknown[213.176.26.19]
Aug  9 08:46:22 brollon postfix/smtps/smtpd[13593]: disconnect from unknown[213.176.26.19] ehlo=1 auth=0/1 rset=1 commands=2/3
Aug  9 08:46:23 brollon postfix/submission/smtpd[15102]: connect from unknown[213.176.26.64]
Aug  9 08:46:24 brollon postfix/submission/smtpd[8389]: warning: unknown[213.176.26.78]: SASL LOGIN authentication failed: UGFzc3dvcmQ6
Aug  9 08:46:24 brollon postfix/submission/smtpd[8389]: disconnect from unknown[213.176.26.78] ehlo=1 auth=0/1 rset=1 quit=1 commands=3/4
Aug  9 08:46:25 brollon postfix/submission/smtpd[15213]: warning: unknown[213.176.26.74]: SASL LOGIN authentication failed: UGFzc3dvcmQ6
Aug  9 08:46:25 brollon postfix/smtps/smtpd[15982]: warning: unknown[213.176.26.23]: SASL LOGIN authentication failed: UGFzc3dvcmQ6
Aug  9 08:46:25 brollon postfix/submission/smtpd[15213]: disconnect from unknown[213.176.26.74] ehlo=1 auth=0/1 rset=1 quit=1 commands=3/4
Aug  9 08:46:25 brollon postfix/smtps/smtpd[15982]: lost connection after AUTH from unknown[213.176.26.23]
Aug  9 08:46:25 brollon postfix/smtps/smtpd[15982]: disconnect from unknown[213.176.26.23] ehlo=1 auth=0/1 rset=1 commands=2/3
Aug  9 08:46:27 brollon postfix/submission/smtpd[13393]: connect from unknown[213.176.26.85]
Aug  9 08:46:29 brollon postfix/submission/smtpd[15102]: warning: unknown[213.176.26.64]: SASL LOGIN authentication failed: UGFzc3dvcmQ6
Aug  9 08:46:30 brollon postfix/submission/smtpd[15102]: disconnect from unknown[213.176.26.64] ehlo=1 auth=0/1 rset=1 quit=1 commands=3/4
Aug  9 08:46:32 brollon postfix/smtps/smtpd[15285]: warning: unknown[213.176.24.64]: SASL LOGIN authentication failed: UGFzc3dvcmQ6
Aug  9 08:46:32 brollon postfix/smtps/smtpd[15285]: lost connection after AUTH from unknown[213.176.24.64]
Aug  9 08:46:32 brollon postfix/smtps/smtpd[15285]: disconnect from unknown[213.176.24.64] ehlo=1 auth=0/1 rset=1 commands=2/3
Aug  9 08:46:33 brollon postfix/submission/smtpd[13393]: warning: unknown[213.176.26.85]: SASL LOGIN authentication failed: UGFzc3dvcmQ6
Aug  9 08:46:33 brollon postfix/submission/smtpd[13393]: disconnect from unknown[213.176.26.85] ehlo=1 auth=0/1 rset=1 quit=1 commands=3/4
Aug  9 08:46:36 brollon postfix/smtps/smtpd[13593]: connect from unknown[213.176.26.94]
Aug  9 08:46:37 brollon postfix/smtps/smtpd[15285]: connect from unknown[213.176.26.165]
Aug  9 08:46:37 brollon postfix/smtps/smtpd[15982]: connect from unknown[213.176.26.29]
Aug  9 08:46:38 brollon postfix/submission/smtpd[15101]: connect from unknown[213.176.26.113]
Aug  9 08:46:41 brollon postfix/smtps/smtpd[15982]: warning: unknown[213.176.26.29]: SASL LOGIN authentication failed: UGFzc3dvcmQ6
Aug  9 08:46:41 brollon postfix/smtps/smtpd[15285]: warning: unknown[213.176.26.165]: SASL LOGIN authentication failed: UGFzc3dvcmQ6
Aug  9 08:46:41 brollon postfix/smtps/smtpd[15982]: lost connection after AUTH from unknown[213.176.26.29]
Aug  9 08:46:41 brollon postfix/smtps/smtpd[15982]: disconnect from unknown[213.176.26.29] ehlo=1 auth=0/1 rset=1 commands=2/3
Aug  9 08:46:41 brollon postfix/smtps/smtpd[15285]: lost connection after AUTH from unknown[213.176.26.165]
Aug  9 08:46:41 brollon postfix/smtps/smtpd[15285]: disconnect from unknown[213.176.26.165] ehlo=1 auth=0/1 rset=1 commands=2/3
Aug  9 08:46:42 brollon postfix/smtps/smtpd[13593]: warning: unknown[213.176.26.94]: SASL LOGIN authentication failed: UGFzc3dvcmQ6
Aug  9 08:46:42 brollon postfix/smtps/smtpd[13593]: lost connection after AUTH from unknown[213.176.26.94]
Aug  9 08:46:42 brollon postfix/smtps/smtpd[13593]: disconnect from unknown[213.176.26.94] ehlo=1 auth=0/1 rset=1 commands=2/3
Aug  9 08:46:43 brollon postfix/anvil[12649]: statistics: max connection rate 2/60s for (submission:213.176.26.114) at Aug  9 08:37:01
Aug  9 08:46:43 brollon postfix/anvil[12649]: statistics: max connection count 1 for (smtps:213.176.26.194) at Aug  9 08:36:43
Aug  9 08:46:43 brollon postfix/anvil[12649]: statistics: max cache size 22 at Aug  9 08:37:39
Aug  9 08:46:44 brollon postfix/submission/smtpd[15101]: warning: unknown[213.176.26.113]: SASL LOGIN authentication failed: UGFzc3dvcmQ6
Aug  9 08:46:44 brollon postfix/submission/smtpd[15101]: disconnect from unknown[213.176.26.113] ehlo=1 auth=0/1 rset=1 quit=1 commands=3/4
Aug  9 08:46:49 brollon postfix/smtps/smtpd[15982]: connect from unknown[213.176.26.52]
Aug  9 08:46:50 brollon postfix/submission/smtpd[13393]: connect from unknown[213.176.26.134]
Aug  9 08:46:50 brollon postfix/smtps/smtpd[15285]: connect from unknown[213.176.26.82]
Aug  9 08:46:55 brollon postfix/submission/smtpd[13393]: warning: unknown[213.176.26.134]: SASL LOGIN authentication failed: UGFzc3dvcmQ6
Aug  9 08:46:55 brollon postfix/smtps/smtpd[15982]: warning: unknown[213.176.26.52]: SASL LOGIN authentication failed: UGFzc3dvcmQ6
Aug  9 08:46:55 brollon postfix/smtps/smtpd[15982]: lost connection after AUTH from unknown[213.176.26.52]
Aug  9 08:46:55 brollon postfix/smtps/smtpd[15982]: disconnect from unknown[213.176.26.52] ehlo=1 auth=0/1 rset=1 commands=2/3
Aug  9 08:46:55 brollon postfix/submission/smtpd[13393]: disconnect from unknown[213.176.26.134] ehlo=1 auth=0/1 rset=1 quit=1 commands=3/4
Aug  9 08:46:57 brollon postfix/smtps/smtpd[15285]: warning: unknown[213.176.26.82]: SASL LOGIN authentication failed: UGFzc3dvcmQ6
Aug  9 08:46:57 brollon postfix/smtps/smtpd[15285]: lost connection after AUTH from unknown[213.176.26.82]
Aug  9 08:46:57 brollon postfix/smtps/smtpd[15285]: disconnect from unknown[213.176.26.82] ehlo=1 auth=0/1 rset=1 commands=2/3
Aug  9 08:46:58 brollon postfix/submission/smtpd[15101]: connect from unknown[213.176.26.144]
Aug  9 08:47:01 brollon postfix/smtpd[14670]: connect from localhost[127.0.0.1]
Aug  9 08:47:01 brollon postfix/smtpd[14670]: lost connection after CONNECT from localhost[127.0.0.1]
Aug  9 08:47:01 brollon postfix/smtpd[14670]: disconnect from localhost[127.0.0.1] commands=0/0
Aug  9 08:47:01 brollon dovecot: imap-login: Disconnected (no auth attempts in 0 secs): user=<>, rip=127.0.0.1, lip=127.0.0.1, secured, session=<tNv+R5lYTq1/AAAB>
Aug  9 08:47:01 brollon dovecot: pop3-login: Disconnected (no auth attempts in 0 secs): user=<>, rip=127.0.0.1, lip=127.0.0.1, secured, session=<dun+R5lYfqV/AAAB>
Aug  9 08:47:05 brollon postfix/submission/smtpd[15101]: warning: unknown[213.176.26.144]: SASL LOGIN authentication failed: UGFzc3dvcmQ6
Aug  9 08:47:06 brollon postfix/submission/smtpd[15101]: disconnect from unknown[213.176.26.144] ehlo=1 auth=0/1 rset=1 quit=1 commands=3/4
Aug  9 08:47:10 brollon postfix/submission/smtpd[14200]: connect from unknown[213.176.26.114]
Aug  9 08:47:13 brollon postfix/smtps/smtpd[13593]: connect from unknown[213.176.26.41]
Aug  9 08:47:14 brollon postfix/submission/smtpd[15101]: connect from unknown[213.176.26.159]
Aug  9 08:47:16 brollon postfix/submission/smtpd[14200]: warning: unknown[213.176.26.114]: SASL LOGIN authentication failed: UGFzc3dvcmQ6
Aug  9 08:47:16 brollon postfix/submission/smtpd[14200]: disconnect from unknown[213.176.26.114] ehlo=1 auth=0/1 rset=1 quit=1 commands=3/4
Aug  9 08:47:20 brollon postfix/submission/smtpd[13393]: connect from unknown[213.176.26.76]
Aug  9 08:47:21 brollon postfix/submission/smtpd[15101]: warning: unknown[213.176.26.159]: SASL LOGIN authentication failed: UGFzc3dvcmQ6
Aug  9 08:47:21 brollon postfix/smtps/smtpd[13593]: warning: unknown[213.176.26.41]: SASL LOGIN authentication failed: UGFzc3dvcmQ6
Aug  9 08:47:21 brollon postfix/submission/smtpd[15101]: disconnect from unknown[213.176.26.159] ehlo=1 auth=0/1 rset=1 quit=1 commands=3/4
Aug  9 08:47:21 brollon postfix/submission/smtpd[14200]: connect from unknown[213.176.26.78]
Aug  9 08:47:21 brollon postfix/submission/smtpd[8389]: connect from unknown[213.176.26.74]
Aug  9 08:47:22 brollon postfix/smtps/smtpd[13593]: lost connection after AUTH from unknown[213.176.26.41]
Aug  9 08:47:22 brollon postfix/smtps/smtpd[13593]: disconnect from unknown[213.176.26.41] ehlo=1 auth=0/1 rset=1 commands=2/3
Aug  9 08:47:27 brollon postfix/submission/smtpd[13393]: warning: unknown[213.176.26.76]: SASL LOGIN authentication failed: UGFzc3dvcmQ6
Aug  9 08:47:27 brollon postfix/submission/smtpd[15213]: connect from unknown[213.176.26.64]
Aug  9 08:47:28 brollon postfix/submission/smtpd[13393]: disconnect from unknown[213.176.26.76] ehlo=1 auth=0/1 rset=1 quit=1 commands=3/4
Aug  9 08:47:28 brollon postfix/submission/smtpd[8389]: warning: unknown[213.176.26.74]: SASL LOGIN authentication failed: UGFzc3dvcmQ6
Aug  9 08:47:28 brollon postfix/submission/smtpd[14200]: warning: unknown[213.176.26.78]: SASL LOGIN authentication failed: UGFzc3dvcmQ6
Aug  9 08:47:28 brollon postfix/submission/smtpd[8389]: disconnect from unknown[213.176.26.74] ehlo=1 auth=0/1 rset=1 quit=1 commands=3/4
Aug  9 08:47:28 brollon postfix/submission/smtpd[14200]: disconnect from unknown[213.176.26.78] ehlo=1 auth=0/1 rset=1 quit=1 commands=3/4
Aug  9 08:47:29 brollon postfix/submission/smtpd[15101]: connect from unknown[213.176.26.85]
Aug  9 08:47:32 brollon postfix/submission/smtpd[15213]: warning: unknown[213.176.26.64]: SASL LOGIN authentication failed: UGFzc3dvcmQ6
Aug  9 08:47:33 brollon postfix/submission/smtpd[15213]: disconnect from unknown[213.176.26.64] ehlo=1 auth=0/1 rset=1 quit=1 commands=3/4
Aug  9 08:47:36 brollon postfix/submission/smtpd[15101]: warning: unknown[213.176.26.85]: SASL LOGIN authentication failed: UGFzc3dvcmQ6
Aug  9 08:47:36 brollon postfix/submission/smtpd[15101]: disconnect from unknown[213.176.26.85] ehlo=1 auth=0/1 rset=1 quit=1 commands=3/4
Aug  9 08:47:39 brollon postfix/submission/smtpd[13393]: connect from unknown[213.176.26.113]
Aug  9 08:47:45 brollon postfix/submission/smtpd[13393]: warning: unknown[213.176.26.113]: SASL LOGIN authentication failed: UGFzc3dvcmQ6
Aug  9 08:47:45 brollon postfix/submission/smtpd[13393]: disconnect from unknown[213.176.26.113] ehlo=1 auth=0/1 rset=1 quit=1 commands=3/4
Aug  9 08:47:53 brollon postfix/submission/smtpd[15102]: connect from unknown[213.176.26.134]
Aug  9 08:47:59 brollon postfix/submission/smtpd[15102]: warning: unknown[213.176.26.134]: SASL LOGIN authentication failed: UGFzc3dvcmQ6
Aug  9 08:47:59 brollon postfix/submission/smtpd[15102]: disconnect from unknown[213.176.26.134] ehlo=1 auth=0/1 rset=1 quit=1 commands=3/4
Aug  9 08:48:01 brollon postfix/smtpd[14670]: connect from localhost[127.0.0.1]
Aug  9 08:48:01 brollon postfix/smtpd[14670]: lost connection after CONNECT from localhost[127.0.0.1]
Aug  9 08:48:01 brollon postfix/smtpd[14670]: disconnect from localhost[127.0.0.1] commands=0/0
Aug  9 08:48:01 brollon dovecot: imap-login: Disconnected (no auth attempts in 0 secs): user=<>, rip=127.0.0.1, lip=127.0.0.1, secured, session=<KH+VS5lY1K1/AAAB>
Aug  9 08:48:01 brollon dovecot: pop3-login: Disconnected (no auth attempts in 0 secs): user=<>, rip=127.0.0.1, lip=127.0.0.1, secured, session=<HoCVS5lYBKZ/AAAB>
Aug  9 08:48:02 brollon postfix/submission/smtpd[13393]: connect from unknown[213.176.26.144]
Aug  9 08:48:09 brollon postfix/submission/smtpd[13393]: warning: unknown[213.176.26.144]: SASL LOGIN authentication failed: UGFzc3dvcmQ6
Aug  9 08:48:09 brollon postfix/smtps/smtpd[15982]: connect from unknown[213.176.26.34]
Aug  9 08:48:10 brollon postfix/submission/smtpd[13393]: disconnect from unknown[213.176.26.144] ehlo=1 auth=0/1 rset=1 quit=1 commands=3/4
Aug  9 08:48:10 brollon postfix/submission/smtpd[14200]: connect from unknown[213.176.26.114]
Aug  9 08:48:14 brollon postfix/smtps/smtpd[15982]: warning: unknown[213.176.26.34]: SASL LOGIN authentication failed: UGFzc3dvcmQ6
Aug  9 08:48:14 brollon postfix/smtps/smtpd[15982]: lost connection after AUTH from unknown[213.176.26.34]
Aug  9 08:48:14 brollon postfix/smtps/smtpd[15982]: disconnect from unknown[213.176.26.34] ehlo=1 auth=0/1 rset=1 commands=2/3
Aug  9 08:48:16 brollon postfix/submission/smtpd[13393]: connect from unknown[213.176.26.159]
Aug  9 08:48:17 brollon postfix/submission/smtpd[14200]: warning: unknown[213.176.26.114]: SASL LOGIN authentication failed: UGFzc3dvcmQ6
Aug  9 08:48:17 brollon postfix/submission/smtpd[14200]: disconnect from unknown[213.176.26.114] ehlo=1 auth=0/1 rset=1 quit=1 commands=3/4
Aug  9 08:48:23 brollon postfix/submission/smtpd[13393]: warning: unknown[213.176.26.159]: SASL LOGIN authentication failed: UGFzc3dvcmQ6
Aug  9 08:48:23 brollon postfix/submission/smtpd[13393]: disconnect from unknown[213.176.26.159] ehlo=1 auth=0/1 rset=1 quit=1 commands=3/4
Aug  9 08:48:23 brollon postfix/submission/smtpd[15213]: connect from unknown[213.176.26.76]
Aug  9 08:48:24 brollon postfix/submission/smtpd[14200]: connect from unknown[213.176.26.78]
Aug  9 08:48:24 brollon postfix/submission/smtpd[13393]: connect from unknown[213.176.26.74]
Aug  9 08:48:30 brollon postfix/submission/smtpd[15213]: warning: unknown[213.176.26.76]: SASL LOGIN authentication failed: UGFzc3dvcmQ6
Aug  9 08:48:30 brollon postfix/submission/smtpd[15213]: disconnect from unknown[213.176.26.76] ehlo=1 auth=0/1 rset=1 quit=1 commands=3/4
Aug  9 08:48:30 brollon postfix/submission/smtpd[15102]: connect from unknown[213.176.26.64]
Aug  9 08:48:31 brollon postfix/submission/smtpd[14200]: warning: unknown[213.176.26.78]: SASL LOGIN authentication failed: UGFzc3dvcmQ6
Aug  9 08:48:31 brollon postfix/submission/smtpd[13393]: warning: unknown[213.176.26.74]: SASL LOGIN authentication failed: UGFzc3dvcmQ6
Aug  9 08:48:31 brollon postfix/submission/smtpd[14200]: disconnect from unknown[213.176.26.78] ehlo=1 auth=0/1 rset=1 quit=1 commands=3/4
Aug  9 08:48:31 brollon postfix/submission/smtpd[13393]: disconnect from unknown[213.176.26.74] ehlo=1 auth=0/1 rset=1 quit=1 commands=3/4
Aug  9 08:48:32 brollon postfix/smtps/smtpd[15285]: connect from unknown[213.176.26.109]
Aug  9 08:48:32 brollon postfix/submission/smtpd[8389]: connect from unknown[213.176.26.85]
Aug  9 08:48:37 brollon postfix/submission/smtpd[15102]: warning: unknown[213.176.26.64]: SASL LOGIN authentication failed: UGFzc3dvcmQ6
Aug  9 08:48:37 brollon postfix/submission/smtpd[15102]: disconnect from unknown[213.176.26.64] ehlo=1 auth=0/1 rset=1 quit=1 commands=3/4
Aug  9 08:48:38 brollon postfix/smtps/smtpd[15285]: warning: unknown[213.176.26.109]: SASL LOGIN authentication failed: UGFzc3dvcmQ6
Aug  9 08:48:38 brollon postfix/smtps/smtpd[15285]: lost connection after AUTH from unknown[213.176.26.109]
Aug  9 08:48:38 brollon postfix/smtps/smtpd[15285]: disconnect from unknown[213.176.26.109] ehlo=1 auth=0/1 rset=1 commands=2/3
Aug  9 08:48:39 brollon postfix/submission/smtpd[8389]: warning: unknown[213.176.26.85]: SASL LOGIN authentication failed: UGFzc3dvcmQ6
Aug  9 08:48:39 brollon postfix/submission/smtpd[8389]: disconnect from unknown[213.176.26.85] ehlo=1 auth=0/1 rset=1 quit=1 commands=3/4
Aug  9 08:48:40 brollon postfix/submission/smtpd[13393]: connect from unknown[213.176.26.113]
Aug  9 08:48:46 brollon postfix/submission/smtpd[13393]: warning: unknown[213.176.26.113]: SASL LOGIN authentication failed: UGFzc3dvcmQ6
Aug  9 08:48:46 brollon postfix/submission/smtpd[13393]: disconnect from unknown[213.176.26.113] ehlo=1 auth=0/1 rset=1 quit=1 commands=3/4
Aug  9 08:48:47 brollon postfix/smtps/smtpd[15982]: connect from unknown[213.176.26.95]
Aug  9 08:48:48 brollon postfix/smtps/smtpd[15285]: connect from unknown[213.176.26.51]
Aug  9 08:48:54 brollon postfix/smtps/smtpd[15285]: warning: unknown[213.176.26.51]: SASL LOGIN authentication failed: UGFzc3dvcmQ6
Aug  9 08:48:54 brollon postfix/smtps/smtpd[15982]: warning: unknown[213.176.26.95]: SASL LOGIN authentication failed: UGFzc3dvcmQ6
Aug  9 08:48:54 brollon postfix/smtps/smtpd[15285]: lost connection after AUTH from unknown[213.176.26.51]
Aug  9 08:48:54 brollon postfix/smtps/smtpd[15285]: disconnect from unknown[213.176.26.51] ehlo=1 auth=0/1 rset=1 commands=2/3
Aug  9 08:48:55 brollon postfix/smtps/smtpd[15982]: lost connection after AUTH from unknown[213.176.26.95]
Aug  9 08:48:55 brollon postfix/smtps/smtpd[15982]: disconnect from unknown[213.176.26.95] ehlo=1 auth=0/1 rset=1 commands=2/3
Aug  9 08:48:58 brollon postfix/submission/smtpd[15102]: connect from unknown[213.176.26.134]
Aug  9 08:49:02 brollon postfix/smtpd[14670]: connect from localhost[127.0.0.1]
Aug  9 08:49:02 brollon postfix/smtpd[14670]: lost connection after CONNECT from localhost[127.0.0.1]
Aug  9 08:49:02 brollon postfix/smtpd[14670]: disconnect from localhost[127.0.0.1] commands=0/0
Aug  9 08:49:02 brollon dovecot: pop3-login: Disconnected (no auth attempts in 0 secs): user=<>, rip=127.0.0.1, lip=127.0.0.1, secured, session=<EyUwT5lY/KZ/AAAB>
Aug  9 08:49:02 brollon dovecot: imap-login: Disconnected (no auth attempts in 0 secs): user=<>, rip=127.0.0.1, lip=127.0.0.1, secured, session=<ZCYwT5lYzK5/AAAB>
Aug  9 08:49:03 brollon postfix/submission/smtpd[15102]: warning: unknown[213.176.26.134]: SASL LOGIN authentication failed: UGFzc3dvcmQ6
Aug  9 08:49:03 brollon postfix/submission/smtpd[15102]: disconnect from unknown[213.176.26.134] ehlo=1 auth=0/1 rset=1 quit=1 commands=3/4
Aug  9 08:49:05 brollon postfix/submission/smtpd[8389]: connect from unknown[213.176.26.144]
Aug  9 08:49:10 brollon postfix/submission/smtpd[8389]: warning: unknown[213.176.26.144]: SASL LOGIN authentication failed: UGFzc3dvcmQ6
Aug  9 08:49:10 brollon postfix/submission/smtpd[8389]: disconnect from unknown[213.176.26.144] ehlo=1 auth=0/1 rset=1 quit=1 commands=3/4
Aug  9 08:49:11 brollon postfix/submission/smtpd[15102]: connect from unknown[213.176.26.114]
Aug  9 08:49:17 brollon postfix/submission/smtpd[15213]: connect from unknown[213.176.26.159]
Aug  9 08:49:18 brollon postfix/submission/smtpd[15102]: warning: unknown[213.176.26.114]: SASL LOGIN authentication failed: UGFzc3dvcmQ6
Aug  9 08:49:18 brollon postfix/submission/smtpd[15102]: disconnect from unknown[213.176.26.114] ehlo=1 auth=0/1 rset=1 quit=1 commands=3/4
Aug  9 08:49:22 brollon postfix/smtps/smtpd[15285]: connect from unknown[213.176.26.44]
Aug  9 08:49:24 brollon postfix/submission/smtpd[15213]: warning: unknown[213.176.26.159]: SASL LOGIN authentication failed: UGFzc3dvcmQ6
Aug  9 08:49:25 brollon postfix/submission/smtpd[15213]: disconnect from unknown[213.176.26.159] ehlo=1 auth=0/1 rset=1 quit=1 commands=3/4
Aug  9 08:49:27 brollon postfix/submission/smtpd[13393]: connect from unknown[213.176.26.76]
Aug  9 08:49:27 brollon postfix/submission/smtpd[15102]: connect from unknown[213.176.26.78]
Aug  9 08:49:28 brollon postfix/submission/smtpd[15213]: connect from unknown[213.176.26.74]
Aug  9 08:49:28 brollon postfix/smtps/smtpd[15285]: warning: unknown[213.176.26.44]: SASL LOGIN authentication failed: UGFzc3dvcmQ6
Aug  9 08:49:28 brollon postfix/smtps/smtpd[15285]: lost connection after AUTH from unknown[213.176.26.44]
Aug  9 08:49:28 brollon postfix/smtps/smtpd[15285]: disconnect from unknown[213.176.26.44] ehlo=1 auth=0/1 rset=1 commands=2/3
Aug  9 08:49:33 brollon postfix/submission/smtpd[13393]: warning: unknown[213.176.26.76]: SASL LOGIN authentication failed: VXNlcm5hbWU6
Aug  9 08:49:34 brollon postfix/smtps/smtpd[15982]: connect from unknown[213.176.26.22]
Aug  9 08:49:34 brollon postfix/submission/smtpd[15102]: warning: unknown[213.176.26.78]: SASL LOGIN authentication failed: UGFzc3dvcmQ6
Aug  9 08:49:34 brollon postfix/smtps/smtpd[15285]: connect from unknown[213.176.26.153]
Aug  9 08:49:34 brollon postfix/submission/smtpd[13393]: disconnect from unknown[213.176.26.76] ehlo=1 auth=0/1 rset=1 quit=1 unknown=0/1 commands=3/5
Aug  9 08:49:34 brollon postfix/submission/smtpd[8389]: connect from unknown[213.176.26.64]
Aug  9 08:49:35 brollon postfix/smtps/smtpd[16162]: connect from unknown[213.176.26.133]
Aug  9 08:49:35 brollon postfix/submission/smtpd[15213]: warning: unknown[213.176.26.74]: SASL LOGIN authentication failed: UGFzc3dvcmQ6
Aug  9 08:49:35 brollon postfix/submission/smtpd[15102]: disconnect from unknown[213.176.26.78] ehlo=1 auth=0/1 rset=1 quit=1 commands=3/4
Aug  9 08:49:35 brollon postfix/submission/smtpd[15213]: disconnect from unknown[213.176.26.74] ehlo=1 auth=0/1 rset=1 quit=1 commands=3/4
Aug  9 08:49:35 brollon postfix/submission/smtpd[14200]: connect from unknown[213.176.26.85]
Aug  9 08:49:40 brollon postfix/smtps/smtpd[15982]: warning: unknown[213.176.26.22]: SASL LOGIN authentication failed: UGFzc3dvcmQ6
Aug  9 08:49:40 brollon postfix/smtps/smtpd[15285]: warning: unknown[213.176.26.153]: SASL LOGIN authentication failed: UGFzc3dvcmQ6
Aug  9 08:49:40 brollon postfix/smtps/smtpd[16162]: warning: unknown[213.176.26.133]: SASL LOGIN authentication failed: UGFzc3dvcmQ6
Aug  9 08:49:40 brollon postfix/smtps/smtpd[16162]: lost connection after AUTH from unknown[213.176.26.133]
Aug  9 08:49:40 brollon postfix/smtps/smtpd[16162]: disconnect from unknown[213.176.26.133] ehlo=1 auth=0/1 rset=1 commands=2/3
Aug  9 08:49:40 brollon postfix/smtps/smtpd[15285]: lost connection after AUTH from unknown[213.176.26.153]
Aug  9 08:49:40 brollon postfix/smtps/smtpd[15285]: disconnect from unknown[213.176.26.153] ehlo=1 auth=0/1 rset=1 commands=2/3
Aug  9 08:49:40 brollon postfix/smtps/smtpd[15982]: lost connection after AUTH from unknown[213.176.26.22]
Aug  9 08:49:40 brollon postfix/smtps/smtpd[15982]: disconnect from unknown[213.176.26.22] ehlo=1 auth=0/1 rset=1 commands=2/3
Aug  9 08:49:40 brollon postfix/smtpd[14670]: connect from unknown[2.57.122.98]
Aug  9 08:49:41 brollon postfix/submission/smtpd[8389]: warning: unknown[213.176.26.64]: SASL LOGIN authentication failed: UGFzc3dvcmQ6
Aug  9 08:49:41 brollon postfix/submission/smtpd[15102]: connect from unknown[213.176.26.113]
Aug  9 08:49:41 brollon postfix/submission/smtpd[8389]: disconnect from unknown[213.176.26.64] ehlo=1 auth=0/1 rset=1 quit=1 commands=3/4
Aug  9 08:49:42 brollon postfix/submission/smtpd[14200]: warning: unknown[213.176.26.85]: SASL LOGIN authentication failed: UGFzc3dvcmQ6
Aug  9 08:49:42 brollon postfix/smtpd[14670]: warning: unknown[2.57.122.98]: SASL LOGIN authentication failed: UGFzc3dvcmQ6
Aug  9 08:49:42 brollon postfix/submission/smtpd[14200]: disconnect from unknown[213.176.26.85] ehlo=1 auth=0/1 rset=1 quit=1 commands=3/4
Aug  9 08:49:42 brollon postfix/smtpd[14670]: disconnect from unknown[2.57.122.98] ehlo=1 auth=0/1 quit=1 commands=2/3
Aug  9 08:49:48 brollon postfix/submission/smtpd[15102]: warning: unknown[213.176.26.113]: SASL LOGIN authentication failed: UGFzc3dvcmQ6
Aug  9 08:49:48 brollon postfix/submission/smtpd[15102]: disconnect from unknown[213.176.26.113] ehlo=1 auth=0/1 rset=1 quit=1 commands=3/4
Aug  9 08:49:50 brollon postfix/smtps/smtpd[16162]: connect from unknown[213.176.26.72]
Aug  9 08:49:52 brollon postfix/smtps/smtpd[15285]: connect from unknown[213.176.26.58]
Aug  9 08:49:56 brollon postfix/smtps/smtpd[16162]: warning: unknown[213.176.26.72]: SASL LOGIN authentication failed: UGFzc3dvcmQ6
Aug  9 08:49:56 brollon postfix/smtps/smtpd[16162]: lost connection after AUTH from unknown[213.176.26.72]
Aug  9 08:49:56 brollon postfix/smtps/smtpd[16162]: disconnect from unknown[213.176.26.72] ehlo=1 auth=0/1 rset=1 commands=2/3
Aug  9 08:49:58 brollon postfix/smtps/smtpd[15285]: warning: unknown[213.176.26.58]: SASL LOGIN authentication failed: UGFzc3dvcmQ6
Aug  9 08:49:58 brollon postfix/smtps/smtpd[15285]: lost connection after AUTH from unknown[213.176.26.58]
Aug  9 08:49:58 brollon postfix/smtps/smtpd[15285]: disconnect from unknown[213.176.26.58] ehlo=1 auth=0/1 rset=1 commands=2/3
Aug  9 08:50:01 brollon postfix/smtpd[14670]: connect from localhost[127.0.0.1]
Aug  9 08:50:01 brollon postfix/smtpd[14670]: lost connection after CONNECT from localhost[127.0.0.1]
Aug  9 08:50:01 brollon postfix/smtpd[14670]: disconnect from localhost[127.0.0.1] commands=0/0
Aug  9 08:50:01 brollon dovecot: imap-login: Disconnected (no auth attempts in 0 secs): user=<>, rip=127.0.0.1, lip=127.0.0.1, secured, session=<De+8UplYxq9/AAAB>
Aug  9 08:50:01 brollon dovecot: pop3-login: Disconnected (no auth attempts in 0 secs): user=<>, rip=127.0.0.1, lip=127.0.0.1, secured, session=<dTS9UplY9qd/AAAB>
Aug  9 08:50:02 brollon postfix/smtpd[14670]: connect from localhost[127.0.0.1]
Aug  9 08:50:02 brollon postfix/smtpd[14670]: lost connection after CONNECT from localhost[127.0.0.1]
Aug  9 08:50:02 brollon postfix/smtpd[14670]: disconnect from localhost[127.0.0.1] commands=0/0
Aug  9 08:50:02 brollon dovecot: imap-login: Disconnected (no auth attempts in 0 secs): user=<>, rip=127.0.0.1, lip=127.0.0.1, secured, session=<3QvDUplY1K9/AAAB>
Aug  9 08:50:02 brollon dovecot: pop3-login: Disconnected (no auth attempts in 0 secs): user=<>, rip=127.0.0.1, lip=127.0.0.1, secured, session=<JRnDUplYBKh/AAAB>
Aug  9 08:50:02 brollon postfix/submission/smtpd[13393]: connect from unknown[213.176.26.134]
Aug  9 08:50:09 brollon postfix/submission/smtpd[13393]: warning: unknown[213.176.26.134]: SASL LOGIN authentication failed: UGFzc3dvcmQ6
Aug  9 08:50:09 brollon postfix/submission/smtpd[13393]: disconnect from unknown[213.176.26.134] ehlo=1 auth=0/1 rset=1 quit=1 commands=3/4
Aug  9 08:50:09 brollon postfix/submission/smtpd[8389]: connect from unknown[213.176.26.144]
Aug  9 08:50:12 brollon postfix/submission/smtpd[13393]: connect from unknown[213.176.26.114]
Aug  9 08:50:16 brollon postfix/submission/smtpd[8389]: warning: unknown[213.176.26.144]: SASL LOGIN authentication failed: UGFzc3dvcmQ6
Aug  9 08:50:17 brollon postfix/submission/smtpd[8389]: disconnect from unknown[213.176.26.144] ehlo=1 auth=0/1 rset=1 quit=1 commands=3/4
Aug  9 08:50:19 brollon postfix/submission/smtpd[13393]: warning: unknown[213.176.26.114]: SASL LOGIN authentication failed: UGFzc3dvcmQ6
Aug  9 08:50:19 brollon postfix/submission/smtpd[13393]: disconnect from unknown[213.176.26.114] ehlo=1 auth=0/1 rset=1 quit=1 commands=3/4
Aug  9 08:50:19 brollon postfix/submission/smtpd[14200]: connect from unknown[213.176.26.159]
Aug  9 08:50:23 brollon postfix/submission/smtpd[14200]: warning: unknown[213.176.26.159]: SASL LOGIN authentication failed: UGFzc3dvcmQ6
Aug  9 08:50:23 brollon postfix/submission/smtpd[14200]: disconnect from unknown[213.176.26.159] ehlo=1 auth=0/1 rset=1 quit=1 commands=3/4
Aug  9 08:50:30 brollon postfix/submission/smtpd[15213]: connect from unknown[213.176.26.78]
Aug  9 08:50:31 brollon postfix/submission/smtpd[15102]: connect from unknown[213.176.26.74]
Aug  9 08:50:32 brollon postfix/submission/smtpd[13393]: connect from unknown[213.176.26.76]
Aug  9 08:50:36 brollon postfix/submission/smtpd[15213]: warning: unknown[213.176.26.78]: SASL LOGIN authentication failed: UGFzc3dvcmQ6
Aug  9 08:50:37 brollon postfix/submission/smtpd[15102]: warning: unknown[213.176.26.74]: SASL LOGIN authentication failed: UGFzc3dvcmQ6
Aug  9 08:50:37 brollon postfix/submission/smtpd[15213]: disconnect from unknown[213.176.26.78] ehlo=1 auth=0/1 rset=1 quit=1 commands=3/4
Aug  9 08:50:37 brollon postfix/submission/smtpd[15102]: disconnect from unknown[213.176.26.74] ehlo=1 auth=0/1 rset=1 quit=1 commands=3/4
Aug  9 08:50:38 brollon postfix/submission/smtpd[14200]: connect from unknown[213.176.26.85]
Aug  9 08:50:38 brollon postfix/submission/smtpd[15213]: connect from unknown[213.176.26.64]
Aug  9 08:50:39 brollon postfix/submission/smtpd[13393]: warning: unknown[213.176.26.76]: SASL LOGIN authentication failed: UGFzc3dvcmQ6
Aug  9 08:50:39 brollon postfix/submission/smtpd[13393]: disconnect from unknown[213.176.26.76] ehlo=1 auth=0/1 rset=1 quit=1 commands=3/4
Aug  9 08:50:42 brollon postfix/submission/smtpd[15102]: connect from unknown[213.176.26.113]
Aug  9 08:50:45 brollon postfix/submission/smtpd[14200]: warning: unknown[213.176.26.85]: SASL LOGIN authentication failed: UGFzc3dvcmQ6
Aug  9 08:50:45 brollon postfix/submission/smtpd[15213]: warning: unknown[213.176.26.64]: SASL LOGIN authentication failed: UGFzc3dvcmQ6
Aug  9 08:50:45 brollon postfix/submission/smtpd[15213]: disconnect from unknown[213.176.26.64] ehlo=1 auth=0/1 rset=1 quit=1 commands=3/4
Aug  9 08:50:45 brollon postfix/submission/smtpd[14200]: disconnect from unknown[213.176.26.85] ehlo=1 auth=0/1 rset=1 quit=1 commands=3/4
Aug  9 08:50:49 brollon postfix/submission/smtpd[15102]: warning: unknown[213.176.26.113]: SASL LOGIN authentication failed: UGFzc3dvcmQ6
Aug  9 08:50:49 brollon postfix/submission/smtpd[15102]: disconnect from unknown[213.176.26.113] ehlo=1 auth=0/1 rset=1 quit=1 commands=3/4
Aug  9 08:50:57 brollon postfix/submission/smtpd[13393]: connect from unknown[213.176.24.65]
Aug  9 08:51:01 brollon postfix/smtpd[14670]: connect from localhost[127.0.0.1]
Aug  9 08:51:01 brollon postfix/smtpd[14670]: lost connection after CONNECT from localhost[127.0.0.1]
Aug  9 08:51:01 brollon postfix/smtpd[14670]: disconnect from localhost[127.0.0.1] commands=0/0
Aug  9 08:51:01 brollon dovecot: imap-login: Disconnected (no auth attempts in 0 secs): user=<>, rip=127.0.0.1, lip=127.0.0.1, secured, session=<OQxMVplY7rB/AAAB>
Aug  9 08:51:01 brollon dovecot: pop3-login: Disconnected (no auth attempts in 0 secs): user=<>, rip=127.0.0.1, lip=127.0.0.1, secured, session=<2zFMVplYHql/AAAB>
Aug  9 08:51:06 brollon postfix/submission/smtpd[15213]: connect from unknown[213.176.26.134]
Aug  9 08:51:10 brollon postfix/submission/smtpd[13393]: warning: unknown[213.176.24.65]: SASL LOGIN authentication failed: UGFzc3dvcmQ6
Aug  9 08:51:10 brollon postfix/submission/smtpd[13393]: lost connection after AUTH from unknown[213.176.24.65]
Aug  9 08:51:10 brollon postfix/submission/smtpd[13393]: disconnect from unknown[213.176.24.65] ehlo=1 auth=0/1 rset=1 commands=2/3
Aug  9 08:51:11 brollon postfix/smtps/smtpd[15982]: connect from unknown[213.176.26.182]
Aug  9 08:51:13 brollon postfix/submission/smtpd[15213]: warning: unknown[213.176.26.134]: SASL LOGIN authentication failed: UGFzc3dvcmQ6
Aug  9 08:51:13 brollon postfix/submission/smtpd[15213]: disconnect from unknown[213.176.26.134] ehlo=1 auth=0/1 rset=1 quit=1 commands=3/4
Aug  9 08:51:13 brollon postfix/submission/smtpd[14200]: connect from unknown[213.176.26.114]
Aug  9 08:51:14 brollon postfix/submission/smtpd[15213]: connect from unknown[213.176.26.144]
Aug  9 08:51:17 brollon postfix/smtps/smtpd[15982]: warning: unknown[213.176.26.182]: SASL LOGIN authentication failed: UGFzc3dvcmQ6
Aug  9 08:51:17 brollon postfix/smtps/smtpd[15982]: lost connection after AUTH from unknown[213.176.26.182]
Aug  9 08:51:17 brollon postfix/smtps/smtpd[15982]: disconnect from unknown[213.176.26.182] ehlo=1 auth=0/1 rset=1 commands=2/3
Aug  9 08:51:20 brollon postfix/submission/smtpd[14200]: warning: unknown[213.176.26.114]: SASL LOGIN authentication failed: UGFzc3dvcmQ6
Aug  9 08:51:20 brollon postfix/submission/smtpd[14200]: disconnect from unknown[213.176.26.114] ehlo=1 auth=0/1 rset=1 quit=1 commands=3/4
Aug  9 08:51:20 brollon postfix/submission/smtpd[13393]: connect from unknown[213.176.26.159]
Aug  9 08:51:21 brollon postfix/submission/smtpd[15213]: warning: unknown[213.176.26.144]: SASL LOGIN authentication failed: UGFzc3dvcmQ6
Aug  9 08:51:21 brollon postfix/submission/smtpd[15213]: disconnect from unknown[213.176.26.144] ehlo=1 auth=0/1 rset=1 quit=1 commands=3/4
Aug  9 08:51:22 brollon postfix/submission/smtpd[13393]: warning: unknown[213.176.26.159]: SASL LOGIN authentication failed: UGFzc3dvcmQ6
Aug  9 08:51:22 brollon postfix/submission/smtpd[13393]: disconnect from unknown[213.176.26.159] ehlo=1 auth=0/1 rset=1 quit=1 commands=3/4
Aug  9 08:51:30 brollon postfix/smtps/smtpd[16162]: connect from unknown[213.176.26.123]
Aug  9 08:51:33 brollon postfix/submission/smtpd[15102]: connect from unknown[213.176.26.78]
Aug  9 08:51:34 brollon postfix/smtps/smtpd[16162]: warning: unknown[213.176.26.123]: SASL LOGIN authentication failed: UGFzc3dvcmQ6
Aug  9 08:51:34 brollon postfix/submission/smtpd[13393]: connect from unknown[213.176.26.74]
Aug  9 08:51:35 brollon postfix/smtps/smtpd[16162]: lost connection after AUTH from unknown[213.176.26.123]
Aug  9 08:51:35 brollon postfix/smtps/smtpd[16162]: disconnect from unknown[213.176.26.123] ehlo=1 auth=0/1 rset=1 commands=2/3
Aug  9 08:51:36 brollon postfix/submission/smtpd[14200]: connect from unknown[213.176.26.76]
Aug  9 08:51:37 brollon postfix/submission/smtpd[13393]: warning: unknown[213.176.26.74]: SASL LOGIN authentication failed: UGFzc3dvcmQ6
Aug  9 08:51:37 brollon postfix/submission/smtpd[13393]: disconnect from unknown[213.176.26.74] ehlo=1 auth=0/1 rset=1 quit=1 commands=3/4
Aug  9 08:51:38 brollon postfix/submission/smtpd[15102]: warning: unknown[213.176.26.78]: SASL LOGIN authentication failed: UGFzc3dvcmQ6
Aug  9 08:51:38 brollon postfix/submission/smtpd[15102]: disconnect from unknown[213.176.26.78] ehlo=1 auth=0/1 rset=1 quit=1 commands=3/4
Aug  9 08:51:41 brollon postfix/submission/smtpd[15213]: connect from unknown[213.176.26.85]
Aug  9 08:51:42 brollon postfix/submission/smtpd[13393]: connect from unknown[213.176.26.64]
Aug  9 08:51:42 brollon postfix/submission/smtpd[14200]: warning: unknown[213.176.26.76]: SASL LOGIN authentication failed: UGFzc3dvcmQ6
Aug  9 08:51:42 brollon postfix/submission/smtpd[14200]: disconnect from unknown[213.176.26.76] ehlo=1 auth=0/1 rset=1 quit=1 commands=3/4
Aug  9 08:51:43 brollon postfix/submission/smtpd[15102]: connect from unknown[213.176.26.113]
Aug  9 08:51:45 brollon postfix/submission/smtpd[15102]: warning: unknown[213.176.26.113]: SASL LOGIN authentication failed: UGFzc3dvcmQ6
Aug  9 08:51:45 brollon postfix/submission/smtpd[15102]: disconnect from unknown[213.176.26.113] ehlo=1 auth=0/1 rset=1 quit=1 commands=3/4
Aug  9 08:51:47 brollon postfix/submission/smtpd[15213]: warning: unknown[213.176.26.85]: SASL LOGIN authentication failed: UGFzc3dvcmQ6
Aug  9 08:51:47 brollon postfix/submission/smtpd[15213]: disconnect from unknown[213.176.26.85] ehlo=1 auth=0/1 rset=1 quit=1 commands=3/4
