Aug  9 11:16:06 brollon postfix/smtps/smtpd[8769]: disconnect from unknown[213.176.26.194] ehlo=1 auth=0/1 rset=1 commands=2/3
Aug  9 11:16:07 brollon postfix/submission/smtpd[6084]: warning: unknown[213.176.26.159]: SASL LOGIN authentication failed: UGFzc3dvcmQ6
Aug  9 11:16:07 brollon postfix/submission/smtpd[6084]: disconnect from unknown[213.176.26.159] ehlo=1 auth=0/1 rset=1 quit=1 commands=3/4
Aug  9 11:16:08 brollon postfix/submission/smtpd[10280]: connect from unknown[213.176.26.78]
Aug  9 11:16:10 brollon postfix/submission/smtpd[10279]: connect from unknown[213.176.26.144]
Aug  9 11:16:11 brollon postfix/submission/smtpd[6084]: connect from unknown[213.176.26.64]
Aug  9 11:16:14 brollon postfix/submission/smtpd[10280]: warning: unknown[213.176.26.78]: SASL LOGIN authentication failed: UGFzc3dvcmQ6
Aug  9 11:16:14 brollon postfix/submission/smtpd[10280]: disconnect from unknown[213.176.26.78] ehlo=1 auth=0/1 rset=1 quit=1 commands=3/4
Aug  9 11:16:17 brollon postfix/submission/smtpd[10279]: warning: unknown[213.176.26.144]: SASL LOGIN authentication failed: UGFzc3dvcmQ6
Aug  9 11:16:18 brollon postfix/submission/smtpd[6084]: warning: unknown[213.176.26.64]: SASL LOGIN authentication failed: UGFzc3dvcmQ6
Aug  9 11:16:18 brollon postfix/submission/smtpd[10279]: disconnect from unknown[213.176.26.144] ehlo=1 auth=0/1 rset=1 quit=1 commands=3/4
Aug  9 11:16:19 brollon postfix/submission/smtpd[6084]: disconnect from unknown[213.176.26.64] ehlo=1 auth=0/1 rset=1 quit=1 commands=3/4
Aug  9 11:16:39 brollon postfix/submission/smtpd[10280]: connect from unknown[213.176.26.134]
Aug  9 11:16:41 brollon postfix/submission/smtpd[10279]: connect from unknown[213.176.26.113]
Aug  9 11:16:43 brollon postfix/anvil[12649]: statistics: max connection rate 2/60s for (submission:213.176.26.114) at Aug  9 11:07:51
Aug  9 11:16:43 brollon postfix/anvil[12649]: statistics: max connection count 1 for (submission:213.176.26.159) at Aug  9 11:06:47
Aug  9 11:16:43 brollon postfix/anvil[12649]: statistics: max cache size 19 at Aug  9 11:10:27
Aug  9 11:16:43 brollon postfix/smtps/smtpd[11225]: connect from unknown[213.176.26.29]
Aug  9 11:16:46 brollon postfix/smtps/smtpd[11225]: warning: unknown[213.176.26.29]: SASL LOGIN authentication failed: UGFzc3dvcmQ6
Aug  9 11:16:46 brollon postfix/submission/smtpd[10280]: warning: unknown[213.176.26.134]: SASL LOGIN authentication failed: UGFzc3dvcmQ6
Aug  9 11:16:46 brollon postfix/smtps/smtpd[11225]: lost connection after AUTH from unknown[213.176.26.29]
Aug  9 11:16:46 brollon postfix/smtps/smtpd[11225]: disconnect from unknown[213.176.26.29] ehlo=1 auth=0/1 rset=1 commands=2/3
Aug  9 11:16:46 brollon postfix/submission/smtpd[10280]: disconnect from unknown[213.176.26.134] ehlo=1 auth=0/1 rset=1 quit=1 commands=3/4
Aug  9 11:16:48 brollon postfix/submission/smtpd[6084]: connect from unknown[213.176.26.76]
Aug  9 11:16:48 brollon postfix/submission/smtpd[10279]: warning: unknown[213.176.26.113]: SASL LOGIN authentication failed: UGFzc3dvcmQ6
Aug  9 11:16:48 brollon postfix/submission/smtpd[10279]: disconnect from unknown[213.176.26.113] ehlo=1 auth=0/1 rset=1 quit=1 commands=3/4
Aug  9 11:16:49 brollon postfix/submission/smtpd[10280]: connect from unknown[213.176.26.85]
Aug  9 11:16:55 brollon postfix/submission/smtpd[6084]: warning: unknown[213.176.26.76]: SASL LOGIN authentication failed: UGFzc3dvcmQ6
Aug  9 11:16:56 brollon postfix/submission/smtpd[10280]: warning: unknown[213.176.26.85]: SASL LOGIN authentication failed: UGFzc3dvcmQ6
Aug  9 11:16:56 brollon postfix/submission/smtpd[6084]: disconnect from unknown[213.176.26.76] ehlo=1 auth=0/1 rset=1 quit=1 commands=3/4
Aug  9 11:16:56 brollon postfix/submission/smtpd[10280]: disconnect from unknown[213.176.26.85] ehlo=1 auth=0/1 rset=1 quit=1 commands=3/4
Aug  9 11:16:57 brollon postfix/submission/smtpd[10279]: connect from unknown[213.176.26.114]
Aug  9 11:17:01 brollon postfix/submission/smtpd[10280]: connect from unknown[213.176.26.159]
Aug  9 11:17:02 brollon postfix/smtpd[9100]: connect from localhost[127.0.0.1]
Aug  9 11:17:02 brollon postfix/smtpd[9100]: lost connection after CONNECT from localhost[127.0.0.1]
Aug  9 11:17:02 brollon postfix/smtpd[9100]: disconnect from localhost[127.0.0.1] commands=0/0
Aug  9 11:17:02 brollon dovecot: imap-login: Disconnected (no auth attempts in 0 secs): user=<>, rip=127.0.0.1, lip=127.0.0.1, secured, session=<B7d6YJtY3th/AAAB>
Aug  9 11:17:02 brollon dovecot: pop3-login: Disconnected (no auth attempts in 0 secs): user=<>, rip=127.0.0.1, lip=127.0.0.1, secured, session=<Jcx6YJtYDtF/AAAB>
Aug  9 11:17:03 brollon postfix/submission/smtpd[6084]: connect from unknown[213.176.26.74]
Aug  9 11:17:03 brollon postfix/submission/smtpd[10280]: warning: unknown[213.176.26.159]: SASL LOGIN authentication failed: UGFzc3dvcmQ6
Aug  9 11:17:03 brollon postfix/submission/smtpd[10280]: disconnect from unknown[213.176.26.159] ehlo=1 auth=0/1 rset=1 quit=1 commands=3/4
Aug  9 11:17:04 brollon postfix/submission/smtpd[10279]: warning: unknown[213.176.26.114]: SASL LOGIN authentication failed: UGFzc3dvcmQ6
Aug  9 11:17:04 brollon postfix/submission/smtpd[10279]: disconnect from unknown[213.176.26.114] ehlo=1 auth=0/1 rset=1 quit=1 commands=3/4
Aug  9 11:17:05 brollon postfix/smtps/smtpd[10274]: connect from unknown[213.176.24.64]
Aug  9 11:17:10 brollon postfix/submission/smtpd[6084]: warning: unknown[213.176.26.74]: SASL LOGIN authentication failed: UGFzc3dvcmQ6
Aug  9 11:17:11 brollon postfix/submission/smtpd[6084]: disconnect from unknown[213.176.26.74] ehlo=1 auth=0/1 rset=1 quit=1 commands=3/4
Aug  9 11:17:12 brollon postfix/submission/smtpd[10280]: connect from unknown[213.176.26.78]
Aug  9 11:17:13 brollon postfix/smtps/smtpd[11225]: connect from unknown[213.176.26.123]
Aug  9 11:17:13 brollon postfix/submission/smtpd[10279]: connect from unknown[213.176.26.144]
Aug  9 11:17:14 brollon postfix/submission/smtpd[6084]: connect from unknown[213.176.26.64]
Aug  9 11:17:17 brollon postfix/smtps/smtpd[11225]: warning: unknown[213.176.26.123]: SASL LOGIN authentication failed: UGFzc3dvcmQ6
Aug  9 11:17:17 brollon postfix/submission/smtpd[10280]: warning: unknown[213.176.26.78]: SASL LOGIN authentication failed: UGFzc3dvcmQ6
Aug  9 11:17:17 brollon postfix/smtps/smtpd[11225]: lost connection after AUTH from unknown[213.176.26.123]
Aug  9 11:17:17 brollon postfix/smtps/smtpd[11225]: disconnect from unknown[213.176.26.123] ehlo=1 auth=0/1 rset=1 commands=2/3
Aug  9 11:17:18 brollon postfix/submission/smtpd[10280]: disconnect from unknown[213.176.26.78] ehlo=1 auth=0/1 rset=1 quit=1 commands=3/4
Aug  9 11:17:20 brollon postfix/submission/smtpd[10279]: warning: unknown[213.176.26.144]: SASL LOGIN authentication failed: UGFzc3dvcmQ6
Aug  9 11:17:20 brollon postfix/submission/smtpd[10279]: disconnect from unknown[213.176.26.144] ehlo=1 auth=0/1 rset=1 quit=1 commands=3/4
Aug  9 11:17:21 brollon postfix/submission/smtpd[6084]: warning: unknown[213.176.26.64]: SASL LOGIN authentication failed: UGFzc3dvcmQ6
Aug  9 11:17:21 brollon postfix/submission/smtpd[6084]: disconnect from unknown[213.176.26.64] ehlo=1 auth=0/1 rset=1 quit=1 commands=3/4
Aug  9 11:17:25 brollon postfix/smtps/smtpd[8769]: connect from unknown[213.176.26.182]
Aug  9 11:17:29 brollon postfix/smtps/smtpd[10274]: warning: unknown[213.176.24.64]: SASL LOGIN authentication failed: UGFzc3dvcmQ6
Aug  9 11:17:30 brollon postfix/smtps/smtpd[10274]: lost connection after AUTH from unknown[213.176.24.64]
Aug  9 11:17:30 brollon postfix/smtps/smtpd[10274]: disconnect from unknown[213.176.24.64] ehlo=1 auth=0/1 rset=1 commands=2/3
Aug  9 11:17:30 brollon postfix/smtps/smtpd[11225]: connect from unknown[213.176.26.133]
Aug  9 11:17:31 brollon postfix/smtps/smtpd[8769]: warning: unknown[213.176.26.182]: SASL LOGIN authentication failed: UGFzc3dvcmQ6
Aug  9 11:17:31 brollon postfix/smtps/smtpd[8769]: lost connection after AUTH from unknown[213.176.26.182]
Aug  9 11:17:31 brollon postfix/smtps/smtpd[8769]: disconnect from unknown[213.176.26.182] ehlo=1 auth=0/1 rset=1 commands=2/3
Aug  9 11:17:37 brollon postfix/smtps/smtpd[11225]: warning: unknown[213.176.26.133]: SASL LOGIN authentication failed: UGFzc3dvcmQ6
Aug  9 11:17:37 brollon postfix/smtps/smtpd[11225]: lost connection after AUTH from unknown[213.176.26.133]
Aug  9 11:17:37 brollon postfix/smtps/smtpd[11225]: disconnect from unknown[213.176.26.133] ehlo=1 auth=0/1 rset=1 commands=2/3
Aug  9 11:17:37 brollon postfix/smtps/smtpd[10274]: connect from unknown[213.176.26.44]
Aug  9 11:17:42 brollon postfix/submission/smtpd[10280]: connect from unknown[213.176.26.113]
Aug  9 11:17:42 brollon postfix/submission/smtpd[10279]: connect from unknown[213.176.26.134]
Aug  9 11:17:44 brollon postfix/smtps/smtpd[10274]: warning: unknown[213.176.26.44]: SASL LOGIN authentication failed: UGFzc3dvcmQ6
Aug  9 11:17:45 brollon postfix/smtps/smtpd[10274]: lost connection after AUTH from unknown[213.176.26.44]
Aug  9 11:17:45 brollon postfix/smtps/smtpd[10274]: disconnect from unknown[213.176.26.44] ehlo=1 auth=0/1 rset=1 commands=2/3
Aug  9 11:17:49 brollon postfix/submission/smtpd[10280]: warning: unknown[213.176.26.113]: SASL LOGIN authentication failed: UGFzc3dvcmQ6
Aug  9 11:17:49 brollon postfix/submission/smtpd[10279]: warning: unknown[213.176.26.134]: SASL LOGIN authentication failed: UGFzc3dvcmQ6
Aug  9 11:17:49 brollon postfix/submission/smtpd[10279]: disconnect from unknown[213.176.26.134] ehlo=1 auth=0/1 rset=1 quit=1 commands=3/4
Aug  9 11:17:49 brollon postfix/submission/smtpd[10280]: disconnect from unknown[213.176.26.113] ehlo=1 auth=0/1 rset=1 quit=1 commands=3/4
Aug  9 11:17:51 brollon postfix/submission/smtpd[6084]: connect from unknown[213.176.26.76]
Aug  9 11:17:52 brollon postfix/submission/smtpd[10280]: connect from unknown[213.176.26.85]
Aug  9 11:17:54 brollon postfix/submission/smtpd[6084]: warning: unknown[213.176.26.76]: SASL LOGIN authentication failed: UGFzc3dvcmQ6
Aug  9 11:17:55 brollon postfix/submission/smtpd[6084]: disconnect from unknown[213.176.26.76] ehlo=1 auth=0/1 rset=1 quit=1 commands=3/4
Aug  9 11:17:58 brollon postfix/submission/smtpd[10279]: connect from unknown[213.176.26.114]
Aug  9 11:17:59 brollon postfix/submission/smtpd[10280]: warning: unknown[213.176.26.85]: SASL LOGIN authentication failed: UGFzc3dvcmQ6
Aug  9 11:17:59 brollon postfix/submission/smtpd[10280]: disconnect from unknown[213.176.26.85] ehlo=1 auth=0/1 rset=1 quit=1 commands=3/4
Aug  9 11:18:01 brollon postfix/smtpd[9100]: connect from localhost[127.0.0.1]
Aug  9 11:18:01 brollon postfix/smtpd[9100]: lost connection after CONNECT from localhost[127.0.0.1]
Aug  9 11:18:01 brollon postfix/smtpd[9100]: disconnect from localhost[127.0.0.1] commands=0/0
Aug  9 11:18:01 brollon dovecot: imap-login: Disconnected (no auth attempts in 0 secs): user=<>, rip=127.0.0.1, lip=127.0.0.1, secured, session=<K9ABZJtYptl/AAAB>
Aug  9 11:18:01 brollon dovecot: pop3-login: Disconnected (no auth attempts in 0 secs): user=<>, rip=127.0.0.1, lip=127.0.0.1, secured, session=<oeUBZJtY1tF/AAAB>
Aug  9 11:18:03 brollon postfix/submission/smtpd[6084]: connect from unknown[213.176.26.159]
Aug  9 11:18:05 brollon postfix/submission/smtpd[10279]: warning: unknown[213.176.26.114]: SASL LOGIN authentication failed: UGFzc3dvcmQ6
Aug  9 11:18:05 brollon postfix/submission/smtpd[10279]: disconnect from unknown[213.176.26.114] ehlo=1 auth=0/1 rset=1 quit=1 commands=3/4
Aug  9 11:18:06 brollon postfix/submission/smtpd[10280]: connect from unknown[213.176.26.74]
Aug  9 11:18:10 brollon postfix/submission/smtpd[6084]: warning: unknown[213.176.26.159]: SASL LOGIN authentication failed: UGFzc3dvcmQ6
Aug  9 11:18:10 brollon postfix/submission/smtpd[6084]: disconnect from unknown[213.176.26.159] ehlo=1 auth=0/1 rset=1 quit=1 commands=3/4
Aug  9 11:18:11 brollon postfix/smtpd[9100]: connect from unknown[2.57.122.98]
Aug  9 11:18:13 brollon postfix/smtpd[9100]: warning: unknown[2.57.122.98]: SASL LOGIN authentication failed: UGFzc3dvcmQ6
Aug  9 11:18:13 brollon postfix/submission/smtpd[10280]: warning: unknown[213.176.26.74]: SASL LOGIN authentication failed: UGFzc3dvcmQ6
Aug  9 11:18:13 brollon postfix/submission/smtpd[10280]: disconnect from unknown[213.176.26.74] ehlo=1 auth=0/1 rset=1 quit=1 commands=3/4
Aug  9 11:18:13 brollon postfix/smtpd[9100]: disconnect from unknown[2.57.122.98] ehlo=1 auth=0/1 quit=1 commands=2/3
Aug  9 11:18:14 brollon postfix/submission/smtpd[10279]: connect from unknown[213.176.26.78]
Aug  9 11:18:17 brollon postfix/submission/smtpd[6084]: connect from unknown[213.176.26.64]
Aug  9 11:18:17 brollon postfix/submission/smtpd[10280]: connect from unknown[213.176.26.144]
Aug  9 11:18:21 brollon postfix/submission/smtpd[10279]: warning: unknown[213.176.26.78]: SASL LOGIN authentication failed: UGFzc3dvcmQ6
Aug  9 11:18:21 brollon postfix/submission/smtpd[10279]: disconnect from unknown[213.176.26.78] ehlo=1 auth=0/1 rset=1 quit=1 commands=3/4
Aug  9 11:18:24 brollon postfix/submission/smtpd[6084]: warning: unknown[213.176.26.64]: SASL LOGIN authentication failed: UGFzc3dvcmQ6
Aug  9 11:18:24 brollon postfix/submission/smtpd[10280]: warning: unknown[213.176.26.144]: SASL LOGIN authentication failed: UGFzc3dvcmQ6
Aug  9 11:18:24 brollon postfix/submission/smtpd[6084]: disconnect from unknown[213.176.26.64] ehlo=1 auth=0/1 rset=1 quit=1 commands=3/4
Aug  9 11:18:24 brollon postfix/smtps/smtpd[8769]: connect from unknown[213.176.26.21]
Aug  9 11:18:25 brollon postfix/submission/smtpd[10280]: disconnect from unknown[213.176.26.144] ehlo=1 auth=0/1 rset=1 quit=1 commands=3/4
Aug  9 11:18:29 brollon postfix/smtps/smtpd[8769]: warning: unknown[213.176.26.21]: SASL LOGIN authentication failed: UGFzc3dvcmQ6
Aug  9 11:18:32 brollon postfix/smtps/smtpd[8769]: lost connection after AUTH from unknown[213.176.26.21]
Aug  9 11:18:32 brollon postfix/smtps/smtpd[8769]: disconnect from unknown[213.176.26.21] ehlo=1 auth=0/1 rset=1 commands=2/3
Aug  9 11:18:42 brollon postfix/smtps/smtpd[10274]: connect from unknown[213.176.26.153]
Aug  9 11:18:44 brollon postfix/submission/smtpd[10279]: connect from unknown[213.176.26.113]
Aug  9 11:18:45 brollon postfix/submission/smtpd[6084]: connect from unknown[213.176.26.134]
Aug  9 11:18:46 brollon postfix/smtps/smtpd[8769]: connect from unknown[213.176.26.109]
Aug  9 11:18:48 brollon postfix/smtps/smtpd[10274]: warning: unknown[213.176.26.153]: SASL LOGIN authentication failed: UGFzc3dvcmQ6
Aug  9 11:18:48 brollon postfix/smtps/smtpd[10274]: lost connection after AUTH from unknown[213.176.26.153]
Aug  9 11:18:48 brollon postfix/smtps/smtpd[10274]: disconnect from unknown[213.176.26.153] ehlo=1 auth=0/1 rset=1 commands=2/3
Aug  9 11:18:51 brollon postfix/submission/smtpd[10279]: warning: unknown[213.176.26.113]: SASL LOGIN authentication failed: UGFzc3dvcmQ6
Aug  9 11:18:52 brollon postfix/smtps/smtpd[8769]: warning: unknown[213.176.26.109]: SASL LOGIN authentication failed: UGFzc3dvcmQ6
Aug  9 11:18:52 brollon postfix/submission/smtpd[6084]: warning: unknown[213.176.26.134]: SASL LOGIN authentication failed: UGFzc3dvcmQ6
Aug  9 11:18:52 brollon postfix/submission/smtpd[6084]: disconnect from unknown[213.176.26.134] ehlo=1 auth=0/1 rset=1 quit=1 commands=3/4
Aug  9 11:18:52 brollon postfix/submission/smtpd[10279]: disconnect from unknown[213.176.26.113] ehlo=1 auth=0/1 rset=1 quit=1 commands=3/4
Aug  9 11:18:52 brollon postfix/smtps/smtpd[8769]: lost connection after AUTH from unknown[213.176.26.109]
Aug  9 11:18:52 brollon postfix/smtps/smtpd[8769]: disconnect from unknown[213.176.26.109] ehlo=1 auth=0/1 rset=1 commands=2/3
Aug  9 11:18:54 brollon postfix/submission/smtpd[10280]: connect from unknown[213.176.26.85]
Aug  9 11:18:54 brollon postfix/submission/smtpd[6084]: connect from unknown[213.176.26.76]
Aug  9 11:18:56 brollon postfix/submission/smtpd[6084]: warning: unknown[213.176.26.76]: SASL LOGIN authentication failed: UGFzc3dvcmQ6
Aug  9 11:18:56 brollon postfix/submission/smtpd[6084]: disconnect from unknown[213.176.26.76] ehlo=1 auth=0/1 rset=1 quit=1 commands=3/4
Aug  9 11:18:59 brollon postfix/submission/smtpd[10279]: connect from unknown[213.176.26.114]
Aug  9 11:19:00 brollon postfix/smtps/smtpd[11225]: connect from unknown[213.176.26.51]
Aug  9 11:19:01 brollon postfix/submission/smtpd[10280]: warning: unknown[213.176.26.85]: SASL LOGIN authentication failed: UGFzc3dvcmQ6
Aug  9 11:19:01 brollon postfix/submission/smtpd[10280]: disconnect from unknown[213.176.26.85] ehlo=1 auth=0/1 rset=1 quit=1 commands=3/4
Aug  9 11:19:01 brollon postfix/smtpd[9100]: connect from localhost[127.0.0.1]
Aug  9 11:19:01 brollon postfix/smtpd[9100]: lost connection after CONNECT from localhost[127.0.0.1]
Aug  9 11:19:01 brollon postfix/smtpd[9100]: disconnect from localhost[127.0.0.1] commands=0/0
Aug  9 11:19:01 brollon dovecot: imap-login: Disconnected (disconnected before auth was ready, waited 0 secs): user=<>, rip=127.0.0.1, lip=127.0.0.1, secured, session=<3n2aZ5tYoNp/AAAB>
Aug  9 11:19:01 brollon dovecot: pop3-login: Disconnected (no auth attempts in 0 secs): user=<>, rip=127.0.0.1, lip=127.0.0.1, secured, session=<vN+aZ5tY0NJ/AAAB>
Aug  9 11:19:01 brollon postfix/smtps/smtpd[10274]: connect from unknown[213.176.26.95]
Aug  9 11:19:05 brollon postfix/submission/smtpd[10279]: warning: unknown[213.176.26.114]: SASL LOGIN authentication failed: UGFzc3dvcmQ6
Aug  9 11:19:05 brollon postfix/submission/smtpd[6084]: connect from unknown[213.176.26.159]
Aug  9 11:19:05 brollon postfix/submission/smtpd[10279]: disconnect from unknown[213.176.26.114] ehlo=1 auth=0/1 rset=1 quit=1 commands=3/4
Aug  9 11:19:06 brollon postfix/smtps/smtpd[11225]: warning: unknown[213.176.26.51]: SASL LOGIN authentication failed: UGFzc3dvcmQ6
Aug  9 11:19:06 brollon postfix/smtps/smtpd[11225]: lost connection after AUTH from unknown[213.176.26.51]
Aug  9 11:19:06 brollon postfix/smtps/smtpd[11225]: disconnect from unknown[213.176.26.51] ehlo=1 auth=0/1 rset=1 commands=2/3
Aug  9 11:19:08 brollon postfix/smtps/smtpd[10274]: warning: unknown[213.176.26.95]: SASL LOGIN authentication failed: UGFzc3dvcmQ6
Aug  9 11:19:08 brollon postfix/smtps/smtpd[10274]: lost connection after AUTH from unknown[213.176.26.95]
Aug  9 11:19:08 brollon postfix/smtps/smtpd[10274]: disconnect from unknown[213.176.26.95] ehlo=1 auth=0/1 rset=1 commands=2/3
Aug  9 11:19:10 brollon postfix/submission/smtpd[10280]: connect from unknown[213.176.26.74]
Aug  9 11:19:12 brollon postfix/submission/smtpd[10280]: warning: unknown[213.176.26.74]: SASL LOGIN authentication failed: UGFzc3dvcmQ6
Aug  9 11:19:12 brollon postfix/submission/smtpd[6084]: warning: unknown[213.176.26.159]: SASL LOGIN authentication failed: UGFzc3dvcmQ6
Aug  9 11:19:12 brollon postfix/submission/smtpd[10280]: disconnect from unknown[213.176.26.74] ehlo=1 auth=0/1 rset=1 quit=1 commands=3/4
Aug  9 11:19:12 brollon postfix/submission/smtpd[6084]: disconnect from unknown[213.176.26.159] ehlo=1 auth=0/1 rset=1 quit=1 commands=3/4
Aug  9 11:19:15 brollon postfix/smtps/smtpd[8769]: connect from unknown[213.176.26.22]
Aug  9 11:19:17 brollon postfix/submission/smtpd[10279]: connect from unknown[213.176.26.78]
Aug  9 11:19:19 brollon postfix/submission/smtpd[10279]: warning: unknown[213.176.26.78]: SASL LOGIN authentication failed: UGFzc3dvcmQ6
Aug  9 11:19:19 brollon postfix/submission/smtpd[10279]: disconnect from unknown[213.176.26.78] ehlo=1 auth=0/1 rset=1 quit=1 commands=3/4
Aug  9 11:19:20 brollon postfix/smtps/smtpd[8769]: warning: unknown[213.176.26.22]: SASL LOGIN authentication failed: UGFzc3dvcmQ6
Aug  9 11:19:20 brollon postfix/smtps/smtpd[8769]: lost connection after AUTH from unknown[213.176.26.22]
Aug  9 11:19:20 brollon postfix/smtps/smtpd[8769]: disconnect from unknown[213.176.26.22] ehlo=1 auth=0/1 rset=1 commands=2/3
Aug  9 11:19:20 brollon postfix/submission/smtpd[6084]: connect from unknown[213.176.26.64]
Aug  9 11:19:21 brollon postfix/submission/smtpd[10279]: connect from unknown[213.176.26.144]
Aug  9 11:19:26 brollon postfix/submission/smtpd[6084]: warning: unknown[213.176.26.64]: SASL LOGIN authentication failed: UGFzc3dvcmQ6
Aug  9 11:19:26 brollon postfix/submission/smtpd[6084]: disconnect from unknown[213.176.26.64] ehlo=1 auth=0/1 rset=1 quit=1 commands=3/4
Aug  9 11:19:28 brollon postfix/submission/smtpd[10279]: warning: unknown[213.176.26.144]: SASL LOGIN authentication failed: UGFzc3dvcmQ6
Aug  9 11:19:29 brollon postfix/submission/smtpd[10279]: disconnect from unknown[213.176.26.144] ehlo=1 auth=0/1 rset=1 quit=1 commands=3/4
Aug  9 11:19:31 brollon postfix/smtps/smtpd[10274]: connect from unknown[213.176.26.72]
Aug  9 11:19:37 brollon postfix/smtps/smtpd[10274]: warning: unknown[213.176.26.72]: SASL LOGIN authentication failed: UGFzc3dvcmQ6
Aug  9 11:19:37 brollon postfix/smtps/smtpd[10274]: lost connection after AUTH from unknown[213.176.26.72]
Aug  9 11:19:37 brollon postfix/smtps/smtpd[10274]: disconnect from unknown[213.176.26.72] ehlo=1 auth=0/1 rset=1 commands=2/3
Aug  9 11:19:42 brollon postfix/smtps/smtpd[8769]: connect from unknown[213.176.26.58]
Aug  9 11:19:45 brollon postfix/submission/smtpd[10280]: connect from unknown[213.176.26.113]
Aug  9 11:19:48 brollon postfix/smtps/smtpd[8769]: warning: unknown[213.176.26.58]: SASL LOGIN authentication failed: UGFzc3dvcmQ6
Aug  9 11:19:48 brollon postfix/smtps/smtpd[8769]: lost connection after AUTH from unknown[213.176.26.58]
Aug  9 11:19:48 brollon postfix/smtps/smtpd[8769]: disconnect from unknown[213.176.26.58] ehlo=1 auth=0/1 rset=1 commands=2/3
Aug  9 11:19:48 brollon postfix/submission/smtpd[10279]: connect from unknown[213.176.26.134]
Aug  9 11:19:49 brollon postfix/smtps/smtpd[10274]: connect from unknown[213.176.26.54]
Aug  9 11:19:51 brollon postfix/submission/smtpd[10280]: warning: unknown[213.176.26.113]: SASL LOGIN authentication failed: UGFzc3dvcmQ6
Aug  9 11:19:51 brollon postfix/submission/smtpd[10280]: disconnect from unknown[213.176.26.113] ehlo=1 auth=0/1 rset=1 quit=1 commands=3/4
Aug  9 11:19:54 brollon postfix/submission/smtpd[10279]: warning: unknown[213.176.26.134]: SASL LOGIN authentication failed: UGFzc3dvcmQ6
Aug  9 11:19:54 brollon postfix/submission/smtpd[10279]: disconnect from unknown[213.176.26.134] ehlo=1 auth=0/1 rset=1 quit=1 commands=3/4
Aug  9 11:19:56 brollon postfix/smtps/smtpd[10274]: warning: unknown[213.176.26.54]: SASL LOGIN authentication failed: UGFzc3dvcmQ6
Aug  9 11:19:56 brollon postfix/submission/smtpd[6084]: connect from unknown[213.176.26.85]
Aug  9 11:19:57 brollon postfix/submission/smtpd[10280]: connect from unknown[213.176.26.76]
Aug  9 11:19:58 brollon postfix/smtps/smtpd[10274]: lost connection after AUTH from unknown[213.176.26.54]
Aug  9 11:19:58 brollon postfix/smtps/smtpd[10274]: disconnect from unknown[213.176.26.54] ehlo=1 auth=0/1 rset=1 commands=2/3
Aug  9 11:20:00 brollon postfix/submission/smtpd[10279]: connect from unknown[213.176.26.114]
Aug  9 11:20:01 brollon postfix/submission/smtpd[10280]: warning: unknown[213.176.26.76]: SASL LOGIN authentication failed: UGFzc3dvcmQ6
Aug  9 11:20:01 brollon postfix/smtpd[9100]: connect from localhost[127.0.0.1]
Aug  9 11:20:01 brollon postfix/smtpd[9100]: lost connection after CONNECT from localhost[127.0.0.1]
Aug  9 11:20:01 brollon postfix/smtpd[9100]: disconnect from localhost[127.0.0.1] commands=0/0
Aug  9 11:20:01 brollon dovecot: pop3-login: Disconnected (no auth attempts in 0 secs): user=<>, rip=127.0.0.1, lip=127.0.0.1, secured, session=</WUza5tYCNR/AAAB>
Aug  9 11:20:01 brollon dovecot: imap-login: Disconnected (no auth attempts in 0 secs): user=<>, rip=127.0.0.1, lip=127.0.0.1, secured, session=<GWsza5tY2Nt/AAAB>
Aug  9 11:20:02 brollon postfix/submission/smtpd[10280]: disconnect from unknown[213.176.26.76] ehlo=1 auth=0/1 rset=1 quit=1 commands=3/4
Aug  9 11:20:02 brollon postfix/smtpd[9100]: connect from localhost[127.0.0.1]
Aug  9 11:20:02 brollon postfix/smtpd[9100]: lost connection after CONNECT from localhost[127.0.0.1]
Aug  9 11:20:02 brollon postfix/smtpd[9100]: disconnect from localhost[127.0.0.1] commands=0/0
Aug  9 11:20:02 brollon dovecot: imap-login: Disconnected (no auth attempts in 0 secs): user=<>, rip=127.0.0.1, lip=127.0.0.1, secured, session=<EZU3a5tY6Nt/AAAB>
Aug  9 11:20:02 brollon dovecot: pop3-login: Disconnected (no auth attempts in 0 secs): user=<>, rip=127.0.0.1, lip=127.0.0.1, secured, session=<8MQ3a5tYGNR/AAAB>
Aug  9 11:20:03 brollon postfix/submission/smtpd[6084]: warning: unknown[213.176.26.85]: SASL LOGIN authentication failed: UGFzc3dvcmQ6
Aug  9 11:20:03 brollon postfix/submission/smtpd[6084]: disconnect from unknown[213.176.26.85] ehlo=1 auth=0/1 rset=1 quit=1 commands=3/4
Aug  9 11:20:06 brollon postfix/submission/smtpd[10279]: warning: unknown[213.176.26.114]: SASL LOGIN authentication failed: UGFzc3dvcmQ6
Aug  9 11:20:06 brollon postfix/submission/smtpd[10279]: disconnect from unknown[213.176.26.114] ehlo=1 auth=0/1 rset=1 quit=1 commands=3/4
Aug  9 11:20:07 brollon postfix/submission/smtpd[10280]: connect from unknown[213.176.26.159]
Aug  9 11:20:13 brollon postfix/submission/smtpd[10280]: warning: unknown[213.176.26.159]: SASL LOGIN authentication failed: UGFzc3dvcmQ6
Aug  9 11:20:13 brollon postfix/submission/smtpd[6084]: connect from unknown[213.176.26.74]
Aug  9 11:20:14 brollon postfix/submission/smtpd[10280]: disconnect from unknown[213.176.26.159] ehlo=1 auth=0/1 rset=1 quit=1 commands=3/4
Aug  9 11:20:20 brollon postfix/submission/smtpd[10279]: connect from unknown[213.176.26.78]
Aug  9 11:20:20 brollon postfix/submission/smtpd[6084]: warning: unknown[213.176.26.74]: SASL LOGIN authentication failed: UGFzc3dvcmQ6
Aug  9 11:20:20 brollon postfix/submission/smtpd[6084]: disconnect from unknown[213.176.26.74] ehlo=1 auth=0/1 rset=1 quit=1 commands=3/4
Aug  9 11:20:23 brollon postfix/submission/smtpd[10280]: connect from unknown[213.176.26.64]
Aug  9 11:20:24 brollon postfix/submission/smtpd[6084]: connect from unknown[213.176.26.144]
Aug  9 11:20:26 brollon postfix/submission/smtpd[10279]: warning: unknown[213.176.26.78]: SASL LOGIN authentication failed: UGFzc3dvcmQ6
Aug  9 11:20:26 brollon postfix/submission/smtpd[10279]: disconnect from unknown[213.176.26.78] ehlo=1 auth=0/1 rset=1 quit=1 commands=3/4
Aug  9 11:20:29 brollon postfix/submission/smtpd[10280]: warning: unknown[213.176.26.64]: SASL LOGIN authentication failed: UGFzc3dvcmQ6
Aug  9 11:20:29 brollon postfix/submission/smtpd[6084]: warning: unknown[213.176.26.144]: SASL LOGIN authentication failed: UGFzc3dvcmQ6
Aug  9 11:20:29 brollon postfix/submission/smtpd[6084]: disconnect from unknown[213.176.26.144] ehlo=1 auth=0/1 rset=1 quit=1 commands=3/4
Aug  9 11:20:29 brollon postfix/submission/smtpd[10280]: disconnect from unknown[213.176.26.64] ehlo=1 auth=0/1 rset=1 quit=1 commands=3/4
Aug  9 11:20:37 brollon postfix/smtpd[9100]: connect from unknown[91.92.240.92]
Aug  9 11:20:40 brollon postfix/smtpd[9100]: warning: unknown[91.92.240.92]: SASL LOGIN authentication failed: UGFzc3dvcmQ6
Aug  9 11:20:40 brollon postfix/smtpd[9100]: disconnect from unknown[91.92.240.92] ehlo=1 auth=0/1 quit=1 commands=2/3
Aug  9 11:20:46 brollon postfix/submission/smtpd[10279]: connect from unknown[213.176.26.113]
Aug  9 11:20:50 brollon postfix/submission/smtpd[6084]: connect from unknown[213.176.26.134]
Aug  9 11:20:52 brollon postfix/submission/smtpd[10279]: warning: unknown[213.176.26.113]: SASL LOGIN authentication failed: UGFzc3dvcmQ6
Aug  9 11:20:52 brollon postfix/submission/smtpd[10279]: disconnect from unknown[213.176.26.113] ehlo=1 auth=0/1 rset=1 quit=1 commands=3/4
Aug  9 11:20:53 brollon postfix/smtps/smtpd[8769]: connect from unknown[213.176.26.42]
Aug  9 11:20:57 brollon postfix/submission/smtpd[6084]: warning: unknown[213.176.26.134]: SASL LOGIN authentication failed: UGFzc3dvcmQ6
Aug  9 11:20:57 brollon postfix/submission/smtpd[6084]: disconnect from unknown[213.176.26.134] ehlo=1 auth=0/1 rset=1 quit=1 commands=3/4
Aug  9 11:20:59 brollon postfix/smtps/smtpd[8769]: warning: unknown[213.176.26.42]: SASL LOGIN authentication failed: UGFzc3dvcmQ6
Aug  9 11:20:59 brollon postfix/smtps/smtpd[8769]: lost connection after AUTH from unknown[213.176.26.42]
Aug  9 11:20:59 brollon postfix/smtps/smtpd[8769]: disconnect from unknown[213.176.26.42] ehlo=1 auth=0/1 rset=1 commands=2/3
Aug  9 11:20:59 brollon postfix/submission/smtpd[10280]: connect from unknown[213.176.26.85]
Aug  9 11:21:00 brollon postfix/submission/smtpd[10279]: connect from unknown[213.176.26.76]
Aug  9 11:21:01 brollon postfix/submission/smtpd[6084]: connect from unknown[213.176.26.114]
Aug  9 11:21:01 brollon postfix/smtpd[9100]: connect from localhost[127.0.0.1]
Aug  9 11:21:01 brollon postfix/smtpd[9100]: lost connection after CONNECT from localhost[127.0.0.1]
Aug  9 11:21:01 brollon postfix/smtpd[9100]: disconnect from localhost[127.0.0.1] commands=0/0
Aug  9 11:21:01 brollon dovecot: imap-login: Disconnected (no auth attempts in 0 secs): user=<>, rip=127.0.0.1, lip=127.0.0.1, secured, session=<Uf+/bptY/tx/AAAB>
Aug  9 11:21:01 brollon dovecot: pop3-login: Disconnected (no auth attempts in 0 secs): user=<>, rip=127.0.0.1, lip=127.0.0.1, secured, session=<pR7AbptYLtV/AAAB>
Aug  9 11:21:03 brollon postfix/submission/smtpd[6084]: warning: unknown[213.176.26.114]: SASL LOGIN authentication failed: UGFzc3dvcmQ6
Aug  9 11:21:03 brollon postfix/submission/smtpd[6084]: disconnect from unknown[213.176.26.114] ehlo=1 auth=0/1 rset=1 quit=1 commands=3/4
Aug  9 11:21:06 brollon postfix/submission/smtpd[10280]: warning: unknown[213.176.26.85]: SASL LOGIN authentication failed: UGFzc3dvcmQ6
Aug  9 11:21:06 brollon postfix/submission/smtpd[10280]: disconnect from unknown[213.176.26.85] ehlo=1 auth=0/1 rset=1 quit=1 commands=3/4
Aug  9 11:21:07 brollon postfix/submission/smtpd[10279]: warning: unknown[213.176.26.76]: SASL LOGIN authentication failed: UGFzc3dvcmQ6
Aug  9 11:21:07 brollon postfix/submission/smtpd[10279]: disconnect from unknown[213.176.26.76] ehlo=1 auth=0/1 rset=1 quit=1 commands=3/4
Aug  9 11:21:08 brollon postfix/submission/smtpd[6084]: connect from unknown[213.176.26.159]
Aug  9 11:21:15 brollon postfix/submission/smtpd[6084]: warning: unknown[213.176.26.159]: SASL LOGIN authentication failed: UGFzc3dvcmQ6
Aug  9 11:21:15 brollon postfix/submission/smtpd[6084]: disconnect from unknown[213.176.26.159] ehlo=1 auth=0/1 rset=1 quit=1 commands=3/4
Aug  9 11:21:17 brollon postfix/submission/smtpd[10279]: connect from unknown[213.176.26.74]
Aug  9 11:21:22 brollon postfix/smtps/smtpd[10274]: connect from unknown[213.176.26.77]
Aug  9 11:21:23 brollon postfix/submission/smtpd[10280]: connect from unknown[213.176.26.78]
Aug  9 11:21:24 brollon postfix/submission/smtpd[10279]: warning: unknown[213.176.26.74]: SASL LOGIN authentication failed: UGFzc3dvcmQ6
Aug  9 11:21:24 brollon postfix/submission/smtpd[10279]: disconnect from unknown[213.176.26.74] ehlo=1 auth=0/1 rset=1 quit=1 commands=3/4
Aug  9 11:21:26 brollon postfix/submission/smtpd[6084]: connect from unknown[213.176.26.64]
Aug  9 11:21:27 brollon postfix/submission/smtpd[10279]: connect from unknown[213.176.26.144]
Aug  9 11:21:28 brollon postfix/smtps/smtpd[10274]: warning: unknown[213.176.26.77]: SASL LOGIN authentication failed: UGFzc3dvcmQ6
Aug  9 11:21:28 brollon postfix/submission/smtpd[6084]: warning: unknown[213.176.26.64]: SASL LOGIN authentication failed: UGFzc3dvcmQ6
Aug  9 11:21:28 brollon postfix/smtps/smtpd[10274]: lost connection after AUTH from unknown[213.176.26.77]
Aug  9 11:21:28 brollon postfix/smtps/smtpd[10274]: disconnect from unknown[213.176.26.77] ehlo=1 auth=0/1 rset=1 commands=2/3
Aug  9 11:21:29 brollon postfix/submission/smtpd[6084]: disconnect from unknown[213.176.26.64] ehlo=1 auth=0/1 rset=1 quit=1 commands=3/4
Aug  9 11:21:29 brollon postfix/submission/smtpd[10280]: warning: unknown[213.176.26.78]: SASL LOGIN authentication failed: UGFzc3dvcmQ6
Aug  9 11:21:30 brollon postfix/submission/smtpd[10280]: disconnect from unknown[213.176.26.78] ehlo=1 auth=0/1 rset=1 quit=1 commands=3/4
Aug  9 11:21:34 brollon postfix/submission/smtpd[10279]: warning: unknown[213.176.26.144]: SASL LOGIN authentication failed: UGFzc3dvcmQ6
Aug  9 11:21:35 brollon postfix/submission/smtpd[10279]: disconnect from unknown[213.176.26.144] ehlo=1 auth=0/1 rset=1 quit=1 commands=3/4
Aug  9 11:21:40 brollon postfix/smtps/smtpd[8769]: connect from unknown[213.176.26.82]
Aug  9 11:21:44 brollon postfix/smtps/smtpd[10274]: connect from unknown[213.176.26.19]
Aug  9 11:21:46 brollon postfix/submission/smtpd[6084]: connect from unknown[213.176.26.113]
Aug  9 11:21:47 brollon postfix/smtps/smtpd[8769]: warning: unknown[213.176.26.82]: SASL LOGIN authentication failed: UGFzc3dvcmQ6
Aug  9 11:21:47 brollon postfix/smtps/smtpd[8769]: lost connection after AUTH from unknown[213.176.26.82]
Aug  9 11:21:47 brollon postfix/smtps/smtpd[8769]: disconnect from unknown[213.176.26.82] ehlo=1 auth=0/1 rset=1 commands=2/3
Aug  9 11:21:51 brollon postfix/smtps/smtpd[8769]: connect from unknown[213.176.26.69]
Aug  9 11:21:52 brollon postfix/submission/smtpd[10280]: connect from unknown[213.176.26.134]
Aug  9 11:21:53 brollon postfix/smtps/smtpd[10274]: warning: unknown[213.176.26.19]: SASL LOGIN authentication failed: UGFzc3dvcmQ6
Aug  9 11:21:53 brollon postfix/submission/smtpd[6084]: warning: unknown[213.176.26.113]: SASL LOGIN authentication failed: UGFzc3dvcmQ6
Aug  9 11:21:53 brollon postfix/smtps/smtpd[10274]: lost connection after AUTH from unknown[213.176.26.19]
Aug  9 11:21:53 brollon postfix/smtps/smtpd[10274]: disconnect from unknown[213.176.26.19] ehlo=1 auth=0/1 rset=1 commands=2/3
Aug  9 11:21:53 brollon postfix/submission/smtpd[6084]: disconnect from unknown[213.176.26.113] ehlo=1 auth=0/1 rset=1 quit=1 commands=3/4
Aug  9 11:21:58 brollon postfix/smtps/smtpd[8769]: warning: unknown[213.176.26.69]: SASL LOGIN authentication failed: UGFzc3dvcmQ6
Aug  9 11:21:59 brollon postfix/submission/smtpd[10280]: warning: unknown[213.176.26.134]: SASL LOGIN authentication failed: UGFzc3dvcmQ6
Aug  9 11:21:59 brollon postfix/submission/smtpd[10280]: disconnect from unknown[213.176.26.134] ehlo=1 auth=0/1 rset=1 quit=1 commands=3/4
Aug  9 11:22:00 brollon postfix/smtps/smtpd[8769]: lost connection after AUTH from unknown[213.176.26.69]
Aug  9 11:22:00 brollon postfix/smtps/smtpd[8769]: disconnect from unknown[213.176.26.69] ehlo=1 auth=0/1 rset=1 commands=2/3
Aug  9 11:22:01 brollon postfix/smtpd[9100]: connect from localhost[127.0.0.1]
Aug  9 11:22:01 brollon postfix/smtpd[9100]: lost connection after CONNECT from localhost[127.0.0.1]
Aug  9 11:22:01 brollon postfix/smtpd[9100]: disconnect from localhost[127.0.0.1] commands=0/0
Aug  9 11:22:01 brollon dovecot: pop3-login: Disconnected (no auth attempts in 0 secs): user=<>, rip=127.0.0.1, lip=127.0.0.1, secured, session=<ZAFWcptYXNZ/AAAB>
Aug  9 11:22:01 brollon dovecot: imap-login: Disconnected (no auth attempts in 0 secs): user=<>, rip=127.0.0.1, lip=127.0.0.1, secured, session=<1xFWcptYLN5/AAAB>
Aug  9 11:22:01 brollon postfix/submission/smtpd[10279]: connect from unknown[213.176.26.114]
Aug  9 11:22:02 brollon postfix/submission/smtpd[10280]: connect from unknown[213.176.26.85]
Aug  9 11:22:03 brollon postfix/submission/smtpd[6084]: connect from unknown[213.176.26.76]
Aug  9 11:22:06 brollon postfix/submission/smtpd[10279]: warning: unknown[213.176.26.114]: SASL LOGIN authentication failed: UGFzc3dvcmQ6
Aug  9 11:22:06 brollon postfix/submission/smtpd[10279]: disconnect from unknown[213.176.26.114] ehlo=1 auth=0/1 rset=1 quit=1 commands=3/4
Aug  9 11:22:08 brollon postfix/submission/smtpd[10280]: warning: unknown[213.176.26.85]: SASL LOGIN authentication failed: UGFzc3dvcmQ6
Aug  9 11:22:08 brollon postfix/submission/smtpd[10280]: disconnect from unknown[213.176.26.85] ehlo=1 auth=0/1 rset=1 quit=1 commands=3/4
Aug  9 11:22:10 brollon postfix/submission/smtpd[6084]: warning: unknown[213.176.26.76]: SASL LOGIN authentication failed: UGFzc3dvcmQ6
Aug  9 11:22:10 brollon postfix/submission/smtpd[6084]: disconnect from unknown[213.176.26.76] ehlo=1 auth=0/1 rset=1 quit=1 commands=3/4
Aug  9 11:22:10 brollon postfix/submission/smtpd[10279]: connect from unknown[213.176.26.159]
Aug  9 11:22:13 brollon postfix/smtps/smtpd[10274]: connect from unknown[213.176.26.41]
Aug  9 11:22:17 brollon postfix/submission/smtpd[10279]: warning: unknown[213.176.26.159]: SASL LOGIN authentication failed: UGFzc3dvcmQ6
Aug  9 11:22:18 brollon postfix/submission/smtpd[10279]: disconnect from unknown[213.176.26.159] ehlo=1 auth=0/1 rset=1 quit=1 commands=3/4
Aug  9 11:22:20 brollon postfix/submission/smtpd[10280]: connect from unknown[213.176.26.74]
Aug  9 11:22:20 brollon postfix/smtps/smtpd[10274]: warning: unknown[213.176.26.41]: SASL LOGIN authentication failed: UGFzc3dvcmQ6
Aug  9 11:22:22 brollon postfix/smtps/smtpd[8769]: connect from unknown[213.176.26.52]
Aug  9 11:22:22 brollon postfix/smtps/smtpd[10274]: lost connection after AUTH from unknown[213.176.26.41]
Aug  9 11:22:22 brollon postfix/smtps/smtpd[10274]: disconnect from unknown[213.176.26.41] ehlo=1 auth=0/1 rset=1 commands=2/3
Aug  9 11:22:26 brollon postfix/submission/smtpd[10279]: connect from unknown[213.176.26.78]
Aug  9 11:22:27 brollon postfix/submission/smtpd[10280]: warning: unknown[213.176.26.74]: SASL LOGIN authentication failed: UGFzc3dvcmQ6
Aug  9 11:22:27 brollon postfix/submission/smtpd[10280]: disconnect from unknown[213.176.26.74] ehlo=1 auth=0/1 rset=1 quit=1 commands=3/4
Aug  9 11:22:29 brollon postfix/smtps/smtpd[8769]: warning: unknown[213.176.26.52]: SASL LOGIN authentication failed: UGFzc3dvcmQ6
Aug  9 11:22:29 brollon postfix/submission/smtpd[6084]: connect from unknown[213.176.26.64]
Aug  9 11:22:29 brollon postfix/smtps/smtpd[8769]: lost connection after AUTH from unknown[213.176.26.52]
Aug  9 11:22:29 brollon postfix/smtps/smtpd[8769]: disconnect from unknown[213.176.26.52] ehlo=1 auth=0/1 rset=1 commands=2/3
Aug  9 11:22:30 brollon postfix/submission/smtpd[10280]: connect from unknown[213.176.26.144]
Aug  9 11:22:33 brollon postfix/submission/smtpd[10279]: warning: unknown[213.176.26.78]: SASL LOGIN authentication failed: UGFzc3dvcmQ6
Aug  9 11:22:33 brollon postfix/submission/smtpd[10279]: disconnect from unknown[213.176.26.78] ehlo=1 auth=0/1 rset=1 quit=1 commands=3/4
Aug  9 11:22:36 brollon postfix/submission/smtpd[6084]: warning: unknown[213.176.26.64]: SASL LOGIN authentication failed: UGFzc3dvcmQ6
Aug  9 11:22:36 brollon postfix/submission/smtpd[6084]: disconnect from unknown[213.176.26.64] ehlo=1 auth=0/1 rset=1 quit=1 commands=3/4
Aug  9 11:22:37 brollon postfix/submission/smtpd[10280]: warning: unknown[213.176.26.144]: SASL LOGIN authentication failed: UGFzc3dvcmQ6
Aug  9 11:22:37 brollon postfix/submission/smtpd[10280]: disconnect from unknown[213.176.26.144] ehlo=1 auth=0/1 rset=1 quit=1 commands=3/4
Aug  9 11:22:41 brollon postfix/smtps/smtpd[10274]: connect from unknown[213.176.26.94]
Aug  9 11:22:47 brollon postfix/submission/smtpd[10279]: connect from unknown[213.176.26.113]
Aug  9 11:22:48 brollon postfix/smtps/smtpd[10274]: warning: unknown[213.176.26.94]: SASL LOGIN authentication failed: UGFzc3dvcmQ6
Aug  9 11:22:48 brollon postfix/smtps/smtpd[10274]: lost connection after AUTH from unknown[213.176.26.94]
Aug  9 11:22:48 brollon postfix/smtps/smtpd[10274]: disconnect from unknown[213.176.26.94] ehlo=1 auth=0/1 rset=1 commands=2/3
Aug  9 11:22:49 brollon postfix/submission/smtpd[10279]: warning: unknown[213.176.26.113]: SASL LOGIN authentication failed: UGFzc3dvcmQ6
Aug  9 11:22:49 brollon postfix/submission/smtpd[10279]: disconnect from unknown[213.176.26.113] ehlo=1 auth=0/1 rset=1 quit=1 commands=3/4
Aug  9 11:22:49 brollon postfix/smtps/smtpd[8769]: warning: hostname scan.visionheight.com does not resolve to address 3.129.187.38
Aug  9 11:22:49 brollon postfix/smtps/smtpd[8769]: connect from unknown[3.129.187.38]
Aug  9 11:22:49 brollon postfix/smtps/smtpd[8769]: SSL_accept error from unknown[3.129.187.38]: -1
Aug  9 11:22:49 brollon postfix/smtps/smtpd[8769]: warning: TLS library problem: error:1408F09C:SSL routines:ssl3_get_record:http request:../ssl/record/ssl3_record.c:242:
Aug  9 11:22:49 brollon postfix/smtps/smtpd[8769]: lost connection after CONNECT from unknown[3.129.187.38]
Aug  9 11:22:49 brollon postfix/smtps/smtpd[8769]: disconnect from unknown[3.129.187.38] commands=0/0
Aug  9 11:22:55 brollon postfix/submission/smtpd[10280]: connect from unknown[213.176.26.134]
Aug  9 11:22:59 brollon postfix/submission/smtpd[10279]: connect from unknown[213.176.24.65]
Aug  9 11:23:01 brollon postfix/submission/smtpd[10280]: warning: unknown[213.176.26.134]: SASL LOGIN authentication failed: UGFzc3dvcmQ6
Aug  9 11:23:01 brollon postfix/smtpd[9100]: connect from localhost[127.0.0.1]
Aug  9 11:23:01 brollon postfix/smtpd[9100]: lost connection after CONNECT from localhost[127.0.0.1]
Aug  9 11:23:01 brollon postfix/smtpd[9100]: disconnect from localhost[127.0.0.1] commands=0/0
Aug  9 11:23:01 brollon dovecot: imap-login: Disconnected (no auth attempts in 0 secs): user=<>, rip=127.0.0.1, lip=127.0.0.1, secured, session=<RTXsdZtYVt9/AAAB>
Aug  9 11:23:01 brollon dovecot: pop3-login: Disconnected (no auth attempts in 0 secs): user=<>, rip=127.0.0.1, lip=127.0.0.1, secured, session=<+TTsdZtYhtd/AAAB>
Aug  9 11:23:01 brollon postfix/submission/smtpd[10280]: disconnect from unknown[213.176.26.134] ehlo=1 auth=0/1 rset=1 quit=1 commands=3/4
Aug  9 11:23:01 brollon postfix/submission/smtpd[6084]: connect from unknown[213.176.26.114]
Aug  9 11:23:04 brollon postfix/submission/smtpd[6084]: warning: unknown[213.176.26.114]: SASL LOGIN authentication failed: UGFzc3dvcmQ6
Aug  9 11:23:04 brollon postfix/submission/smtpd[6084]: disconnect from unknown[213.176.26.114] ehlo=1 auth=0/1 rset=1 quit=1 commands=3/4
Aug  9 11:23:04 brollon postfix/submission/smtpd[10280]: connect from unknown[213.176.26.85]
Aug  9 11:23:06 brollon postfix/submission/smtpd[6084]: connect from unknown[213.176.26.76]
Aug  9 11:23:11 brollon postfix/submission/smtpd[10279]: warning: unknown[213.176.24.65]: SASL LOGIN authentication failed: UGFzc3dvcmQ6
Aug  9 11:23:11 brollon postfix/submission/smtpd[10280]: warning: unknown[213.176.26.85]: SASL LOGIN authentication failed: UGFzc3dvcmQ6
Aug  9 11:23:11 brollon postfix/submission/smtpd[10280]: disconnect from unknown[213.176.26.85] ehlo=1 auth=0/1 rset=1 quit=1 commands=3/4
Aug  9 11:23:11 brollon postfix/submission/smtpd[10279]: lost connection after AUTH from unknown[213.176.24.65]
Aug  9 11:23:11 brollon postfix/submission/smtpd[10279]: disconnect from unknown[213.176.24.65] ehlo=1 auth=0/1 rset=1 commands=2/3
Aug  9 11:23:11 brollon postfix/submission/smtpd[10280]: connect from unknown[213.176.26.159]
Aug  9 11:23:13 brollon postfix/submission/smtpd[6084]: warning: unknown[213.176.26.76]: SASL LOGIN authentication failed: UGFzc3dvcmQ6
Aug  9 11:23:14 brollon postfix/submission/smtpd[6084]: disconnect from unknown[213.176.26.76] ehlo=1 auth=0/1 rset=1 quit=1 commands=3/4
Aug  9 11:23:18 brollon postfix/submission/smtpd[10280]: warning: unknown[213.176.26.159]: SASL LOGIN authentication failed: UGFzc3dvcmQ6
Aug  9 11:23:18 brollon postfix/submission/smtpd[10280]: disconnect from unknown[213.176.26.159] ehlo=1 auth=0/1 rset=1 quit=1 commands=3/4
Aug  9 11:23:23 brollon postfix/submission/smtpd[10279]: connect from unknown[213.176.26.74]
Aug  9 11:23:24 brollon postfix/smtps/smtpd[10274]: connect from unknown[213.176.26.62]
Aug  9 11:23:25 brollon postfix/smtps/smtpd[8769]: connect from unknown[213.176.26.166]
Aug  9 11:23:27 brollon postfix/submission/smtpd[10279]: warning: unknown[213.176.26.74]: SASL LOGIN authentication failed: UGFzc3dvcmQ6
Aug  9 11:23:27 brollon postfix/submission/smtpd[10279]: disconnect from unknown[213.176.26.74] ehlo=1 auth=0/1 rset=1 quit=1 commands=3/4
Aug  9 11:23:29 brollon postfix/submission/smtpd[10280]: connect from unknown[213.176.26.78]
Aug  9 11:23:31 brollon postfix/smtps/smtpd[8769]: warning: unknown[213.176.26.166]: SASL LOGIN authentication failed: UGFzc3dvcmQ6
Aug  9 11:23:31 brollon postfix/smtps/smtpd[10274]: warning: unknown[213.176.26.62]: SASL LOGIN authentication failed: UGFzc3dvcmQ6
Aug  9 11:23:31 brollon postfix/submission/smtpd[10280]: warning: unknown[213.176.26.78]: SASL LOGIN authentication failed: UGFzc3dvcmQ6
Aug  9 11:23:31 brollon postfix/smtps/smtpd[8769]: lost connection after AUTH from unknown[213.176.26.166]
Aug  9 11:23:31 brollon postfix/smtps/smtpd[8769]: disconnect from unknown[213.176.26.166] ehlo=1 auth=0/1 rset=1 commands=2/3
Aug  9 11:23:31 brollon postfix/submission/smtpd[10280]: disconnect from unknown[213.176.26.78] ehlo=1 auth=0/1 rset=1 quit=1 commands=3/4
Aug  9 11:23:32 brollon postfix/smtps/smtpd[8769]: connect from unknown[213.176.26.34]
Aug  9 11:23:32 brollon postfix/submission/smtpd[10279]: connect from unknown[213.176.26.64]
Aug  9 11:23:33 brollon postfix/smtps/smtpd[10274]: lost connection after AUTH from unknown[213.176.26.62]
Aug  9 11:23:33 brollon postfix/smtps/smtpd[10274]: disconnect from unknown[213.176.26.62] ehlo=1 auth=0/1 rset=1 commands=2/3
Aug  9 11:23:34 brollon postfix/submission/smtpd[10280]: connect from unknown[213.176.26.144]
Aug  9 11:23:36 brollon postfix/smtps/smtpd[8769]: warning: unknown[213.176.26.34]: SASL LOGIN authentication failed: UGFzc3dvcmQ6
Aug  9 11:23:36 brollon postfix/smtps/smtpd[8769]: lost connection after AUTH from unknown[213.176.26.34]
Aug  9 11:23:36 brollon postfix/smtps/smtpd[8769]: disconnect from unknown[213.176.26.34] ehlo=1 auth=0/1 rset=1 commands=2/3
Aug  9 11:23:37 brollon postfix/submission/smtpd[10279]: warning: unknown[213.176.26.64]: SASL LOGIN authentication failed: UGFzc3dvcmQ6
Aug  9 11:23:37 brollon postfix/submission/smtpd[10279]: disconnect from unknown[213.176.26.64] ehlo=1 auth=0/1 rset=1 quit=1 commands=3/4
Aug  9 11:23:39 brollon postfix/smtps/smtpd[10274]: connect from unknown[213.176.26.63]
Aug  9 11:23:39 brollon postfix/smtpd[9100]: connect from unknown[2.57.122.98]
Aug  9 11:23:41 brollon postfix/submission/smtpd[10280]: warning: unknown[213.176.26.144]: SASL LOGIN authentication failed: UGFzc3dvcmQ6
Aug  9 11:23:42 brollon postfix/submission/smtpd[10280]: disconnect from unknown[213.176.26.144] ehlo=1 auth=0/1 rset=1 quit=1 commands=3/4
Aug  9 11:23:42 brollon postfix/smtpd[9100]: warning: unknown[2.57.122.98]: SASL LOGIN authentication failed: UGFzc3dvcmQ6
Aug  9 11:23:42 brollon postfix/smtpd[9100]: disconnect from unknown[2.57.122.98] ehlo=1 auth=0/1 quit=1 commands=2/3
Aug  9 11:23:45 brollon postfix/smtps/smtpd[10274]: warning: unknown[213.176.26.63]: SASL LOGIN authentication failed: UGFzc3dvcmQ6
Aug  9 11:23:45 brollon postfix/smtps/smtpd[10274]: lost connection after AUTH from unknown[213.176.26.63]
Aug  9 11:23:45 brollon postfix/smtps/smtpd[10274]: disconnect from unknown[213.176.26.63] ehlo=1 auth=0/1 rset=1 commands=2/3
Aug  9 11:23:45 brollon postfix/smtps/smtpd[8769]: warning: hostname scan.visionheight.com does not resolve to address 3.129.187.38
Aug  9 11:23:45 brollon postfix/smtps/smtpd[8769]: connect from unknown[3.129.187.38]
Aug  9 11:23:46 brollon postfix/smtps/smtpd[10274]: connect from unknown[213.176.26.165]
Aug  9 11:23:48 brollon postfix/submission/smtpd[6084]: connect from unknown[213.176.26.113]
Aug  9 11:23:50 brollon postfix/smtps/smtpd[10274]: warning: unknown[213.176.26.165]: SASL LOGIN authentication failed: UGFzc3dvcmQ6
Aug  9 11:23:50 brollon postfix/smtps/smtpd[10274]: lost connection after AUTH from unknown[213.176.26.165]
Aug  9 11:23:50 brollon postfix/smtps/smtpd[10274]: disconnect from unknown[213.176.26.165] ehlo=1 auth=0/1 rset=1 commands=2/3
Aug  9 11:23:54 brollon postfix/smtps/smtpd[10274]: connect from unknown[213.176.26.23]
Aug  9 11:23:55 brollon postfix/submission/smtpd[6084]: warning: unknown[213.176.26.113]: SASL LOGIN authentication failed: UGFzc3dvcmQ6
Aug  9 11:23:55 brollon postfix/submission/smtpd[6084]: disconnect from unknown[213.176.26.113] ehlo=1 auth=0/1 rset=1 quit=1 commands=3/4
Aug  9 11:23:55 brollon postfix/smtps/smtpd[8769]: SSL_accept error from unknown[3.129.187.38]: lost connection
Aug  9 11:23:55 brollon postfix/smtps/smtpd[8769]: lost connection after CONNECT from unknown[3.129.187.38]
Aug  9 11:23:55 brollon postfix/smtps/smtpd[8769]: disconnect from unknown[3.129.187.38] commands=0/0
Aug  9 11:23:57 brollon postfix/submission/smtpd[10279]: connect from unknown[213.176.26.134]
Aug  9 11:23:59 brollon postfix/smtps/smtpd[10274]: warning: unknown[213.176.26.23]: SASL LOGIN authentication failed: UGFzc3dvcmQ6
Aug  9 11:23:59 brollon postfix/smtps/smtpd[10274]: lost connection after AUTH from unknown[213.176.26.23]
Aug  9 11:23:59 brollon postfix/smtps/smtpd[10274]: disconnect from unknown[213.176.26.23] ehlo=1 auth=0/1 rset=1 commands=2/3
Aug  9 11:24:01 brollon postfix/smtpd[9100]: connect from localhost[127.0.0.1]
Aug  9 11:24:01 brollon postfix/smtpd[9100]: lost connection after CONNECT from localhost[127.0.0.1]
Aug  9 11:24:01 brollon postfix/smtpd[9100]: disconnect from localhost[127.0.0.1] commands=0/0
Aug  9 11:24:02 brollon dovecot: imap-login: Disconnected (no auth attempts in 0 secs): user=<>, rip=127.0.0.1, lip=127.0.0.1, secured, session=<wkOCeZtY9N9/AAAB>
Aug  9 11:24:02 brollon dovecot: pop3-login: Disconnected (no auth attempts in 0 secs): user=<>, rip=127.0.0.1, lip=127.0.0.1, secured, session=<s0iCeZtYJNh/AAAB>
Aug  9 11:24:02 brollon postfix/submission/smtpd[10280]: connect from unknown[213.176.26.114]
Aug  9 11:24:04 brollon postfix/submission/smtpd[10279]: warning: unknown[213.176.26.134]: SASL LOGIN authentication failed: UGFzc3dvcmQ6
Aug  9 11:24:04 brollon postfix/submission/smtpd[10279]: disconnect from unknown[213.176.26.134] ehlo=1 auth=0/1 rset=1 quit=1 commands=3/4
Aug  9 11:24:08 brollon postfix/submission/smtpd[6084]: connect from unknown[213.176.26.85]
