Aug  9 10:54:13 brollon postfix/submission/smtpd[3131]: warning: unknown[213.176.26.64]: SASL LOGIN authentication failed: UGFzc3dvcmQ6
Aug  9 10:54:13 brollon postfix/submission/smtpd[3131]: disconnect from unknown[213.176.26.64] ehlo=1 auth=0/1 rset=1 quit=1 commands=3/4
Aug  9 10:54:16 brollon postfix/smtps/smtpd[5103]: connect from unknown[213.176.26.23]
Aug  9 10:54:20 brollon postfix/submission/smtpd[1911]: connect from unknown[213.176.26.113]
Aug  9 10:54:21 brollon postfix/smtps/smtpd[5103]: warning: unknown[213.176.26.23]: SASL LOGIN authentication failed: UGFzc3dvcmQ6
Aug  9 10:54:21 brollon postfix/smtps/smtpd[5103]: lost connection after AUTH from unknown[213.176.26.23]
Aug  9 10:54:21 brollon postfix/smtps/smtpd[5103]: disconnect from unknown[213.176.26.23] ehlo=1 auth=0/1 rset=1 commands=2/3
Aug  9 10:54:24 brollon postfix/submission/smtpd[1911]: warning: unknown[213.176.26.113]: SASL LOGIN authentication failed: UGFzc3dvcmQ6
Aug  9 10:54:24 brollon postfix/submission/smtpd[1911]: disconnect from unknown[213.176.26.113] ehlo=1 auth=0/1 rset=1 quit=1 commands=3/4
Aug  9 10:54:30 brollon postfix/smtps/smtpd[6812]: connect from unknown[213.176.26.165]
Aug  9 10:54:31 brollon postfix/submission/smtpd[3131]: connect from unknown[213.176.26.159]
Aug  9 10:54:32 brollon postfix/smtps/smtpd[5103]: connect from unknown[213.176.26.19]
Aug  9 10:54:35 brollon postfix/smtps/smtpd[6812]: warning: unknown[213.176.26.165]: SASL LOGIN authentication failed: UGFzc3dvcmQ6
Aug  9 10:54:35 brollon postfix/smtps/smtpd[5103]: warning: unknown[213.176.26.19]: SASL LOGIN authentication failed: UGFzc3dvcmQ6
Aug  9 10:54:35 brollon postfix/smtps/smtpd[6812]: lost connection after AUTH from unknown[213.176.26.165]
Aug  9 10:54:35 brollon postfix/smtps/smtpd[6812]: disconnect from unknown[213.176.26.165] ehlo=1 auth=0/1 rset=1 commands=2/3
Aug  9 10:54:35 brollon postfix/smtps/smtpd[5103]: lost connection after AUTH from unknown[213.176.26.19]
Aug  9 10:54:35 brollon postfix/smtps/smtpd[5103]: disconnect from unknown[213.176.26.19] ehlo=1 auth=0/1 rset=1 commands=2/3
Aug  9 10:54:38 brollon postfix/submission/smtpd[3131]: warning: unknown[213.176.26.159]: SASL LOGIN authentication failed: UGFzc3dvcmQ6
Aug  9 10:54:38 brollon postfix/submission/smtpd[3131]: disconnect from unknown[213.176.26.159] ehlo=1 auth=0/1 rset=1 quit=1 commands=3/4
Aug  9 10:54:38 brollon postfix/submission/smtpd[1911]: connect from unknown[213.176.26.76]
Aug  9 10:54:43 brollon postfix/submission/smtpd[3072]: connect from unknown[213.176.26.114]
Aug  9 10:54:44 brollon postfix/submission/smtpd[3131]: connect from unknown[213.176.26.134]
Aug  9 10:54:45 brollon postfix/submission/smtpd[1911]: warning: unknown[213.176.26.76]: SASL LOGIN authentication failed: UGFzc3dvcmQ6
Aug  9 10:54:45 brollon postfix/submission/smtpd[1911]: disconnect from unknown[213.176.26.76] ehlo=1 auth=0/1 rset=1 quit=1 commands=3/4
Aug  9 10:54:49 brollon postfix/submission/smtpd[3072]: warning: unknown[213.176.26.114]: SASL LOGIN authentication failed: UGFzc3dvcmQ6
Aug  9 10:54:49 brollon postfix/submission/smtpd[3072]: disconnect from unknown[213.176.26.114] ehlo=1 auth=0/1 rset=1 quit=1 commands=3/4
Aug  9 10:54:51 brollon postfix/submission/smtpd[3131]: warning: unknown[213.176.26.134]: SASL LOGIN authentication failed: UGFzc3dvcmQ6
Aug  9 10:54:51 brollon postfix/submission/smtpd[3131]: disconnect from unknown[213.176.26.134] ehlo=1 auth=0/1 rset=1 quit=1 commands=3/4
Aug  9 10:54:55 brollon postfix/submission/smtpd[6084]: connect from unknown[213.176.26.85]
Aug  9 10:55:00 brollon postfix/submission/smtpd[1911]: connect from unknown[213.176.26.78]
Aug  9 10:55:01 brollon postfix/submission/smtpd[3072]: connect from unknown[213.176.26.74]
Aug  9 10:55:01 brollon postfix/smtpd[30512]: connect from localhost[127.0.0.1]
Aug  9 10:55:01 brollon postfix/smtpd[30512]: lost connection after CONNECT from localhost[127.0.0.1]
Aug  9 10:55:01 brollon postfix/smtpd[30512]: disconnect from localhost[127.0.0.1] commands=0/0
Aug  9 10:55:01 brollon dovecot: pop3-login: Disconnected (no auth attempts in 0 secs): user=<>, rip=127.0.0.1, lip=127.0.0.1, secured, session=<g7y/EZtYirh/AAAB>
Aug  9 10:55:01 brollon dovecot: imap-login: Disconnected (no auth attempts in 0 secs): user=<>, rip=127.0.0.1, lip=127.0.0.1, secured, session=<rdq/EZtYWsB/AAAB>
Aug  9 10:55:01 brollon postfix/smtpd[30512]: connect from localhost[127.0.0.1]
Aug  9 10:55:01 brollon postfix/smtpd[30512]: lost connection after CONNECT from localhost[127.0.0.1]
Aug  9 10:55:01 brollon postfix/smtpd[30512]: disconnect from localhost[127.0.0.1] commands=0/0
Aug  9 10:55:01 brollon dovecot: imap-login: Disconnected (no auth attempts in 0 secs): user=<>, rip=127.0.0.1, lip=127.0.0.1, secured, session=<YaLEEZtYZsB/AAAB>
Aug  9 10:55:01 brollon dovecot: pop3-login: Disconnected (no auth attempts in 0 secs): user=<>, rip=127.0.0.1, lip=127.0.0.1, secured, session=<OKfEEZtYlrh/AAAB>
Aug  9 10:55:02 brollon postfix/submission/smtpd[6084]: warning: unknown[213.176.26.85]: SASL LOGIN authentication failed: UGFzc3dvcmQ6
Aug  9 10:55:03 brollon postfix/submission/smtpd[6084]: disconnect from unknown[213.176.26.85] ehlo=1 auth=0/1 rset=1 quit=1 commands=3/4
Aug  9 10:55:04 brollon postfix/submission/smtpd[3131]: connect from unknown[213.176.26.144]
Aug  9 10:55:07 brollon postfix/submission/smtpd[1911]: warning: unknown[213.176.26.78]: SASL LOGIN authentication failed: UGFzc3dvcmQ6
Aug  9 10:55:07 brollon postfix/submission/smtpd[3131]: warning: unknown[213.176.26.144]: SASL LOGIN authentication failed: UGFzc3dvcmQ6
Aug  9 10:55:07 brollon postfix/submission/smtpd[3131]: disconnect from unknown[213.176.26.144] ehlo=1 auth=0/1 rset=1 quit=1 commands=3/4
Aug  9 10:55:08 brollon postfix/submission/smtpd[3072]: warning: unknown[213.176.26.74]: SASL LOGIN authentication failed: UGFzc3dvcmQ6
Aug  9 10:55:08 brollon postfix/submission/smtpd[3072]: disconnect from unknown[213.176.26.74] ehlo=1 auth=0/1 rset=1 quit=1 commands=3/4
Aug  9 10:55:08 brollon postfix/submission/smtpd[1911]: disconnect from unknown[213.176.26.78] ehlo=1 auth=0/1 rset=1 quit=1 commands=3/4
Aug  9 10:55:09 brollon postfix/smtps/smtpd[6812]: connect from unknown[213.176.26.52]
Aug  9 10:55:09 brollon postfix/submission/smtpd[6084]: connect from unknown[213.176.26.64]
Aug  9 10:55:15 brollon postfix/smtps/smtpd[6812]: warning: unknown[213.176.26.52]: SASL LOGIN authentication failed: UGFzc3dvcmQ6
Aug  9 10:55:15 brollon postfix/smtps/smtpd[6812]: lost connection after AUTH from unknown[213.176.26.52]
Aug  9 10:55:15 brollon postfix/smtps/smtpd[6812]: disconnect from unknown[213.176.26.52] ehlo=1 auth=0/1 rset=1 commands=2/3
Aug  9 10:55:16 brollon postfix/submission/smtpd[6084]: warning: unknown[213.176.26.64]: SASL LOGIN authentication failed: UGFzc3dvcmQ6
Aug  9 10:55:16 brollon postfix/submission/smtpd[6084]: disconnect from unknown[213.176.26.64] ehlo=1 auth=0/1 rset=1 quit=1 commands=3/4
Aug  9 10:55:18 brollon postfix/smtps/smtpd[5103]: connect from unknown[213.176.26.94]
Aug  9 10:55:21 brollon postfix/submission/smtpd[3131]: connect from unknown[213.176.26.113]
Aug  9 10:55:24 brollon postfix/smtps/smtpd[5103]: warning: unknown[213.176.26.94]: SASL LOGIN authentication failed: UGFzc3dvcmQ6
Aug  9 10:55:24 brollon postfix/smtps/smtpd[5103]: lost connection after AUTH from unknown[213.176.26.94]
Aug  9 10:55:24 brollon postfix/smtps/smtpd[5103]: disconnect from unknown[213.176.26.94] ehlo=1 auth=0/1 rset=1 commands=2/3
Aug  9 10:55:28 brollon postfix/submission/smtpd[3131]: warning: unknown[213.176.26.113]: SASL LOGIN authentication failed: UGFzc3dvcmQ6
Aug  9 10:55:28 brollon postfix/submission/smtpd[3131]: disconnect from unknown[213.176.26.113] ehlo=1 auth=0/1 rset=1 quit=1 commands=3/4
Aug  9 10:55:32 brollon postfix/smtps/smtpd[6812]: connect from unknown[213.176.26.166]
Aug  9 10:55:33 brollon postfix/submission/smtpd[3072]: connect from unknown[213.176.26.159]
Aug  9 10:55:39 brollon postfix/smtps/smtpd[6812]: warning: unknown[213.176.26.166]: SASL LOGIN authentication failed: UGFzc3dvcmQ6
Aug  9 10:55:39 brollon postfix/submission/smtpd[3072]: warning: unknown[213.176.26.159]: SASL LOGIN authentication failed: UGFzc3dvcmQ6
Aug  9 10:55:39 brollon postfix/smtps/smtpd[6812]: lost connection after AUTH from unknown[213.176.26.166]
Aug  9 10:55:39 brollon postfix/smtps/smtpd[6812]: disconnect from unknown[213.176.26.166] ehlo=1 auth=0/1 rset=1 commands=2/3
Aug  9 10:55:39 brollon postfix/submission/smtpd[3072]: disconnect from unknown[213.176.26.159] ehlo=1 auth=0/1 rset=1 quit=1 commands=3/4
Aug  9 10:55:41 brollon postfix/submission/smtpd[1911]: connect from unknown[213.176.26.76]
Aug  9 10:55:44 brollon postfix/submission/smtpd[6084]: connect from unknown[213.176.26.114]
Aug  9 10:55:44 brollon postfix/smtps/smtpd[5103]: connect from unknown[213.176.26.63]
Aug  9 10:55:47 brollon postfix/submission/smtpd[3131]: connect from unknown[213.176.26.134]
Aug  9 10:55:48 brollon postfix/submission/smtpd[1911]: warning: unknown[213.176.26.76]: SASL LOGIN authentication failed: UGFzc3dvcmQ6
Aug  9 10:55:49 brollon postfix/submission/smtpd[1911]: disconnect from unknown[213.176.26.76] ehlo=1 auth=0/1 rset=1 quit=1 commands=3/4
Aug  9 10:55:51 brollon postfix/submission/smtpd[6084]: warning: unknown[213.176.26.114]: SASL LOGIN authentication failed: UGFzc3dvcmQ6
Aug  9 10:55:51 brollon postfix/smtps/smtpd[5103]: warning: unknown[213.176.26.63]: SASL LOGIN authentication failed: UGFzc3dvcmQ6
Aug  9 10:55:51 brollon postfix/submission/smtpd[6084]: disconnect from unknown[213.176.26.114] ehlo=1 auth=0/1 rset=1 quit=1 commands=3/4
Aug  9 10:55:51 brollon postfix/smtps/smtpd[5103]: lost connection after AUTH from unknown[213.176.26.63]
Aug  9 10:55:51 brollon postfix/smtps/smtpd[5103]: disconnect from unknown[213.176.26.63] ehlo=1 auth=0/1 rset=1 commands=2/3
Aug  9 10:55:54 brollon postfix/submission/smtpd[3131]: warning: unknown[213.176.26.134]: SASL LOGIN authentication failed: UGFzc3dvcmQ6
Aug  9 10:55:54 brollon postfix/submission/smtpd[3131]: disconnect from unknown[213.176.26.134] ehlo=1 auth=0/1 rset=1 quit=1 commands=3/4
Aug  9 10:55:58 brollon postfix/submission/smtpd[3072]: connect from unknown[213.176.26.85]
Aug  9 10:56:01 brollon postfix/smtpd[30512]: connect from localhost[127.0.0.1]
Aug  9 10:56:01 brollon postfix/smtpd[30512]: lost connection after CONNECT from localhost[127.0.0.1]
Aug  9 10:56:01 brollon postfix/smtpd[30512]: disconnect from localhost[127.0.0.1] commands=0/0
Aug  9 10:56:01 brollon dovecot: pop3-login: Disconnected (no auth attempts in 0 secs): user=<>, rip=127.0.0.1, lip=127.0.0.1, secured, session=<NVpdFZtYurl/AAAB>
Aug  9 10:56:01 brollon dovecot: imap-login: Disconnected (no auth attempts in 0 secs): user=<>, rip=127.0.0.1, lip=127.0.0.1, secured, session=<t2VdFZtYisF/AAAB>
Aug  9 10:56:03 brollon postfix/submission/smtpd[1911]: connect from unknown[213.176.26.78]
Aug  9 10:56:04 brollon postfix/submission/smtpd[6084]: connect from unknown[213.176.26.74]
Aug  9 10:56:05 brollon postfix/submission/smtpd[3072]: warning: unknown[213.176.26.85]: SASL LOGIN authentication failed: UGFzc3dvcmQ6
Aug  9 10:56:06 brollon postfix/submission/smtpd[3072]: disconnect from unknown[213.176.26.85] ehlo=1 auth=0/1 rset=1 quit=1 commands=3/4
Aug  9 10:56:08 brollon postfix/submission/smtpd[3131]: connect from unknown[213.176.26.144]
Aug  9 10:56:10 brollon postfix/submission/smtpd[1911]: warning: unknown[213.176.26.78]: SASL LOGIN authentication failed: UGFzc3dvcmQ6
Aug  9 10:56:10 brollon postfix/submission/smtpd[1911]: disconnect from unknown[213.176.26.78] ehlo=1 auth=0/1 rset=1 quit=1 commands=3/4
Aug  9 10:56:11 brollon postfix/submission/smtpd[6084]: warning: unknown[213.176.26.74]: SASL LOGIN authentication failed: UGFzc3dvcmQ6
Aug  9 10:56:11 brollon postfix/submission/smtpd[6084]: disconnect from unknown[213.176.26.74] ehlo=1 auth=0/1 rset=1 quit=1 commands=3/4
Aug  9 10:56:13 brollon postfix/submission/smtpd[3072]: connect from unknown[213.176.26.64]
Aug  9 10:56:15 brollon postfix/submission/smtpd[3131]: warning: unknown[213.176.26.144]: SASL LOGIN authentication failed: UGFzc3dvcmQ6
Aug  9 10:56:16 brollon postfix/submission/smtpd[3131]: disconnect from unknown[213.176.26.144] ehlo=1 auth=0/1 rset=1 quit=1 commands=3/4
Aug  9 10:56:16 brollon postfix/smtpd[30512]: connect from unknown[91.92.240.92]
Aug  9 10:56:18 brollon postfix/smtpd[30512]: warning: unknown[91.92.240.92]: SASL LOGIN authentication failed: UGFzc3dvcmQ6
Aug  9 10:56:18 brollon postfix/smtpd[30512]: disconnect from unknown[91.92.240.92] ehlo=1 auth=0/1 quit=1 commands=2/3
Aug  9 10:56:19 brollon postfix/submission/smtpd[3072]: warning: unknown[213.176.26.64]: SASL LOGIN authentication failed: UGFzc3dvcmQ6
Aug  9 10:56:19 brollon postfix/submission/smtpd[3072]: disconnect from unknown[213.176.26.64] ehlo=1 auth=0/1 rset=1 quit=1 commands=3/4
Aug  9 10:56:22 brollon postfix/submission/smtpd[1911]: connect from unknown[213.176.26.113]
Aug  9 10:56:26 brollon postfix/smtps/smtpd[6812]: connect from unknown[213.176.26.34]
Aug  9 10:56:29 brollon postfix/submission/smtpd[1911]: warning: unknown[213.176.26.113]: SASL LOGIN authentication failed: UGFzc3dvcmQ6
Aug  9 10:56:29 brollon postfix/submission/smtpd[1911]: disconnect from unknown[213.176.26.113] ehlo=1 auth=0/1 rset=1 quit=1 commands=3/4
Aug  9 10:56:30 brollon postfix/smtps/smtpd[6812]: warning: unknown[213.176.26.34]: SASL LOGIN authentication failed: UGFzc3dvcmQ6
Aug  9 10:56:30 brollon postfix/smtps/smtpd[6812]: lost connection after AUTH from unknown[213.176.26.34]
Aug  9 10:56:30 brollon postfix/smtps/smtpd[6812]: disconnect from unknown[213.176.26.34] ehlo=1 auth=0/1 rset=1 commands=2/3
Aug  9 10:56:34 brollon postfix/submission/smtpd[6084]: connect from unknown[213.176.26.159]
Aug  9 10:56:35 brollon postfix/smtps/smtpd[5103]: connect from unknown[213.176.26.186]
Aug  9 10:56:37 brollon postfix/smtps/smtpd[5103]: warning: unknown[213.176.26.186]: SASL LOGIN authentication failed: UGFzc3dvcmQ6
Aug  9 10:56:37 brollon postfix/smtps/smtpd[5103]: lost connection after AUTH from unknown[213.176.26.186]
Aug  9 10:56:37 brollon postfix/smtps/smtpd[5103]: disconnect from unknown[213.176.26.186] ehlo=1 auth=0/1 rset=1 commands=2/3
Aug  9 10:56:41 brollon postfix/smtps/smtpd[6812]: connect from unknown[213.176.26.87]
Aug  9 10:56:41 brollon postfix/submission/smtpd[6084]: warning: unknown[213.176.26.159]: SASL LOGIN authentication failed: UGFzc3dvcmQ6
Aug  9 10:56:42 brollon postfix/submission/smtpd[6084]: disconnect from unknown[213.176.26.159] ehlo=1 auth=0/1 rset=1 quit=1 commands=3/4
Aug  9 10:56:43 brollon postfix/anvil[12649]: statistics: max connection rate 2/60s for (submission:213.176.26.114) at Aug  9 10:47:40
Aug  9 10:56:43 brollon postfix/anvil[12649]: statistics: max connection count 1 for (submission:213.176.26.64) at Aug  9 10:46:45
Aug  9 10:56:43 brollon postfix/anvil[12649]: statistics: max cache size 21 at Aug  9 10:48:16
Aug  9 10:56:44 brollon postfix/smtps/smtpd[6812]: warning: unknown[213.176.26.87]: SASL LOGIN authentication failed: UGFzc3dvcmQ6
Aug  9 10:56:44 brollon postfix/submission/smtpd[1911]: connect from unknown[213.176.26.76]
Aug  9 10:56:44 brollon postfix/smtps/smtpd[6812]: lost connection after AUTH from unknown[213.176.26.87]
Aug  9 10:56:44 brollon postfix/smtps/smtpd[6812]: disconnect from unknown[213.176.26.87] ehlo=1 auth=0/1 rset=1 commands=2/3
Aug  9 10:56:44 brollon postfix/smtps/smtpd[5103]: connect from unknown[213.176.26.122]
Aug  9 10:56:44 brollon postfix/submission/smtpd[6084]: connect from unknown[213.176.26.114]
Aug  9 10:56:47 brollon postfix/smtps/smtpd[5103]: warning: unknown[213.176.26.122]: SASL LOGIN authentication failed: UGFzc3dvcmQ6
Aug  9 10:56:47 brollon postfix/smtps/smtpd[5103]: lost connection after AUTH from unknown[213.176.26.122]
Aug  9 10:56:47 brollon postfix/smtps/smtpd[5103]: disconnect from unknown[213.176.26.122] ehlo=1 auth=0/1 rset=1 commands=2/3
Aug  9 10:56:48 brollon postfix/submission/smtpd[6084]: warning: unknown[213.176.26.114]: SASL LOGIN authentication failed: UGFzc3dvcmQ6
Aug  9 10:56:48 brollon postfix/submission/smtpd[6084]: disconnect from unknown[213.176.26.114] ehlo=1 auth=0/1 rset=1 quit=1 commands=3/4
Aug  9 10:56:49 brollon postfix/submission/smtpd[3072]: connect from unknown[213.176.26.134]
Aug  9 10:56:50 brollon postfix/submission/smtpd[1911]: warning: unknown[213.176.26.76]: SASL LOGIN authentication failed: UGFzc3dvcmQ6
Aug  9 10:56:50 brollon postfix/submission/smtpd[1911]: disconnect from unknown[213.176.26.76] ehlo=1 auth=0/1 rset=1 quit=1 commands=3/4
Aug  9 10:56:51 brollon postfix/smtps/smtpd[6812]: connect from unknown[213.176.26.191]
Aug  9 10:56:52 brollon postfix/smtps/smtpd[5103]: connect from unknown[213.176.26.175]
Aug  9 10:56:53 brollon postfix/submission/smtpd[3072]: warning: unknown[213.176.26.134]: SASL LOGIN authentication failed: UGFzc3dvcmQ6
Aug  9 10:56:53 brollon postfix/submission/smtpd[3072]: disconnect from unknown[213.176.26.134] ehlo=1 auth=0/1 rset=1 quit=1 commands=3/4
Aug  9 10:56:54 brollon postfix/smtps/smtpd[6812]: warning: unknown[213.176.26.191]: SASL LOGIN authentication failed: UGFzc3dvcmQ6
Aug  9 10:56:54 brollon postfix/smtps/smtpd[6812]: lost connection after AUTH from unknown[213.176.26.191]
Aug  9 10:56:54 brollon postfix/smtps/smtpd[6812]: disconnect from unknown[213.176.26.191] ehlo=1 auth=0/1 rset=1 commands=2/3
Aug  9 10:56:59 brollon postfix/smtps/smtpd[5103]: warning: unknown[213.176.26.175]: SASL LOGIN authentication failed: UGFzc3dvcmQ6
Aug  9 10:56:59 brollon postfix/smtps/smtpd[6812]: connect from unknown[213.176.26.88]
Aug  9 10:57:00 brollon postfix/smtps/smtpd[5103]: lost connection after AUTH from unknown[213.176.26.175]
Aug  9 10:57:00 brollon postfix/smtps/smtpd[5103]: disconnect from unknown[213.176.26.175] ehlo=1 auth=0/1 rset=1 commands=2/3
Aug  9 10:57:01 brollon postfix/submission/smtpd[6084]: connect from unknown[213.176.26.85]
Aug  9 10:57:02 brollon postfix/smtpd[30512]: connect from localhost[127.0.0.1]
Aug  9 10:57:02 brollon postfix/smtpd[30512]: lost connection after CONNECT from localhost[127.0.0.1]
Aug  9 10:57:02 brollon postfix/smtpd[30512]: disconnect from localhost[127.0.0.1] commands=0/0
Aug  9 10:57:02 brollon dovecot: imap-login: Disconnected (no auth attempts in 0 secs): user=<>, rip=127.0.0.1, lip=127.0.0.1, secured, session=<pMD0GJtYOMJ/AAAB>
Aug  9 10:57:02 brollon dovecot: pop3-login: Disconnected (no auth attempts in 0 secs): user=<>, rip=127.0.0.1, lip=127.0.0.1, secured, session=<68P0GJtYaLp/AAAB>
Aug  9 10:57:03 brollon postfix/smtps/smtpd[6812]: warning: unknown[213.176.26.88]: SASL LOGIN authentication failed: UGFzc3dvcmQ6
Aug  9 10:57:03 brollon postfix/smtps/smtpd[6812]: lost connection after AUTH from unknown[213.176.26.88]
Aug  9 10:57:03 brollon postfix/smtps/smtpd[6812]: disconnect from unknown[213.176.26.88] ehlo=1 auth=0/1 rset=1 commands=2/3
Aug  9 10:57:04 brollon postfix/smtpd[30512]: connect from unknown[2.57.122.98]
Aug  9 10:57:07 brollon postfix/smtpd[30512]: warning: unknown[2.57.122.98]: SASL LOGIN authentication failed: UGFzc3dvcmQ6
Aug  9 10:57:07 brollon postfix/smtpd[30512]: disconnect from unknown[2.57.122.98] ehlo=1 auth=0/1 quit=1 commands=2/3
Aug  9 10:57:07 brollon postfix/submission/smtpd[3072]: connect from unknown[213.176.26.78]
Aug  9 10:57:07 brollon postfix/submission/smtpd[1911]: connect from unknown[213.176.26.74]
Aug  9 10:57:08 brollon postfix/submission/smtpd[6084]: warning: unknown[213.176.26.85]: SASL LOGIN authentication failed: UGFzc3dvcmQ6
Aug  9 10:57:08 brollon postfix/submission/smtpd[6084]: disconnect from unknown[213.176.26.85] ehlo=1 auth=0/1 rset=1 quit=1 commands=3/4
Aug  9 10:57:10 brollon postfix/submission/smtpd[3072]: warning: unknown[213.176.26.78]: SASL LOGIN authentication failed: UGFzc3dvcmQ6
Aug  9 10:57:10 brollon dovecot: imap-login: Login: user=<secretaria@concellodapobradobrollon.gal>, method=PLAIN, rip=83.48.54.234, lip=54.37.21.250, mpid=7884, session=<jLRuGZtY7MJTMDbq>
Aug  9 10:57:10 brollon postfix/submission/smtpd[3072]: disconnect from unknown[213.176.26.78] ehlo=1 auth=0/1 rset=1 quit=1 commands=3/4
Aug  9 10:57:11 brollon postfix/submission/smtpd[3131]: connect from unknown[213.176.26.144]
Aug  9 10:57:14 brollon postfix/submission/smtpd[1911]: warning: unknown[213.176.26.74]: SASL LOGIN authentication failed: UGFzc3dvcmQ6
Aug  9 10:57:14 brollon postfix/submission/smtpd[1911]: disconnect from unknown[213.176.26.74] ehlo=1 auth=0/1 rset=1 quit=1 commands=3/4
Aug  9 10:57:16 brollon postfix/submission/smtpd[6084]: connect from unknown[213.176.26.64]
Aug  9 10:57:17 brollon postfix/smtps/smtpd[5103]: connect from unknown[213.176.26.194]
Aug  9 10:57:18 brollon postfix/submission/smtpd[3131]: warning: unknown[213.176.26.144]: SASL LOGIN authentication failed: UGFzc3dvcmQ6
Aug  9 10:57:19 brollon postfix/submission/smtpd[3131]: disconnect from unknown[213.176.26.144] ehlo=1 auth=0/1 rset=1 quit=1 commands=3/4
Aug  9 10:57:22 brollon postfix/smtps/smtpd[5103]: warning: unknown[213.176.26.194]: SASL LOGIN authentication failed: UGFzc3dvcmQ6
Aug  9 10:57:22 brollon postfix/smtps/smtpd[5103]: lost connection after AUTH from unknown[213.176.26.194]
Aug  9 10:57:22 brollon postfix/smtps/smtpd[5103]: disconnect from unknown[213.176.26.194] ehlo=1 auth=0/1 rset=1 commands=2/3
Aug  9 10:57:23 brollon postfix/submission/smtpd[1911]: connect from unknown[213.176.26.113]
Aug  9 10:57:23 brollon postfix/submission/smtpd[6084]: warning: unknown[213.176.26.64]: SASL LOGIN authentication failed: UGFzc3dvcmQ6
Aug  9 10:57:23 brollon postfix/submission/smtpd[6084]: disconnect from unknown[213.176.26.64] ehlo=1 auth=0/1 rset=1 quit=1 commands=3/4
Aug  9 10:57:25 brollon postfix/submission/smtpd[1911]: warning: unknown[213.176.26.113]: SASL LOGIN authentication failed: UGFzc3dvcmQ6
Aug  9 10:57:25 brollon postfix/submission/smtpd[1911]: disconnect from unknown[213.176.26.113] ehlo=1 auth=0/1 rset=1 quit=1 commands=3/4
Aug  9 10:57:26 brollon postfix/smtps/smtpd[6812]: connect from unknown[213.176.26.37]
Aug  9 10:57:31 brollon postfix/smtps/smtpd[6812]: warning: unknown[213.176.26.37]: SASL LOGIN authentication failed: UGFzc3dvcmQ6
Aug  9 10:57:31 brollon postfix/smtps/smtpd[6812]: lost connection after AUTH from unknown[213.176.26.37]
Aug  9 10:57:31 brollon postfix/smtps/smtpd[6812]: disconnect from unknown[213.176.26.37] ehlo=1 auth=0/1 rset=1 commands=2/3
Aug  9 10:57:35 brollon postfix/submission/smtpd[3072]: connect from unknown[213.176.26.159]
Aug  9 10:57:42 brollon postfix/submission/smtpd[3072]: warning: unknown[213.176.26.159]: SASL LOGIN authentication failed: UGFzc3dvcmQ6
Aug  9 10:57:42 brollon postfix/submission/smtpd[3072]: disconnect from unknown[213.176.26.159] ehlo=1 auth=0/1 rset=1 quit=1 commands=3/4
Aug  9 10:57:45 brollon postfix/submission/smtpd[6084]: connect from unknown[213.176.26.114]
Aug  9 10:57:48 brollon postfix/submission/smtpd[3072]: connect from unknown[213.176.26.76]
Aug  9 10:57:49 brollon postfix/submission/smtpd[6084]: warning: unknown[213.176.26.114]: SASL LOGIN authentication failed: UGFzc3dvcmQ6
Aug  9 10:57:49 brollon postfix/submission/smtpd[6084]: disconnect from unknown[213.176.26.114] ehlo=1 auth=0/1 rset=1 quit=1 commands=3/4
Aug  9 10:57:49 brollon dovecot: imap(secretaria@concellodapobradobrollon.gal): Logged out in=721 out=81368
Aug  9 10:57:52 brollon postfix/submission/smtpd[1911]: connect from unknown[213.176.26.134]
Aug  9 10:57:55 brollon postfix/submission/smtpd[3072]: warning: unknown[213.176.26.76]: SASL LOGIN authentication failed: UGFzc3dvcmQ6
Aug  9 10:57:56 brollon postfix/submission/smtpd[3072]: disconnect from unknown[213.176.26.76] ehlo=1 auth=0/1 rset=1 quit=1 commands=3/4
Aug  9 10:57:57 brollon postfix/smtps/smtpd[5103]: connect from unknown[213.176.26.44]
Aug  9 10:57:58 brollon postfix/submission/smtpd[1911]: warning: unknown[213.176.26.134]: SASL LOGIN authentication failed: UGFzc3dvcmQ6
Aug  9 10:57:58 brollon postfix/submission/smtpd[1911]: disconnect from unknown[213.176.26.134] ehlo=1 auth=0/1 rset=1 quit=1 commands=3/4
Aug  9 10:57:58 brollon postfix/smtps/smtpd[6812]: connect from unknown[213.176.26.133]
Aug  9 10:58:01 brollon postfix/smtpd[30512]: connect from localhost[127.0.0.1]
Aug  9 10:58:01 brollon postfix/smtpd[30512]: lost connection after CONNECT from localhost[127.0.0.1]
Aug  9 10:58:01 brollon postfix/smtpd[30512]: disconnect from localhost[127.0.0.1] commands=0/0
Aug  9 10:58:01 brollon dovecot: pop3-login: Disconnected (no auth attempts in 0 secs): user=<>, rip=127.0.0.1, lip=127.0.0.1, secured, session=<2xB8HJtYlLt/AAAB>
Aug  9 10:58:01 brollon dovecot: imap-login: Disconnected (no auth attempts in 0 secs): user=<>, rip=127.0.0.1, lip=127.0.0.1, secured, session=<xDF8HJtYZMN/AAAB>
Aug  9 10:58:04 brollon postfix/smtps/smtpd[5103]: warning: unknown[213.176.26.44]: SASL LOGIN authentication failed: UGFzc3dvcmQ6
Aug  9 10:58:04 brollon postfix/submission/smtpd[3131]: connect from unknown[213.176.26.85]
Aug  9 10:58:05 brollon postfix/smtps/smtpd[5103]: lost connection after AUTH from unknown[213.176.26.44]
Aug  9 10:58:05 brollon postfix/smtps/smtpd[5103]: disconnect from unknown[213.176.26.44] ehlo=1 auth=0/1 rset=1 commands=2/3
Aug  9 10:58:06 brollon postfix/smtps/smtpd[6812]: warning: unknown[213.176.26.133]: SASL LOGIN authentication failed: UGFzc3dvcmQ6
Aug  9 10:58:08 brollon postfix/smtps/smtpd[6812]: lost connection after AUTH from unknown[213.176.26.133]
Aug  9 10:58:08 brollon postfix/smtps/smtpd[6812]: disconnect from unknown[213.176.26.133] ehlo=1 auth=0/1 rset=1 commands=2/3
Aug  9 10:58:10 brollon postfix/smtps/smtpd[5103]: connect from unknown[213.176.26.29]
Aug  9 10:58:10 brollon postfix/submission/smtpd[6084]: connect from unknown[213.176.26.74]
Aug  9 10:58:11 brollon postfix/submission/smtpd[3131]: warning: unknown[213.176.26.85]: SASL LOGIN authentication failed: UGFzc3dvcmQ6
Aug  9 10:58:11 brollon postfix/submission/smtpd[3131]: disconnect from unknown[213.176.26.85] ehlo=1 auth=0/1 rset=1 quit=1 commands=3/4
Aug  9 10:58:11 brollon postfix/submission/smtpd[1911]: connect from unknown[213.176.26.78]
Aug  9 10:58:13 brollon postfix/smtps/smtpd[5103]: warning: unknown[213.176.26.29]: SASL LOGIN authentication failed: UGFzc3dvcmQ6
Aug  9 10:58:13 brollon postfix/smtps/smtpd[5103]: lost connection after AUTH from unknown[213.176.26.29]
Aug  9 10:58:13 brollon postfix/smtps/smtpd[5103]: disconnect from unknown[213.176.26.29] ehlo=1 auth=0/1 rset=1 commands=2/3
Aug  9 10:58:14 brollon postfix/submission/smtpd[3072]: connect from unknown[213.176.26.144]
Aug  9 10:58:17 brollon postfix/submission/smtpd[6084]: warning: unknown[213.176.26.74]: SASL LOGIN authentication failed: UGFzc3dvcmQ6
Aug  9 10:58:17 brollon postfix/submission/smtpd[6084]: disconnect from unknown[213.176.26.74] ehlo=1 auth=0/1 rset=1 quit=1 commands=3/4
Aug  9 10:58:18 brollon postfix/submission/smtpd[1911]: warning: unknown[213.176.26.78]: SASL LOGIN authentication failed: UGFzc3dvcmQ6
Aug  9 10:58:18 brollon postfix/submission/smtpd[1911]: disconnect from unknown[213.176.26.78] ehlo=1 auth=0/1 rset=1 quit=1 commands=3/4
Aug  9 10:58:20 brollon postfix/submission/smtpd[3131]: connect from unknown[213.176.26.64]
Aug  9 10:58:21 brollon postfix/submission/smtpd[3072]: warning: unknown[213.176.26.144]: SASL LOGIN authentication failed: UGFzc3dvcmQ6
Aug  9 10:58:22 brollon postfix/submission/smtpd[3072]: disconnect from unknown[213.176.26.144] ehlo=1 auth=0/1 rset=1 quit=1 commands=3/4
Aug  9 10:58:23 brollon postfix/submission/smtpd[6084]: connect from unknown[213.176.26.113]
Aug  9 10:58:26 brollon postfix/submission/smtpd[6084]: warning: unknown[213.176.26.113]: SASL LOGIN authentication failed: UGFzc3dvcmQ6
Aug  9 10:58:26 brollon postfix/submission/smtpd[6084]: disconnect from unknown[213.176.26.113] ehlo=1 auth=0/1 rset=1 quit=1 commands=3/4
Aug  9 10:58:27 brollon postfix/submission/smtpd[3131]: warning: unknown[213.176.26.64]: SASL LOGIN authentication failed: UGFzc3dvcmQ6
Aug  9 10:58:27 brollon postfix/submission/smtpd[3131]: disconnect from unknown[213.176.26.64] ehlo=1 auth=0/1 rset=1 quit=1 commands=3/4
Aug  9 10:58:37 brollon postfix/submission/smtpd[1911]: connect from unknown[213.176.26.159]
Aug  9 10:58:44 brollon postfix/submission/smtpd[1911]: warning: unknown[213.176.26.159]: SASL LOGIN authentication failed: UGFzc3dvcmQ6
Aug  9 10:58:45 brollon postfix/submission/smtpd[1911]: disconnect from unknown[213.176.26.159] ehlo=1 auth=0/1 rset=1 quit=1 commands=3/4
Aug  9 10:58:46 brollon postfix/submission/smtpd[3072]: connect from unknown[213.176.26.114]
Aug  9 10:58:52 brollon postfix/submission/smtpd[6084]: connect from unknown[213.176.26.76]
Aug  9 10:58:53 brollon postfix/submission/smtpd[3072]: warning: unknown[213.176.26.114]: SASL LOGIN authentication failed: UGFzc3dvcmQ6
Aug  9 10:58:53 brollon postfix/submission/smtpd[3072]: disconnect from unknown[213.176.26.114] ehlo=1 auth=0/1 rset=1 quit=1 commands=3/4
Aug  9 10:58:55 brollon postfix/submission/smtpd[3131]: connect from unknown[213.176.26.134]
Aug  9 10:58:59 brollon postfix/submission/smtpd[6084]: warning: unknown[213.176.26.76]: SASL LOGIN authentication failed: UGFzc3dvcmQ6
Aug  9 10:58:59 brollon postfix/submission/smtpd[6084]: disconnect from unknown[213.176.26.76] ehlo=1 auth=0/1 rset=1 quit=1 commands=3/4
Aug  9 10:59:01 brollon postfix/submission/smtpd[3131]: warning: unknown[213.176.26.134]: SASL LOGIN authentication failed: UGFzc3dvcmQ6
Aug  9 10:59:01 brollon postfix/smtpd[30512]: connect from localhost[127.0.0.1]
Aug  9 10:59:01 brollon postfix/smtpd[30512]: lost connection after CONNECT from localhost[127.0.0.1]
Aug  9 10:59:01 brollon postfix/smtpd[30512]: disconnect from localhost[127.0.0.1] commands=0/0
Aug  9 10:59:01 brollon dovecot: pop3-login: Disconnected (no auth attempts in 0 secs): user=<>, rip=127.0.0.1, lip=127.0.0.1, secured, session=<DS8VIJtYyrx/AAAB>
Aug  9 10:59:01 brollon dovecot: imap-login: Disconnected (disconnected before auth was ready, waited 0 secs): user=<>, rip=127.0.0.1, lip=127.0.0.1, secured, session=<bjAVIJtYmsR/AAAB>
Aug  9 10:59:01 brollon postfix/submission/smtpd[3131]: disconnect from unknown[213.176.26.134] ehlo=1 auth=0/1 rset=1 quit=1 commands=3/4
Aug  9 10:59:06 brollon postfix/submission/smtpd[1911]: connect from unknown[213.176.26.85]
Aug  9 10:59:10 brollon postfix/smtps/smtpd[6812]: connect from unknown[213.176.26.182]
Aug  9 10:59:13 brollon postfix/submission/smtpd[1911]: warning: unknown[213.176.26.85]: SASL LOGIN authentication failed: UGFzc3dvcmQ6
Aug  9 10:59:13 brollon postfix/submission/smtpd[1911]: disconnect from unknown[213.176.26.85] ehlo=1 auth=0/1 rset=1 quit=1 commands=3/4
Aug  9 10:59:14 brollon postfix/submission/smtpd[3072]: connect from unknown[213.176.26.74]
Aug  9 10:59:15 brollon postfix/submission/smtpd[6084]: connect from unknown[213.176.26.78]
Aug  9 10:59:16 brollon postfix/smtps/smtpd[5103]: connect from unknown[213.176.26.123]
Aug  9 10:59:17 brollon postfix/smtps/smtpd[6812]: warning: unknown[213.176.26.182]: SASL LOGIN authentication failed: UGFzc3dvcmQ6
Aug  9 10:59:17 brollon postfix/submission/smtpd[3131]: connect from unknown[213.176.26.144]
Aug  9 10:59:17 brollon postfix/smtps/smtpd[6812]: lost connection after AUTH from unknown[213.176.26.182]
Aug  9 10:59:17 brollon postfix/smtps/smtpd[6812]: disconnect from unknown[213.176.26.182] ehlo=1 auth=0/1 rset=1 commands=2/3
Aug  9 10:59:19 brollon postfix/smtps/smtpd[5103]: warning: unknown[213.176.26.123]: SASL LOGIN authentication failed: UGFzc3dvcmQ6
Aug  9 10:59:19 brollon postfix/smtps/smtpd[5103]: lost connection after AUTH from unknown[213.176.26.123]
Aug  9 10:59:19 brollon postfix/smtps/smtpd[5103]: disconnect from unknown[213.176.26.123] ehlo=1 auth=0/1 rset=1 commands=2/3
Aug  9 10:59:20 brollon postfix/submission/smtpd[3131]: warning: unknown[213.176.26.144]: SASL LOGIN authentication failed: UGFzc3dvcmQ6
Aug  9 10:59:21 brollon postfix/submission/smtpd[3131]: disconnect from unknown[213.176.26.144] ehlo=1 auth=0/1 rset=1 quit=1 commands=3/4
Aug  9 10:59:21 brollon postfix/submission/smtpd[3072]: warning: unknown[213.176.26.74]: SASL LOGIN authentication failed: UGFzc3dvcmQ6
Aug  9 10:59:21 brollon postfix/submission/smtpd[6084]: warning: unknown[213.176.26.78]: SASL LOGIN authentication failed: UGFzc3dvcmQ6
Aug  9 10:59:21 brollon postfix/submission/smtpd[3072]: disconnect from unknown[213.176.26.74] ehlo=1 auth=0/1 rset=1 quit=1 commands=3/4
Aug  9 10:59:21 brollon postfix/submission/smtpd[6084]: disconnect from unknown[213.176.26.78] ehlo=1 auth=0/1 rset=1 quit=1 commands=3/4
Aug  9 10:59:23 brollon postfix/submission/smtpd[1911]: connect from unknown[213.176.26.64]
Aug  9 10:59:24 brollon postfix/submission/smtpd[6084]: connect from unknown[213.176.26.113]
Aug  9 10:59:25 brollon postfix/submission/smtpd[1911]: warning: unknown[213.176.26.64]: SASL LOGIN authentication failed: UGFzc3dvcmQ6
Aug  9 10:59:25 brollon postfix/submission/smtpd[1911]: disconnect from unknown[213.176.26.64] ehlo=1 auth=0/1 rset=1 quit=1 commands=3/4
Aug  9 10:59:25 brollon postfix/smtps/smtpd[6812]: connect from unknown[213.176.26.21]
Aug  9 10:59:29 brollon postfix/smtps/smtpd[6812]: warning: unknown[213.176.26.21]: SASL LOGIN authentication failed: UGFzc3dvcmQ6
Aug  9 10:59:29 brollon postfix/submission/smtpd[6084]: warning: unknown[213.176.26.113]: SASL LOGIN authentication failed: UGFzc3dvcmQ6
Aug  9 10:59:29 brollon postfix/submission/smtpd[6084]: disconnect from unknown[213.176.26.113] ehlo=1 auth=0/1 rset=1 quit=1 commands=3/4
Aug  9 10:59:29 brollon postfix/smtps/smtpd[6812]: lost connection after AUTH from unknown[213.176.26.21]
Aug  9 10:59:29 brollon postfix/smtps/smtpd[6812]: disconnect from unknown[213.176.26.21] ehlo=1 auth=0/1 rset=1 commands=2/3
Aug  9 10:59:31 brollon postfix/smtpd[30512]: connect from unknown[193.32.162.9]
Aug  9 10:59:33 brollon postfix/smtpd[30512]: warning: unknown[193.32.162.9]: SASL LOGIN authentication failed: UGFzc3dvcmQ6
Aug  9 10:59:33 brollon postfix/smtpd[30512]: lost connection after AUTH from unknown[193.32.162.9]
Aug  9 10:59:33 brollon postfix/smtpd[30512]: disconnect from unknown[193.32.162.9] ehlo=1 auth=0/1 commands=1/2
Aug  9 10:59:38 brollon postfix/submission/smtpd[3072]: connect from unknown[213.176.26.159]
Aug  9 10:59:45 brollon postfix/submission/smtpd[3072]: warning: unknown[213.176.26.159]: SASL LOGIN authentication failed: UGFzc3dvcmQ6
Aug  9 10:59:46 brollon postfix/submission/smtpd[3072]: disconnect from unknown[213.176.26.159] ehlo=1 auth=0/1 rset=1 quit=1 commands=3/4
Aug  9 10:59:47 brollon postfix/submission/smtpd[6084]: connect from unknown[213.176.26.114]
Aug  9 10:59:52 brollon postfix/submission/smtpd[6084]: warning: unknown[213.176.26.114]: SASL LOGIN authentication failed: UGFzc3dvcmQ6
Aug  9 10:59:52 brollon postfix/submission/smtpd[6084]: disconnect from unknown[213.176.26.114] ehlo=1 auth=0/1 rset=1 quit=1 commands=3/4
Aug  9 10:59:56 brollon postfix/submission/smtpd[3131]: connect from unknown[213.176.26.76]
Aug  9 10:59:57 brollon postfix/submission/smtpd[1911]: connect from unknown[213.176.26.134]
Aug  9 11:00:01 brollon postfix/smtpd[30512]: connect from localhost[127.0.0.1]
Aug  9 11:00:01 brollon postfix/smtpd[30512]: lost connection after CONNECT from localhost[127.0.0.1]
Aug  9 11:00:01 brollon postfix/smtpd[30512]: disconnect from localhost[127.0.0.1] commands=0/0
Aug  9 11:00:01 brollon dovecot: pop3-login: Disconnected (no auth attempts in 0 secs): user=<>, rip=127.0.0.1, lip=127.0.0.1, secured, session=<KhWtI5tYFr5/AAAB>
Aug  9 11:00:01 brollon dovecot: imap-login: Disconnected (no auth attempts in 0 secs): user=<>, rip=127.0.0.1, lip=127.0.0.1, secured, session=<Fy+tI5tY5sV/AAAB>
Aug  9 11:00:02 brollon postfix/smtpd[30512]: connect from localhost[127.0.0.1]
Aug  9 11:00:02 brollon postfix/smtpd[30512]: lost connection after CONNECT from localhost[127.0.0.1]
Aug  9 11:00:02 brollon postfix/smtpd[30512]: disconnect from localhost[127.0.0.1] commands=0/0
Aug  9 11:00:02 brollon dovecot: imap-login: Disconnected (no auth attempts in 0 secs): user=<>, rip=127.0.0.1, lip=127.0.0.1, secured, session=<BtewI5tY8sV/AAAB>
Aug  9 11:00:02 brollon dovecot: pop3-login: Disconnected (no auth attempts in 0 secs): user=<>, rip=127.0.0.1, lip=127.0.0.1, secured, session=<NfawI5tYIr5/AAAB>
Aug  9 11:00:03 brollon postfix/submission/smtpd[3131]: warning: unknown[213.176.26.76]: SASL LOGIN authentication failed: UGFzc3dvcmQ6
Aug  9 11:00:03 brollon postfix/submission/smtpd[1911]: warning: unknown[213.176.26.134]: SASL LOGIN authentication failed: UGFzc3dvcmQ6
Aug  9 11:00:03 brollon postfix/submission/smtpd[1911]: disconnect from unknown[213.176.26.134] ehlo=1 auth=0/1 rset=1 quit=1 commands=3/4
Aug  9 11:00:04 brollon postfix/submission/smtpd[3131]: disconnect from unknown[213.176.26.76] ehlo=1 auth=0/1 rset=1 quit=1 commands=3/4
Aug  9 11:00:04 brollon dovecot: imap-login: Login: user=<comunicacion@concellodapobradobrollon.gal>, method=PLAIN, rip=31.221.174.82, lip=54.37.21.250, mpid=8755, TLS, session=<prbQI5tYqQof3a5S>
Aug  9 11:00:08 brollon postfix/submission/smtpd[3072]: connect from unknown[213.176.26.85]
Aug  9 11:00:11 brollon dovecot: imap(comunicacion@concellodapobradobrollon.gal): Connection closed (IDLE running for 0.001 + waiting input for 5.487 secs, 2 B in + 10+0 B out, state=wait-input) in=287 out=1852
Aug  9 11:00:14 brollon postfix/submission/smtpd[3072]: warning: unknown[213.176.26.85]: SASL LOGIN authentication failed: UGFzc3dvcmQ6
Aug  9 11:00:14 brollon postfix/submission/smtpd[3072]: disconnect from unknown[213.176.26.85] ehlo=1 auth=0/1 rset=1 quit=1 commands=3/4
Aug  9 11:00:15 brollon postfix/smtps/smtpd[5103]: connect from unknown[213.176.26.109]
Aug  9 11:00:16 brollon postfix/smtps/smtpd[6812]: connect from unknown[213.176.26.153]
Aug  9 11:00:17 brollon postfix/submission/smtpd[6084]: connect from unknown[213.176.26.74]
Aug  9 11:00:17 brollon postfix/submission/smtpd[1911]: connect from unknown[213.176.26.78]
Aug  9 11:00:19 brollon postfix/smtps/smtpd[8767]: connect from unknown[213.176.26.54]
Aug  9 11:00:19 brollon postfix/smtps/smtpd[8769]: connect from unknown[213.176.26.95]
Aug  9 11:00:20 brollon postfix/submission/smtpd[3131]: connect from unknown[213.176.26.144]
Aug  9 11:00:21 brollon postfix/submission/smtpd[1911]: warning: unknown[213.176.26.78]: SASL LOGIN authentication failed: UGFzc3dvcmQ6
Aug  9 11:00:21 brollon postfix/submission/smtpd[1911]: disconnect from unknown[213.176.26.78] ehlo=1 auth=0/1 rset=1 quit=1 commands=3/4
Aug  9 11:00:22 brollon postfix/smtps/smtpd[6812]: warning: unknown[213.176.26.153]: SASL LOGIN authentication failed: UGFzc3dvcmQ6
Aug  9 11:00:22 brollon postfix/smtps/smtpd[5103]: warning: unknown[213.176.26.109]: SASL LOGIN authentication failed: UGFzc3dvcmQ6
Aug  9 11:00:22 brollon postfix/smtps/smtpd[6812]: lost connection after AUTH from unknown[213.176.26.153]
Aug  9 11:00:22 brollon postfix/smtps/smtpd[6812]: disconnect from unknown[213.176.26.153] ehlo=1 auth=0/1 rset=1 commands=2/3
Aug  9 11:00:22 brollon postfix/smtps/smtpd[5103]: lost connection after AUTH from unknown[213.176.26.109]
Aug  9 11:00:22 brollon postfix/smtps/smtpd[5103]: disconnect from unknown[213.176.26.109] ehlo=1 auth=0/1 rset=1 commands=2/3
Aug  9 11:00:24 brollon postfix/submission/smtpd[6084]: warning: unknown[213.176.26.74]: SASL LOGIN authentication failed: UGFzc3dvcmQ6
Aug  9 11:00:24 brollon postfix/submission/smtpd[6084]: disconnect from unknown[213.176.26.74] ehlo=1 auth=0/1 rset=1 quit=1 commands=3/4
Aug  9 11:00:25 brollon postfix/smtps/smtpd[6812]: connect from unknown[213.176.26.51]
Aug  9 11:00:25 brollon postfix/smtps/smtpd[8769]: warning: unknown[213.176.26.95]: SASL LOGIN authentication failed: UGFzc3dvcmQ6
Aug  9 11:00:25 brollon postfix/smtps/smtpd[8767]: warning: unknown[213.176.26.54]: SASL LOGIN authentication failed: UGFzc3dvcmQ6
Aug  9 11:00:25 brollon postfix/smtps/smtpd[8769]: lost connection after AUTH from unknown[213.176.26.95]
Aug  9 11:00:25 brollon postfix/smtps/smtpd[8769]: disconnect from unknown[213.176.26.95] ehlo=1 auth=0/1 rset=1 commands=2/3
Aug  9 11:00:25 brollon postfix/smtps/smtpd[8767]: lost connection after AUTH from unknown[213.176.26.54]
Aug  9 11:00:25 brollon postfix/smtps/smtpd[8767]: disconnect from unknown[213.176.26.54] ehlo=1 auth=0/1 rset=1 commands=2/3
Aug  9 11:00:25 brollon postfix/submission/smtpd[3072]: connect from unknown[213.176.26.113]
Aug  9 11:00:26 brollon postfix/submission/smtpd[1911]: connect from unknown[213.176.26.64]
Aug  9 11:00:27 brollon postfix/submission/smtpd[3131]: warning: unknown[213.176.26.144]: SASL LOGIN authentication failed: UGFzc3dvcmQ6
Aug  9 11:00:27 brollon postfix/submission/smtpd[3131]: disconnect from unknown[213.176.26.144] ehlo=1 auth=0/1 rset=1 quit=1 commands=3/4
Aug  9 11:00:29 brollon postfix/smtps/smtpd[5103]: connect from unknown[213.176.24.64]
Aug  9 11:00:31 brollon postfix/smtps/smtpd[6812]: warning: unknown[213.176.26.51]: SASL LOGIN authentication failed: UGFzc3dvcmQ6
Aug  9 11:00:32 brollon postfix/submission/smtpd[3072]: warning: unknown[213.176.26.113]: SASL LOGIN authentication failed: UGFzc3dvcmQ6
Aug  9 11:00:32 brollon postfix/submission/smtpd[3072]: disconnect from unknown[213.176.26.113] ehlo=1 auth=0/1 rset=1 quit=1 commands=3/4
Aug  9 11:00:32 brollon postfix/smtps/smtpd[6812]: lost connection after AUTH from unknown[213.176.26.51]
Aug  9 11:00:32 brollon postfix/smtps/smtpd[6812]: disconnect from unknown[213.176.26.51] ehlo=1 auth=0/1 rset=1 commands=2/3
Aug  9 11:00:33 brollon postfix/submission/smtpd[1911]: warning: unknown[213.176.26.64]: SASL LOGIN authentication failed: UGFzc3dvcmQ6
Aug  9 11:00:33 brollon postfix/submission/smtpd[1911]: disconnect from unknown[213.176.26.64] ehlo=1 auth=0/1 rset=1 quit=1 commands=3/4
Aug  9 11:00:34 brollon postfix/smtps/smtpd[8767]: connect from unknown[213.176.26.22]
Aug  9 11:00:39 brollon postfix/submission/smtpd[6084]: connect from unknown[213.176.26.159]
Aug  9 11:00:40 brollon postfix/smtps/smtpd[8767]: warning: unknown[213.176.26.22]: SASL LOGIN authentication failed: UGFzc3dvcmQ6
Aug  9 11:00:40 brollon postfix/smtps/smtpd[8767]: lost connection after AUTH from unknown[213.176.26.22]
Aug  9 11:00:40 brollon postfix/smtps/smtpd[8767]: disconnect from unknown[213.176.26.22] ehlo=1 auth=0/1 rset=1 commands=2/3
Aug  9 11:00:46 brollon postfix/submission/smtpd[6084]: warning: unknown[213.176.26.159]: SASL LOGIN authentication failed: UGFzc3dvcmQ6
Aug  9 11:00:46 brollon postfix/submission/smtpd[6084]: disconnect from unknown[213.176.26.159] ehlo=1 auth=0/1 rset=1 quit=1 commands=3/4
Aug  9 11:00:47 brollon postfix/submission/smtpd[3131]: connect from unknown[213.176.26.114]
Aug  9 11:00:51 brollon postfix/smtps/smtpd[8769]: connect from unknown[213.176.26.72]
Aug  9 11:00:54 brollon postfix/submission/smtpd[3131]: warning: unknown[213.176.26.114]: SASL LOGIN authentication failed: UGFzc3dvcmQ6
Aug  9 11:00:54 brollon postfix/submission/smtpd[3131]: disconnect from unknown[213.176.26.114] ehlo=1 auth=0/1 rset=1 quit=1 commands=3/4
Aug  9 11:00:56 brollon postfix/smtps/smtpd[5103]: warning: unknown[213.176.24.64]: SASL LOGIN authentication failed: UGFzc3dvcmQ6
Aug  9 11:00:56 brollon postfix/smtps/smtpd[5103]: lost connection after AUTH from unknown[213.176.24.64]
Aug  9 11:00:56 brollon postfix/smtps/smtpd[5103]: disconnect from unknown[213.176.24.64] ehlo=1 auth=0/1 rset=1 commands=2/3
Aug  9 11:00:57 brollon postfix/smtps/smtpd[8769]: warning: unknown[213.176.26.72]: SASL LOGIN authentication failed: UGFzc3dvcmQ6
Aug  9 11:00:57 brollon postfix/smtps/smtpd[8769]: lost connection after AUTH from unknown[213.176.26.72]
Aug  9 11:00:57 brollon postfix/smtps/smtpd[8769]: disconnect from unknown[213.176.26.72] ehlo=1 auth=0/1 rset=1 commands=2/3
Aug  9 11:00:59 brollon postfix/submission/smtpd[3072]: connect from unknown[213.176.26.76]
Aug  9 11:01:00 brollon postfix/submission/smtpd[1911]: connect from unknown[213.176.26.134]
Aug  9 11:01:01 brollon postfix/smtpd[30512]: connect from localhost[127.0.0.1]
Aug  9 11:01:01 brollon postfix/smtpd[30512]: lost connection after CONNECT from localhost[127.0.0.1]
Aug  9 11:01:01 brollon postfix/smtpd[30512]: disconnect from localhost[127.0.0.1] commands=0/0
Aug  9 11:01:01 brollon postfix/pickup[7895]: 3675C439CD: uid=5004 from=<web1>
Aug  9 11:01:01 brollon dovecot: pop3-login: Disconnected (no auth attempts in 0 secs): user=<>, rip=127.0.0.1, lip=127.0.0.1, secured, session=<4yU1J5tYGr9/AAAB>
Aug  9 11:01:01 brollon dovecot: imap-login: Disconnected (no auth attempts in 0 secs): user=<>, rip=127.0.0.1, lip=127.0.0.1, secured, session=<eDM1J5tY6sZ/AAAB>
Aug  9 11:01:01 brollon postfix/cleanup[8804]: 3675C439CD: message-id=<20260809110101.3675C439CD@brollon.galiciadigital.net>
Aug  9 11:01:01 brollon postfix/qmgr[1580]: 3675C439CD: from=<web1@servidor-1.localdomain>, size=810, nrcpt=1 (queue active)
Aug  9 11:01:01 brollon postfix/smtpd[8824]: connect from localhost[127.0.0.1]
Aug  9 11:01:01 brollon postfix/smtpd[8824]: CC1BF420BF: client=localhost[127.0.0.1]
Aug  9 11:01:01 brollon postfix/cleanup[8804]: CC1BF420BF: message-id=<20260809110101.3675C439CD@brollon.galiciadigital.net>
Aug  9 11:01:01 brollon postfix/smtpd[8824]: disconnect from localhost[127.0.0.1] ehlo=1 mail=1 rcpt=1 data=1 quit=1 commands=5
Aug  9 11:01:01 brollon postfix/qmgr[1580]: CC1BF420BF: from=<web1@servidor-1.localdomain>, size=1308, nrcpt=1 (queue active)
Aug  9 11:01:01 brollon amavis[17913]: (17913-20) Passed CLEAN {RelayedInternal}, LOCAL [127.0.0.1] <web1@servidor-1.localdomain> -> <web1@servidor-1.localdomain>, Message-ID: <20260809110101.3675C439CD@brollon.galiciadigital.net>, mail_id: NODGjSKR6kc8, Hits: 1.178, size: 810, queued_as: CC1BF420BF, 516 ms
Aug  9 11:01:01 brollon postfix/smtp[8817]: 3675C439CD: to=<web1@servidor-1.localdomain>, orig_to=<web1>, relay=127.0.0.1[127.0.0.1]:10024, delay=0.67, delays=0.1/0.02/0.04/0.51, dsn=2.0.0, status=sent (250 2.0.0 from MTA(smtp:[127.0.0.1]:10025): 250 2.0.0 Ok: queued as CC1BF420BF)
Aug  9 11:01:01 brollon postfix/qmgr[1580]: 3675C439CD: removed
Aug  9 11:01:01 brollon postfix/smtp[8825]: CC1BF420BF: to=<web1@servidor-1.localdomain>, relay=none, delay=0.03, delays=0.01/0.01/0.01/0, dsn=5.4.4, status=bounced (Host or domain name not found. Name service error for name=servidor-1.localdomain type=AAAA: Host not found)
Aug  9 11:01:01 brollon postfix/cleanup[8804]: DA19B439D2: message-id=<20260809110101.DA19B439D2@brollon.galiciadigital.net>
Aug  9 11:01:01 brollon postfix/qmgr[1580]: DA19B439D2: from=<>, size=3500, nrcpt=1 (queue active)
Aug  9 11:01:01 brollon postfix/bounce[8828]: CC1BF420BF: sender non-delivery notification: DA19B439D2
Aug  9 11:01:01 brollon postfix/qmgr[1580]: CC1BF420BF: removed
Aug  9 11:01:01 brollon postfix/smtp[8825]: DA19B439D2: to=<web1@servidor-1.localdomain>, relay=none, delay=0.02, delays=0.01/0/0.01/0, dsn=5.4.4, status=bounced (Host or domain name not found. Name service error for name=servidor-1.localdomain type=AAAA: Host not found)
Aug  9 11:01:01 brollon postfix/qmgr[1580]: DA19B439D2: removed
Aug  9 11:01:02 brollon postfix/submission/smtpd[3072]: warning: unknown[213.176.26.76]: SASL LOGIN authentication failed: UGFzc3dvcmQ6
Aug  9 11:01:02 brollon postfix/submission/smtpd[3072]: disconnect from unknown[213.176.26.76] ehlo=1 auth=0/1 rset=1 quit=1 commands=3/4
Aug  9 11:01:07 brollon postfix/submission/smtpd[1911]: warning: unknown[213.176.26.134]: SASL LOGIN authentication failed: UGFzc3dvcmQ6
Aug  9 11:01:07 brollon postfix/submission/smtpd[1911]: disconnect from unknown[213.176.26.134] ehlo=1 auth=0/1 rset=1 quit=1 commands=3/4
Aug  9 11:01:08 brollon postfix/smtps/smtpd[6812]: connect from unknown[213.176.26.58]
Aug  9 11:01:10 brollon postfix/submission/smtpd[6084]: connect from unknown[213.176.26.85]
Aug  9 11:01:13 brollon postfix/submission/smtpd[6084]: warning: unknown[213.176.26.85]: SASL LOGIN authentication failed: UGFzc3dvcmQ6
Aug  9 11:01:13 brollon postfix/submission/smtpd[6084]: disconnect from unknown[213.176.26.85] ehlo=1 auth=0/1 rset=1 quit=1 commands=3/4
Aug  9 11:01:14 brollon postfix/smtps/smtpd[6812]: warning: unknown[213.176.26.58]: SASL LOGIN authentication failed: UGFzc3dvcmQ6
Aug  9 11:01:14 brollon postfix/smtps/smtpd[6812]: lost connection after AUTH from unknown[213.176.26.58]
Aug  9 11:01:14 brollon postfix/smtps/smtpd[6812]: disconnect from unknown[213.176.26.58] ehlo=1 auth=0/1 rset=1 commands=2/3
Aug  9 11:01:19 brollon postfix/submission/smtpd[3131]: connect from unknown[213.176.26.74]
Aug  9 11:01:20 brollon postfix/submission/smtpd[3072]: connect from unknown[213.176.26.78]
Aug  9 11:01:20 brollon postfix/smtps/smtpd[8767]: connect from unknown[213.176.26.42]
Aug  9 11:01:24 brollon postfix/submission/smtpd[1911]: connect from unknown[213.176.26.144]
Aug  9 11:01:25 brollon postfix/smtps/smtpd[8767]: warning: unknown[213.176.26.42]: SASL LOGIN authentication failed: UGFzc3dvcmQ6
Aug  9 11:01:25 brollon postfix/submission/smtpd[3131]: warning: unknown[213.176.26.74]: SASL LOGIN authentication failed: UGFzc3dvcmQ6
Aug  9 11:01:25 brollon postfix/submission/smtpd[3131]: disconnect from unknown[213.176.26.74] ehlo=1 auth=0/1 rset=1 quit=1 commands=3/4
Aug  9 11:01:25 brollon postfix/smtps/smtpd[8767]: lost connection after AUTH from unknown[213.176.26.42]
Aug  9 11:01:25 brollon postfix/smtps/smtpd[8767]: disconnect from unknown[213.176.26.42] ehlo=1 auth=0/1 rset=1 commands=2/3
Aug  9 11:01:26 brollon postfix/submission/smtpd[6084]: connect from unknown[213.176.26.113]
Aug  9 11:01:27 brollon postfix/submission/smtpd[3072]: warning: unknown[213.176.26.78]: SASL LOGIN authentication failed: UGFzc3dvcmQ6
