Aug  9 08:04:48 brollon postfix/submission/smtpd[8508]: warning: unknown[213.176.26.134]: SASL LOGIN authentication failed: UGFzc3dvcmQ6
Aug  9 08:04:48 brollon postfix/submission/smtpd[8508]: disconnect from unknown[213.176.26.134] ehlo=1 auth=0/1 rset=1 quit=1 commands=3/4
Aug  9 08:04:53 brollon postfix/submission/smtpd[5684]: warning: unknown[213.176.26.113]: SASL LOGIN authentication failed: UGFzc3dvcmQ6
Aug  9 08:04:53 brollon postfix/submission/smtpd[5684]: disconnect from unknown[213.176.26.113] ehlo=1 auth=0/1 rset=1 quit=1 commands=3/4
Aug  9 08:04:54 brollon postfix/smtps/smtpd[7200]: warning: unknown[213.176.26.62]: SASL LOGIN authentication failed: UGFzc3dvcmQ6
Aug  9 08:04:56 brollon postfix/smtps/smtpd[7200]: lost connection after AUTH from unknown[213.176.26.62]
Aug  9 08:04:56 brollon postfix/smtps/smtpd[7200]: disconnect from unknown[213.176.26.62] ehlo=1 auth=0/1 rset=1 commands=2/3
Aug  9 08:05:01 brollon postfix/smtpd[8357]: connect from localhost[127.0.0.1]
Aug  9 08:05:01 brollon postfix/smtpd[8357]: lost connection after CONNECT from localhost[127.0.0.1]
Aug  9 08:05:01 brollon postfix/smtpd[8357]: disconnect from localhost[127.0.0.1] commands=0/0
Aug  9 08:05:01 brollon dovecot: imap-login: Disconnected (no auth attempts in 0 secs): user=<>, rip=127.0.0.1, lip=127.0.0.1, secured, session=<UOvMsZhYQoZ/AAAB>
Aug  9 08:05:01 brollon dovecot: pop3-login: Disconnected (no auth attempts in 0 secs): user=<>, rip=127.0.0.1, lip=127.0.0.1, secured, session=<ie/MsZhYuux/AAAB>
Aug  9 08:05:01 brollon postfix/smtpd[8357]: connect from localhost[127.0.0.1]
Aug  9 08:05:01 brollon postfix/smtpd[8357]: lost connection after CONNECT from localhost[127.0.0.1]
Aug  9 08:05:01 brollon postfix/smtpd[8357]: disconnect from localhost[127.0.0.1] commands=0/0
Aug  9 08:05:01 brollon dovecot: imap-login: Disconnected (no auth attempts in 0 secs): user=<>, rip=127.0.0.1, lip=127.0.0.1, secured, session=<cLPPsZhYToZ/AAAB>
Aug  9 08:05:01 brollon dovecot: pop3-login: Disconnected (no auth attempts in 0 secs): user=<>, rip=127.0.0.1, lip=127.0.0.1, secured, session=<aObPsZhYxux/AAAB>
Aug  9 08:05:08 brollon dovecot: pop3-login: Disconnected: Too many bad commands (no auth attempts in 0 secs): user=<>, rip=3.129.187.38, lip=54.37.21.250, session=<HoM7sphY+vUDgbsm>
Aug  9 08:05:09 brollon postfix/submission/smtpd[6324]: connect from unknown[213.176.26.78]
Aug  9 08:05:09 brollon postfix/submission/smtpd[8389]: connect from unknown[213.176.26.76]
Aug  9 08:05:13 brollon postfix/submission/smtpd[5684]: connect from unknown[213.176.26.159]
Aug  9 08:05:13 brollon postfix/submission/smtpd[8508]: connect from unknown[213.176.26.64]
Aug  9 08:05:14 brollon postfix/smtps/smtpd[3838]: connect from unknown[213.176.26.182]
Aug  9 08:05:15 brollon postfix/submission/smtpd[8389]: warning: unknown[213.176.26.76]: SASL LOGIN authentication failed: UGFzc3dvcmQ6
Aug  9 08:05:15 brollon postfix/submission/smtpd[8389]: disconnect from unknown[213.176.26.76] ehlo=1 auth=0/1 rset=1 quit=1 commands=3/4
Aug  9 08:05:16 brollon postfix/submission/smtpd[6324]: warning: unknown[213.176.26.78]: SASL LOGIN authentication failed: UGFzc3dvcmQ6
Aug  9 08:05:16 brollon postfix/submission/smtpd[6324]: disconnect from unknown[213.176.26.78] ehlo=1 auth=0/1 rset=1 quit=1 commands=3/4
Aug  9 08:05:18 brollon postfix/submission/smtpd[8389]: connect from unknown[213.176.26.74]
Aug  9 08:05:20 brollon postfix/submission/smtpd[5684]: warning: unknown[213.176.26.159]: SASL LOGIN authentication failed: UGFzc3dvcmQ6
Aug  9 08:05:20 brollon postfix/submission/smtpd[8508]: warning: unknown[213.176.26.64]: SASL LOGIN authentication failed: UGFzc3dvcmQ6
Aug  9 08:05:20 brollon postfix/submission/smtpd[8508]: disconnect from unknown[213.176.26.64] ehlo=1 auth=0/1 rset=1 quit=1 commands=3/4
Aug  9 08:05:21 brollon postfix/submission/smtpd[5684]: disconnect from unknown[213.176.26.159] ehlo=1 auth=0/1 rset=1 quit=1 commands=3/4
Aug  9 08:05:21 brollon postfix/smtps/smtpd[3838]: warning: unknown[213.176.26.182]: SASL LOGIN authentication failed: UGFzc3dvcmQ6
Aug  9 08:05:21 brollon postfix/smtps/smtpd[3838]: lost connection after AUTH from unknown[213.176.26.182]
Aug  9 08:05:21 brollon postfix/smtps/smtpd[3838]: disconnect from unknown[213.176.26.182] ehlo=1 auth=0/1 rset=1 commands=2/3
Aug  9 08:05:23 brollon postfix/smtps/smtpd[7200]: connect from unknown[213.176.26.63]
Aug  9 08:05:25 brollon postfix/submission/smtpd[8389]: warning: unknown[213.176.26.74]: SASL LOGIN authentication failed: UGFzc3dvcmQ6
Aug  9 08:05:25 brollon postfix/submission/smtpd[8389]: disconnect from unknown[213.176.26.74] ehlo=1 auth=0/1 rset=1 quit=1 commands=3/4
Aug  9 08:05:29 brollon postfix/smtps/smtpd[7200]: warning: unknown[213.176.26.63]: SASL LOGIN authentication failed: UGFzc3dvcmQ6
Aug  9 08:05:29 brollon postfix/smtps/smtpd[7200]: lost connection after AUTH from unknown[213.176.26.63]
Aug  9 08:05:29 brollon postfix/smtps/smtpd[7200]: disconnect from unknown[213.176.26.63] ehlo=1 auth=0/1 rset=1 commands=2/3
Aug  9 08:05:37 brollon postfix/submission/smtpd[6324]: connect from unknown[213.176.26.114]
Aug  9 08:05:39 brollon postfix/submission/smtpd[8508]: connect from unknown[213.176.26.85]
Aug  9 08:05:41 brollon postfix/submission/smtpd[6324]: warning: unknown[213.176.26.114]: SASL LOGIN authentication failed: UGFzc3dvcmQ6
Aug  9 08:05:41 brollon postfix/submission/smtpd[6324]: disconnect from unknown[213.176.26.114] ehlo=1 auth=0/1 rset=1 quit=1 commands=3/4
Aug  9 08:05:41 brollon postfix/smtps/smtpd[3838]: connect from unknown[213.176.26.123]
Aug  9 08:05:42 brollon postfix/submission/smtpd[8389]: connect from unknown[213.176.26.144]
Aug  9 08:05:43 brollon postfix/smtpd[8357]: connect from unknown[92.118.39.232]
Aug  9 08:05:44 brollon postfix/submission/smtpd[6324]: connect from unknown[213.176.26.134]
Aug  9 08:05:45 brollon postfix/smtps/smtpd[3838]: warning: unknown[213.176.26.123]: SASL LOGIN authentication failed: UGFzc3dvcmQ6
Aug  9 08:05:45 brollon postfix/smtps/smtpd[3838]: lost connection after AUTH from unknown[213.176.26.123]
Aug  9 08:05:45 brollon postfix/smtps/smtpd[3838]: disconnect from unknown[213.176.26.123] ehlo=1 auth=0/1 rset=1 commands=2/3
Aug  9 08:05:46 brollon postfix/submission/smtpd[8508]: warning: unknown[213.176.26.85]: SASL LOGIN authentication failed: UGFzc3dvcmQ6
Aug  9 08:05:46 brollon postfix/smtpd[8357]: warning: unknown[92.118.39.232]: SASL LOGIN authentication failed: UGFzc3dvcmQ6
Aug  9 08:05:46 brollon postfix/submission/smtpd[8508]: disconnect from unknown[213.176.26.85] ehlo=1 auth=0/1 rset=1 quit=1 commands=3/4
Aug  9 08:05:46 brollon postfix/smtpd[8357]: disconnect from unknown[92.118.39.232] ehlo=1 auth=0/1 quit=1 commands=2/3
Aug  9 08:05:47 brollon postfix/submission/smtpd[5684]: connect from unknown[213.176.26.113]
Aug  9 08:05:48 brollon postfix/submission/smtpd[8389]: warning: unknown[213.176.26.144]: SASL LOGIN authentication failed: UGFzc3dvcmQ6
Aug  9 08:05:48 brollon postfix/submission/smtpd[8389]: disconnect from unknown[213.176.26.144] ehlo=1 auth=0/1 rset=1 quit=1 commands=3/4
Aug  9 08:05:50 brollon postfix/smtps/smtpd[7200]: connect from unknown[213.176.26.21]
Aug  9 08:05:51 brollon postfix/submission/smtpd[6324]: warning: unknown[213.176.26.134]: SASL LOGIN authentication failed: UGFzc3dvcmQ6
Aug  9 08:05:51 brollon postfix/submission/smtpd[6324]: disconnect from unknown[213.176.26.134] ehlo=1 auth=0/1 rset=1 quit=1 commands=3/4
Aug  9 08:05:53 brollon postfix/smtps/smtpd[3838]: connect from unknown[213.176.26.166]
Aug  9 08:05:54 brollon postfix/submission/smtpd[5684]: warning: unknown[213.176.26.113]: SASL LOGIN authentication failed: UGFzc3dvcmQ6
Aug  9 08:05:54 brollon postfix/smtps/smtpd[7200]: warning: unknown[213.176.26.21]: SASL LOGIN authentication failed: UGFzc3dvcmQ6
Aug  9 08:05:54 brollon postfix/smtps/smtpd[7200]: lost connection after AUTH from unknown[213.176.26.21]
Aug  9 08:05:54 brollon postfix/smtps/smtpd[7200]: disconnect from unknown[213.176.26.21] ehlo=1 auth=0/1 rset=1 commands=2/3
Aug  9 08:05:54 brollon postfix/submission/smtpd[5684]: disconnect from unknown[213.176.26.113] ehlo=1 auth=0/1 rset=1 quit=1 commands=3/4
Aug  9 08:05:59 brollon postfix/smtps/smtpd[3838]: warning: unknown[213.176.26.166]: SASL LOGIN authentication failed: UGFzc3dvcmQ6
Aug  9 08:05:59 brollon postfix/smtps/smtpd[3838]: lost connection after AUTH from unknown[213.176.26.166]
Aug  9 08:05:59 brollon postfix/smtps/smtpd[3838]: disconnect from unknown[213.176.26.166] ehlo=1 auth=0/1 rset=1 commands=2/3
Aug  9 08:06:00 brollon postfix/smtps/smtpd[7200]: connect from unknown[213.176.26.77]
Aug  9 08:06:02 brollon postfix/smtpd[8357]: connect from localhost[127.0.0.1]
Aug  9 08:06:02 brollon postfix/smtpd[8357]: lost connection after CONNECT from localhost[127.0.0.1]
Aug  9 08:06:02 brollon postfix/smtpd[8357]: disconnect from localhost[127.0.0.1] commands=0/0
Aug  9 08:06:02 brollon dovecot: imap-login: Disconnected (no auth attempts in 0 secs): user=<>, rip=127.0.0.1, lip=127.0.0.1, secured, session=<loVqtZhYnId/AAAB>
Aug  9 08:06:02 brollon dovecot: pop3-login: Disconnected (no auth attempts in 0 secs): user=<>, rip=127.0.0.1, lip=127.0.0.1, secured, session=<tZlqtZhYFO5/AAAB>
Aug  9 08:06:04 brollon postfix/smtps/smtpd[7200]: warning: unknown[213.176.26.77]: SASL LOGIN authentication failed: UGFzc3dvcmQ6
Aug  9 08:06:04 brollon postfix/smtps/smtpd[7200]: lost connection after AUTH from unknown[213.176.26.77]
Aug  9 08:06:04 brollon postfix/smtps/smtpd[7200]: disconnect from unknown[213.176.26.77] ehlo=1 auth=0/1 rset=1 commands=2/3
Aug  9 08:06:12 brollon postfix/submission/smtpd[8508]: connect from unknown[213.176.26.76]
Aug  9 08:06:14 brollon postfix/submission/smtpd[6324]: connect from unknown[213.176.26.159]
Aug  9 08:06:15 brollon postfix/submission/smtpd[8389]: connect from unknown[213.176.26.78]
Aug  9 08:06:15 brollon postfix/submission/smtpd[5684]: connect from unknown[213.176.26.64]
Aug  9 08:06:19 brollon postfix/submission/smtpd[8508]: warning: unknown[213.176.26.76]: SASL LOGIN authentication failed: UGFzc3dvcmQ6
Aug  9 08:06:19 brollon postfix/smtps/smtpd[3838]: connect from unknown[213.176.26.23]
Aug  9 08:06:20 brollon postfix/submission/smtpd[8508]: disconnect from unknown[213.176.26.76] ehlo=1 auth=0/1 rset=1 quit=1 commands=3/4
Aug  9 08:06:21 brollon postfix/submission/smtpd[8508]: connect from unknown[213.176.26.74]
Aug  9 08:06:21 brollon postfix/submission/smtpd[6324]: warning: unknown[213.176.26.159]: SASL LOGIN authentication failed: UGFzc3dvcmQ6
Aug  9 08:06:21 brollon postfix/submission/smtpd[6324]: disconnect from unknown[213.176.26.159] ehlo=1 auth=0/1 rset=1 quit=1 commands=3/4
Aug  9 08:06:22 brollon postfix/submission/smtpd[5684]: warning: unknown[213.176.26.64]: SASL LOGIN authentication failed: UGFzc3dvcmQ6
Aug  9 08:06:22 brollon postfix/submission/smtpd[8389]: warning: unknown[213.176.26.78]: SASL LOGIN authentication failed: UGFzc3dvcmQ6
Aug  9 08:06:22 brollon postfix/submission/smtpd[5684]: disconnect from unknown[213.176.26.64] ehlo=1 auth=0/1 rset=1 quit=1 commands=3/4
Aug  9 08:06:23 brollon postfix/submission/smtpd[8508]: warning: unknown[213.176.26.74]: SASL LOGIN authentication failed: UGFzc3dvcmQ6
Aug  9 08:06:23 brollon postfix/submission/smtpd[8389]: disconnect from unknown[213.176.26.78] ehlo=1 auth=0/1 rset=1 quit=1 commands=3/4
Aug  9 08:06:24 brollon postfix/submission/smtpd[8508]: disconnect from unknown[213.176.26.74] ehlo=1 auth=0/1 rset=1 quit=1 commands=3/4
Aug  9 08:06:24 brollon postfix/smtps/smtpd[3838]: warning: unknown[213.176.26.23]: SASL LOGIN authentication failed: UGFzc3dvcmQ6
Aug  9 08:06:24 brollon postfix/smtps/smtpd[3838]: lost connection after AUTH from unknown[213.176.26.23]
Aug  9 08:06:24 brollon postfix/smtps/smtpd[3838]: disconnect from unknown[213.176.26.23] ehlo=1 auth=0/1 rset=1 commands=2/3
Aug  9 08:06:29 brollon dovecot: pop3-login: Disconnected: Too many bad commands (no auth attempts in 1 secs): user=<>, rip=3.129.187.38, lip=54.37.21.250, session=<iekNt5hYDFQDgbsm>
Aug  9 08:06:38 brollon postfix/submission/smtpd[6324]: connect from unknown[213.176.26.114]
Aug  9 08:06:41 brollon postfix/submission/smtpd[8389]: connect from unknown[213.176.26.85]
Aug  9 08:06:43 brollon postfix/anvil[12649]: statistics: max connection rate 2/60s for (submission:213.176.26.114) at Aug  9 07:57:31
Aug  9 08:06:43 brollon postfix/anvil[12649]: statistics: max connection count 1 for (submission:213.176.26.78) at Aug  9 07:56:43
Aug  9 08:06:43 brollon postfix/anvil[12649]: statistics: max cache size 22 at Aug  9 08:03:43
Aug  9 08:06:45 brollon postfix/submission/smtpd[6324]: warning: unknown[213.176.26.114]: SASL LOGIN authentication failed: UGFzc3dvcmQ6
Aug  9 08:06:45 brollon postfix/submission/smtpd[6324]: disconnect from unknown[213.176.26.114] ehlo=1 auth=0/1 rset=1 quit=1 commands=3/4
Aug  9 08:06:46 brollon postfix/submission/smtpd[8508]: connect from unknown[213.176.26.144]
Aug  9 08:06:47 brollon postfix/submission/smtpd[5684]: connect from unknown[213.176.26.134]
Aug  9 08:06:48 brollon postfix/submission/smtpd[8389]: warning: unknown[213.176.26.85]: SASL LOGIN authentication failed: UGFzc3dvcmQ6
Aug  9 08:06:48 brollon postfix/submission/smtpd[8389]: disconnect from unknown[213.176.26.85] ehlo=1 auth=0/1 rset=1 quit=1 commands=3/4
Aug  9 08:06:48 brollon postfix/submission/smtpd[6324]: connect from unknown[213.176.26.113]
Aug  9 08:06:53 brollon postfix/submission/smtpd[8508]: warning: unknown[213.176.26.144]: SASL LOGIN authentication failed: UGFzc3dvcmQ6
Aug  9 08:06:53 brollon postfix/submission/smtpd[8508]: disconnect from unknown[213.176.26.144] ehlo=1 auth=0/1 rset=1 quit=1 commands=3/4
Aug  9 08:06:54 brollon postfix/submission/smtpd[5684]: warning: unknown[213.176.26.134]: SASL LOGIN authentication failed: UGFzc3dvcmQ6
Aug  9 08:06:54 brollon postfix/submission/smtpd[5684]: disconnect from unknown[213.176.26.134] ehlo=1 auth=0/1 rset=1 quit=1 commands=3/4
Aug  9 08:06:55 brollon postfix/submission/smtpd[6324]: warning: unknown[213.176.26.113]: SASL LOGIN authentication failed: UGFzc3dvcmQ6
Aug  9 08:06:55 brollon postfix/submission/smtpd[6324]: disconnect from unknown[213.176.26.113] ehlo=1 auth=0/1 rset=1 quit=1 commands=3/4
Aug  9 08:07:01 brollon postfix/smtpd[8357]: connect from localhost[127.0.0.1]
Aug  9 08:07:01 brollon postfix/smtpd[8357]: lost connection after CONNECT from localhost[127.0.0.1]
Aug  9 08:07:01 brollon postfix/smtpd[8357]: disconnect from localhost[127.0.0.1] commands=0/0
Aug  9 08:07:01 brollon dovecot: imap-login: Disconnected (no auth attempts in 0 secs): user=<>, rip=127.0.0.1, lip=127.0.0.1, secured, session=<MUvyuJhYeIh/AAAB>
Aug  9 08:07:01 brollon dovecot: pop3-login: Disconnected (no auth attempts in 0 secs): user=<>, rip=127.0.0.1, lip=127.0.0.1, secured, session=<Qk3yuJhYqIB/AAAB>
Aug  9 08:07:03 brollon postfix/smtps/smtpd[7200]: connect from unknown[213.176.26.165]
Aug  9 08:07:09 brollon postfix/smtps/smtpd[7200]: warning: unknown[213.176.26.165]: SASL LOGIN authentication failed: UGFzc3dvcmQ6
Aug  9 08:07:09 brollon postfix/smtps/smtpd[7200]: lost connection after AUTH from unknown[213.176.26.165]
Aug  9 08:07:09 brollon postfix/smtps/smtpd[7200]: disconnect from unknown[213.176.26.165] ehlo=1 auth=0/1 rset=1 commands=2/3
Aug  9 08:07:10 brollon postfix/smtpd[32744]: timeout after AUTH from unknown[178.16.52.113]
Aug  9 08:07:10 brollon postfix/smtpd[32744]: disconnect from unknown[178.16.52.113] ehlo=1 auth=0/4 rset=4 commands=5/9
Aug  9 08:07:15 brollon postfix/submission/smtpd[8389]: connect from unknown[213.176.26.76]
Aug  9 08:07:16 brollon postfix/submission/smtpd[6324]: connect from unknown[213.176.26.159]
Aug  9 08:07:18 brollon postfix/submission/smtpd[5684]: connect from unknown[213.176.26.64]
Aug  9 08:07:18 brollon postfix/submission/smtpd[8508]: connect from unknown[213.176.26.78]
Aug  9 08:07:20 brollon postfix/smtps/smtpd[3838]: connect from unknown[213.176.26.175]
Aug  9 08:07:21 brollon postfix/submission/smtpd[8389]: warning: unknown[213.176.26.76]: SASL LOGIN authentication failed: UGFzc3dvcmQ6
Aug  9 08:07:22 brollon postfix/submission/smtpd[8389]: disconnect from unknown[213.176.26.76] ehlo=1 auth=0/1 rset=1 quit=1 commands=3/4
Aug  9 08:07:23 brollon postfix/submission/smtpd[6324]: warning: unknown[213.176.26.159]: SASL LOGIN authentication failed: UGFzc3dvcmQ6
Aug  9 08:07:23 brollon postfix/submission/smtpd[6324]: disconnect from unknown[213.176.26.159] ehlo=1 auth=0/1 rset=1 quit=1 commands=3/4
Aug  9 08:07:24 brollon postfix/submission/smtpd[8389]: connect from unknown[213.176.26.74]
Aug  9 08:07:24 brollon postfix/submission/smtpd[5684]: warning: unknown[213.176.26.64]: SASL LOGIN authentication failed: UGFzc3dvcmQ6
Aug  9 08:07:24 brollon postfix/submission/smtpd[5684]: disconnect from unknown[213.176.26.64] ehlo=1 auth=0/1 rset=1 quit=1 commands=3/4
Aug  9 08:07:25 brollon postfix/submission/smtpd[8508]: warning: unknown[213.176.26.78]: SASL LOGIN authentication failed: UGFzc3dvcmQ6
Aug  9 08:07:26 brollon postfix/smtps/smtpd[7200]: connect from unknown[213.176.26.191]
Aug  9 08:07:26 brollon postfix/submission/smtpd[8508]: disconnect from unknown[213.176.26.78] ehlo=1 auth=0/1 rset=1 quit=1 commands=3/4
Aug  9 08:07:27 brollon postfix/smtps/smtpd[3838]: warning: unknown[213.176.26.175]: SASL LOGIN authentication failed: UGFzc3dvcmQ6
Aug  9 08:07:28 brollon postfix/smtps/smtpd[3838]: lost connection after AUTH from unknown[213.176.26.175]
Aug  9 08:07:28 brollon postfix/smtps/smtpd[3838]: disconnect from unknown[213.176.26.175] ehlo=1 auth=0/1 rset=1 commands=2/3
Aug  9 08:07:28 brollon postfix/smtps/smtpd[7200]: warning: unknown[213.176.26.191]: SASL LOGIN authentication failed: UGFzc3dvcmQ6
Aug  9 08:07:29 brollon postfix/smtps/smtpd[7200]: lost connection after AUTH from unknown[213.176.26.191]
Aug  9 08:07:29 brollon postfix/smtps/smtpd[7200]: disconnect from unknown[213.176.26.191] ehlo=1 auth=0/1 rset=1 commands=2/3
Aug  9 08:07:30 brollon postfix/submission/smtpd[8389]: warning: unknown[213.176.26.74]: SASL LOGIN authentication failed: UGFzc3dvcmQ6
Aug  9 08:07:30 brollon postfix/submission/smtpd[8389]: disconnect from unknown[213.176.26.74] ehlo=1 auth=0/1 rset=1 quit=1 commands=3/4
Aug  9 08:07:39 brollon postfix/submission/smtpd[6324]: connect from unknown[213.176.26.114]
Aug  9 08:07:43 brollon postfix/submission/smtpd[8389]: connect from unknown[213.176.26.85]
Aug  9 08:07:46 brollon postfix/submission/smtpd[6324]: warning: unknown[213.176.26.114]: SASL LOGIN authentication failed: UGFzc3dvcmQ6
Aug  9 08:07:46 brollon postfix/submission/smtpd[6324]: disconnect from unknown[213.176.26.114] ehlo=1 auth=0/1 rset=1 quit=1 commands=3/4
Aug  9 08:07:47 brollon dovecot: pop3-login: Disconnected (no auth attempts in 0 secs): user=<>, rip=3.129.187.38, lip=54.37.21.250, session=<9d63u5hYPvoDgbsm>
Aug  9 08:07:49 brollon postfix/submission/smtpd[8508]: connect from unknown[213.176.26.144]
Aug  9 08:07:49 brollon postfix/submission/smtpd[5684]: connect from unknown[213.176.26.113]
Aug  9 08:07:50 brollon postfix/submission/smtpd[8389]: warning: unknown[213.176.26.85]: SASL LOGIN authentication failed: UGFzc3dvcmQ6
Aug  9 08:07:50 brollon postfix/submission/smtpd[8389]: disconnect from unknown[213.176.26.85] ehlo=1 auth=0/1 rset=1 quit=1 commands=3/4
Aug  9 08:07:51 brollon postfix/submission/smtpd[6324]: connect from unknown[213.176.26.134]
Aug  9 08:07:53 brollon postfix/submission/smtpd[5684]: warning: unknown[213.176.26.113]: SASL LOGIN authentication failed: UGFzc3dvcmQ6
Aug  9 08:07:53 brollon postfix/submission/smtpd[5684]: disconnect from unknown[213.176.26.113] ehlo=1 auth=0/1 rset=1 quit=1 commands=3/4
Aug  9 08:07:56 brollon postfix/submission/smtpd[8508]: warning: unknown[213.176.26.144]: SASL LOGIN authentication failed: UGFzc3dvcmQ6
Aug  9 08:07:56 brollon postfix/smtps/smtpd[3838]: connect from unknown[213.176.26.122]
Aug  9 08:07:56 brollon postfix/submission/smtpd[8508]: disconnect from unknown[213.176.26.144] ehlo=1 auth=0/1 rset=1 quit=1 commands=3/4
Aug  9 08:07:56 brollon postfix/smtps/smtpd[7200]: connect from unknown[213.176.26.82]
Aug  9 08:07:57 brollon postfix/submission/smtpd[6324]: warning: unknown[213.176.26.134]: SASL LOGIN authentication failed: UGFzc3dvcmQ6
Aug  9 08:07:57 brollon postfix/submission/smtpd[6324]: disconnect from unknown[213.176.26.134] ehlo=1 auth=0/1 rset=1 quit=1 commands=3/4
Aug  9 08:08:00 brollon postfix/smtps/smtpd[3838]: warning: unknown[213.176.26.122]: SASL LOGIN authentication failed: UGFzc3dvcmQ6
Aug  9 08:08:00 brollon postfix/smtps/smtpd[3838]: lost connection after AUTH from unknown[213.176.26.122]
Aug  9 08:08:00 brollon postfix/smtps/smtpd[3838]: disconnect from unknown[213.176.26.122] ehlo=1 auth=0/1 rset=1 commands=2/3
Aug  9 08:08:01 brollon postfix/smtpd[8357]: connect from localhost[127.0.0.1]
Aug  9 08:08:01 brollon postfix/smtpd[8357]: lost connection after CONNECT from localhost[127.0.0.1]
Aug  9 08:08:01 brollon postfix/smtpd[8357]: disconnect from localhost[127.0.0.1] commands=0/0
Aug  9 08:08:01 brollon dovecot: imap-login: Disconnected (no auth attempts in 0 secs): user=<>, rip=127.0.0.1, lip=127.0.0.1, secured, session=<nLOJvJhYOIl/AAAB>
Aug  9 08:08:01 brollon dovecot: pop3-login: Disconnected (no auth attempts in 0 secs): user=<>, rip=127.0.0.1, lip=127.0.0.1, secured, session=<QrSJvJhYaIF/AAAB>
Aug  9 08:08:04 brollon postfix/smtps/smtpd[7200]: warning: unknown[213.176.26.82]: SASL LOGIN authentication failed: UGFzc3dvcmQ6
Aug  9 08:08:05 brollon postfix/smtps/smtpd[7200]: lost connection after AUTH from unknown[213.176.26.82]
Aug  9 08:08:05 brollon postfix/smtps/smtpd[7200]: disconnect from unknown[213.176.26.82] ehlo=1 auth=0/1 rset=1 commands=2/3
Aug  9 08:08:06 brollon postfix/smtps/smtpd[3838]: connect from unknown[213.176.26.41]
Aug  9 08:08:10 brollon postfix/smtps/smtpd[7200]: connect from unknown[213.176.26.87]
Aug  9 08:08:14 brollon postfix/smtps/smtpd[7200]: warning: unknown[213.176.26.87]: SASL LOGIN authentication failed: UGFzc3dvcmQ6
Aug  9 08:08:14 brollon postfix/smtps/smtpd[3838]: warning: unknown[213.176.26.41]: SASL LOGIN authentication failed: UGFzc3dvcmQ6
Aug  9 08:08:15 brollon postfix/smtps/smtpd[7200]: lost connection after AUTH from unknown[213.176.26.87]
Aug  9 08:08:15 brollon postfix/smtps/smtpd[7200]: disconnect from unknown[213.176.26.87] ehlo=1 auth=0/1 rset=1 commands=2/3
Aug  9 08:08:16 brollon postfix/smtps/smtpd[3838]: lost connection after AUTH from unknown[213.176.26.41]
Aug  9 08:08:16 brollon postfix/smtps/smtpd[3838]: disconnect from unknown[213.176.26.41] ehlo=1 auth=0/1 rset=1 commands=2/3
Aug  9 08:08:17 brollon postfix/submission/smtpd[8389]: connect from unknown[213.176.26.159]
Aug  9 08:08:18 brollon postfix/submission/smtpd[8508]: connect from unknown[213.176.26.76]
Aug  9 08:08:20 brollon postfix/submission/smtpd[5684]: connect from unknown[213.176.26.64]
Aug  9 08:08:21 brollon postfix/submission/smtpd[6324]: connect from unknown[213.176.26.78]
Aug  9 08:08:23 brollon postfix/submission/smtpd[8389]: warning: unknown[213.176.26.159]: SASL LOGIN authentication failed: UGFzc3dvcmQ6
Aug  9 08:08:24 brollon postfix/submission/smtpd[8389]: disconnect from unknown[213.176.26.159] ehlo=1 auth=0/1 rset=1 quit=1 commands=3/4
Aug  9 08:08:24 brollon postfix/smtps/smtpd[7200]: connect from unknown[213.176.26.88]
Aug  9 08:08:25 brollon postfix/submission/smtpd[8508]: warning: unknown[213.176.26.76]: SASL LOGIN authentication failed: UGFzc3dvcmQ6
Aug  9 08:08:26 brollon postfix/submission/smtpd[8508]: disconnect from unknown[213.176.26.76] ehlo=1 auth=0/1 rset=1 quit=1 commands=3/4
Aug  9 08:08:27 brollon postfix/submission/smtpd[8389]: connect from unknown[213.176.26.74]
Aug  9 08:08:27 brollon postfix/submission/smtpd[5684]: warning: unknown[213.176.26.64]: SASL LOGIN authentication failed: UGFzc3dvcmQ6
Aug  9 08:08:27 brollon postfix/smtps/smtpd[7200]: warning: unknown[213.176.26.88]: SASL LOGIN authentication failed: UGFzc3dvcmQ6
Aug  9 08:08:27 brollon postfix/smtps/smtpd[7200]: lost connection after AUTH from unknown[213.176.26.88]
Aug  9 08:08:27 brollon postfix/smtps/smtpd[7200]: disconnect from unknown[213.176.26.88] ehlo=1 auth=0/1 rset=1 commands=2/3
Aug  9 08:08:27 brollon postfix/submission/smtpd[5684]: disconnect from unknown[213.176.26.64] ehlo=1 auth=0/1 rset=1 quit=1 commands=3/4
Aug  9 08:08:28 brollon postfix/submission/smtpd[6324]: warning: unknown[213.176.26.78]: SASL LOGIN authentication failed: UGFzc3dvcmQ6
Aug  9 08:08:29 brollon postfix/submission/smtpd[6324]: disconnect from unknown[213.176.26.78] ehlo=1 auth=0/1 rset=1 quit=1 commands=3/4
Aug  9 08:08:30 brollon postfix/smtps/smtpd[3838]: connect from unknown[213.176.26.37]
Aug  9 08:08:31 brollon postfix/smtps/smtpd[7200]: connect from unknown[213.176.26.194]
Aug  9 08:08:33 brollon postfix/submission/smtpd[8389]: warning: unknown[213.176.26.74]: SASL LOGIN authentication failed: UGFzc3dvcmQ6
Aug  9 08:08:33 brollon postfix/submission/smtpd[8389]: disconnect from unknown[213.176.26.74] ehlo=1 auth=0/1 rset=1 quit=1 commands=3/4
Aug  9 08:08:35 brollon dovecot: pop3-login: Disconnected: Too many bad commands (no auth attempts in 0 secs): user=<>, rip=3.129.187.38, lip=54.37.21.250, session=<LJqHvphYWl0Dgbsm>
Aug  9 08:08:37 brollon postfix/smtps/smtpd[3838]: warning: unknown[213.176.26.37]: SASL LOGIN authentication failed: UGFzc3dvcmQ6
Aug  9 08:08:37 brollon postfix/smtps/smtpd[3838]: lost connection after AUTH from unknown[213.176.26.37]
Aug  9 08:08:37 brollon postfix/smtps/smtpd[3838]: disconnect from unknown[213.176.26.37] ehlo=1 auth=0/1 rset=1 commands=2/3
Aug  9 08:08:38 brollon postfix/smtps/smtpd[7200]: warning: unknown[213.176.26.194]: SASL LOGIN authentication failed: UGFzc3dvcmQ6
Aug  9 08:08:38 brollon postfix/smtps/smtpd[7200]: lost connection after AUTH from unknown[213.176.26.194]
Aug  9 08:08:38 brollon postfix/smtps/smtpd[7200]: disconnect from unknown[213.176.26.194] ehlo=1 auth=0/1 rset=1 commands=2/3
Aug  9 08:08:39 brollon postfix/submission/smtpd[8508]: connect from unknown[213.176.26.114]
Aug  9 08:08:43 brollon postfix/submission/smtpd[8508]: warning: unknown[213.176.26.114]: SASL LOGIN authentication failed: UGFzc3dvcmQ6
Aug  9 08:08:43 brollon postfix/submission/smtpd[8508]: disconnect from unknown[213.176.26.114] ehlo=1 auth=0/1 rset=1 quit=1 commands=3/4
Aug  9 08:08:46 brollon postfix/submission/smtpd[8389]: connect from unknown[213.176.26.85]
Aug  9 08:08:46 brollon postfix/smtps/smtpd[3838]: connect from unknown[213.176.26.186]
Aug  9 08:08:47 brollon postfix/smtps/smtpd[7200]: connect from unknown[213.176.26.29]
Aug  9 08:08:49 brollon postfix/smtps/smtpd[3838]: warning: unknown[213.176.26.186]: SASL LOGIN authentication failed: UGFzc3dvcmQ6
Aug  9 08:08:49 brollon postfix/smtps/smtpd[3838]: lost connection after AUTH from unknown[213.176.26.186]
Aug  9 08:08:49 brollon postfix/smtps/smtpd[3838]: disconnect from unknown[213.176.26.186] ehlo=1 auth=0/1 rset=1 commands=2/3
Aug  9 08:08:50 brollon postfix/smtps/smtpd[7200]: warning: unknown[213.176.26.29]: SASL LOGIN authentication failed: UGFzc3dvcmQ6
Aug  9 08:08:50 brollon postfix/smtps/smtpd[7200]: lost connection after AUTH from unknown[213.176.26.29]
Aug  9 08:08:50 brollon postfix/smtps/smtpd[7200]: disconnect from unknown[213.176.26.29] ehlo=1 auth=0/1 rset=1 commands=2/3
Aug  9 08:08:51 brollon postfix/submission/smtpd[8508]: connect from unknown[213.176.26.113]
Aug  9 08:08:53 brollon postfix/submission/smtpd[5684]: connect from unknown[213.176.26.144]
Aug  9 08:08:53 brollon postfix/submission/smtpd[8389]: warning: unknown[213.176.26.85]: SASL LOGIN authentication failed: UGFzc3dvcmQ6
Aug  9 08:08:53 brollon postfix/submission/smtpd[8389]: disconnect from unknown[213.176.26.85] ehlo=1 auth=0/1 rset=1 quit=1 commands=3/4
Aug  9 08:08:54 brollon postfix/submission/smtpd[8508]: warning: unknown[213.176.26.113]: SASL LOGIN authentication failed: UGFzc3dvcmQ6
Aug  9 08:08:54 brollon postfix/submission/smtpd[8508]: disconnect from unknown[213.176.26.113] ehlo=1 auth=0/1 rset=1 quit=1 commands=3/4
Aug  9 08:08:54 brollon postfix/submission/smtpd[6324]: connect from unknown[213.176.26.134]
Aug  9 08:09:00 brollon postfix/submission/smtpd[5684]: warning: unknown[213.176.26.144]: SASL LOGIN authentication failed: UGFzc3dvcmQ6
Aug  9 08:09:01 brollon postfix/submission/smtpd[5684]: disconnect from unknown[213.176.26.144] ehlo=1 auth=0/1 rset=1 quit=1 commands=3/4
Aug  9 08:09:01 brollon postfix/submission/smtpd[6324]: warning: unknown[213.176.26.134]: SASL LOGIN authentication failed: UGFzc3dvcmQ6
Aug  9 08:09:01 brollon postfix/submission/smtpd[6324]: disconnect from unknown[213.176.26.134] ehlo=1 auth=0/1 rset=1 quit=1 commands=3/4
Aug  9 08:09:01 brollon postfix/smtpd[8357]: connect from localhost[127.0.0.1]
Aug  9 08:09:01 brollon postfix/smtpd[8357]: lost connection after CONNECT from localhost[127.0.0.1]
Aug  9 08:09:01 brollon postfix/smtpd[8357]: disconnect from localhost[127.0.0.1] commands=0/0
Aug  9 08:09:01 brollon dovecot: pop3-login: Disconnected (no auth attempts in 0 secs): user=<>, rip=127.0.0.1, lip=127.0.0.1, secured, session=<9Y8fwJhYpoJ/AAAB>
Aug  9 08:09:01 brollon dovecot: imap-login: Disconnected (no auth attempts in 0 secs): user=<>, rip=127.0.0.1, lip=127.0.0.1, secured, session=<spsfwJhYdop/AAAB>
Aug  9 08:09:16 brollon postfix/smtpd[8357]: connect from unknown[2.57.122.98]
Aug  9 08:09:18 brollon postfix/smtpd[9464]: connect from unknown[91.92.240.92]
Aug  9 08:09:18 brollon postfix/smtpd[8357]: warning: unknown[2.57.122.98]: SASL LOGIN authentication failed: UGFzc3dvcmQ6
Aug  9 08:09:18 brollon postfix/smtpd[8357]: disconnect from unknown[2.57.122.98] ehlo=1 auth=0/1 quit=1 commands=2/3
Aug  9 08:09:18 brollon postfix/submission/smtpd[8389]: connect from unknown[213.176.26.159]
Aug  9 08:09:20 brollon postfix/smtpd[9464]: warning: unknown[91.92.240.92]: SASL LOGIN authentication failed: UGFzc3dvcmQ6
Aug  9 08:09:20 brollon postfix/smtpd[9464]: disconnect from unknown[91.92.240.92] ehlo=1 auth=0/1 quit=1 commands=2/3
Aug  9 08:09:20 brollon postfix/submission/smtpd[6324]: connect from unknown[213.176.26.76]
Aug  9 08:09:22 brollon postfix/submission/smtpd[5684]: connect from unknown[213.176.26.64]
Aug  9 08:09:24 brollon postfix/submission/smtpd[6324]: warning: unknown[213.176.26.76]: SASL LOGIN authentication failed: UGFzc3dvcmQ6
Aug  9 08:09:24 brollon postfix/submission/smtpd[8508]: connect from unknown[213.176.26.78]
Aug  9 08:09:25 brollon postfix/submission/smtpd[8389]: warning: unknown[213.176.26.159]: SASL LOGIN authentication failed: UGFzc3dvcmQ6
Aug  9 08:09:25 brollon postfix/submission/smtpd[8389]: disconnect from unknown[213.176.26.159] ehlo=1 auth=0/1 rset=1 quit=1 commands=3/4
Aug  9 08:09:25 brollon postfix/submission/smtpd[6324]: disconnect from unknown[213.176.26.76] ehlo=1 auth=0/1 rset=1 quit=1 commands=3/4
Aug  9 08:09:27 brollon postfix/smtps/smtpd[3838]: connect from unknown[213.176.26.44]
Aug  9 08:09:29 brollon postfix/submission/smtpd[5684]: warning: unknown[213.176.26.64]: SASL LOGIN authentication failed: UGFzc3dvcmQ6
Aug  9 08:09:29 brollon postfix/submission/smtpd[5684]: disconnect from unknown[213.176.26.64] ehlo=1 auth=0/1 rset=1 quit=1 commands=3/4
Aug  9 08:09:30 brollon postfix/submission/smtpd[8508]: warning: unknown[213.176.26.78]: SASL LOGIN authentication failed: UGFzc3dvcmQ6
Aug  9 08:09:30 brollon postfix/submission/smtpd[8389]: connect from unknown[213.176.26.74]
Aug  9 08:09:31 brollon postfix/submission/smtpd[8508]: disconnect from unknown[213.176.26.78] ehlo=1 auth=0/1 rset=1 quit=1 commands=3/4
Aug  9 08:09:31 brollon postfix/smtps/smtpd[7200]: connect from unknown[213.176.24.64]
Aug  9 08:09:36 brollon postfix/smtps/smtpd[3838]: warning: unknown[213.176.26.44]: SASL LOGIN authentication failed: UGFzc3dvcmQ6
Aug  9 08:09:37 brollon postfix/submission/smtpd[8389]: warning: unknown[213.176.26.74]: SASL LOGIN authentication failed: UGFzc3dvcmQ6
Aug  9 08:09:37 brollon postfix/submission/smtpd[8389]: disconnect from unknown[213.176.26.74] ehlo=1 auth=0/1 rset=1 quit=1 commands=3/4
Aug  9 08:09:39 brollon postfix/smtps/smtpd[3838]: lost connection after AUTH from unknown[213.176.26.44]
Aug  9 08:09:39 brollon postfix/smtps/smtpd[3838]: disconnect from unknown[213.176.26.44] ehlo=1 auth=0/1 rset=1 commands=2/3
Aug  9 08:09:40 brollon postfix/submission/smtpd[6324]: connect from unknown[213.176.26.114]
Aug  9 08:09:41 brollon postfix/smtps/smtpd[3838]: connect from unknown[213.176.26.94]
Aug  9 08:09:47 brollon postfix/submission/smtpd[6324]: warning: unknown[213.176.26.114]: SASL LOGIN authentication failed: UGFzc3dvcmQ6
Aug  9 08:09:47 brollon postfix/smtps/smtpd[3838]: warning: unknown[213.176.26.94]: SASL LOGIN authentication failed: UGFzc3dvcmQ6
Aug  9 08:09:47 brollon postfix/submission/smtpd[6324]: disconnect from unknown[213.176.26.114] ehlo=1 auth=0/1 rset=1 quit=1 commands=3/4
Aug  9 08:09:47 brollon postfix/smtps/smtpd[3838]: lost connection after AUTH from unknown[213.176.26.94]
Aug  9 08:09:47 brollon postfix/smtps/smtpd[3838]: disconnect from unknown[213.176.26.94] ehlo=1 auth=0/1 rset=1 commands=2/3
Aug  9 08:09:48 brollon postfix/submission/smtpd[8389]: connect from unknown[213.176.26.85]
Aug  9 08:09:52 brollon postfix/smtps/smtpd[7200]: warning: unknown[213.176.24.64]: SASL LOGIN authentication failed: UGFzc3dvcmQ6
Aug  9 08:09:52 brollon postfix/smtps/smtpd[7200]: lost connection after AUTH from unknown[213.176.24.64]
Aug  9 08:09:52 brollon postfix/smtps/smtpd[7200]: disconnect from unknown[213.176.24.64] ehlo=1 auth=0/1 rset=1 commands=2/3
Aug  9 08:09:52 brollon postfix/submission/smtpd[6324]: connect from unknown[213.176.26.113]
Aug  9 08:09:53 brollon postfix/smtps/smtpd[3838]: connect from unknown[213.176.26.52]
Aug  9 08:09:54 brollon postfix/smtps/smtpd[7200]: connect from unknown[213.176.26.19]
Aug  9 08:09:55 brollon postfix/submission/smtpd[8389]: warning: unknown[213.176.26.85]: SASL LOGIN authentication failed: UGFzc3dvcmQ6
Aug  9 08:09:55 brollon postfix/submission/smtpd[8389]: disconnect from unknown[213.176.26.85] ehlo=1 auth=0/1 rset=1 quit=1 commands=3/4
Aug  9 08:09:55 brollon postfix/smtps/smtpd[9488]: connect from unknown[213.176.26.133]
Aug  9 08:09:56 brollon postfix/submission/smtpd[5684]: connect from unknown[213.176.26.144]
Aug  9 08:09:57 brollon postfix/submission/smtpd[8508]: connect from unknown[213.176.26.134]
Aug  9 08:09:57 brollon postfix/smtps/smtpd[7200]: warning: unknown[213.176.26.19]: SASL LOGIN authentication failed: UGFzc3dvcmQ6
Aug  9 08:09:57 brollon postfix/smtps/smtpd[7200]: lost connection after AUTH from unknown[213.176.26.19]
Aug  9 08:09:57 brollon postfix/smtps/smtpd[7200]: disconnect from unknown[213.176.26.19] ehlo=1 auth=0/1 rset=1 commands=2/3
Aug  9 08:09:59 brollon postfix/smtps/smtpd[3838]: warning: unknown[213.176.26.52]: SASL LOGIN authentication failed: UGFzc3dvcmQ6
Aug  9 08:09:59 brollon postfix/submission/smtpd[6324]: warning: unknown[213.176.26.113]: SASL LOGIN authentication failed: UGFzc3dvcmQ6
Aug  9 08:09:59 brollon postfix/submission/smtpd[6324]: disconnect from unknown[213.176.26.113] ehlo=1 auth=0/1 rset=1 quit=1 commands=3/4
Aug  9 08:09:59 brollon postfix/smtps/smtpd[3838]: lost connection after AUTH from unknown[213.176.26.52]
Aug  9 08:09:59 brollon postfix/smtps/smtpd[3838]: disconnect from unknown[213.176.26.52] ehlo=1 auth=0/1 rset=1 commands=2/3
Aug  9 08:10:01 brollon postfix/smtpd[8357]: connect from localhost[127.0.0.1]
Aug  9 08:10:01 brollon postfix/smtpd[8357]: lost connection after CONNECT from localhost[127.0.0.1]
Aug  9 08:10:01 brollon postfix/smtpd[8357]: disconnect from localhost[127.0.0.1] commands=0/0
Aug  9 08:10:02 brollon dovecot: imap-login: Disconnected (no auth attempts in 0 secs): user=<>, rip=127.0.0.1, lip=127.0.0.1, secured, session=<NgW2w5hYIot/AAAB>
Aug  9 08:10:02 brollon dovecot: pop3-login: Disconnected (no auth attempts in 0 secs): user=<>, rip=127.0.0.1, lip=127.0.0.1, secured, session=<TA22w5hYUoN/AAAB>
Aug  9 08:10:02 brollon postfix/smtpd[9464]: connect from localhost[127.0.0.1]
Aug  9 08:10:02 brollon postfix/smtpd[9464]: lost connection after CONNECT from localhost[127.0.0.1]
Aug  9 08:10:02 brollon postfix/smtpd[9464]: disconnect from localhost[127.0.0.1] commands=0/0
Aug  9 08:10:02 brollon dovecot: imap-login: Disconnected (no auth attempts in 0 secs): user=<>, rip=127.0.0.1, lip=127.0.0.1, secured, session=<uBG5w5hYLot/AAAB>
Aug  9 08:10:02 brollon dovecot: pop3-login: Disconnected (no auth attempts in 0 secs): user=<>, rip=127.0.0.1, lip=127.0.0.1, secured, session=<yFC5w5hYXoN/AAAB>
Aug  9 08:10:03 brollon postfix/submission/smtpd[5684]: warning: unknown[213.176.26.144]: SASL LOGIN authentication failed: UGFzc3dvcmQ6
Aug  9 08:10:04 brollon postfix/submission/smtpd[8508]: warning: unknown[213.176.26.134]: SASL LOGIN authentication failed: UGFzc3dvcmQ6
Aug  9 08:10:04 brollon postfix/submission/smtpd[5684]: disconnect from unknown[213.176.26.144] ehlo=1 auth=0/1 rset=1 quit=1 commands=3/4
Aug  9 08:10:05 brollon postfix/submission/smtpd[8508]: disconnect from unknown[213.176.26.134] ehlo=1 auth=0/1 rset=1 quit=1 commands=3/4
Aug  9 08:10:05 brollon postfix/smtps/smtpd[9488]: warning: unknown[213.176.26.133]: SASL LOGIN authentication failed: UGFzc3dvcmQ6
Aug  9 08:10:07 brollon postfix/submission/smtpd[8389]: connect from unknown[213.176.24.65]
Aug  9 08:10:08 brollon postfix/smtps/smtpd[9488]: lost connection after AUTH from unknown[213.176.26.133]
Aug  9 08:10:08 brollon postfix/smtps/smtpd[9488]: disconnect from unknown[213.176.26.133] ehlo=1 auth=0/1 rset=1 commands=2/3
Aug  9 08:10:19 brollon postfix/submission/smtpd[6324]: connect from unknown[213.176.26.159]
Aug  9 08:10:22 brollon postfix/submission/smtpd[8389]: warning: unknown[213.176.24.65]: SASL LOGIN authentication failed: UGFzc3dvcmQ6
Aug  9 08:10:22 brollon postfix/submission/smtpd[8389]: lost connection after AUTH from unknown[213.176.24.65]
Aug  9 08:10:22 brollon postfix/submission/smtpd[8389]: disconnect from unknown[213.176.24.65] ehlo=1 auth=0/1 rset=1 commands=2/3
Aug  9 08:10:23 brollon postfix/submission/smtpd[8508]: connect from unknown[213.176.26.76]
Aug  9 08:10:25 brollon postfix/submission/smtpd[8389]: connect from unknown[213.176.26.64]
Aug  9 08:10:26 brollon postfix/submission/smtpd[5684]: connect from unknown[213.176.26.78]
Aug  9 08:10:26 brollon postfix/submission/smtpd[6324]: warning: unknown[213.176.26.159]: SASL LOGIN authentication failed: UGFzc3dvcmQ6
Aug  9 08:10:26 brollon postfix/submission/smtpd[6324]: disconnect from unknown[213.176.26.159] ehlo=1 auth=0/1 rset=1 quit=1 commands=3/4
Aug  9 08:10:28 brollon postfix/submission/smtpd[8508]: warning: unknown[213.176.26.76]: SASL LOGIN authentication failed: UGFzc3dvcmQ6
Aug  9 08:10:28 brollon postfix/submission/smtpd[8508]: disconnect from unknown[213.176.26.76] ehlo=1 auth=0/1 rset=1 quit=1 commands=3/4
Aug  9 08:10:31 brollon postfix/submission/smtpd[8389]: warning: unknown[213.176.26.64]: SASL LOGIN authentication failed: UGFzc3dvcmQ6
Aug  9 08:10:31 brollon postfix/submission/smtpd[8389]: disconnect from unknown[213.176.26.64] ehlo=1 auth=0/1 rset=1 quit=1 commands=3/4
Aug  9 08:10:33 brollon postfix/submission/smtpd[5684]: warning: unknown[213.176.26.78]: SASL LOGIN authentication failed: UGFzc3dvcmQ6
Aug  9 08:10:33 brollon postfix/submission/smtpd[6324]: connect from unknown[213.176.26.74]
Aug  9 08:10:34 brollon postfix/submission/smtpd[5684]: disconnect from unknown[213.176.26.78] ehlo=1 auth=0/1 rset=1 quit=1 commands=3/4
Aug  9 08:10:36 brollon postfix/smtps/smtpd[7200]: connect from unknown[213.176.26.109]
Aug  9 08:10:40 brollon postfix/submission/smtpd[6324]: warning: unknown[213.176.26.74]: SASL LOGIN authentication failed: UGFzc3dvcmQ6
Aug  9 08:10:40 brollon postfix/submission/smtpd[6324]: disconnect from unknown[213.176.26.74] ehlo=1 auth=0/1 rset=1 quit=1 commands=3/4
Aug  9 08:10:40 brollon postfix/submission/smtpd[8508]: connect from unknown[213.176.26.114]
Aug  9 08:10:42 brollon postfix/smtps/smtpd[7200]: warning: unknown[213.176.26.109]: SASL LOGIN authentication failed: UGFzc3dvcmQ6
Aug  9 08:10:42 brollon postfix/smtps/smtpd[7200]: lost connection after AUTH from unknown[213.176.26.109]
Aug  9 08:10:42 brollon postfix/smtps/smtpd[7200]: disconnect from unknown[213.176.26.109] ehlo=1 auth=0/1 rset=1 commands=2/3
Aug  9 08:10:43 brollon postfix/submission/smtpd[8508]: warning: unknown[213.176.26.114]: SASL LOGIN authentication failed: UGFzc3dvcmQ6
Aug  9 08:10:43 brollon postfix/submission/smtpd[8508]: disconnect from unknown[213.176.26.114] ehlo=1 auth=0/1 rset=1 quit=1 commands=3/4
Aug  9 08:10:51 brollon postfix/submission/smtpd[5684]: connect from unknown[213.176.26.85]
Aug  9 08:10:53 brollon postfix/submission/smtpd[8389]: connect from unknown[213.176.26.113]
Aug  9 08:10:58 brollon postfix/submission/smtpd[5684]: warning: unknown[213.176.26.85]: SASL LOGIN authentication failed: UGFzc3dvcmQ6
Aug  9 08:10:58 brollon postfix/submission/smtpd[5684]: disconnect from unknown[213.176.26.85] ehlo=1 auth=0/1 rset=1 quit=1 commands=3/4
Aug  9 08:10:59 brollon postfix/smtps/smtpd[3838]: connect from unknown[213.176.26.51]
Aug  9 08:10:59 brollon postfix/submission/smtpd[8508]: connect from unknown[213.176.26.134]
Aug  9 08:11:00 brollon postfix/submission/smtpd[8389]: warning: unknown[213.176.26.113]: SASL LOGIN authentication failed: UGFzc3dvcmQ6
Aug  9 08:11:00 brollon postfix/submission/smtpd[5684]: connect from unknown[213.176.26.144]
Aug  9 08:11:00 brollon postfix/submission/smtpd[8389]: disconnect from unknown[213.176.26.113] ehlo=1 auth=0/1 rset=1 quit=1 commands=3/4
Aug  9 08:11:01 brollon postfix/smtpd[8357]: connect from localhost[127.0.0.1]
Aug  9 08:11:01 brollon postfix/smtpd[8357]: lost connection after CONNECT from localhost[127.0.0.1]
Aug  9 08:11:01 brollon postfix/smtpd[8357]: disconnect from localhost[127.0.0.1] commands=0/0
Aug  9 08:11:01 brollon dovecot: imap-login: Disconnected (no auth attempts in 0 secs): user=<>, rip=127.0.0.1, lip=127.0.0.1, secured, session=<IftCx5hYcIx/AAAB>
Aug  9 08:11:01 brollon dovecot: pop3-login: Disconnected (no auth attempts in 0 secs): user=<>, rip=127.0.0.1, lip=127.0.0.1, secured, session=<LhhDx5hYoIR/AAAB>
Aug  9 08:11:05 brollon postfix/smtps/smtpd[3838]: warning: unknown[213.176.26.51]: SASL LOGIN authentication failed: UGFzc3dvcmQ6
Aug  9 08:11:05 brollon postfix/smtps/smtpd[3838]: lost connection after AUTH from unknown[213.176.26.51]
Aug  9 08:11:05 brollon postfix/smtps/smtpd[3838]: disconnect from unknown[213.176.26.51] ehlo=1 auth=0/1 rset=1 commands=2/3
Aug  9 08:11:06 brollon postfix/submission/smtpd[8508]: warning: unknown[213.176.26.134]: SASL LOGIN authentication failed: UGFzc3dvcmQ6
Aug  9 08:11:06 brollon postfix/submission/smtpd[8508]: disconnect from unknown[213.176.26.134] ehlo=1 auth=0/1 rset=1 quit=1 commands=3/4
Aug  9 08:11:07 brollon postfix/submission/smtpd[5684]: warning: unknown[213.176.26.144]: SASL LOGIN authentication failed: UGFzc3dvcmQ6
Aug  9 08:11:08 brollon postfix/submission/smtpd[5684]: disconnect from unknown[213.176.26.144] ehlo=1 auth=0/1 rset=1 quit=1 commands=3/4
Aug  9 08:11:09 brollon postfix/smtps/smtpd[9488]: connect from unknown[213.176.26.95]
Aug  9 08:11:16 brollon postfix/smtps/smtpd[9488]: warning: unknown[213.176.26.95]: SASL LOGIN authentication failed: UGFzc3dvcmQ6
Aug  9 08:11:16 brollon postfix/smtps/smtpd[9488]: lost connection after AUTH from unknown[213.176.26.95]
Aug  9 08:11:16 brollon postfix/smtps/smtpd[9488]: disconnect from unknown[213.176.26.95] ehlo=1 auth=0/1 rset=1 commands=2/3
Aug  9 08:11:20 brollon postfix/submission/smtpd[6324]: connect from unknown[213.176.26.159]
Aug  9 08:11:27 brollon postfix/submission/smtpd[5684]: connect from unknown[213.176.26.76]
Aug  9 08:11:27 brollon postfix/submission/smtpd[6324]: warning: unknown[213.176.26.159]: SASL LOGIN authentication failed: UGFzc3dvcmQ6
Aug  9 08:11:27 brollon postfix/submission/smtpd[6324]: disconnect from unknown[213.176.26.159] ehlo=1 auth=0/1 rset=1 quit=1 commands=3/4
Aug  9 08:11:28 brollon postfix/submission/smtpd[8508]: connect from unknown[213.176.26.64]
Aug  9 08:11:29 brollon postfix/submission/smtpd[8389]: connect from unknown[213.176.26.78]
Aug  9 08:11:29 brollon postfix/submission/smtpd[5684]: warning: unknown[213.176.26.76]: SASL LOGIN authentication failed: UGFzc3dvcmQ6
Aug  9 08:11:29 brollon postfix/submission/smtpd[5684]: disconnect from unknown[213.176.26.76] ehlo=1 auth=0/1 rset=1 quit=1 commands=3/4
Aug  9 08:11:30 brollon postfix/submission/smtpd[8508]: warning: unknown[213.176.26.64]: SASL LOGIN authentication failed: UGFzc3dvcmQ6
Aug  9 08:11:30 brollon postfix/submission/smtpd[8508]: disconnect from unknown[213.176.26.64] ehlo=1 auth=0/1 rset=1 quit=1 commands=3/4
Aug  9 08:11:31 brollon postfix/smtps/smtpd[7200]: connect from unknown[213.176.26.34]
Aug  9 08:11:32 brollon postfix/submission/smtpd[8389]: warning: unknown[213.176.26.78]: SASL LOGIN authentication failed: UGFzc3dvcmQ6
Aug  9 08:11:32 brollon postfix/submission/smtpd[8389]: disconnect from unknown[213.176.26.78] ehlo=1 auth=0/1 rset=1 quit=1 commands=3/4
Aug  9 08:11:35 brollon postfix/smtps/smtpd[7200]: warning: unknown[213.176.26.34]: SASL LOGIN authentication failed: UGFzc3dvcmQ6
Aug  9 08:11:35 brollon postfix/smtps/smtpd[7200]: lost connection after AUTH from unknown[213.176.26.34]
Aug  9 08:11:35 brollon postfix/smtps/smtpd[7200]: disconnect from unknown[213.176.26.34] ehlo=1 auth=0/1 rset=1 commands=2/3
Aug  9 08:11:36 brollon postfix/submission/smtpd[6324]: connect from unknown[213.176.26.74]
Aug  9 08:11:41 brollon postfix/submission/smtpd[5684]: connect from unknown[213.176.26.114]
Aug  9 08:11:43 brollon postfix/submission/smtpd[6324]: warning: unknown[213.176.26.74]: SASL LOGIN authentication failed: UGFzc3dvcmQ6
Aug  9 08:11:43 brollon postfix/submission/smtpd[6324]: disconnect from unknown[213.176.26.74] ehlo=1 auth=0/1 rset=1 quit=1 commands=3/4
Aug  9 08:11:48 brollon postfix/submission/smtpd[5684]: warning: unknown[213.176.26.114]: SASL LOGIN authentication failed: UGFzc3dvcmQ6
Aug  9 08:11:48 brollon postfix/submission/smtpd[5684]: disconnect from unknown[213.176.26.114] ehlo=1 auth=0/1 rset=1 quit=1 commands=3/4
Aug  9 08:11:53 brollon postfix/submission/smtpd[8508]: connect from unknown[213.176.26.85]
Aug  9 08:11:55 brollon postfix/submission/smtpd[5684]: connect from unknown[213.176.26.113]
Aug  9 08:11:56 brollon postfix/smtps/smtpd[3838]: connect from unknown[213.176.26.22]
Aug  9 08:11:56 brollon postfix/submission/smtpd[8508]: warning: unknown[213.176.26.85]: SASL LOGIN authentication failed: UGFzc3dvcmQ6
Aug  9 08:11:56 brollon postfix/submission/smtpd[8508]: disconnect from unknown[213.176.26.85] ehlo=1 auth=0/1 rset=1 quit=1 commands=3/4
Aug  9 08:12:01 brollon postfix/smtpd[8357]: connect from localhost[127.0.0.1]
Aug  9 08:12:01 brollon postfix/smtpd[8357]: lost connection after CONNECT from localhost[127.0.0.1]
Aug  9 08:12:01 brollon postfix/smtpd[8357]: disconnect from localhost[127.0.0.1] commands=0/0
Aug  9 08:12:01 brollon dovecot: pop3-login: Disconnected (no auth attempts in 0 secs): user=<>, rip=127.0.0.1, lip=127.0.0.1, secured, session=<lQvZyphY6IV/AAAB>
Aug  9 08:12:01 brollon dovecot: imap-login: Disconnected (no auth attempts in 0 secs): user=<>, rip=127.0.0.1, lip=127.0.0.1, secured, session=<dBnZyphYuI1/AAAB>
Aug  9 08:12:02 brollon postfix/submission/smtpd[8389]: connect from unknown[213.176.26.134]
Aug  9 08:12:02 brollon postfix/smtps/smtpd[3838]: warning: unknown[213.176.26.22]: SASL LOGIN authentication failed: UGFzc3dvcmQ6
Aug  9 08:12:02 brollon postfix/submission/smtpd[5684]: warning: unknown[213.176.26.113]: SASL LOGIN authentication failed: UGFzc3dvcmQ6
Aug  9 08:12:02 brollon postfix/submission/smtpd[5684]: disconnect from unknown[213.176.26.113] ehlo=1 auth=0/1 rset=1 quit=1 commands=3/4
Aug  9 08:12:02 brollon postfix/smtps/smtpd[3838]: lost connection after AUTH from unknown[213.176.26.22]
Aug  9 08:12:02 brollon postfix/smtps/smtpd[3838]: disconnect from unknown[213.176.26.22] ehlo=1 auth=0/1 rset=1 commands=2/3
Aug  9 08:12:02 brollon postfix/submission/smtpd[8508]: connect from unknown[213.176.26.144]
Aug  9 08:12:04 brollon postfix/submission/smtpd[8389]: warning: unknown[213.176.26.134]: SASL LOGIN authentication failed: UGFzc3dvcmQ6
Aug  9 08:12:04 brollon postfix/smtps/smtpd[9488]: connect from unknown[213.176.26.72]
Aug  9 08:12:04 brollon postfix/submission/smtpd[8389]: disconnect from unknown[213.176.26.134] ehlo=1 auth=0/1 rset=1 quit=1 commands=3/4
Aug  9 08:12:09 brollon postfix/submission/smtpd[8508]: warning: unknown[213.176.26.144]: SASL LOGIN authentication failed: UGFzc3dvcmQ6
Aug  9 08:12:09 brollon postfix/submission/smtpd[8508]: disconnect from unknown[213.176.26.144] ehlo=1 auth=0/1 rset=1 quit=1 commands=3/4
Aug  9 08:12:10 brollon postfix/smtps/smtpd[9488]: warning: unknown[213.176.26.72]: SASL LOGIN authentication failed: UGFzc3dvcmQ6
Aug  9 08:12:10 brollon postfix/smtps/smtpd[9488]: lost connection after AUTH from unknown[213.176.26.72]
Aug  9 08:12:10 brollon postfix/smtps/smtpd[9488]: disconnect from unknown[213.176.26.72] ehlo=1 auth=0/1 rset=1 commands=2/3
Aug  9 08:12:10 brollon postfix/smtps/smtpd[7200]: connect from unknown[213.176.26.58]
Aug  9 08:12:16 brollon postfix/smtps/smtpd[7200]: warning: unknown[213.176.26.58]: SASL LOGIN authentication failed: UGFzc3dvcmQ6
Aug  9 08:12:16 brollon postfix/smtps/smtpd[7200]: lost connection after AUTH from unknown[213.176.26.58]
Aug  9 08:12:16 brollon postfix/smtps/smtpd[7200]: disconnect from unknown[213.176.26.58] ehlo=1 auth=0/1 rset=1 commands=2/3
Aug  9 08:12:22 brollon postfix/submission/smtpd[6324]: connect from unknown[213.176.26.159]
Aug  9 08:12:23 brollon postfix/smtps/smtpd[9488]: connect from unknown[213.176.26.153]
