Aug  9 10:29:58 brollon postfix/submission/smtpd[1911]: warning: unknown[213.176.26.113]: SASL LOGIN authentication failed: UGFzc3dvcmQ6
Aug  9 10:29:58 brollon postfix/submission/smtpd[1911]: disconnect from unknown[213.176.26.113] ehlo=1 auth=0/1 rset=1 quit=1 commands=3/4
Aug  9 10:29:59 brollon postfix/submission/smtpd[30793]: warning: unknown[213.176.26.159]: SASL LOGIN authentication failed: UGFzc3dvcmQ6
Aug  9 10:29:59 brollon postfix/submission/smtpd[30793]: disconnect from unknown[213.176.26.159] ehlo=1 auth=0/1 rset=1 quit=1 commands=3/4
Aug  9 10:30:01 brollon postfix/smtpd[30512]: connect from localhost[127.0.0.1]
Aug  9 10:30:01 brollon postfix/smtpd[30512]: lost connection after CONNECT from localhost[127.0.0.1]
Aug  9 10:30:01 brollon postfix/smtpd[30512]: disconnect from localhost[127.0.0.1] commands=0/0
Aug  9 10:30:01 brollon dovecot: imap-login: Disconnected (no auth attempts in 0 secs): user=<>, rip=127.0.0.1, lip=127.0.0.1, secured, session=<BadbuJpYgKJ/AAAB>
Aug  9 10:30:01 brollon dovecot: pop3-login: Disconnected (no auth attempts in 0 secs): user=<>, rip=127.0.0.1, lip=127.0.0.1, secured, session=<OtJbuJpYsJp/AAAB>
Aug  9 10:30:01 brollon postfix/submission/smtpd[28438]: connect from unknown[213.176.26.85]
Aug  9 10:30:01 brollon postfix/smtpd[30512]: connect from localhost[127.0.0.1]
Aug  9 10:30:01 brollon postfix/smtpd[30512]: lost connection after CONNECT from localhost[127.0.0.1]
Aug  9 10:30:01 brollon postfix/smtpd[30512]: disconnect from localhost[127.0.0.1] commands=0/0
Aug  9 10:30:01 brollon dovecot: imap-login: Disconnected (disconnected before auth was ready, waited 0 secs): user=<>, rip=127.0.0.1, lip=127.0.0.1, secured, session=<8QdiuJpYjqJ/AAAB>
Aug  9 10:30:01 brollon dovecot: pop3-login: Disconnected (no auth attempts in 0 secs): user=<>, rip=127.0.0.1, lip=127.0.0.1, secured, session=<iQxiuJpYvpp/AAAB>
Aug  9 10:30:02 brollon postfix/smtps/smtpd[2173]: connect from unknown[213.176.26.29]
Aug  9 10:30:05 brollon postfix/smtps/smtpd[2173]: warning: unknown[213.176.26.29]: SASL LOGIN authentication failed: UGFzc3dvcmQ6
Aug  9 10:30:05 brollon postfix/smtps/smtpd[2173]: lost connection after AUTH from unknown[213.176.26.29]
Aug  9 10:30:05 brollon postfix/smtps/smtpd[2173]: disconnect from unknown[213.176.26.29] ehlo=1 auth=0/1 rset=1 commands=2/3
Aug  9 10:30:08 brollon postfix/submission/smtpd[28438]: warning: unknown[213.176.26.85]: SASL LOGIN authentication failed: UGFzc3dvcmQ6
Aug  9 10:30:09 brollon postfix/submission/smtpd[28438]: disconnect from unknown[213.176.26.85] ehlo=1 auth=0/1 rset=1 quit=1 commands=3/4
Aug  9 10:30:26 brollon postfix/submission/smtpd[30793]: connect from unknown[213.176.26.114]
Aug  9 10:30:30 brollon postfix/submission/smtpd[28438]: connect from unknown[213.176.26.134]
Aug  9 10:30:31 brollon postfix/submission/smtpd[30793]: warning: unknown[213.176.26.114]: SASL LOGIN authentication failed: UGFzc3dvcmQ6
Aug  9 10:30:31 brollon postfix/submission/smtpd[30793]: disconnect from unknown[213.176.26.114] ehlo=1 auth=0/1 rset=1 quit=1 commands=3/4
Aug  9 10:30:32 brollon postfix/smtps/smtpd[2257]: connect from unknown[213.176.26.54]
Aug  9 10:30:33 brollon postfix/submission/smtpd[27726]: connect from unknown[213.176.26.144]
Aug  9 10:30:36 brollon postfix/submission/smtpd[1911]: connect from unknown[213.176.26.76]
Aug  9 10:30:38 brollon postfix/submission/smtpd[28438]: warning: unknown[213.176.26.134]: SASL LOGIN authentication failed: UGFzc3dvcmQ6
Aug  9 10:30:38 brollon postfix/submission/smtpd[28438]: disconnect from unknown[213.176.26.134] ehlo=1 auth=0/1 rset=1 quit=1 commands=3/4
Aug  9 10:30:40 brollon postfix/submission/smtpd[27726]: warning: unknown[213.176.26.144]: SASL LOGIN authentication failed: UGFzc3dvcmQ6
Aug  9 10:30:40 brollon postfix/smtps/smtpd[2257]: warning: unknown[213.176.26.54]: SASL LOGIN authentication failed: UGFzc3dvcmQ6
Aug  9 10:30:40 brollon postfix/submission/smtpd[27726]: disconnect from unknown[213.176.26.144] ehlo=1 auth=0/1 rset=1 quit=1 commands=3/4
Aug  9 10:30:41 brollon postfix/smtps/smtpd[2182]: connect from unknown[213.176.26.21]
Aug  9 10:30:42 brollon postfix/smtps/smtpd[2257]: lost connection after AUTH from unknown[213.176.26.54]
Aug  9 10:30:42 brollon postfix/smtps/smtpd[2257]: disconnect from unknown[213.176.26.54] ehlo=1 auth=0/1 rset=1 commands=2/3
Aug  9 10:30:43 brollon postfix/submission/smtpd[30793]: connect from unknown[213.176.26.78]
Aug  9 10:30:43 brollon postfix/submission/smtpd[1911]: warning: unknown[213.176.26.76]: SASL LOGIN authentication failed: UGFzc3dvcmQ6
Aug  9 10:30:43 brollon postfix/submission/smtpd[1911]: disconnect from unknown[213.176.26.76] ehlo=1 auth=0/1 rset=1 quit=1 commands=3/4
Aug  9 10:30:45 brollon postfix/smtps/smtpd[2182]: warning: unknown[213.176.26.21]: SASL LOGIN authentication failed: UGFzc3dvcmQ6
Aug  9 10:30:47 brollon postfix/smtps/smtpd[2182]: lost connection after AUTH from unknown[213.176.26.21]
Aug  9 10:30:47 brollon postfix/smtps/smtpd[2182]: disconnect from unknown[213.176.26.21] ehlo=1 auth=0/1 rset=1 commands=2/3
Aug  9 10:30:48 brollon postfix/submission/smtpd[30793]: warning: unknown[213.176.26.78]: SASL LOGIN authentication failed: UGFzc3dvcmQ6
Aug  9 10:30:49 brollon postfix/submission/smtpd[30793]: disconnect from unknown[213.176.26.78] ehlo=1 auth=0/1 rset=1 quit=1 commands=3/4
Aug  9 10:30:51 brollon postfix/submission/smtpd[28438]: connect from unknown[213.176.26.74]
Aug  9 10:30:52 brollon postfix/submission/smtpd[27726]: connect from unknown[213.176.26.113]
Aug  9 10:30:53 brollon postfix/submission/smtpd[1911]: connect from unknown[213.176.26.64]
Aug  9 10:30:53 brollon postfix/submission/smtpd[28438]: warning: unknown[213.176.26.74]: SASL LOGIN authentication failed: UGFzc3dvcmQ6
Aug  9 10:30:53 brollon postfix/submission/smtpd[28438]: disconnect from unknown[213.176.26.74] ehlo=1 auth=0/1 rset=1 quit=1 commands=3/4
Aug  9 10:30:55 brollon postfix/submission/smtpd[30793]: connect from unknown[213.176.26.159]
Aug  9 10:30:58 brollon postfix/submission/smtpd[30793]: warning: unknown[213.176.26.159]: SASL LOGIN authentication failed: UGFzc3dvcmQ6
Aug  9 10:30:58 brollon postfix/submission/smtpd[30793]: disconnect from unknown[213.176.26.159] ehlo=1 auth=0/1 rset=1 quit=1 commands=3/4
Aug  9 10:30:59 brollon postfix/submission/smtpd[27726]: warning: unknown[213.176.26.113]: SASL LOGIN authentication failed: UGFzc3dvcmQ6
Aug  9 10:30:59 brollon postfix/submission/smtpd[27726]: disconnect from unknown[213.176.26.113] ehlo=1 auth=0/1 rset=1 quit=1 commands=3/4
Aug  9 10:31:00 brollon postfix/submission/smtpd[1911]: warning: unknown[213.176.26.64]: SASL LOGIN authentication failed: UGFzc3dvcmQ6
Aug  9 10:31:01 brollon postfix/submission/smtpd[1911]: disconnect from unknown[213.176.26.64] ehlo=1 auth=0/1 rset=1 quit=1 commands=3/4
Aug  9 10:31:01 brollon postfix/smtpd[30512]: connect from localhost[127.0.0.1]
Aug  9 10:31:01 brollon postfix/smtpd[30512]: lost connection after CONNECT from localhost[127.0.0.1]
Aug  9 10:31:01 brollon postfix/smtpd[30512]: disconnect from localhost[127.0.0.1] commands=0/0
Aug  9 10:31:01 brollon dovecot: imap-login: Disconnected (no auth attempts in 0 secs): user=<>, rip=127.0.0.1, lip=127.0.0.1, secured, session=<Qj/qu5pYtqN/AAAB>
Aug  9 10:31:01 brollon dovecot: pop3-login: Disconnected (no auth attempts in 0 secs): user=<>, rip=127.0.0.1, lip=127.0.0.1, secured, session=<LkTqu5pY5pt/AAAB>
Aug  9 10:31:03 brollon postfix/submission/smtpd[28438]: connect from unknown[213.176.26.85]
Aug  9 10:31:10 brollon postfix/submission/smtpd[28438]: warning: unknown[213.176.26.85]: SASL LOGIN authentication failed: UGFzc3dvcmQ6
Aug  9 10:31:10 brollon postfix/submission/smtpd[28438]: disconnect from unknown[213.176.26.85] ehlo=1 auth=0/1 rset=1 quit=1 commands=3/4
Aug  9 10:31:27 brollon postfix/submission/smtpd[30793]: connect from unknown[213.176.26.114]
Aug  9 10:31:34 brollon postfix/submission/smtpd[30793]: warning: unknown[213.176.26.114]: SASL LOGIN authentication failed: UGFzc3dvcmQ6
Aug  9 10:31:34 brollon postfix/submission/smtpd[30793]: disconnect from unknown[213.176.26.114] ehlo=1 auth=0/1 rset=1 quit=1 commands=3/4
Aug  9 10:31:34 brollon postfix/submission/smtpd[1911]: connect from unknown[213.176.26.134]
Aug  9 10:31:37 brollon postfix/smtps/smtpd[2173]: connect from unknown[213.176.26.182]
Aug  9 10:31:38 brollon postfix/submission/smtpd[30793]: connect from unknown[213.176.26.144]
Aug  9 10:31:40 brollon postfix/submission/smtpd[28438]: connect from unknown[213.176.26.76]
Aug  9 10:31:41 brollon postfix/submission/smtpd[1911]: warning: unknown[213.176.26.134]: SASL LOGIN authentication failed: UGFzc3dvcmQ6
Aug  9 10:31:41 brollon postfix/submission/smtpd[1911]: disconnect from unknown[213.176.26.134] ehlo=1 auth=0/1 rset=1 quit=1 commands=3/4
Aug  9 10:31:42 brollon postfix/submission/smtpd[28438]: warning: unknown[213.176.26.76]: SASL LOGIN authentication failed: UGFzc3dvcmQ6
Aug  9 10:31:43 brollon postfix/submission/smtpd[28438]: disconnect from unknown[213.176.26.76] ehlo=1 auth=0/1 rset=1 quit=1 commands=3/4
Aug  9 10:31:44 brollon postfix/smtps/smtpd[2173]: warning: unknown[213.176.26.182]: SASL LOGIN authentication failed: UGFzc3dvcmQ6
Aug  9 10:31:44 brollon postfix/smtps/smtpd[2173]: lost connection after AUTH from unknown[213.176.26.182]
Aug  9 10:31:44 brollon postfix/smtps/smtpd[2173]: disconnect from unknown[213.176.26.182] ehlo=1 auth=0/1 rset=1 commands=2/3
Aug  9 10:31:45 brollon postfix/submission/smtpd[30793]: warning: unknown[213.176.26.144]: SASL LOGIN authentication failed: UGFzc3dvcmQ6
Aug  9 10:31:45 brollon postfix/smtps/smtpd[2182]: connect from unknown[213.176.26.42]
Aug  9 10:31:46 brollon postfix/submission/smtpd[30793]: disconnect from unknown[213.176.26.144] ehlo=1 auth=0/1 rset=1 quit=1 commands=3/4
Aug  9 10:31:46 brollon postfix/submission/smtpd[1911]: connect from unknown[213.176.26.78]
Aug  9 10:31:51 brollon postfix/smtps/smtpd[2182]: warning: unknown[213.176.26.42]: SASL LOGIN authentication failed: UGFzc3dvcmQ6
Aug  9 10:31:51 brollon postfix/submission/smtpd[1911]: warning: unknown[213.176.26.78]: SASL LOGIN authentication failed: UGFzc3dvcmQ6
Aug  9 10:31:51 brollon postfix/smtps/smtpd[2182]: lost connection after AUTH from unknown[213.176.26.42]
Aug  9 10:31:51 brollon postfix/smtps/smtpd[2182]: disconnect from unknown[213.176.26.42] ehlo=1 auth=0/1 rset=1 commands=2/3
Aug  9 10:31:52 brollon postfix/submission/smtpd[1911]: disconnect from unknown[213.176.26.78] ehlo=1 auth=0/1 rset=1 quit=1 commands=3/4
Aug  9 10:31:54 brollon postfix/submission/smtpd[30793]: connect from unknown[213.176.26.113]
Aug  9 10:31:54 brollon postfix/submission/smtpd[1911]: connect from unknown[213.176.26.74]
Aug  9 10:31:56 brollon postfix/submission/smtpd[28438]: connect from unknown[213.176.26.64]
Aug  9 10:31:57 brollon postfix/submission/smtpd[3072]: connect from unknown[213.176.26.159]
Aug  9 10:31:59 brollon postfix/submission/smtpd[3072]: warning: unknown[213.176.26.159]: SASL LOGIN authentication failed: UGFzc3dvcmQ6
Aug  9 10:31:59 brollon postfix/submission/smtpd[3072]: disconnect from unknown[213.176.26.159] ehlo=1 auth=0/1 rset=1 quit=1 commands=3/4
Aug  9 10:32:00 brollon postfix/smtps/smtpd[2257]: connect from unknown[213.176.26.123]
Aug  9 10:32:01 brollon postfix/submission/smtpd[1911]: warning: unknown[213.176.26.74]: SASL LOGIN authentication failed: UGFzc3dvcmQ6
Aug  9 10:32:01 brollon postfix/submission/smtpd[30793]: warning: unknown[213.176.26.113]: SASL LOGIN authentication failed: UGFzc3dvcmQ6
Aug  9 10:32:01 brollon postfix/submission/smtpd[30793]: disconnect from unknown[213.176.26.113] ehlo=1 auth=0/1 rset=1 quit=1 commands=3/4
Aug  9 10:32:01 brollon postfix/smtpd[30512]: connect from localhost[127.0.0.1]
Aug  9 10:32:01 brollon postfix/smtpd[30512]: lost connection after CONNECT from localhost[127.0.0.1]
Aug  9 10:32:01 brollon postfix/smtpd[30512]: disconnect from localhost[127.0.0.1] commands=0/0
Aug  9 10:32:01 brollon dovecot: imap-login: Disconnected (no auth attempts in 0 secs): user=<>, rip=127.0.0.1, lip=127.0.0.1, secured, session=<XRSBv5pYBqV/AAAB>
Aug  9 10:32:01 brollon dovecot: pop3-login: Disconnected (no auth attempts in 0 secs): user=<>, rip=127.0.0.1, lip=127.0.0.1, secured, session=<IBaBv5pYNp1/AAAB>
Aug  9 10:32:01 brollon postfix/submission/smtpd[1911]: disconnect from unknown[213.176.26.74] ehlo=1 auth=0/1 rset=1 quit=1 commands=3/4
Aug  9 10:32:02 brollon postfix/submission/smtpd[28438]: warning: unknown[213.176.26.64]: SASL LOGIN authentication failed: UGFzc3dvcmQ6
Aug  9 10:32:02 brollon postfix/submission/smtpd[28438]: disconnect from unknown[213.176.26.64] ehlo=1 auth=0/1 rset=1 quit=1 commands=3/4
Aug  9 10:32:04 brollon postfix/smtps/smtpd[2257]: warning: unknown[213.176.26.123]: SASL LOGIN authentication failed: UGFzc3dvcmQ6
Aug  9 10:32:04 brollon postfix/submission/smtpd[3072]: connect from unknown[213.176.24.65]
Aug  9 10:32:04 brollon postfix/smtps/smtpd[2182]: connect from unknown[213.176.26.109]
Aug  9 10:32:04 brollon postfix/smtps/smtpd[2173]: connect from unknown[213.176.26.153]
Aug  9 10:32:05 brollon postfix/smtps/smtpd[2257]: lost connection after AUTH from unknown[213.176.26.123]
Aug  9 10:32:05 brollon postfix/smtps/smtpd[2257]: disconnect from unknown[213.176.26.123] ehlo=1 auth=0/1 rset=1 commands=2/3
Aug  9 10:32:06 brollon postfix/smtpd[30512]: connect from unknown[91.92.240.92]
Aug  9 10:32:07 brollon postfix/submission/smtpd[28438]: connect from unknown[213.176.26.85]
Aug  9 10:32:08 brollon postfix/smtpd[30512]: warning: unknown[91.92.240.92]: SASL LOGIN authentication failed: UGFzc3dvcmQ6
Aug  9 10:32:08 brollon postfix/smtpd[30512]: disconnect from unknown[91.92.240.92] ehlo=1 auth=0/1 quit=1 commands=2/3
Aug  9 10:32:10 brollon postfix/smtps/smtpd[2173]: warning: unknown[213.176.26.153]: SASL LOGIN authentication failed: UGFzc3dvcmQ6
Aug  9 10:32:10 brollon postfix/smtps/smtpd[2182]: warning: unknown[213.176.26.109]: SASL LOGIN authentication failed: UGFzc3dvcmQ6
Aug  9 10:32:10 brollon postfix/smtps/smtpd[2173]: lost connection after AUTH from unknown[213.176.26.153]
Aug  9 10:32:10 brollon postfix/smtps/smtpd[2173]: disconnect from unknown[213.176.26.153] ehlo=1 auth=0/1 rset=1 commands=2/3
Aug  9 10:32:10 brollon postfix/smtps/smtpd[2182]: lost connection after AUTH from unknown[213.176.26.109]
Aug  9 10:32:10 brollon postfix/smtps/smtpd[2182]: disconnect from unknown[213.176.26.109] ehlo=1 auth=0/1 rset=1 commands=2/3
Aug  9 10:32:11 brollon postfix/smtps/smtpd[2257]: connect from unknown[213.176.26.51]
Aug  9 10:32:12 brollon postfix/smtpd[30512]: connect from unknown[193.32.162.9]
Aug  9 10:32:14 brollon postfix/smtpd[30512]: warning: unknown[193.32.162.9]: SASL LOGIN authentication failed: UGFzc3dvcmQ6
Aug  9 10:32:14 brollon postfix/submission/smtpd[28438]: warning: unknown[213.176.26.85]: SASL LOGIN authentication failed: UGFzc3dvcmQ6
Aug  9 10:32:14 brollon postfix/smtpd[30512]: lost connection after AUTH from unknown[193.32.162.9]
Aug  9 10:32:14 brollon postfix/smtpd[30512]: disconnect from unknown[193.32.162.9] ehlo=1 auth=0/1 commands=1/2
Aug  9 10:32:14 brollon postfix/submission/smtpd[28438]: disconnect from unknown[213.176.26.85] ehlo=1 auth=0/1 rset=1 quit=1 commands=3/4
Aug  9 10:32:16 brollon postfix/smtps/smtpd[2173]: connect from unknown[213.176.26.95]
Aug  9 10:32:16 brollon postfix/smtps/smtpd[2257]: warning: unknown[213.176.26.51]: SASL LOGIN authentication failed: UGFzc3dvcmQ6
Aug  9 10:32:16 brollon postfix/smtps/smtpd[2257]: lost connection after AUTH from unknown[213.176.26.51]
Aug  9 10:32:16 brollon postfix/smtps/smtpd[2257]: disconnect from unknown[213.176.26.51] ehlo=1 auth=0/1 rset=1 commands=2/3
Aug  9 10:32:17 brollon postfix/submission/smtpd[3072]: warning: unknown[213.176.24.65]: SASL LOGIN authentication failed: UGFzc3dvcmQ6
Aug  9 10:32:17 brollon postfix/submission/smtpd[3072]: lost connection after AUTH from unknown[213.176.24.65]
Aug  9 10:32:17 brollon postfix/submission/smtpd[3072]: disconnect from unknown[213.176.24.65] ehlo=1 auth=0/1 rset=1 commands=2/3
Aug  9 10:32:21 brollon postfix/smtps/smtpd[2173]: warning: unknown[213.176.26.95]: SASL LOGIN authentication failed: UGFzc3dvcmQ6
Aug  9 10:32:21 brollon postfix/smtps/smtpd[2173]: lost connection after AUTH from unknown[213.176.26.95]
Aug  9 10:32:21 brollon postfix/smtps/smtpd[2173]: disconnect from unknown[213.176.26.95] ehlo=1 auth=0/1 rset=1 commands=2/3
Aug  9 10:32:26 brollon postfix/smtps/smtpd[2182]: connect from unknown[213.176.26.69]
Aug  9 10:32:28 brollon postfix/submission/smtpd[1911]: connect from unknown[213.176.26.114]
Aug  9 10:32:35 brollon postfix/smtps/smtpd[2182]: warning: unknown[213.176.26.69]: SASL LOGIN authentication failed: UGFzc3dvcmQ6
Aug  9 10:32:35 brollon postfix/submission/smtpd[1911]: warning: unknown[213.176.26.114]: SASL LOGIN authentication failed: UGFzc3dvcmQ6
Aug  9 10:32:35 brollon postfix/submission/smtpd[1911]: disconnect from unknown[213.176.26.114] ehlo=1 auth=0/1 rset=1 quit=1 commands=3/4
Aug  9 10:32:39 brollon postfix/submission/smtpd[28438]: connect from unknown[213.176.26.134]
Aug  9 10:32:39 brollon postfix/smtps/smtpd[2257]: connect from unknown[213.176.26.77]
Aug  9 10:32:40 brollon postfix/smtpd[2197]: timeout after END-OF-MESSAGE from localhost[127.0.0.1]
Aug  9 10:32:40 brollon postfix/smtpd[2197]: disconnect from localhost[127.0.0.1] ehlo=1 mail=1 rcpt=1 data=1 commands=4
Aug  9 10:32:40 brollon postfix/smtps/smtpd[2173]: connect from unknown[213.176.26.22]
Aug  9 10:32:41 brollon postfix/smtps/smtpd[2182]: lost connection after AUTH from unknown[213.176.26.69]
Aug  9 10:32:41 brollon postfix/smtps/smtpd[2182]: disconnect from unknown[213.176.26.69] ehlo=1 auth=0/1 rset=1 commands=2/3
Aug  9 10:32:43 brollon postfix/submission/smtpd[1911]: connect from unknown[213.176.26.144]
Aug  9 10:32:44 brollon postfix/submission/smtpd[30793]: connect from unknown[213.176.26.76]
Aug  9 10:32:44 brollon postfix/smtps/smtpd[2182]: connect from unknown[213.176.26.72]
Aug  9 10:32:46 brollon postfix/smtps/smtpd[2173]: warning: unknown[213.176.26.22]: SASL LOGIN authentication failed: UGFzc3dvcmQ6
Aug  9 10:32:46 brollon postfix/submission/smtpd[28438]: warning: unknown[213.176.26.134]: SASL LOGIN authentication failed: UGFzc3dvcmQ6
Aug  9 10:32:46 brollon postfix/smtps/smtpd[2173]: lost connection after AUTH from unknown[213.176.26.22]
Aug  9 10:32:46 brollon postfix/smtps/smtpd[2173]: disconnect from unknown[213.176.26.22] ehlo=1 auth=0/1 rset=1 commands=2/3
Aug  9 10:32:46 brollon postfix/submission/smtpd[28438]: disconnect from unknown[213.176.26.134] ehlo=1 auth=0/1 rset=1 quit=1 commands=3/4
Aug  9 10:32:48 brollon postfix/submission/smtpd[30793]: warning: unknown[213.176.26.76]: SASL LOGIN authentication failed: UGFzc3dvcmQ6
Aug  9 10:32:48 brollon postfix/submission/smtpd[30793]: disconnect from unknown[213.176.26.76] ehlo=1 auth=0/1 rset=1 quit=1 commands=3/4
Aug  9 10:32:49 brollon postfix/submission/smtpd[3072]: connect from unknown[213.176.26.78]
Aug  9 10:32:50 brollon postfix/smtps/smtpd[2182]: warning: unknown[213.176.26.72]: SASL LOGIN authentication failed: UGFzc3dvcmQ6
Aug  9 10:32:50 brollon postfix/submission/smtpd[1911]: warning: unknown[213.176.26.144]: SASL LOGIN authentication failed: UGFzc3dvcmQ6
Aug  9 10:32:50 brollon postfix/smtps/smtpd[2182]: lost connection after AUTH from unknown[213.176.26.72]
Aug  9 10:32:50 brollon postfix/smtps/smtpd[2182]: disconnect from unknown[213.176.26.72] ehlo=1 auth=0/1 rset=1 commands=2/3
Aug  9 10:32:51 brollon postfix/submission/smtpd[1911]: disconnect from unknown[213.176.26.144] ehlo=1 auth=0/1 rset=1 quit=1 commands=3/4
Aug  9 10:32:52 brollon postfix/submission/smtpd[3072]: warning: unknown[213.176.26.78]: SASL LOGIN authentication failed: UGFzc3dvcmQ6
Aug  9 10:32:52 brollon postfix/submission/smtpd[3072]: disconnect from unknown[213.176.26.78] ehlo=1 auth=0/1 rset=1 quit=1 commands=3/4
Aug  9 10:32:53 brollon postfix/smtps/smtpd[2257]: warning: unknown[213.176.26.77]: SASL LOGIN authentication failed: UGFzc3dvcmQ6
Aug  9 10:32:53 brollon postfix/smtps/smtpd[2257]: lost connection after AUTH from unknown[213.176.26.77]
Aug  9 10:32:53 brollon postfix/smtps/smtpd[2257]: disconnect from unknown[213.176.26.77] ehlo=1 auth=0/1 rset=1 commands=2/3
Aug  9 10:32:56 brollon postfix/submission/smtpd[30793]: connect from unknown[213.176.26.113]
Aug  9 10:32:58 brollon postfix/submission/smtpd[1911]: connect from unknown[213.176.26.74]
Aug  9 10:32:59 brollon postfix/submission/smtpd[3072]: connect from unknown[213.176.26.159]
Aug  9 10:33:00 brollon postfix/submission/smtpd[3131]: connect from unknown[213.176.26.64]
Aug  9 10:33:01 brollon postfix/smtpd[30512]: connect from localhost[127.0.0.1]
Aug  9 10:33:01 brollon postfix/smtpd[30512]: lost connection after CONNECT from localhost[127.0.0.1]
Aug  9 10:33:01 brollon postfix/smtpd[30512]: disconnect from localhost[127.0.0.1] commands=0/0
Aug  9 10:33:01 brollon dovecot: pop3-login: Disconnected (no auth attempts in 0 secs): user=<>, rip=127.0.0.1, lip=127.0.0.1, secured, session=<H+AWw5pYap5/AAAB>
Aug  9 10:33:01 brollon dovecot: imap-login: Disconnected (no auth attempts in 0 secs): user=<>, rip=127.0.0.1, lip=127.0.0.1, secured, session=<iwYXw5pYOqZ/AAAB>
Aug  9 10:33:01 brollon postfix/smtps/smtpd[2173]: connect from unknown[213.176.26.58]
Aug  9 10:33:03 brollon postfix/submission/smtpd[30793]: warning: unknown[213.176.26.113]: SASL LOGIN authentication failed: UGFzc3dvcmQ6
Aug  9 10:33:04 brollon postfix/smtps/smtpd[2257]: connect from unknown[213.176.26.82]
Aug  9 10:33:04 brollon postfix/submission/smtpd[30793]: disconnect from unknown[213.176.26.113] ehlo=1 auth=0/1 rset=1 quit=1 commands=3/4
Aug  9 10:33:04 brollon postfix/submission/smtpd[3131]: warning: unknown[213.176.26.64]: SASL LOGIN authentication failed: UGFzc3dvcmQ6
Aug  9 10:33:04 brollon postfix/submission/smtpd[3131]: disconnect from unknown[213.176.26.64] ehlo=1 auth=0/1 rset=1 quit=1 commands=3/4
Aug  9 10:33:05 brollon postfix/submission/smtpd[1911]: warning: unknown[213.176.26.74]: SASL LOGIN authentication failed: UGFzc3dvcmQ6
Aug  9 10:33:05 brollon postfix/submission/smtpd[1911]: disconnect from unknown[213.176.26.74] ehlo=1 auth=0/1 rset=1 quit=1 commands=3/4
Aug  9 10:33:06 brollon postfix/submission/smtpd[3072]: warning: unknown[213.176.26.159]: SASL LOGIN authentication failed: UGFzc3dvcmQ6
Aug  9 10:33:06 brollon postfix/submission/smtpd[3072]: disconnect from unknown[213.176.26.159] ehlo=1 auth=0/1 rset=1 quit=1 commands=3/4
Aug  9 10:33:07 brollon postfix/smtps/smtpd[2173]: warning: unknown[213.176.26.58]: SASL LOGIN authentication failed: UGFzc3dvcmQ6
Aug  9 10:33:07 brollon postfix/smtps/smtpd[2173]: lost connection after AUTH from unknown[213.176.26.58]
Aug  9 10:33:07 brollon postfix/smtps/smtpd[2173]: disconnect from unknown[213.176.26.58] ehlo=1 auth=0/1 rset=1 commands=2/3
Aug  9 10:33:09 brollon postfix/submission/smtpd[30793]: connect from unknown[213.176.26.85]
Aug  9 10:33:12 brollon postfix/smtps/smtpd[2257]: warning: unknown[213.176.26.82]: SASL LOGIN authentication failed: UGFzc3dvcmQ6
Aug  9 10:33:14 brollon postfix/smtps/smtpd[2257]: lost connection after AUTH from unknown[213.176.26.82]
Aug  9 10:33:14 brollon postfix/smtps/smtpd[2257]: disconnect from unknown[213.176.26.82] ehlo=1 auth=0/1 rset=1 commands=2/3
Aug  9 10:33:16 brollon postfix/submission/smtpd[30793]: warning: unknown[213.176.26.85]: SASL LOGIN authentication failed: UGFzc3dvcmQ6
Aug  9 10:33:16 brollon postfix/submission/smtpd[30793]: disconnect from unknown[213.176.26.85] ehlo=1 auth=0/1 rset=1 quit=1 commands=3/4
Aug  9 10:33:29 brollon postfix/submission/smtpd[3131]: connect from unknown[213.176.26.114]
Aug  9 10:33:33 brollon postfix/submission/smtpd[3131]: warning: unknown[213.176.26.114]: SASL LOGIN authentication failed: UGFzc3dvcmQ6
Aug  9 10:33:33 brollon postfix/submission/smtpd[3131]: disconnect from unknown[213.176.26.114] ehlo=1 auth=0/1 rset=1 quit=1 commands=3/4
Aug  9 10:33:42 brollon postfix/submission/smtpd[30793]: connect from unknown[213.176.26.134]
Aug  9 10:33:46 brollon postfix/smtps/smtpd[2182]: connect from unknown[213.176.24.64]
Aug  9 10:33:46 brollon postfix/submission/smtpd[3131]: connect from unknown[213.176.26.76]
Aug  9 10:33:47 brollon postfix/submission/smtpd[3072]: connect from unknown[213.176.26.144]
Aug  9 10:33:49 brollon postfix/submission/smtpd[30793]: warning: unknown[213.176.26.134]: SASL LOGIN authentication failed: UGFzc3dvcmQ6
Aug  9 10:33:49 brollon postfix/submission/smtpd[30793]: disconnect from unknown[213.176.26.134] ehlo=1 auth=0/1 rset=1 quit=1 commands=3/4
Aug  9 10:33:52 brollon postfix/smtpd[30512]: connect from unknown[2.57.122.98]
Aug  9 10:33:53 brollon postfix/submission/smtpd[3131]: warning: unknown[213.176.26.76]: SASL LOGIN authentication failed: UGFzc3dvcmQ6
Aug  9 10:33:53 brollon postfix/submission/smtpd[3072]: warning: unknown[213.176.26.144]: SASL LOGIN authentication failed: UGFzc3dvcmQ6
Aug  9 10:33:53 brollon postfix/submission/smtpd[3131]: disconnect from unknown[213.176.26.76] ehlo=1 auth=0/1 rset=1 quit=1 commands=3/4
Aug  9 10:33:53 brollon postfix/submission/smtpd[1911]: connect from unknown[213.176.26.78]
Aug  9 10:33:53 brollon postfix/submission/smtpd[3072]: disconnect from unknown[213.176.26.144] ehlo=1 auth=0/1 rset=1 quit=1 commands=3/4
Aug  9 10:33:54 brollon postfix/smtpd[30512]: warning: unknown[2.57.122.98]: SASL LOGIN authentication failed: UGFzc3dvcmQ6
Aug  9 10:33:54 brollon postfix/smtpd[30512]: disconnect from unknown[2.57.122.98] ehlo=1 auth=0/1 quit=1 commands=2/3
Aug  9 10:33:54 brollon postfix/smtps/smtpd[2257]: connect from unknown[213.176.26.41]
Aug  9 10:33:57 brollon postfix/submission/smtpd[30793]: connect from unknown[213.176.26.113]
Aug  9 10:34:00 brollon postfix/submission/smtpd[1911]: warning: unknown[213.176.26.78]: SASL LOGIN authentication failed: UGFzc3dvcmQ6
Aug  9 10:34:01 brollon postfix/submission/smtpd[1911]: disconnect from unknown[213.176.26.78] ehlo=1 auth=0/1 rset=1 quit=1 commands=3/4
Aug  9 10:34:01 brollon postfix/submission/smtpd[3072]: connect from unknown[213.176.26.159]
Aug  9 10:34:01 brollon postfix/submission/smtpd[3131]: connect from unknown[213.176.26.74]
Aug  9 10:34:01 brollon postfix/smtpd[30512]: connect from localhost[127.0.0.1]
Aug  9 10:34:01 brollon postfix/smtpd[30512]: lost connection after CONNECT from localhost[127.0.0.1]
Aug  9 10:34:01 brollon postfix/smtpd[30512]: disconnect from localhost[127.0.0.1] commands=0/0
Aug  9 10:34:01 brollon dovecot: imap-login: Disconnected (no auth attempts in 0 secs): user=<>, rip=127.0.0.1, lip=127.0.0.1, secured, session=<+eevxppYRKd/AAAB>
Aug  9 10:34:01 brollon dovecot: pop3-login: Disconnected (no auth attempts in 0 secs): user=<>, rip=127.0.0.1, lip=127.0.0.1, secured, session=<7eevxppYdJ9/AAAB>
Aug  9 10:34:03 brollon postfix/submission/smtpd[1911]: connect from unknown[213.176.26.64]
Aug  9 10:34:03 brollon postfix/smtps/smtpd[2257]: warning: unknown[213.176.26.41]: SASL LOGIN authentication failed: UGFzc3dvcmQ6
Aug  9 10:34:04 brollon postfix/submission/smtpd[30793]: warning: unknown[213.176.26.113]: SASL LOGIN authentication failed: UGFzc3dvcmQ6
Aug  9 10:34:04 brollon postfix/submission/smtpd[30793]: disconnect from unknown[213.176.26.113] ehlo=1 auth=0/1 rset=1 quit=1 commands=3/4
Aug  9 10:34:05 brollon postfix/smtps/smtpd[2257]: lost connection after AUTH from unknown[213.176.26.41]
Aug  9 10:34:05 brollon postfix/smtps/smtpd[2257]: disconnect from unknown[213.176.26.41] ehlo=1 auth=0/1 rset=1 commands=2/3
Aug  9 10:34:07 brollon postfix/smtps/smtpd[2173]: connect from unknown[213.176.26.62]
Aug  9 10:34:07 brollon postfix/smtps/smtpd[2182]: warning: unknown[213.176.24.64]: SASL LOGIN authentication failed: UGFzc3dvcmQ6
Aug  9 10:34:07 brollon postfix/smtps/smtpd[2182]: lost connection after AUTH from unknown[213.176.24.64]
Aug  9 10:34:07 brollon postfix/smtps/smtpd[2182]: disconnect from unknown[213.176.24.64] ehlo=1 auth=0/1 rset=1 commands=2/3
Aug  9 10:34:08 brollon postfix/submission/smtpd[3072]: warning: unknown[213.176.26.159]: SASL LOGIN authentication failed: UGFzc3dvcmQ6
Aug  9 10:34:08 brollon postfix/submission/smtpd[3131]: warning: unknown[213.176.26.74]: SASL LOGIN authentication failed: UGFzc3dvcmQ6
Aug  9 10:34:08 brollon postfix/submission/smtpd[3131]: disconnect from unknown[213.176.26.74] ehlo=1 auth=0/1 rset=1 quit=1 commands=3/4
Aug  9 10:34:09 brollon postfix/submission/smtpd[3072]: disconnect from unknown[213.176.26.159] ehlo=1 auth=0/1 rset=1 quit=1 commands=3/4
Aug  9 10:34:09 brollon postfix/submission/smtpd[1911]: warning: unknown[213.176.26.64]: SASL LOGIN authentication failed: UGFzc3dvcmQ6
Aug  9 10:34:09 brollon postfix/submission/smtpd[1911]: disconnect from unknown[213.176.26.64] ehlo=1 auth=0/1 rset=1 quit=1 commands=3/4
Aug  9 10:34:11 brollon postfix/submission/smtpd[30793]: connect from unknown[213.176.26.85]
Aug  9 10:34:13 brollon postfix/smtps/smtpd[2173]: warning: unknown[213.176.26.62]: SASL LOGIN authentication failed: UGFzc3dvcmQ6
Aug  9 10:34:13 brollon postfix/smtps/smtpd[2173]: lost connection after AUTH from unknown[213.176.26.62]
Aug  9 10:34:13 brollon postfix/smtps/smtpd[2173]: disconnect from unknown[213.176.26.62] ehlo=1 auth=0/1 rset=1 commands=2/3
Aug  9 10:34:18 brollon postfix/submission/smtpd[30793]: warning: unknown[213.176.26.85]: SASL LOGIN authentication failed: UGFzc3dvcmQ6
Aug  9 10:34:18 brollon postfix/submission/smtpd[30793]: disconnect from unknown[213.176.26.85] ehlo=1 auth=0/1 rset=1 quit=1 commands=3/4
Aug  9 10:34:30 brollon postfix/submission/smtpd[1911]: connect from unknown[213.176.26.114]
Aug  9 10:34:31 brollon postfix/smtps/smtpd[2257]: connect from unknown[213.176.26.23]
Aug  9 10:34:34 brollon postfix/smtps/smtpd[2257]: warning: unknown[213.176.26.23]: SASL LOGIN authentication failed: UGFzc3dvcmQ6
Aug  9 10:34:34 brollon postfix/smtps/smtpd[2257]: lost connection after AUTH from unknown[213.176.26.23]
Aug  9 10:34:34 brollon postfix/smtps/smtpd[2257]: disconnect from unknown[213.176.26.23] ehlo=1 auth=0/1 rset=1 commands=2/3
Aug  9 10:34:37 brollon postfix/submission/smtpd[1911]: warning: unknown[213.176.26.114]: SASL LOGIN authentication failed: UGFzc3dvcmQ6
Aug  9 10:34:37 brollon postfix/submission/smtpd[1911]: disconnect from unknown[213.176.26.114] ehlo=1 auth=0/1 rset=1 quit=1 commands=3/4
Aug  9 10:34:46 brollon postfix/submission/smtpd[30793]: connect from unknown[213.176.26.134]
Aug  9 10:34:49 brollon postfix/submission/smtpd[3072]: connect from unknown[213.176.26.76]
Aug  9 10:34:51 brollon postfix/submission/smtpd[30793]: warning: unknown[213.176.26.134]: SASL LOGIN authentication failed: UGFzc3dvcmQ6
Aug  9 10:34:51 brollon postfix/submission/smtpd[30793]: disconnect from unknown[213.176.26.134] ehlo=1 auth=0/1 rset=1 quit=1 commands=3/4
Aug  9 10:34:52 brollon postfix/submission/smtpd[1911]: connect from unknown[213.176.26.144]
Aug  9 10:34:56 brollon postfix/submission/smtpd[3072]: warning: unknown[213.176.26.76]: SASL LOGIN authentication failed: UGFzc3dvcmQ6
Aug  9 10:34:56 brollon postfix/submission/smtpd[3072]: disconnect from unknown[213.176.26.76] ehlo=1 auth=0/1 rset=1 quit=1 commands=3/4
Aug  9 10:34:57 brollon postfix/submission/smtpd[3131]: connect from unknown[213.176.26.78]
Aug  9 10:34:59 brollon postfix/submission/smtpd[1911]: warning: unknown[213.176.26.144]: SASL LOGIN authentication failed: UGFzc3dvcmQ6
Aug  9 10:34:59 brollon postfix/submission/smtpd[30793]: connect from unknown[213.176.26.113]
Aug  9 10:35:00 brollon postfix/submission/smtpd[1911]: disconnect from unknown[213.176.26.144] ehlo=1 auth=0/1 rset=1 quit=1 commands=3/4
Aug  9 10:35:01 brollon postfix/smtpd[30512]: connect from localhost[127.0.0.1]
Aug  9 10:35:01 brollon postfix/smtpd[30512]: lost connection after CONNECT from localhost[127.0.0.1]
Aug  9 10:35:01 brollon postfix/smtpd[30512]: disconnect from localhost[127.0.0.1] commands=0/0
Aug  9 10:35:01 brollon dovecot: pop3-login: Disconnected (no auth attempts in 0 secs): user=<>, rip=127.0.0.1, lip=127.0.0.1, secured, session=<51A6yppYrqB/AAAB>
Aug  9 10:35:01 brollon dovecot: imap-login: Disconnected (no auth attempts in 0 secs): user=<>, rip=127.0.0.1, lip=127.0.0.1, secured, session=<LVw6yppYfqh/AAAB>
Aug  9 10:35:01 brollon postfix/smtpd[30512]: connect from localhost[127.0.0.1]
Aug  9 10:35:01 brollon postfix/smtpd[30512]: lost connection after CONNECT from localhost[127.0.0.1]
Aug  9 10:35:01 brollon postfix/smtpd[30512]: disconnect from localhost[127.0.0.1] commands=0/0
Aug  9 10:35:01 brollon dovecot: pop3-login: Disconnected (no auth attempts in 0 secs): user=<>, rip=127.0.0.1, lip=127.0.0.1, secured, session=<O2c+yppYuqB/AAAB>
Aug  9 10:35:01 brollon dovecot: imap-login: Disconnected (no auth attempts in 0 secs): user=<>, rip=127.0.0.1, lip=127.0.0.1, secured, session=<5IA+yppYiqh/AAAB>
Aug  9 10:35:01 brollon postfix/smtps/smtpd[2182]: connect from unknown[213.176.26.165]
Aug  9 10:35:03 brollon postfix/submission/smtpd[3072]: connect from unknown[213.176.26.159]
Aug  9 10:35:04 brollon postfix/submission/smtpd[3131]: warning: unknown[213.176.26.78]: SASL LOGIN authentication failed: UGFzc3dvcmQ6
Aug  9 10:35:04 brollon postfix/submission/smtpd[1911]: connect from unknown[213.176.26.74]
Aug  9 10:35:05 brollon postfix/smtps/smtpd[2182]: warning: unknown[213.176.26.165]: SASL LOGIN authentication failed: UGFzc3dvcmQ6
Aug  9 10:35:05 brollon postfix/submission/smtpd[3131]: disconnect from unknown[213.176.26.78] ehlo=1 auth=0/1 rset=1 quit=1 commands=3/4
Aug  9 10:35:05 brollon postfix/smtps/smtpd[2182]: lost connection after AUTH from unknown[213.176.26.165]
Aug  9 10:35:05 brollon postfix/smtps/smtpd[2182]: disconnect from unknown[213.176.26.165] ehlo=1 auth=0/1 rset=1 commands=2/3
Aug  9 10:35:06 brollon postfix/submission/smtpd[30793]: warning: unknown[213.176.26.113]: SASL LOGIN authentication failed: UGFzc3dvcmQ6
Aug  9 10:35:06 brollon postfix/submission/smtpd[30793]: disconnect from unknown[213.176.26.113] ehlo=1 auth=0/1 rset=1 quit=1 commands=3/4
Aug  9 10:35:06 brollon postfix/submission/smtpd[3131]: connect from unknown[213.176.26.64]
Aug  9 10:35:08 brollon postfix/submission/smtpd[3072]: warning: unknown[213.176.26.159]: SASL LOGIN authentication failed: UGFzc3dvcmQ6
Aug  9 10:35:08 brollon postfix/submission/smtpd[3072]: disconnect from unknown[213.176.26.159] ehlo=1 auth=0/1 rset=1 quit=1 commands=3/4
Aug  9 10:35:11 brollon postfix/submission/smtpd[1911]: warning: unknown[213.176.26.74]: SASL LOGIN authentication failed: UGFzc3dvcmQ6
Aug  9 10:35:11 brollon postfix/submission/smtpd[1911]: disconnect from unknown[213.176.26.74] ehlo=1 auth=0/1 rset=1 quit=1 commands=3/4
Aug  9 10:35:12 brollon postfix/submission/smtpd[3131]: warning: unknown[213.176.26.64]: SASL LOGIN authentication failed: UGFzc3dvcmQ6
Aug  9 10:35:12 brollon postfix/submission/smtpd[3131]: disconnect from unknown[213.176.26.64] ehlo=1 auth=0/1 rset=1 quit=1 commands=3/4
Aug  9 10:35:13 brollon postfix/submission/smtpd[30793]: connect from unknown[213.176.26.85]
Aug  9 10:35:20 brollon postfix/submission/smtpd[30793]: warning: unknown[213.176.26.85]: SASL LOGIN authentication failed: UGFzc3dvcmQ6
Aug  9 10:35:20 brollon postfix/submission/smtpd[30793]: disconnect from unknown[213.176.26.85] ehlo=1 auth=0/1 rset=1 quit=1 commands=3/4
Aug  9 10:35:32 brollon postfix/submission/smtpd[3131]: connect from unknown[213.176.26.114]
Aug  9 10:35:38 brollon postfix/submission/smtpd[3131]: warning: unknown[213.176.26.114]: SASL LOGIN authentication failed: UGFzc3dvcmQ6
Aug  9 10:35:38 brollon postfix/submission/smtpd[3131]: disconnect from unknown[213.176.26.114] ehlo=1 auth=0/1 rset=1 quit=1 commands=3/4
Aug  9 10:35:49 brollon postfix/submission/smtpd[3072]: connect from unknown[213.176.26.134]
Aug  9 10:35:52 brollon postfix/submission/smtpd[1911]: connect from unknown[213.176.26.76]
Aug  9 10:35:56 brollon postfix/submission/smtpd[3072]: warning: unknown[213.176.26.134]: SASL LOGIN authentication failed: UGFzc3dvcmQ6
Aug  9 10:35:56 brollon postfix/submission/smtpd[3072]: disconnect from unknown[213.176.26.134] ehlo=1 auth=0/1 rset=1 quit=1 commands=3/4
Aug  9 10:35:56 brollon postfix/submission/smtpd[30793]: connect from unknown[213.176.26.144]
Aug  9 10:35:59 brollon postfix/submission/smtpd[1911]: warning: unknown[213.176.26.76]: SASL LOGIN authentication failed: UGFzc3dvcmQ6
Aug  9 10:36:00 brollon postfix/submission/smtpd[1911]: disconnect from unknown[213.176.26.76] ehlo=1 auth=0/1 rset=1 quit=1 commands=3/4
Aug  9 10:36:00 brollon postfix/submission/smtpd[3072]: connect from unknown[213.176.26.78]
Aug  9 10:36:01 brollon postfix/submission/smtpd[3131]: connect from unknown[213.176.26.113]
Aug  9 10:36:01 brollon postfix/smtpd[30512]: connect from localhost[127.0.0.1]
Aug  9 10:36:01 brollon postfix/smtpd[30512]: lost connection after CONNECT from localhost[127.0.0.1]
Aug  9 10:36:01 brollon postfix/smtpd[30512]: disconnect from localhost[127.0.0.1] commands=0/0
Aug  9 10:36:01 brollon dovecot: pop3-login: Disconnected (no auth attempts in 0 secs): user=<>, rip=127.0.0.1, lip=127.0.0.1, secured, session=<LELYzZpYHqJ/AAAB>
Aug  9 10:36:01 brollon dovecot: imap-login: Disconnected (no auth attempts in 0 secs): user=<>, rip=127.0.0.1, lip=127.0.0.1, secured, session=<80LYzZpY7ql/AAAB>
Aug  9 10:36:03 brollon postfix/submission/smtpd[30793]: warning: unknown[213.176.26.144]: SASL LOGIN authentication failed: UGFzc3dvcmQ6
Aug  9 10:36:04 brollon postfix/submission/smtpd[3072]: warning: unknown[213.176.26.78]: SASL LOGIN authentication failed: UGFzc3dvcmQ6
Aug  9 10:36:04 brollon postfix/submission/smtpd[30793]: disconnect from unknown[213.176.26.144] ehlo=1 auth=0/1 rset=1 quit=1 commands=3/4
Aug  9 10:36:04 brollon postfix/submission/smtpd[3072]: disconnect from unknown[213.176.26.78] ehlo=1 auth=0/1 rset=1 quit=1 commands=3/4
Aug  9 10:36:05 brollon postfix/submission/smtpd[1911]: connect from unknown[213.176.26.159]
Aug  9 10:36:07 brollon postfix/submission/smtpd[3131]: warning: unknown[213.176.26.113]: SASL LOGIN authentication failed: UGFzc3dvcmQ6
Aug  9 10:36:07 brollon postfix/submission/smtpd[3131]: disconnect from unknown[213.176.26.113] ehlo=1 auth=0/1 rset=1 quit=1 commands=3/4
Aug  9 10:36:07 brollon postfix/submission/smtpd[3072]: connect from unknown[213.176.26.74]
Aug  9 10:36:09 brollon postfix/submission/smtpd[3131]: connect from unknown[213.176.26.64]
Aug  9 10:36:11 brollon postfix/submission/smtpd[3072]: warning: unknown[213.176.26.74]: SASL LOGIN authentication failed: UGFzc3dvcmQ6
Aug  9 10:36:11 brollon postfix/submission/smtpd[3072]: disconnect from unknown[213.176.26.74] ehlo=1 auth=0/1 rset=1 quit=1 commands=3/4
Aug  9 10:36:12 brollon postfix/submission/smtpd[1911]: warning: unknown[213.176.26.159]: SASL LOGIN authentication failed: UGFzc3dvcmQ6
Aug  9 10:36:12 brollon postfix/submission/smtpd[1911]: disconnect from unknown[213.176.26.159] ehlo=1 auth=0/1 rset=1 quit=1 commands=3/4
Aug  9 10:36:16 brollon postfix/submission/smtpd[3131]: warning: unknown[213.176.26.64]: SASL LOGIN authentication failed: UGFzc3dvcmQ6
Aug  9 10:36:16 brollon postfix/submission/smtpd[3131]: disconnect from unknown[213.176.26.64] ehlo=1 auth=0/1 rset=1 quit=1 commands=3/4
Aug  9 10:36:16 brollon postfix/submission/smtpd[30793]: connect from unknown[213.176.26.85]
Aug  9 10:36:23 brollon postfix/submission/smtpd[30793]: warning: unknown[213.176.26.85]: SASL LOGIN authentication failed: UGFzc3dvcmQ6
Aug  9 10:36:24 brollon postfix/submission/smtpd[30793]: disconnect from unknown[213.176.26.85] ehlo=1 auth=0/1 rset=1 quit=1 commands=3/4
Aug  9 10:36:28 brollon postfix/smtps/smtpd[2182]: connect from unknown[213.176.26.19]
Aug  9 10:36:31 brollon postfix/smtps/smtpd[2182]: warning: unknown[213.176.26.19]: SASL LOGIN authentication failed: UGFzc3dvcmQ6
Aug  9 10:36:31 brollon postfix/smtps/smtpd[2182]: lost connection after AUTH from unknown[213.176.26.19]
Aug  9 10:36:31 brollon postfix/smtps/smtpd[2182]: disconnect from unknown[213.176.26.19] ehlo=1 auth=0/1 rset=1 commands=2/3
Aug  9 10:36:33 brollon postfix/submission/smtpd[3131]: connect from unknown[213.176.26.114]
Aug  9 10:36:40 brollon postfix/submission/smtpd[3131]: warning: unknown[213.176.26.114]: SASL LOGIN authentication failed: UGFzc3dvcmQ6
Aug  9 10:36:40 brollon postfix/submission/smtpd[3131]: disconnect from unknown[213.176.26.114] ehlo=1 auth=0/1 rset=1 quit=1 commands=3/4
Aug  9 10:36:42 brollon postfix/smtps/smtpd[2182]: connect from unknown[213.176.26.166]
Aug  9 10:36:43 brollon postfix/anvil[12649]: statistics: max connection rate 1/60s for (submission:213.176.26.159) at Aug  9 10:26:48
Aug  9 10:36:43 brollon postfix/anvil[12649]: statistics: max connection count 1 for (submission:213.176.26.159) at Aug  9 10:26:48
Aug  9 10:36:43 brollon postfix/anvil[12649]: statistics: max cache size 23 at Aug  9 10:32:45
Aug  9 10:36:47 brollon postfix/smtps/smtpd[2182]: warning: unknown[213.176.26.166]: SASL LOGIN authentication failed: UGFzc3dvcmQ6
Aug  9 10:36:47 brollon postfix/smtps/smtpd[2182]: lost connection after AUTH from unknown[213.176.26.166]
Aug  9 10:36:47 brollon postfix/smtps/smtpd[2182]: disconnect from unknown[213.176.26.166] ehlo=1 auth=0/1 rset=1 commands=2/3
Aug  9 10:36:53 brollon postfix/submission/smtpd[30793]: connect from unknown[213.176.26.134]
Aug  9 10:36:54 brollon postfix/submission/smtpd[3131]: connect from unknown[213.176.26.76]
Aug  9 10:36:55 brollon postfix/smtps/smtpd[2182]: connect from unknown[213.176.26.52]
Aug  9 10:37:00 brollon postfix/submission/smtpd[30793]: warning: unknown[213.176.26.134]: SASL LOGIN authentication failed: UGFzc3dvcmQ6
Aug  9 10:37:00 brollon postfix/submission/smtpd[1911]: connect from unknown[213.176.26.144]
Aug  9 10:37:01 brollon postfix/submission/smtpd[30793]: disconnect from unknown[213.176.26.134] ehlo=1 auth=0/1 rset=1 quit=1 commands=3/4
Aug  9 10:37:01 brollon postfix/submission/smtpd[3131]: warning: unknown[213.176.26.76]: SASL LOGIN authentication failed: UGFzc3dvcmQ6
Aug  9 10:37:01 brollon postfix/smtps/smtpd[2182]: warning: unknown[213.176.26.52]: SASL LOGIN authentication failed: UGFzc3dvcmQ6
Aug  9 10:37:01 brollon postfix/smtpd[30512]: connect from localhost[127.0.0.1]
Aug  9 10:37:01 brollon postfix/smtpd[30512]: lost connection after CONNECT from localhost[127.0.0.1]
Aug  9 10:37:01 brollon postfix/smtpd[30512]: disconnect from localhost[127.0.0.1] commands=0/0
Aug  9 10:37:01 brollon dovecot: imap-login: Disconnected (no auth attempts in 0 secs): user=<>, rip=127.0.0.1, lip=127.0.0.1, secured, session=<nIZf0ZpYMqt/AAAB>
Aug  9 10:37:01 brollon dovecot: pop3-login: Disconnected (no auth attempts in 0 secs): user=<>, rip=127.0.0.1, lip=127.0.0.1, secured, session=<NpZf0ZpYYqN/AAAB>
Aug  9 10:37:01 brollon postfix/smtps/smtpd[2182]: lost connection after AUTH from unknown[213.176.26.52]
Aug  9 10:37:01 brollon postfix/smtps/smtpd[2182]: disconnect from unknown[213.176.26.52] ehlo=1 auth=0/1 rset=1 commands=2/3
Aug  9 10:37:01 brollon postfix/smtps/smtpd[2182]: connect from unknown[213.176.26.63]
Aug  9 10:37:02 brollon postfix/submission/smtpd[3131]: disconnect from unknown[213.176.26.76] ehlo=1 auth=0/1 rset=1 quit=1 commands=3/4
Aug  9 10:37:02 brollon postfix/submission/smtpd[3072]: connect from unknown[213.176.26.113]
Aug  9 10:37:04 brollon postfix/submission/smtpd[3131]: connect from unknown[213.176.26.78]
Aug  9 10:37:05 brollon postfix/submission/smtpd[3072]: warning: unknown[213.176.26.113]: SASL LOGIN authentication failed: UGFzc3dvcmQ6
Aug  9 10:37:05 brollon postfix/submission/smtpd[3072]: disconnect from unknown[213.176.26.113] ehlo=1 auth=0/1 rset=1 quit=1 commands=3/4
Aug  9 10:37:07 brollon postfix/submission/smtpd[1911]: warning: unknown[213.176.26.144]: SASL LOGIN authentication failed: UGFzc3dvcmQ6
Aug  9 10:37:07 brollon postfix/submission/smtpd[30793]: connect from unknown[213.176.26.159]
Aug  9 10:37:07 brollon postfix/submission/smtpd[1911]: disconnect from unknown[213.176.26.144] ehlo=1 auth=0/1 rset=1 quit=1 commands=3/4
Aug  9 10:37:08 brollon postfix/smtps/smtpd[2182]: warning: unknown[213.176.26.63]: SASL LOGIN authentication failed: UGFzc3dvcmQ6
Aug  9 10:37:08 brollon postfix/smtps/smtpd[2182]: lost connection after AUTH from unknown[213.176.26.63]
Aug  9 10:37:08 brollon postfix/smtps/smtpd[2182]: disconnect from unknown[213.176.26.63] ehlo=1 auth=0/1 rset=1 commands=2/3
Aug  9 10:37:10 brollon postfix/submission/smtpd[3072]: connect from unknown[213.176.26.74]
Aug  9 10:37:11 brollon postfix/submission/smtpd[3131]: warning: unknown[213.176.26.78]: SASL LOGIN authentication failed: UGFzc3dvcmQ6
Aug  9 10:37:12 brollon postfix/submission/smtpd[3131]: disconnect from unknown[213.176.26.78] ehlo=1 auth=0/1 rset=1 quit=1 commands=3/4
Aug  9 10:37:12 brollon postfix/submission/smtpd[1911]: connect from unknown[213.176.26.64]
Aug  9 10:37:14 brollon postfix/submission/smtpd[1911]: warning: unknown[213.176.26.64]: SASL LOGIN authentication failed: UGFzc3dvcmQ6
Aug  9 10:37:14 brollon postfix/submission/smtpd[30793]: warning: unknown[213.176.26.159]: SASL LOGIN authentication failed: UGFzc3dvcmQ6
Aug  9 10:37:14 brollon postfix/submission/smtpd[1911]: disconnect from unknown[213.176.26.64] ehlo=1 auth=0/1 rset=1 quit=1 commands=3/4
Aug  9 10:37:14 brollon postfix/submission/smtpd[30793]: disconnect from unknown[213.176.26.159] ehlo=1 auth=0/1 rset=1 quit=1 commands=3/4
Aug  9 10:37:14 brollon postfix/smtps/smtpd[2182]: connect from unknown[213.176.26.94]
Aug  9 10:37:17 brollon postfix/submission/smtpd[3072]: warning: unknown[213.176.26.74]: SASL LOGIN authentication failed: UGFzc3dvcmQ6
Aug  9 10:37:17 brollon postfix/submission/smtpd[3072]: disconnect from unknown[213.176.26.74] ehlo=1 auth=0/1 rset=1 quit=1 commands=3/4
Aug  9 10:37:17 brollon postfix/submission/smtpd[3131]: connect from unknown[213.176.26.85]
Aug  9 10:37:20 brollon postfix/smtps/smtpd[2182]: warning: unknown[213.176.26.94]: SASL LOGIN authentication failed: UGFzc3dvcmQ6
Aug  9 10:37:20 brollon postfix/smtps/smtpd[2182]: lost connection after AUTH from unknown[213.176.26.94]
Aug  9 10:37:20 brollon postfix/smtps/smtpd[2182]: disconnect from unknown[213.176.26.94] ehlo=1 auth=0/1 rset=1 commands=2/3
Aug  9 10:37:21 brollon postfix/submission/smtpd[3131]: warning: unknown[213.176.26.85]: SASL LOGIN authentication failed: UGFzc3dvcmQ6
Aug  9 10:37:21 brollon postfix/submission/smtpd[3131]: disconnect from unknown[213.176.26.85] ehlo=1 auth=0/1 rset=1 quit=1 commands=3/4
Aug  9 10:37:34 brollon postfix/submission/smtpd[3072]: connect from unknown[213.176.26.114]
Aug  9 10:37:40 brollon postfix/submission/smtpd[3072]: warning: unknown[213.176.26.114]: SASL LOGIN authentication failed: UGFzc3dvcmQ6
Aug  9 10:37:40 brollon postfix/submission/smtpd[3072]: disconnect from unknown[213.176.26.114] ehlo=1 auth=0/1 rset=1 quit=1 commands=3/4
Aug  9 10:37:56 brollon postfix/submission/smtpd[3131]: connect from unknown[213.176.26.76]
Aug  9 10:37:56 brollon postfix/submission/smtpd[3072]: connect from unknown[213.176.26.134]
Aug  9 10:37:57 brollon postfix/smtps/smtpd[2182]: connect from unknown[213.176.26.175]
Aug  9 10:38:01 brollon postfix/smtpd[30512]: connect from localhost[127.0.0.1]
Aug  9 10:38:01 brollon postfix/smtpd[30512]: lost connection after CONNECT from localhost[127.0.0.1]
Aug  9 10:38:01 brollon postfix/smtpd[30512]: disconnect from localhost[127.0.0.1] commands=0/0
Aug  9 10:38:01 brollon dovecot: imap-login: Disconnected (no auth attempts in 0 secs): user=<>, rip=127.0.0.1, lip=127.0.0.1, secured, session=<F9721JpYZqx/AAAB>
Aug  9 10:38:01 brollon dovecot: pop3-login: Disconnected (no auth attempts in 0 secs): user=<>, rip=127.0.0.1, lip=127.0.0.1, secured, session=<CfD21JpYlqR/AAAB>
Aug  9 10:38:01 brollon postfix/submission/smtpd[3072]: warning: unknown[213.176.26.134]: SASL LOGIN authentication failed: VXNlcm5hbWU6
Aug  9 10:38:02 brollon postfix/submission/smtpd[3131]: warning: unknown[213.176.26.76]: SASL LOGIN authentication failed: UGFzc3dvcmQ6
Aug  9 10:38:02 brollon postfix/submission/smtpd[3131]: disconnect from unknown[213.176.26.76] ehlo=1 auth=0/1 rset=1 quit=1 commands=3/4
Aug  9 10:38:03 brollon postfix/submission/smtpd[3072]: disconnect from unknown[213.176.26.134] ehlo=1 auth=0/1 rset=1 quit=1 unknown=0/1 commands=3/5
Aug  9 10:38:03 brollon postfix/smtps/smtpd[4170]: connect from unknown[213.176.26.186]
Aug  9 10:38:04 brollon postfix/submission/smtpd[1911]: connect from unknown[213.176.26.144]
Aug  9 10:38:04 brollon postfix/smtps/smtpd[2182]: warning: unknown[213.176.26.175]: SASL LOGIN authentication failed: UGFzc3dvcmQ6
Aug  9 10:38:04 brollon postfix/submission/smtpd[3072]: connect from unknown[213.176.26.113]
Aug  9 10:38:04 brollon postfix/smtps/smtpd[2182]: lost connection after AUTH from unknown[213.176.26.175]
Aug  9 10:38:04 brollon postfix/smtps/smtpd[2182]: disconnect from unknown[213.176.26.175] ehlo=1 auth=0/1 rset=1 commands=2/3
Aug  9 10:38:05 brollon postfix/smtps/smtpd[2182]: connect from unknown[213.176.26.191]
Aug  9 10:38:06 brollon postfix/smtps/smtpd[4170]: warning: unknown[213.176.26.186]: SASL LOGIN authentication failed: UGFzc3dvcmQ6
Aug  9 10:38:07 brollon postfix/submission/smtpd[30793]: connect from unknown[213.176.26.78]
Aug  9 10:38:07 brollon postfix/smtps/smtpd[4170]: lost connection after AUTH from unknown[213.176.26.186]
Aug  9 10:38:07 brollon postfix/smtps/smtpd[4170]: disconnect from unknown[213.176.26.186] ehlo=1 auth=0/1 rset=1 commands=2/3
Aug  9 10:38:08 brollon postfix/smtps/smtpd[2182]: warning: unknown[213.176.26.191]: SASL LOGIN authentication failed: UGFzc3dvcmQ6
Aug  9 10:38:08 brollon postfix/submission/smtpd[3131]: connect from unknown[213.176.26.159]
Aug  9 10:38:09 brollon postfix/smtps/smtpd[4170]: connect from unknown[213.176.26.87]
