Aug  9 09:45:37 brollon postfix/submission/smtpd[23240]: disconnect from unknown[213.176.26.134] ehlo=1 auth=0/1 rset=1 quit=1 commands=3/4
Aug  9 09:45:38 brollon postfix/submission/smtpd[20017]: warning: unknown[213.176.26.64]: SASL LOGIN authentication failed: UGFzc3dvcmQ6
Aug  9 09:45:38 brollon postfix/submission/smtpd[20017]: disconnect from unknown[213.176.26.64] ehlo=1 auth=0/1 rset=1 quit=1 commands=3/4
Aug  9 09:45:39 brollon postfix/smtps/smtpd[24951]: warning: unknown[213.176.26.109]: SASL LOGIN authentication failed: UGFzc3dvcmQ6
Aug  9 09:45:39 brollon postfix/smtps/smtpd[24951]: lost connection after AUTH from unknown[213.176.26.109]
Aug  9 09:45:39 brollon postfix/smtps/smtpd[24951]: disconnect from unknown[213.176.26.109] ehlo=1 auth=0/1 rset=1 commands=2/3
Aug  9 09:45:42 brollon postfix/smtps/smtpd[25880]: connect from unknown[213.176.26.41]
Aug  9 09:45:46 brollon postfix/submission/smtpd[23375]: connect from unknown[213.176.26.159]
Aug  9 09:45:49 brollon postfix/smtps/smtpd[25880]: warning: unknown[213.176.26.41]: SASL LOGIN authentication failed: UGFzc3dvcmQ6
Aug  9 09:45:51 brollon postfix/smtps/smtpd[25880]: lost connection after AUTH from unknown[213.176.26.41]
Aug  9 09:45:51 brollon postfix/smtps/smtpd[25880]: disconnect from unknown[213.176.26.41] ehlo=1 auth=0/1 rset=1 commands=2/3
Aug  9 09:45:52 brollon postfix/submission/smtpd[23375]: warning: unknown[213.176.26.159]: SASL LOGIN authentication failed: UGFzc3dvcmQ6
Aug  9 09:45:53 brollon postfix/submission/smtpd[23375]: disconnect from unknown[213.176.26.159] ehlo=1 auth=0/1 rset=1 quit=1 commands=3/4
Aug  9 09:45:54 brollon postfix/submission/smtpd[23240]: connect from unknown[213.176.26.114]
Aug  9 09:45:55 brollon postfix/smtps/smtpd[24951]: connect from unknown[213.176.26.153]
Aug  9 09:45:59 brollon postfix/submission/smtpd[23375]: connect from unknown[213.176.26.113]
Aug  9 09:46:00 brollon postfix/submission/smtpd[23240]: warning: unknown[213.176.26.114]: SASL LOGIN authentication failed: UGFzc3dvcmQ6
Aug  9 09:46:00 brollon postfix/smtps/smtpd[24951]: warning: unknown[213.176.26.153]: SASL LOGIN authentication failed: UGFzc3dvcmQ6
Aug  9 09:46:00 brollon postfix/smtps/smtpd[24951]: lost connection after AUTH from unknown[213.176.26.153]
Aug  9 09:46:00 brollon postfix/smtps/smtpd[24951]: disconnect from unknown[213.176.26.153] ehlo=1 auth=0/1 rset=1 commands=2/3
Aug  9 09:46:00 brollon postfix/submission/smtpd[23240]: disconnect from unknown[213.176.26.114] ehlo=1 auth=0/1 rset=1 quit=1 commands=3/4
Aug  9 09:46:01 brollon postfix/submission/smtpd[20017]: connect from unknown[213.176.26.85]
Aug  9 09:46:02 brollon postfix/smtpd[19741]: connect from localhost[127.0.0.1]
Aug  9 09:46:02 brollon postfix/smtpd[19741]: lost connection after CONNECT from localhost[127.0.0.1]
Aug  9 09:46:02 brollon postfix/smtpd[19741]: disconnect from localhost[127.0.0.1] commands=0/0
Aug  9 09:46:02 brollon dovecot: imap-login: Disconnected (no auth attempts in 0 secs): user=<>, rip=127.0.0.1, lip=127.0.0.1, secured, session=<l9AJG5pYMOd/AAAB>
Aug  9 09:46:02 brollon dovecot: pop3-login: Disconnected (no auth attempts in 0 secs): user=<>, rip=127.0.0.1, lip=127.0.0.1, secured, session=<F9UJG5pYYN9/AAAB>
Aug  9 09:46:03 brollon postfix/smtps/smtpd[25880]: connect from unknown[213.176.26.22]
Aug  9 09:46:04 brollon postfix/submission/smtpd[23375]: warning: unknown[213.176.26.113]: SASL LOGIN authentication failed: UGFzc3dvcmQ6
Aug  9 09:46:04 brollon postfix/submission/smtpd[23375]: disconnect from unknown[213.176.26.113] ehlo=1 auth=0/1 rset=1 quit=1 commands=3/4
Aug  9 09:46:06 brollon postfix/smtps/smtpd[24951]: connect from unknown[213.176.26.165]
Aug  9 09:46:08 brollon postfix/submission/smtpd[20017]: warning: unknown[213.176.26.85]: SASL LOGIN authentication failed: UGFzc3dvcmQ6
Aug  9 09:46:08 brollon postfix/submission/smtpd[20017]: disconnect from unknown[213.176.26.85] ehlo=1 auth=0/1 rset=1 quit=1 commands=3/4
Aug  9 09:46:09 brollon postfix/smtps/smtpd[25880]: warning: unknown[213.176.26.22]: SASL LOGIN authentication failed: UGFzc3dvcmQ6
Aug  9 09:46:09 brollon postfix/smtps/smtpd[25880]: lost connection after AUTH from unknown[213.176.26.22]
Aug  9 09:46:09 brollon postfix/smtps/smtpd[25880]: disconnect from unknown[213.176.26.22] ehlo=1 auth=0/1 rset=1 commands=2/3
Aug  9 09:46:09 brollon postfix/submission/smtpd[23240]: connect from unknown[213.176.26.144]
Aug  9 09:46:11 brollon postfix/smtps/smtpd[24951]: warning: unknown[213.176.26.165]: SASL LOGIN authentication failed: UGFzc3dvcmQ6
Aug  9 09:46:11 brollon postfix/smtps/smtpd[24951]: lost connection after AUTH from unknown[213.176.26.165]
Aug  9 09:46:11 brollon postfix/smtps/smtpd[24951]: disconnect from unknown[213.176.26.165] ehlo=1 auth=0/1 rset=1 commands=2/3
Aug  9 09:46:15 brollon postfix/smtps/smtpd[25880]: connect from unknown[213.176.26.72]
Aug  9 09:46:16 brollon postfix/submission/smtpd[23240]: warning: unknown[213.176.26.144]: SASL LOGIN authentication failed: UGFzc3dvcmQ6
Aug  9 09:46:16 brollon postfix/submission/smtpd[23240]: disconnect from unknown[213.176.26.144] ehlo=1 auth=0/1 rset=1 quit=1 commands=3/4
Aug  9 09:46:20 brollon postfix/submission/smtpd[22377]: connect from unknown[213.176.26.78]
Aug  9 09:46:21 brollon postfix/smtps/smtpd[25880]: warning: unknown[213.176.26.72]: SASL LOGIN authentication failed: UGFzc3dvcmQ6
Aug  9 09:46:21 brollon postfix/smtps/smtpd[25880]: lost connection after AUTH from unknown[213.176.26.72]
Aug  9 09:46:21 brollon postfix/smtps/smtpd[25880]: disconnect from unknown[213.176.26.72] ehlo=1 auth=0/1 rset=1 commands=2/3
Aug  9 09:46:26 brollon postfix/submission/smtpd[23240]: connect from unknown[213.176.26.76]
Aug  9 09:46:26 brollon postfix/submission/smtpd[22377]: warning: unknown[213.176.26.78]: SASL LOGIN authentication failed: UGFzc3dvcmQ6
Aug  9 09:46:26 brollon postfix/submission/smtpd[22377]: disconnect from unknown[213.176.26.78] ehlo=1 auth=0/1 rset=1 quit=1 commands=3/4
Aug  9 09:46:28 brollon postfix/submission/smtpd[20017]: connect from unknown[213.176.26.74]
Aug  9 09:46:30 brollon postfix/smtpd[19741]: warning: hostname scan.visionheight.com does not resolve to address 18.218.118.203
Aug  9 09:46:30 brollon postfix/smtpd[19741]: connect from unknown[18.218.118.203]
Aug  9 09:46:30 brollon postfix/smtps/smtpd[24951]: connect from unknown[213.176.26.182]
Aug  9 09:46:31 brollon postfix/smtpd[19741]: lost connection after CONNECT from unknown[18.218.118.203]
Aug  9 09:46:31 brollon postfix/smtpd[19741]: disconnect from unknown[18.218.118.203] commands=0/0
Aug  9 09:46:32 brollon postfix/smtps/smtpd[25880]: warning: hostname blue2.census.shodan.io does not resolve to address 86.54.31.38
Aug  9 09:46:32 brollon postfix/smtps/smtpd[25880]: connect from unknown[86.54.31.38]
Aug  9 09:46:33 brollon postfix/submission/smtpd[23240]: warning: unknown[213.176.26.76]: SASL LOGIN authentication failed: UGFzc3dvcmQ6
Aug  9 09:46:34 brollon postfix/submission/smtpd[23240]: disconnect from unknown[213.176.26.76] ehlo=1 auth=0/1 rset=1 quit=1 commands=3/4
Aug  9 09:46:34 brollon postfix/submission/smtpd[23375]: connect from unknown[213.176.26.64]
Aug  9 09:46:35 brollon postfix/submission/smtpd[20017]: warning: unknown[213.176.26.74]: SASL LOGIN authentication failed: UGFzc3dvcmQ6
Aug  9 09:46:35 brollon postfix/submission/smtpd[20017]: disconnect from unknown[213.176.26.74] ehlo=1 auth=0/1 rset=1 quit=1 commands=3/4
Aug  9 09:46:35 brollon postfix/submission/smtpd[23240]: connect from unknown[213.176.26.134]
Aug  9 09:46:36 brollon postfix/smtps/smtpd[26762]: warning: hostname blue2.census.shodan.io does not resolve to address 86.54.31.38
Aug  9 09:46:36 brollon postfix/smtps/smtpd[26762]: connect from unknown[86.54.31.38]
Aug  9 09:46:36 brollon postfix/smtps/smtpd[26762]: warning: TLS library problem: error:140940F5:SSL routines:ssl3_read_bytes:unexpected record:../ssl/record/rec_layer_s3.c:1487:
Aug  9 09:46:36 brollon postfix/smtps/smtpd[26762]: lost connection after CONNECT from unknown[86.54.31.38]
Aug  9 09:46:36 brollon postfix/smtps/smtpd[26762]: disconnect from unknown[86.54.31.38] commands=0/0
Aug  9 09:46:36 brollon postfix/smtps/smtpd[26762]: connect from unknown[213.176.26.58]
Aug  9 09:46:37 brollon postfix/smtps/smtpd[24951]: warning: unknown[213.176.26.182]: SASL LOGIN authentication failed: UGFzc3dvcmQ6
Aug  9 09:46:37 brollon postfix/smtps/smtpd[24951]: lost connection after AUTH from unknown[213.176.26.182]
Aug  9 09:46:37 brollon postfix/smtps/smtpd[24951]: disconnect from unknown[213.176.26.182] ehlo=1 auth=0/1 rset=1 commands=2/3
Aug  9 09:46:39 brollon postfix/smtps/smtpd[24951]: warning: hostname blue2.census.shodan.io does not resolve to address 86.54.31.38
Aug  9 09:46:39 brollon postfix/smtps/smtpd[24951]: connect from unknown[86.54.31.38]
Aug  9 09:46:39 brollon postfix/smtps/smtpd[24951]: lost connection after CONNECT from unknown[86.54.31.38]
Aug  9 09:46:39 brollon postfix/smtps/smtpd[24951]: disconnect from unknown[86.54.31.38] commands=0/0
Aug  9 09:46:39 brollon postfix/smtps/smtpd[24951]: warning: hostname blue2.census.shodan.io does not resolve to address 86.54.31.38
Aug  9 09:46:39 brollon postfix/smtps/smtpd[24951]: connect from unknown[86.54.31.38]
Aug  9 09:46:39 brollon postfix/smtps/smtpd[24951]: SSL_accept error from unknown[86.54.31.38]: lost connection
Aug  9 09:46:39 brollon postfix/smtps/smtpd[24951]: lost connection after CONNECT from unknown[86.54.31.38]
Aug  9 09:46:39 brollon postfix/smtps/smtpd[24951]: disconnect from unknown[86.54.31.38] commands=0/0
Aug  9 09:46:39 brollon postfix/smtps/smtpd[26767]: warning: hostname blue2.census.shodan.io does not resolve to address 86.54.31.38
Aug  9 09:46:39 brollon postfix/smtps/smtpd[26767]: connect from unknown[86.54.31.38]
Aug  9 09:46:39 brollon postfix/smtps/smtpd[26767]: SSL_accept error from unknown[86.54.31.38]: lost connection
Aug  9 09:46:39 brollon postfix/smtps/smtpd[26767]: lost connection after CONNECT from unknown[86.54.31.38]
Aug  9 09:46:39 brollon postfix/smtps/smtpd[26767]: disconnect from unknown[86.54.31.38] commands=0/0
Aug  9 09:46:39 brollon postfix/smtps/smtpd[26767]: connect from unknown[213.176.26.123]
Aug  9 09:46:39 brollon postfix/smtps/smtpd[24951]: warning: hostname blue2.census.shodan.io does not resolve to address 86.54.31.38
Aug  9 09:46:39 brollon postfix/smtps/smtpd[24951]: connect from unknown[86.54.31.38]
Aug  9 09:46:39 brollon postfix/smtps/smtpd[24951]: SSL_accept error from unknown[86.54.31.38]: lost connection
Aug  9 09:46:39 brollon postfix/smtps/smtpd[24951]: lost connection after CONNECT from unknown[86.54.31.38]
Aug  9 09:46:39 brollon postfix/smtps/smtpd[24951]: disconnect from unknown[86.54.31.38] commands=0/0
Aug  9 09:46:39 brollon postfix/smtps/smtpd[24951]: warning: hostname blue2.census.shodan.io does not resolve to address 86.54.31.38
Aug  9 09:46:39 brollon postfix/smtps/smtpd[24951]: connect from unknown[86.54.31.38]
Aug  9 09:46:39 brollon postfix/smtps/smtpd[24951]: SSL_accept error from unknown[86.54.31.38]: lost connection
Aug  9 09:46:39 brollon postfix/smtps/smtpd[24951]: lost connection after CONNECT from unknown[86.54.31.38]
Aug  9 09:46:39 brollon postfix/smtps/smtpd[24951]: disconnect from unknown[86.54.31.38] commands=0/0
Aug  9 09:46:39 brollon postfix/smtps/smtpd[24951]: warning: hostname blue2.census.shodan.io does not resolve to address 86.54.31.38
Aug  9 09:46:39 brollon postfix/smtps/smtpd[24951]: connect from unknown[86.54.31.38]
Aug  9 09:46:40 brollon postfix/smtps/smtpd[24951]: SSL_accept error from unknown[86.54.31.38]: lost connection
Aug  9 09:46:40 brollon postfix/smtps/smtpd[24951]: lost connection after CONNECT from unknown[86.54.31.38]
Aug  9 09:46:40 brollon postfix/smtps/smtpd[24951]: disconnect from unknown[86.54.31.38] commands=0/0
Aug  9 09:46:40 brollon postfix/smtps/smtpd[24951]: warning: hostname blue2.census.shodan.io does not resolve to address 86.54.31.38
Aug  9 09:46:40 brollon postfix/smtps/smtpd[24951]: connect from unknown[86.54.31.38]
Aug  9 09:46:40 brollon postfix/smtps/smtpd[24951]: SSL_accept error from unknown[86.54.31.38]: lost connection
Aug  9 09:46:40 brollon postfix/smtps/smtpd[24951]: lost connection after CONNECT from unknown[86.54.31.38]
Aug  9 09:46:40 brollon postfix/smtps/smtpd[24951]: disconnect from unknown[86.54.31.38] commands=0/0
Aug  9 09:46:40 brollon postfix/smtps/smtpd[24951]: warning: hostname blue2.census.shodan.io does not resolve to address 86.54.31.38
Aug  9 09:46:40 brollon postfix/smtps/smtpd[24951]: connect from unknown[86.54.31.38]
Aug  9 09:46:40 brollon postfix/smtps/smtpd[24951]: SSL_accept error from unknown[86.54.31.38]: lost connection
Aug  9 09:46:40 brollon postfix/smtps/smtpd[24951]: lost connection after CONNECT from unknown[86.54.31.38]
Aug  9 09:46:40 brollon postfix/smtps/smtpd[24951]: disconnect from unknown[86.54.31.38] commands=0/0
Aug  9 09:46:40 brollon postfix/smtps/smtpd[24951]: warning: hostname blue2.census.shodan.io does not resolve to address 86.54.31.38
Aug  9 09:46:40 brollon postfix/smtps/smtpd[24951]: connect from unknown[86.54.31.38]
Aug  9 09:46:40 brollon postfix/smtps/smtpd[24951]: SSL_accept error from unknown[86.54.31.38]: lost connection
Aug  9 09:46:40 brollon postfix/smtps/smtpd[24951]: lost connection after CONNECT from unknown[86.54.31.38]
Aug  9 09:46:40 brollon postfix/smtps/smtpd[24951]: disconnect from unknown[86.54.31.38] commands=0/0
Aug  9 09:46:40 brollon postfix/smtps/smtpd[24951]: warning: hostname blue2.census.shodan.io does not resolve to address 86.54.31.38
Aug  9 09:46:40 brollon postfix/smtps/smtpd[24951]: connect from unknown[86.54.31.38]
Aug  9 09:46:40 brollon postfix/smtps/smtpd[24951]: SSL_accept error from unknown[86.54.31.38]: lost connection
Aug  9 09:46:40 brollon postfix/smtps/smtpd[24951]: lost connection after CONNECT from unknown[86.54.31.38]
Aug  9 09:46:40 brollon postfix/smtps/smtpd[24951]: disconnect from unknown[86.54.31.38] commands=0/0
Aug  9 09:46:40 brollon postfix/smtps/smtpd[24951]: warning: hostname blue2.census.shodan.io does not resolve to address 86.54.31.38
Aug  9 09:46:40 brollon postfix/smtps/smtpd[24951]: connect from unknown[86.54.31.38]
Aug  9 09:46:40 brollon postfix/smtps/smtpd[24951]: SSL_accept error from unknown[86.54.31.38]: lost connection
Aug  9 09:46:40 brollon postfix/smtps/smtpd[24951]: lost connection after CONNECT from unknown[86.54.31.38]
Aug  9 09:46:40 brollon postfix/smtps/smtpd[24951]: disconnect from unknown[86.54.31.38] commands=0/0
Aug  9 09:46:40 brollon postfix/smtps/smtpd[24951]: warning: hostname blue2.census.shodan.io does not resolve to address 86.54.31.38
Aug  9 09:46:40 brollon postfix/smtps/smtpd[24951]: connect from unknown[86.54.31.38]
Aug  9 09:46:40 brollon postfix/smtps/smtpd[24951]: lost connection after CONNECT from unknown[86.54.31.38]
Aug  9 09:46:40 brollon postfix/smtps/smtpd[24951]: disconnect from unknown[86.54.31.38] commands=0/0
Aug  9 09:46:40 brollon postfix/smtps/smtpd[24951]: warning: hostname blue2.census.shodan.io does not resolve to address 86.54.31.38
Aug  9 09:46:40 brollon postfix/smtps/smtpd[24951]: connect from unknown[86.54.31.38]
Aug  9 09:46:41 brollon postfix/smtps/smtpd[24951]: lost connection after CONNECT from unknown[86.54.31.38]
Aug  9 09:46:41 brollon postfix/smtps/smtpd[24951]: disconnect from unknown[86.54.31.38] commands=0/0
Aug  9 09:46:41 brollon postfix/submission/smtpd[23375]: warning: unknown[213.176.26.64]: SASL LOGIN authentication failed: UGFzc3dvcmQ6
Aug  9 09:46:41 brollon postfix/submission/smtpd[23240]: warning: unknown[213.176.26.134]: SASL LOGIN authentication failed: UGFzc3dvcmQ6
Aug  9 09:46:41 brollon postfix/submission/smtpd[23240]: disconnect from unknown[213.176.26.134] ehlo=1 auth=0/1 rset=1 quit=1 commands=3/4
Aug  9 09:46:41 brollon postfix/submission/smtpd[23375]: disconnect from unknown[213.176.26.64] ehlo=1 auth=0/1 rset=1 quit=1 commands=3/4
Aug  9 09:46:42 brollon postfix/smtps/smtpd[26762]: warning: unknown[213.176.26.58]: SASL LOGIN authentication failed: UGFzc3dvcmQ6
Aug  9 09:46:42 brollon postfix/smtps/smtpd[26762]: lost connection after AUTH from unknown[213.176.26.58]
Aug  9 09:46:42 brollon postfix/smtps/smtpd[26762]: disconnect from unknown[213.176.26.58] ehlo=1 auth=0/1 rset=1 commands=2/3
Aug  9 09:46:43 brollon postfix/smtps/smtpd[26767]: warning: unknown[213.176.26.123]: SASL LOGIN authentication failed: UGFzc3dvcmQ6
Aug  9 09:46:43 brollon postfix/anvil[12649]: statistics: max connection rate 5/60s for (smtps:86.54.31.38) at Aug  9 09:46:41
Aug  9 09:46:43 brollon postfix/anvil[12649]: statistics: max connection count 2 for (smtps:86.54.31.38) at Aug  9 09:46:36
Aug  9 09:46:43 brollon postfix/anvil[12649]: statistics: max cache size 25 at Aug  9 09:42:39
Aug  9 09:46:43 brollon postfix/smtps/smtpd[26767]: lost connection after AUTH from unknown[213.176.26.123]
Aug  9 09:46:43 brollon postfix/smtps/smtpd[26767]: disconnect from unknown[213.176.26.123] ehlo=1 auth=0/1 rset=1 commands=2/3
Aug  9 09:46:44 brollon postfix/smtps/smtpd[25880]: lost connection after EHLO from unknown[86.54.31.38]
Aug  9 09:46:44 brollon postfix/smtps/smtpd[25880]: disconnect from unknown[86.54.31.38] ehlo=1 commands=1
Aug  9 09:46:48 brollon postfix/submission/smtpd[20017]: connect from unknown[213.176.26.159]
Aug  9 09:46:54 brollon postfix/smtpd[19741]: warning: hostname scan.visionheight.com does not resolve to address 18.218.118.203
Aug  9 09:46:54 brollon postfix/smtpd[19741]: connect from unknown[18.218.118.203]
Aug  9 09:46:54 brollon postfix/submission/smtpd[23240]: connect from unknown[213.176.26.114]
Aug  9 09:46:54 brollon postfix/smtpd[19741]: lost connection after EHLO from unknown[18.218.118.203]
Aug  9 09:46:54 brollon postfix/smtpd[19741]: disconnect from unknown[18.218.118.203] ehlo=0/1 commands=0/1
Aug  9 09:46:55 brollon postfix/submission/smtpd[20017]: warning: unknown[213.176.26.159]: SASL LOGIN authentication failed: UGFzc3dvcmQ6
Aug  9 09:46:55 brollon postfix/submission/smtpd[20017]: disconnect from unknown[213.176.26.159] ehlo=1 auth=0/1 rset=1 quit=1 commands=3/4
Aug  9 09:46:55 brollon postfix/smtpd[19741]: warning: hostname scan.visionheight.com does not resolve to address 18.218.118.203
Aug  9 09:46:55 brollon postfix/smtpd[19741]: connect from unknown[18.218.118.203]
Aug  9 09:46:55 brollon postfix/smtpd[19741]: lost connection after UNKNOWN from unknown[18.218.118.203]
Aug  9 09:46:55 brollon postfix/smtpd[19741]: disconnect from unknown[18.218.118.203] unknown=0/1 commands=0/1
Aug  9 09:46:59 brollon postfix/submission/smtpd[23240]: warning: unknown[213.176.26.114]: SASL LOGIN authentication failed: UGFzc3dvcmQ6
Aug  9 09:46:59 brollon postfix/submission/smtpd[23240]: disconnect from unknown[213.176.26.114] ehlo=1 auth=0/1 rset=1 quit=1 commands=3/4
Aug  9 09:47:00 brollon postfix/submission/smtpd[23375]: connect from unknown[213.176.26.113]
Aug  9 09:47:01 brollon postfix/smtpd[19741]: connect from localhost[127.0.0.1]
Aug  9 09:47:01 brollon postfix/smtpd[19741]: lost connection after CONNECT from localhost[127.0.0.1]
Aug  9 09:47:01 brollon postfix/smtpd[19741]: disconnect from localhost[127.0.0.1] commands=0/0
Aug  9 09:47:01 brollon dovecot: pop3-login: Disconnected (no auth attempts in 0 secs): user=<>, rip=127.0.0.1, lip=127.0.0.1, secured, session=<7cCQHppYlN9/AAAB>
Aug  9 09:47:01 brollon dovecot: imap-login: Disconnected (no auth attempts in 0 secs): user=<>, rip=127.0.0.1, lip=127.0.0.1, secured, session=<VsKQHppYZOd/AAAB>
Aug  9 09:47:05 brollon postfix/submission/smtpd[23240]: connect from unknown[213.176.26.85]
Aug  9 09:47:07 brollon postfix/submission/smtpd[23375]: warning: unknown[213.176.26.113]: SASL LOGIN authentication failed: UGFzc3dvcmQ6
Aug  9 09:47:07 brollon postfix/submission/smtpd[23375]: disconnect from unknown[213.176.26.113] ehlo=1 auth=0/1 rset=1 quit=1 commands=3/4
Aug  9 09:47:12 brollon postfix/submission/smtpd[23240]: warning: unknown[213.176.26.85]: SASL LOGIN authentication failed: UGFzc3dvcmQ6
Aug  9 09:47:13 brollon postfix/submission/smtpd[20017]: connect from unknown[213.176.26.144]
Aug  9 09:47:13 brollon postfix/submission/smtpd[23240]: disconnect from unknown[213.176.26.85] ehlo=1 auth=0/1 rset=1 quit=1 commands=3/4
Aug  9 09:47:19 brollon postfix/submission/smtpd[20017]: warning: unknown[213.176.26.144]: SASL LOGIN authentication failed: UGFzc3dvcmQ6
Aug  9 09:47:20 brollon postfix/submission/smtpd[20017]: disconnect from unknown[213.176.26.144] ehlo=1 auth=0/1 rset=1 quit=1 commands=3/4
Aug  9 09:47:23 brollon postfix/submission/smtpd[22377]: connect from unknown[213.176.26.78]
Aug  9 09:47:30 brollon postfix/submission/smtpd[20017]: connect from unknown[213.176.26.76]
Aug  9 09:47:30 brollon postfix/submission/smtpd[22377]: warning: unknown[213.176.26.78]: SASL LOGIN authentication failed: UGFzc3dvcmQ6
Aug  9 09:47:30 brollon postfix/submission/smtpd[22377]: disconnect from unknown[213.176.26.78] ehlo=1 auth=0/1 rset=1 quit=1 commands=3/4
Aug  9 09:47:31 brollon postfix/submission/smtpd[23375]: connect from unknown[213.176.26.74]
Aug  9 09:47:34 brollon postfix/submission/smtpd[20017]: warning: unknown[213.176.26.76]: SASL LOGIN authentication failed: UGFzc3dvcmQ6
Aug  9 09:47:34 brollon postfix/submission/smtpd[20017]: disconnect from unknown[213.176.26.76] ehlo=1 auth=0/1 rset=1 quit=1 commands=3/4
Aug  9 09:47:37 brollon postfix/submission/smtpd[23240]: connect from unknown[213.176.26.64]
Aug  9 09:47:38 brollon postfix/submission/smtpd[22377]: connect from unknown[213.176.26.134]
Aug  9 09:47:39 brollon postfix/submission/smtpd[23375]: warning: unknown[213.176.26.74]: SASL LOGIN authentication failed: UGFzc3dvcmQ6
Aug  9 09:47:39 brollon postfix/submission/smtpd[23375]: disconnect from unknown[213.176.26.74] ehlo=1 auth=0/1 rset=1 quit=1 commands=3/4
Aug  9 09:47:44 brollon postfix/submission/smtpd[22377]: warning: unknown[213.176.26.134]: SASL LOGIN authentication failed: UGFzc3dvcmQ6
Aug  9 09:47:44 brollon postfix/submission/smtpd[22377]: disconnect from unknown[213.176.26.134] ehlo=1 auth=0/1 rset=1 quit=1 commands=3/4
Aug  9 09:47:45 brollon postfix/submission/smtpd[23240]: warning: unknown[213.176.26.64]: SASL LOGIN authentication failed: UGFzc3dvcmQ6
Aug  9 09:47:45 brollon postfix/submission/smtpd[23240]: disconnect from unknown[213.176.26.64] ehlo=1 auth=0/1 rset=1 quit=1 commands=3/4
Aug  9 09:47:49 brollon postfix/submission/smtpd[20017]: connect from unknown[213.176.26.159]
Aug  9 09:47:54 brollon postfix/submission/smtpd[20017]: warning: unknown[213.176.26.159]: SASL LOGIN authentication failed: UGFzc3dvcmQ6
Aug  9 09:47:54 brollon postfix/submission/smtpd[20017]: disconnect from unknown[213.176.26.159] ehlo=1 auth=0/1 rset=1 quit=1 commands=3/4
Aug  9 09:47:55 brollon postfix/submission/smtpd[23375]: connect from unknown[213.176.26.114]
Aug  9 09:48:01 brollon postfix/smtpd[19741]: connect from localhost[127.0.0.1]
Aug  9 09:48:01 brollon postfix/smtpd[19741]: lost connection after CONNECT from localhost[127.0.0.1]
Aug  9 09:48:01 brollon postfix/smtpd[19741]: disconnect from localhost[127.0.0.1] commands=0/0
Aug  9 09:48:01 brollon dovecot: imap-login: Disconnected (no auth attempts in 0 secs): user=<>, rip=127.0.0.1, lip=127.0.0.1, secured, session=<bmEnIppYiud/AAAB>
Aug  9 09:48:01 brollon dovecot: pop3-login: Disconnected (no auth attempts in 0 secs): user=<>, rip=127.0.0.1, lip=127.0.0.1, secured, session=</GMnIppYut9/AAAB>
Aug  9 09:48:01 brollon postfix/submission/smtpd[20017]: connect from unknown[213.176.26.113]
Aug  9 09:48:02 brollon postfix/submission/smtpd[23375]: warning: unknown[213.176.26.114]: SASL LOGIN authentication failed: UGFzc3dvcmQ6
Aug  9 09:48:02 brollon postfix/submission/smtpd[23375]: disconnect from unknown[213.176.26.114] ehlo=1 auth=0/1 rset=1 quit=1 commands=3/4
Aug  9 09:48:07 brollon postfix/submission/smtpd[22377]: connect from unknown[213.176.26.85]
Aug  9 09:48:08 brollon postfix/submission/smtpd[20017]: warning: unknown[213.176.26.113]: SASL LOGIN authentication failed: UGFzc3dvcmQ6
Aug  9 09:48:08 brollon postfix/submission/smtpd[20017]: disconnect from unknown[213.176.26.113] ehlo=1 auth=0/1 rset=1 quit=1 commands=3/4
Aug  9 09:48:14 brollon postfix/submission/smtpd[22377]: warning: unknown[213.176.26.85]: SASL LOGIN authentication failed: UGFzc3dvcmQ6
Aug  9 09:48:14 brollon postfix/submission/smtpd[22377]: disconnect from unknown[213.176.26.85] ehlo=1 auth=0/1 rset=1 quit=1 commands=3/4
Aug  9 09:48:15 brollon postfix/smtpd[19741]: connect from unknown[2.57.122.98]
Aug  9 09:48:16 brollon postfix/submission/smtpd[23240]: connect from unknown[213.176.26.144]
Aug  9 09:48:17 brollon postfix/smtpd[19741]: warning: unknown[2.57.122.98]: SASL LOGIN authentication failed: UGFzc3dvcmQ6
Aug  9 09:48:17 brollon postfix/smtpd[19741]: disconnect from unknown[2.57.122.98] ehlo=1 auth=0/1 quit=1 commands=2/3
Aug  9 09:48:21 brollon postfix/submission/smtpd[23240]: warning: unknown[213.176.26.144]: SASL LOGIN authentication failed: UGFzc3dvcmQ6
Aug  9 09:48:21 brollon postfix/submission/smtpd[23240]: disconnect from unknown[213.176.26.144] ehlo=1 auth=0/1 rset=1 quit=1 commands=3/4
Aug  9 09:48:26 brollon postfix/submission/smtpd[22377]: connect from unknown[213.176.26.78]
Aug  9 09:48:33 brollon postfix/submission/smtpd[22377]: warning: unknown[213.176.26.78]: SASL LOGIN authentication failed: UGFzc3dvcmQ6
Aug  9 09:48:33 brollon postfix/submission/smtpd[22377]: disconnect from unknown[213.176.26.78] ehlo=1 auth=0/1 rset=1 quit=1 commands=3/4
Aug  9 09:48:33 brollon postfix/submission/smtpd[23240]: connect from unknown[213.176.26.76]
Aug  9 09:48:35 brollon postfix/submission/smtpd[22377]: connect from unknown[213.176.26.74]
Aug  9 09:48:37 brollon postfix/submission/smtpd[22377]: warning: unknown[213.176.26.74]: SASL LOGIN authentication failed: UGFzc3dvcmQ6
Aug  9 09:48:37 brollon postfix/submission/smtpd[22377]: disconnect from unknown[213.176.26.74] ehlo=1 auth=0/1 rset=1 quit=1 commands=3/4
Aug  9 09:48:39 brollon postfix/submission/smtpd[23240]: warning: unknown[213.176.26.76]: SASL LOGIN authentication failed: UGFzc3dvcmQ6
Aug  9 09:48:39 brollon postfix/submission/smtpd[23240]: disconnect from unknown[213.176.26.76] ehlo=1 auth=0/1 rset=1 quit=1 commands=3/4
Aug  9 09:48:41 brollon postfix/submission/smtpd[23375]: connect from unknown[213.176.26.134]
Aug  9 09:48:41 brollon postfix/submission/smtpd[22377]: connect from unknown[213.176.26.64]
Aug  9 09:48:45 brollon postfix/smtps/smtpd[26878]: connect from unknown[213.176.26.44]
Aug  9 09:48:47 brollon postfix/submission/smtpd[22377]: warning: unknown[213.176.26.64]: SASL LOGIN authentication failed: UGFzc3dvcmQ6
Aug  9 09:48:47 brollon postfix/submission/smtpd[23375]: warning: unknown[213.176.26.134]: SASL LOGIN authentication failed: UGFzc3dvcmQ6
Aug  9 09:48:47 brollon postfix/submission/smtpd[23375]: disconnect from unknown[213.176.26.134] ehlo=1 auth=0/1 rset=1 quit=1 commands=3/4
Aug  9 09:48:47 brollon postfix/submission/smtpd[22377]: disconnect from unknown[213.176.26.64] ehlo=1 auth=0/1 rset=1 quit=1 commands=3/4
Aug  9 09:48:51 brollon postfix/submission/smtpd[20017]: connect from unknown[213.176.26.159]
Aug  9 09:48:52 brollon postfix/smtps/smtpd[26878]: warning: unknown[213.176.26.44]: SASL LOGIN authentication failed: UGFzc3dvcmQ6
Aug  9 09:48:53 brollon postfix/smtps/smtpd[26878]: lost connection after AUTH from unknown[213.176.26.44]
Aug  9 09:48:53 brollon postfix/smtps/smtpd[26878]: disconnect from unknown[213.176.26.44] ehlo=1 auth=0/1 rset=1 commands=2/3
Aug  9 09:48:56 brollon postfix/submission/smtpd[23240]: connect from unknown[213.176.26.114]
Aug  9 09:48:58 brollon postfix/submission/smtpd[20017]: warning: unknown[213.176.26.159]: SASL LOGIN authentication failed: UGFzc3dvcmQ6
Aug  9 09:48:59 brollon postfix/submission/smtpd[20017]: disconnect from unknown[213.176.26.159] ehlo=1 auth=0/1 rset=1 quit=1 commands=3/4
Aug  9 09:49:01 brollon postfix/smtpd[19741]: connect from localhost[127.0.0.1]
Aug  9 09:49:01 brollon postfix/smtpd[19741]: lost connection after CONNECT from localhost[127.0.0.1]
Aug  9 09:49:01 brollon postfix/smtpd[19741]: disconnect from localhost[127.0.0.1] commands=0/0
Aug  9 09:49:01 brollon dovecot: imap-login: Disconnected (disconnected before auth was ready, waited 0 secs): user=<>, rip=127.0.0.1, lip=127.0.0.1, secured, session=<4x6+JZpY0Oh/AAAB>
Aug  9 09:49:01 brollon dovecot: pop3-login: Disconnected (no auth attempts in 0 secs): user=<>, rip=127.0.0.1, lip=127.0.0.1, secured, session=<ujy+JZpYAOF/AAAB>
Aug  9 09:49:03 brollon postfix/submission/smtpd[23240]: warning: unknown[213.176.26.114]: SASL LOGIN authentication failed: UGFzc3dvcmQ6
Aug  9 09:49:03 brollon postfix/submission/smtpd[23240]: disconnect from unknown[213.176.26.114] ehlo=1 auth=0/1 rset=1 quit=1 commands=3/4
Aug  9 09:49:03 brollon postfix/submission/smtpd[23375]: connect from unknown[213.176.26.113]
Aug  9 09:49:10 brollon postfix/submission/smtpd[23375]: warning: unknown[213.176.26.113]: SASL LOGIN authentication failed: UGFzc3dvcmQ6
Aug  9 09:49:10 brollon postfix/submission/smtpd[23375]: disconnect from unknown[213.176.26.113] ehlo=1 auth=0/1 rset=1 quit=1 commands=3/4
Aug  9 09:49:10 brollon postfix/submission/smtpd[23240]: connect from unknown[213.176.26.85]
Aug  9 09:49:17 brollon postfix/submission/smtpd[23240]: warning: unknown[213.176.26.85]: SASL LOGIN authentication failed: UGFzc3dvcmQ6
Aug  9 09:49:17 brollon postfix/submission/smtpd[23240]: disconnect from unknown[213.176.26.85] ehlo=1 auth=0/1 rset=1 quit=1 commands=3/4
Aug  9 09:49:20 brollon postfix/submission/smtpd[23375]: connect from unknown[213.176.26.144]
Aug  9 09:49:21 brollon postfix/smtps/smtpd[26878]: connect from unknown[213.176.26.133]
Aug  9 09:49:27 brollon postfix/submission/smtpd[23375]: warning: unknown[213.176.26.144]: SASL LOGIN authentication failed: UGFzc3dvcmQ6
Aug  9 09:49:28 brollon postfix/submission/smtpd[23375]: disconnect from unknown[213.176.26.144] ehlo=1 auth=0/1 rset=1 quit=1 commands=3/4
Aug  9 09:49:28 brollon postfix/submission/smtpd[23240]: connect from unknown[213.176.26.78]
Aug  9 09:49:29 brollon postfix/smtps/smtpd[26878]: warning: unknown[213.176.26.133]: SASL LOGIN authentication failed: UGFzc3dvcmQ6
Aug  9 09:49:29 brollon postfix/smtps/smtpd[26933]: connect from unknown[213.176.24.64]
Aug  9 09:49:32 brollon postfix/smtps/smtpd[26878]: lost connection after AUTH from unknown[213.176.26.133]
Aug  9 09:49:32 brollon postfix/smtps/smtpd[26878]: disconnect from unknown[213.176.26.133] ehlo=1 auth=0/1 rset=1 commands=2/3
Aug  9 09:49:36 brollon postfix/submission/smtpd[23240]: warning: unknown[213.176.26.78]: SASL LOGIN authentication failed: UGFzc3dvcmQ6
Aug  9 09:49:36 brollon postfix/submission/smtpd[23240]: disconnect from unknown[213.176.26.78] ehlo=1 auth=0/1 rset=1 quit=1 commands=3/4
Aug  9 09:49:36 brollon postfix/submission/smtpd[23375]: connect from unknown[213.176.26.76]
Aug  9 09:49:39 brollon postfix/submission/smtpd[23240]: connect from unknown[213.176.26.74]
Aug  9 09:49:39 brollon postfix/submission/smtpd[23375]: warning: unknown[213.176.26.76]: SASL LOGIN authentication failed: UGFzc3dvcmQ6
Aug  9 09:49:39 brollon postfix/submission/smtpd[23375]: disconnect from unknown[213.176.26.76] ehlo=1 auth=0/1 rset=1 quit=1 commands=3/4
Aug  9 09:49:43 brollon postfix/submission/smtpd[22377]: connect from unknown[213.176.26.134]
Aug  9 09:49:44 brollon postfix/submission/smtpd[20017]: connect from unknown[213.176.26.64]
Aug  9 09:49:45 brollon postfix/submission/smtpd[23240]: warning: unknown[213.176.26.74]: SASL LOGIN authentication failed: UGFzc3dvcmQ6
Aug  9 09:49:45 brollon postfix/submission/smtpd[23240]: disconnect from unknown[213.176.26.74] ehlo=1 auth=0/1 rset=1 quit=1 commands=3/4
Aug  9 09:49:50 brollon postfix/submission/smtpd[22377]: warning: unknown[213.176.26.134]: SASL LOGIN authentication failed: UGFzc3dvcmQ6
Aug  9 09:49:50 brollon postfix/smtps/smtpd[26933]: warning: unknown[213.176.24.64]: SASL LOGIN authentication failed: UGFzc3dvcmQ6
Aug  9 09:49:50 brollon postfix/submission/smtpd[22377]: disconnect from unknown[213.176.26.134] ehlo=1 auth=0/1 rset=1 quit=1 commands=3/4
Aug  9 09:49:50 brollon postfix/smtps/smtpd[26933]: lost connection after AUTH from unknown[213.176.24.64]
Aug  9 09:49:50 brollon postfix/smtps/smtpd[26933]: disconnect from unknown[213.176.24.64] ehlo=1 auth=0/1 rset=1 commands=2/3
Aug  9 09:49:51 brollon postfix/submission/smtpd[20017]: warning: unknown[213.176.26.64]: SASL LOGIN authentication failed: UGFzc3dvcmQ6
Aug  9 09:49:51 brollon postfix/submission/smtpd[20017]: disconnect from unknown[213.176.26.64] ehlo=1 auth=0/1 rset=1 quit=1 commands=3/4
Aug  9 09:49:52 brollon postfix/submission/smtpd[23375]: connect from unknown[213.176.26.159]
Aug  9 09:49:54 brollon postfix/smtps/smtpd[26878]: connect from unknown[213.176.26.166]
Aug  9 09:49:57 brollon postfix/submission/smtpd[22377]: connect from unknown[213.176.26.114]
Aug  9 09:49:58 brollon postfix/submission/smtpd[23375]: warning: unknown[213.176.26.159]: SASL LOGIN authentication failed: UGFzc3dvcmQ6
Aug  9 09:49:58 brollon postfix/submission/smtpd[23375]: disconnect from unknown[213.176.26.159] ehlo=1 auth=0/1 rset=1 quit=1 commands=3/4
Aug  9 09:50:01 brollon postfix/smtps/smtpd[26878]: warning: unknown[213.176.26.166]: SASL LOGIN authentication failed: UGFzc3dvcmQ6
Aug  9 09:50:01 brollon postfix/smtps/smtpd[26878]: lost connection after AUTH from unknown[213.176.26.166]
Aug  9 09:50:01 brollon postfix/smtps/smtpd[26878]: disconnect from unknown[213.176.26.166] ehlo=1 auth=0/1 rset=1 commands=2/3
Aug  9 09:50:01 brollon postfix/smtpd[19741]: connect from localhost[127.0.0.1]
Aug  9 09:50:01 brollon postfix/smtpd[19741]: lost connection after CONNECT from localhost[127.0.0.1]
Aug  9 09:50:01 brollon postfix/smtpd[19741]: disconnect from localhost[127.0.0.1] commands=0/0
Aug  9 09:50:01 brollon dovecot: imap-login: Disconnected (disconnected before auth was ready, waited 0 secs): user=<>, rip=127.0.0.1, lip=127.0.0.1, secured, session=<349UKZpYwOl/AAAB>
Aug  9 09:50:01 brollon dovecot: pop3-login: Disconnected (no auth attempts in 0 secs): user=<>, rip=127.0.0.1, lip=127.0.0.1, secured, session=<tZNUKZpY8OF/AAAB>
Aug  9 09:50:02 brollon postfix/smtpd[19741]: connect from localhost[127.0.0.1]
Aug  9 09:50:02 brollon postfix/smtpd[19741]: lost connection after CONNECT from localhost[127.0.0.1]
Aug  9 09:50:02 brollon postfix/smtpd[19741]: disconnect from localhost[127.0.0.1] commands=0/0
Aug  9 09:50:02 brollon dovecot: pop3-login: Disconnected (no auth attempts in 0 secs): user=<>, rip=127.0.0.1, lip=127.0.0.1, secured, session=<qmhXKZpY/OF/AAAB>
Aug  9 09:50:02 brollon dovecot: imap-login: Disconnected (no auth attempts in 0 secs): user=<>, rip=127.0.0.1, lip=127.0.0.1, secured, session=<7qFXKZpYzOl/AAAB>
Aug  9 09:50:03 brollon postfix/submission/smtpd[22377]: warning: unknown[213.176.26.114]: SASL LOGIN authentication failed: UGFzc3dvcmQ6
Aug  9 09:50:03 brollon postfix/submission/smtpd[22377]: disconnect from unknown[213.176.26.114] ehlo=1 auth=0/1 rset=1 quit=1 commands=3/4
Aug  9 09:50:04 brollon postfix/submission/smtpd[20017]: connect from unknown[213.176.26.113]
Aug  9 09:50:06 brollon postfix/smtps/smtpd[26933]: connect from unknown[213.176.26.63]
Aug  9 09:50:11 brollon postfix/submission/smtpd[20017]: warning: unknown[213.176.26.113]: SASL LOGIN authentication failed: UGFzc3dvcmQ6
Aug  9 09:50:11 brollon postfix/submission/smtpd[20017]: disconnect from unknown[213.176.26.113] ehlo=1 auth=0/1 rset=1 quit=1 commands=3/4
Aug  9 09:50:12 brollon postfix/smtps/smtpd[26933]: warning: unknown[213.176.26.63]: SASL LOGIN authentication failed: UGFzc3dvcmQ6
Aug  9 09:50:12 brollon postfix/smtps/smtpd[26933]: lost connection after AUTH from unknown[213.176.26.63]
Aug  9 09:50:12 brollon postfix/smtps/smtpd[26933]: disconnect from unknown[213.176.26.63] ehlo=1 auth=0/1 rset=1 commands=2/3
Aug  9 09:50:12 brollon postfix/submission/smtpd[22377]: connect from unknown[213.176.26.85]
Aug  9 09:50:19 brollon postfix/submission/smtpd[22377]: warning: unknown[213.176.26.85]: SASL LOGIN authentication failed: UGFzc3dvcmQ6
Aug  9 09:50:19 brollon postfix/submission/smtpd[22377]: disconnect from unknown[213.176.26.85] ehlo=1 auth=0/1 rset=1 quit=1 commands=3/4
Aug  9 09:50:21 brollon postfix/smtpd[19741]: connect from unknown[158.94.211.32]
Aug  9 09:50:24 brollon postfix/smtpd[19741]: warning: unknown[158.94.211.32]: SASL LOGIN authentication failed: UGFzc3dvcmQ6
Aug  9 09:50:24 brollon postfix/submission/smtpd[23240]: connect from unknown[213.176.26.144]
Aug  9 09:50:30 brollon postfix/smtpd[19741]: warning: unknown[158.94.211.32]: SASL LOGIN authentication failed: UGFzc3dvcmQ6
Aug  9 09:50:31 brollon postfix/submission/smtpd[23375]: connect from unknown[213.176.26.78]
Aug  9 09:50:31 brollon postfix/submission/smtpd[23240]: warning: unknown[213.176.26.144]: SASL LOGIN authentication failed: UGFzc3dvcmQ6
Aug  9 09:50:31 brollon postfix/submission/smtpd[23240]: disconnect from unknown[213.176.26.144] ehlo=1 auth=0/1 rset=1 quit=1 commands=3/4
Aug  9 09:50:38 brollon postfix/submission/smtpd[23375]: warning: unknown[213.176.26.78]: SASL LOGIN authentication failed: UGFzc3dvcmQ6
Aug  9 09:50:39 brollon postfix/submission/smtpd[23375]: disconnect from unknown[213.176.26.78] ehlo=1 auth=0/1 rset=1 quit=1 commands=3/4
Aug  9 09:50:40 brollon postfix/submission/smtpd[20017]: connect from unknown[213.176.26.76]
Aug  9 09:50:40 brollon postfix/smtpd[19741]: warning: unknown[158.94.211.32]: SASL LOGIN authentication failed: UGFzc3dvcmQ6
Aug  9 09:50:42 brollon postfix/submission/smtpd[22377]: connect from unknown[213.176.26.74]
Aug  9 09:50:46 brollon postfix/submission/smtpd[20017]: warning: unknown[213.176.26.76]: SASL LOGIN authentication failed: UGFzc3dvcmQ6
Aug  9 09:50:46 brollon postfix/submission/smtpd[20017]: disconnect from unknown[213.176.26.76] ehlo=1 auth=0/1 rset=1 quit=1 commands=3/4
Aug  9 09:50:46 brollon postfix/submission/smtpd[23240]: connect from unknown[213.176.26.134]
Aug  9 09:50:48 brollon postfix/submission/smtpd[23375]: connect from unknown[213.176.26.64]
Aug  9 09:50:49 brollon postfix/submission/smtpd[22377]: warning: unknown[213.176.26.74]: SASL LOGIN authentication failed: UGFzc3dvcmQ6
Aug  9 09:50:49 brollon postfix/submission/smtpd[22377]: disconnect from unknown[213.176.26.74] ehlo=1 auth=0/1 rset=1 quit=1 commands=3/4
Aug  9 09:50:50 brollon postfix/smtpd[19741]: warning: unknown[158.94.211.32]: SASL LOGIN authentication failed: Connection lost to authentication server
Aug  9 09:50:50 brollon postfix/smtpd[19741]: disconnect from unknown[158.94.211.32] ehlo=1 auth=0/4 rset=4 quit=1 commands=6/10
Aug  9 09:50:53 brollon postfix/submission/smtpd[23240]: warning: unknown[213.176.26.134]: SASL LOGIN authentication failed: UGFzc3dvcmQ6
Aug  9 09:50:53 brollon postfix/submission/smtpd[23240]: disconnect from unknown[213.176.26.134] ehlo=1 auth=0/1 rset=1 quit=1 commands=3/4
Aug  9 09:50:54 brollon postfix/submission/smtpd[23375]: warning: unknown[213.176.26.64]: SASL LOGIN authentication failed: UGFzc3dvcmQ6
Aug  9 09:50:54 brollon postfix/submission/smtpd[20017]: connect from unknown[213.176.26.159]
Aug  9 09:50:55 brollon postfix/submission/smtpd[23375]: disconnect from unknown[213.176.26.64] ehlo=1 auth=0/1 rset=1 quit=1 commands=3/4
Aug  9 09:50:55 brollon postfix/smtps/smtpd[26878]: connect from unknown[213.176.26.19]
Aug  9 09:50:57 brollon postfix/submission/smtpd[22377]: connect from unknown[213.176.26.114]
Aug  9 09:50:58 brollon postfix/smtps/smtpd[26878]: warning: unknown[213.176.26.19]: SASL LOGIN authentication failed: UGFzc3dvcmQ6
Aug  9 09:50:58 brollon postfix/smtps/smtpd[26878]: lost connection after AUTH from unknown[213.176.26.19]
Aug  9 09:50:58 brollon postfix/smtps/smtpd[26878]: disconnect from unknown[213.176.26.19] ehlo=1 auth=0/1 rset=1 commands=2/3
Aug  9 09:51:00 brollon postfix/submission/smtpd[22377]: warning: unknown[213.176.26.114]: SASL LOGIN authentication failed: UGFzc3dvcmQ6
Aug  9 09:51:00 brollon postfix/submission/smtpd[20017]: warning: unknown[213.176.26.159]: SASL LOGIN authentication failed: UGFzc3dvcmQ6
Aug  9 09:51:00 brollon postfix/submission/smtpd[22377]: disconnect from unknown[213.176.26.114] ehlo=1 auth=0/1 rset=1 quit=1 commands=3/4
Aug  9 09:51:00 brollon dovecot: imap-login: Disconnected: Too many invalid commands (no auth attempts in 0 secs): user=<>, rip=3.129.187.38, lip=54.37.21.250, session=<9jnQLJpYHmgDgbsm>
Aug  9 09:51:00 brollon postfix/submission/smtpd[20017]: disconnect from unknown[213.176.26.159] ehlo=1 auth=0/1 rset=1 quit=1 commands=3/4
Aug  9 09:51:01 brollon postfix/smtpd[19741]: connect from localhost[127.0.0.1]
Aug  9 09:51:01 brollon postfix/smtpd[19741]: lost connection after CONNECT from localhost[127.0.0.1]
Aug  9 09:51:01 brollon postfix/smtpd[19741]: disconnect from localhost[127.0.0.1] commands=0/0
Aug  9 09:51:01 brollon dovecot: pop3-login: Disconnected (no auth attempts in 0 secs): user=<>, rip=127.0.0.1, lip=127.0.0.1, secured, session=<PazhLJpYGON/AAAB>
Aug  9 09:51:01 brollon dovecot: imap-login: Disconnected (no auth attempts in 0 secs): user=<>, rip=127.0.0.1, lip=127.0.0.1, secured, session=<9bThLJpY6Op/AAAB>
Aug  9 09:51:05 brollon postfix/smtps/smtpd[26933]: connect from unknown[213.176.26.175]
Aug  9 09:51:05 brollon postfix/smtps/smtpd[26878]: connect from unknown[213.176.26.94]
Aug  9 09:51:06 brollon postfix/submission/smtpd[23375]: connect from unknown[213.176.26.113]
Aug  9 09:51:11 brollon postfix/smtps/smtpd[27593]: connect from unknown[213.176.26.191]
Aug  9 09:51:11 brollon postfix/smtps/smtpd[26878]: warning: unknown[213.176.26.94]: SASL LOGIN authentication failed: UGFzc3dvcmQ6
Aug  9 09:51:11 brollon postfix/smtps/smtpd[26878]: lost connection after AUTH from unknown[213.176.26.94]
Aug  9 09:51:11 brollon postfix/smtps/smtpd[26878]: disconnect from unknown[213.176.26.94] ehlo=1 auth=0/1 rset=1 commands=2/3
Aug  9 09:51:12 brollon postfix/smtps/smtpd[26933]: warning: unknown[213.176.26.175]: SASL LOGIN authentication failed: UGFzc3dvcmQ6
Aug  9 09:51:13 brollon postfix/submission/smtpd[23375]: warning: unknown[213.176.26.113]: SASL LOGIN authentication failed: UGFzc3dvcmQ6
Aug  9 09:51:13 brollon postfix/smtps/smtpd[27593]: warning: unknown[213.176.26.191]: SASL LOGIN authentication failed: UGFzc3dvcmQ6
Aug  9 09:51:13 brollon postfix/submission/smtpd[23375]: disconnect from unknown[213.176.26.113] ehlo=1 auth=0/1 rset=1 quit=1 commands=3/4
Aug  9 09:51:13 brollon postfix/smtps/smtpd[26933]: lost connection after AUTH from unknown[213.176.26.175]
Aug  9 09:51:13 brollon postfix/smtps/smtpd[26933]: disconnect from unknown[213.176.26.175] ehlo=1 auth=0/1 rset=1 commands=2/3
Aug  9 09:51:13 brollon postfix/smtps/smtpd[27593]: lost connection after AUTH from unknown[213.176.26.191]
Aug  9 09:51:13 brollon postfix/smtps/smtpd[27593]: disconnect from unknown[213.176.26.191] ehlo=1 auth=0/1 rset=1 commands=2/3
Aug  9 09:51:15 brollon postfix/submission/smtpd[22377]: connect from unknown[213.176.26.85]
Aug  9 09:51:22 brollon postfix/submission/smtpd[22377]: warning: unknown[213.176.26.85]: SASL LOGIN authentication failed: UGFzc3dvcmQ6
Aug  9 09:51:23 brollon postfix/submission/smtpd[22377]: disconnect from unknown[213.176.26.85] ehlo=1 auth=0/1 rset=1 quit=1 commands=3/4
Aug  9 09:51:26 brollon postfix/smtps/smtpd[26878]: connect from unknown[213.176.26.122]
Aug  9 09:51:27 brollon dovecot: imap-login: Disconnected (no auth attempts in 0 secs): user=<>, rip=3.129.187.38, lip=54.37.21.250, session=<+uFuLppYPucDgbsm>
Aug  9 09:51:27 brollon postfix/submission/smtpd[20017]: connect from unknown[213.176.26.144]
Aug  9 09:51:28 brollon postfix/smtps/smtpd[26933]: connect from unknown[213.176.26.52]
Aug  9 09:51:29 brollon postfix/smtps/smtpd[26878]: warning: unknown[213.176.26.122]: SASL LOGIN authentication failed: UGFzc3dvcmQ6
Aug  9 09:51:29 brollon postfix/smtps/smtpd[26878]: lost connection after AUTH from unknown[213.176.26.122]
Aug  9 09:51:29 brollon postfix/smtps/smtpd[26878]: disconnect from unknown[213.176.26.122] ehlo=1 auth=0/1 rset=1 commands=2/3
Aug  9 09:51:30 brollon postfix/smtps/smtpd[27593]: connect from unknown[213.176.26.54]
Aug  9 09:51:33 brollon postfix/smtps/smtpd[26878]: connect from unknown[213.176.26.87]
Aug  9 09:51:34 brollon postfix/submission/smtpd[20017]: warning: unknown[213.176.26.144]: SASL LOGIN authentication failed: UGFzc3dvcmQ6
Aug  9 09:51:34 brollon postfix/smtps/smtpd[26933]: warning: unknown[213.176.26.52]: SASL LOGIN authentication failed: UGFzc3dvcmQ6
Aug  9 09:51:34 brollon postfix/submission/smtpd[20017]: disconnect from unknown[213.176.26.144] ehlo=1 auth=0/1 rset=1 quit=1 commands=3/4
Aug  9 09:51:34 brollon postfix/smtps/smtpd[26933]: lost connection after AUTH from unknown[213.176.26.52]
Aug  9 09:51:34 brollon postfix/smtps/smtpd[26933]: disconnect from unknown[213.176.26.52] ehlo=1 auth=0/1 rset=1 commands=2/3
Aug  9 09:51:34 brollon postfix/submission/smtpd[22377]: connect from unknown[213.176.26.78]
Aug  9 09:51:36 brollon postfix/smtps/smtpd[27593]: warning: unknown[213.176.26.54]: SASL LOGIN authentication failed: UGFzc3dvcmQ6
Aug  9 09:51:36 brollon postfix/smtps/smtpd[27593]: lost connection after AUTH from unknown[213.176.26.54]
Aug  9 09:51:36 brollon postfix/smtps/smtpd[27593]: disconnect from unknown[213.176.26.54] ehlo=1 auth=0/1 rset=1 commands=2/3
Aug  9 09:51:37 brollon postfix/smtps/smtpd[26878]: warning: unknown[213.176.26.87]: SASL LOGIN authentication failed: UGFzc3dvcmQ6
Aug  9 09:51:37 brollon postfix/smtps/smtpd[26878]: lost connection after AUTH from unknown[213.176.26.87]
Aug  9 09:51:37 brollon postfix/smtps/smtpd[26878]: disconnect from unknown[213.176.26.87] ehlo=1 auth=0/1 rset=1 commands=2/3
Aug  9 09:51:41 brollon postfix/submission/smtpd[22377]: warning: unknown[213.176.26.78]: SASL LOGIN authentication failed: UGFzc3dvcmQ6
Aug  9 09:51:41 brollon postfix/submission/smtpd[22377]: disconnect from unknown[213.176.26.78] ehlo=1 auth=0/1 rset=1 quit=1 commands=3/4
Aug  9 09:51:43 brollon postfix/submission/smtpd[23375]: connect from unknown[213.176.26.76]
Aug  9 09:51:45 brollon postfix/smtps/smtpd[26933]: connect from unknown[213.176.26.88]
Aug  9 09:51:45 brollon postfix/submission/smtpd[22377]: connect from unknown[213.176.26.74]
Aug  9 09:51:48 brollon postfix/smtps/smtpd[26933]: warning: unknown[213.176.26.88]: SASL LOGIN authentication failed: UGFzc3dvcmQ6
Aug  9 09:51:48 brollon postfix/smtps/smtpd[26933]: lost connection after AUTH from unknown[213.176.26.88]
Aug  9 09:51:48 brollon postfix/smtps/smtpd[26933]: disconnect from unknown[213.176.26.88] ehlo=1 auth=0/1 rset=1 commands=2/3
Aug  9 09:51:48 brollon postfix/smtps/smtpd[26878]: connect from unknown[213.176.26.37]
Aug  9 09:51:49 brollon postfix/submission/smtpd[20017]: connect from unknown[213.176.26.134]
Aug  9 09:51:50 brollon postfix/submission/smtpd[23375]: warning: unknown[213.176.26.76]: SASL LOGIN authentication failed: UGFzc3dvcmQ6
Aug  9 09:51:51 brollon postfix/submission/smtpd[23375]: disconnect from unknown[213.176.26.76] ehlo=1 auth=0/1 rset=1 quit=1 commands=3/4
Aug  9 09:51:51 brollon postfix/submission/smtpd[23240]: connect from unknown[213.176.26.64]
Aug  9 09:51:51 brollon postfix/submission/smtpd[23375]: connect from unknown[213.176.24.65]
Aug  9 09:51:51 brollon postfix/smtps/smtpd[26933]: connect from unknown[213.176.26.194]
Aug  9 09:51:52 brollon postfix/submission/smtpd[22377]: warning: unknown[213.176.26.74]: SASL LOGIN authentication failed: UGFzc3dvcmQ6
Aug  9 09:51:52 brollon postfix/submission/smtpd[22377]: disconnect from unknown[213.176.26.74] ehlo=1 auth=0/1 rset=1 quit=1 commands=3/4
Aug  9 09:51:54 brollon postfix/submission/smtpd[20017]: warning: unknown[213.176.26.134]: SASL LOGIN authentication failed: UGFzc3dvcmQ6
Aug  9 09:51:54 brollon postfix/submission/smtpd[20017]: disconnect from unknown[213.176.26.134] ehlo=1 auth=0/1 rset=1 quit=1 commands=3/4
Aug  9 09:51:55 brollon postfix/smtps/smtpd[26878]: warning: unknown[213.176.26.37]: SASL LOGIN authentication failed: UGFzc3dvcmQ6
Aug  9 09:51:55 brollon postfix/submission/smtpd[22377]: connect from unknown[213.176.26.159]
Aug  9 09:51:55 brollon postfix/smtps/smtpd[27593]: connect from unknown[213.176.26.186]
Aug  9 09:51:56 brollon postfix/smtps/smtpd[26878]: lost connection after AUTH from unknown[213.176.26.37]
Aug  9 09:51:56 brollon postfix/smtps/smtpd[26878]: disconnect from unknown[213.176.26.37] ehlo=1 auth=0/1 rset=1 commands=2/3
Aug  9 09:51:57 brollon postfix/smtps/smtpd[26933]: warning: unknown[213.176.26.194]: SASL LOGIN authentication failed: UGFzc3dvcmQ6
Aug  9 09:51:57 brollon postfix/submission/smtpd[23240]: warning: unknown[213.176.26.64]: SASL LOGIN authentication failed: UGFzc3dvcmQ6
Aug  9 09:51:57 brollon postfix/submission/smtpd[23240]: disconnect from unknown[213.176.26.64] ehlo=1 auth=0/1 rset=1 quit=1 commands=3/4
Aug  9 09:51:57 brollon postfix/smtps/smtpd[26933]: lost connection after AUTH from unknown[213.176.26.194]
Aug  9 09:51:57 brollon postfix/smtps/smtpd[26933]: disconnect from unknown[213.176.26.194] ehlo=1 auth=0/1 rset=1 commands=2/3
Aug  9 09:51:58 brollon postfix/smtps/smtpd[27593]: warning: unknown[213.176.26.186]: SASL LOGIN authentication failed: UGFzc3dvcmQ6
Aug  9 09:51:58 brollon postfix/submission/smtpd[20017]: connect from unknown[213.176.26.114]
Aug  9 09:51:59 brollon postfix/smtps/smtpd[27593]: lost connection after AUTH from unknown[213.176.26.186]
Aug  9 09:51:59 brollon postfix/smtps/smtpd[27593]: disconnect from unknown[213.176.26.186] ehlo=1 auth=0/1 rset=1 commands=2/3
Aug  9 09:52:01 brollon postfix/submission/smtpd[20017]: warning: unknown[213.176.26.114]: SASL LOGIN authentication failed: UGFzc3dvcmQ6
