Aug  9 07:10:08 brollon postfix/submission/smtpd[28133]: warning: unknown[213.176.26.114]: SASL LOGIN authentication failed: UGFzc3dvcmQ6
Aug  9 07:10:08 brollon postfix/submission/smtpd[26552]: connect from unknown[213.176.26.159]
Aug  9 07:10:08 brollon postfix/submission/smtpd[28133]: disconnect from unknown[213.176.26.114] ehlo=1 auth=0/1 rset=1 quit=1 commands=3/4
Aug  9 07:10:08 brollon postfix/submission/smtpd[26529]: connect from unknown[213.176.26.134]
Aug  9 07:10:15 brollon postfix/submission/smtpd[26552]: warning: unknown[213.176.26.159]: SASL LOGIN authentication failed: UGFzc3dvcmQ6
Aug  9 07:10:15 brollon postfix/submission/smtpd[26529]: warning: unknown[213.176.26.134]: SASL LOGIN authentication failed: UGFzc3dvcmQ6
Aug  9 07:10:15 brollon postfix/submission/smtpd[26552]: disconnect from unknown[213.176.26.159] ehlo=1 auth=0/1 rset=1 quit=1 commands=3/4
Aug  9 07:10:15 brollon postfix/submission/smtpd[26529]: disconnect from unknown[213.176.26.134] ehlo=1 auth=0/1 rset=1 quit=1 commands=3/4
Aug  9 07:10:21 brollon postfix/submission/smtpd[27391]: connect from unknown[213.176.26.78]
Aug  9 07:10:24 brollon postfix/submission/smtpd[28133]: connect from unknown[213.176.26.85]
Aug  9 07:10:27 brollon postfix/submission/smtpd[27391]: warning: unknown[213.176.26.78]: SASL LOGIN authentication failed: UGFzc3dvcmQ6
Aug  9 07:10:28 brollon postfix/submission/smtpd[27391]: disconnect from unknown[213.176.26.78] ehlo=1 auth=0/1 rset=1 quit=1 commands=3/4
Aug  9 07:10:29 brollon postfix/submission/smtpd[26552]: connect from unknown[213.176.26.76]
Aug  9 07:10:31 brollon postfix/submission/smtpd[28133]: warning: unknown[213.176.26.85]: SASL LOGIN authentication failed: UGFzc3dvcmQ6
Aug  9 07:10:31 brollon postfix/submission/smtpd[28133]: disconnect from unknown[213.176.26.85] ehlo=1 auth=0/1 rset=1 quit=1 commands=3/4
Aug  9 07:10:35 brollon postfix/submission/smtpd[26552]: warning: unknown[213.176.26.76]: SASL LOGIN authentication failed: UGFzc3dvcmQ6
Aug  9 07:10:35 brollon postfix/submission/smtpd[26552]: disconnect from unknown[213.176.26.76] ehlo=1 auth=0/1 rset=1 quit=1 commands=3/4
Aug  9 07:10:39 brollon postfix/submission/smtpd[26529]: connect from unknown[213.176.26.113]
Aug  9 07:10:43 brollon postfix/smtps/smtpd[29173]: connect from unknown[213.176.26.41]
Aug  9 07:10:45 brollon postfix/submission/smtpd[26529]: warning: unknown[213.176.26.113]: SASL LOGIN authentication failed: UGFzc3dvcmQ6
Aug  9 07:10:45 brollon postfix/submission/smtpd[26529]: disconnect from unknown[213.176.26.113] ehlo=1 auth=0/1 rset=1 quit=1 commands=3/4
Aug  9 07:10:47 brollon postfix/smtps/smtpd[26746]: connect from unknown[213.176.26.44]
Aug  9 07:10:47 brollon postfix/submission/smtpd[28133]: connect from unknown[213.176.26.144]
Aug  9 07:10:50 brollon postfix/smtps/smtpd[29173]: warning: unknown[213.176.26.41]: SASL LOGIN authentication failed: UGFzc3dvcmQ6
Aug  9 07:10:50 brollon postfix/smtps/smtpd[29173]: lost connection after AUTH from unknown[213.176.26.41]
Aug  9 07:10:50 brollon postfix/smtps/smtpd[29173]: disconnect from unknown[213.176.26.41] ehlo=1 auth=0/1 rset=1 commands=2/3
Aug  9 07:10:51 brollon postfix/smtps/smtpd[20714]: connect from unknown[213.176.26.82]
Aug  9 07:10:54 brollon postfix/submission/smtpd[28133]: warning: unknown[213.176.26.144]: SASL LOGIN authentication failed: UGFzc3dvcmQ6
Aug  9 07:10:54 brollon postfix/smtps/smtpd[26746]: warning: unknown[213.176.26.44]: SASL LOGIN authentication failed: UGFzc3dvcmQ6
Aug  9 07:10:54 brollon postfix/smtps/smtpd[29173]: connect from unknown[213.176.26.191]
Aug  9 07:10:55 brollon postfix/smtps/smtpd[26746]: lost connection after AUTH from unknown[213.176.26.44]
Aug  9 07:10:55 brollon postfix/smtps/smtpd[26746]: disconnect from unknown[213.176.26.44] ehlo=1 auth=0/1 rset=1 commands=2/3
Aug  9 07:10:55 brollon postfix/submission/smtpd[28133]: disconnect from unknown[213.176.26.144] ehlo=1 auth=0/1 rset=1 quit=1 commands=3/4
Aug  9 07:10:57 brollon postfix/smtps/smtpd[29173]: warning: unknown[213.176.26.191]: SASL LOGIN authentication failed: UGFzc3dvcmQ6
Aug  9 07:10:57 brollon postfix/smtps/smtpd[29173]: lost connection after AUTH from unknown[213.176.26.191]
Aug  9 07:10:57 brollon postfix/smtps/smtpd[29173]: disconnect from unknown[213.176.26.191] ehlo=1 auth=0/1 rset=1 commands=2/3
Aug  9 07:10:58 brollon postfix/smtps/smtpd[20714]: warning: unknown[213.176.26.82]: SASL LOGIN authentication failed: UGFzc3dvcmQ6
Aug  9 07:10:58 brollon postfix/smtps/smtpd[20714]: lost connection after AUTH from unknown[213.176.26.82]
Aug  9 07:10:58 brollon postfix/smtps/smtpd[20714]: disconnect from unknown[213.176.26.82] ehlo=1 auth=0/1 rset=1 commands=2/3
Aug  9 07:11:01 brollon postfix/smtpd[29177]: connect from localhost[127.0.0.1]
Aug  9 07:11:01 brollon postfix/smtpd[29177]: lost connection after CONNECT from localhost[127.0.0.1]
Aug  9 07:11:01 brollon postfix/smtpd[29177]: disconnect from localhost[127.0.0.1] commands=0/0
Aug  9 07:11:01 brollon dovecot: pop3-login: Disconnected (no auth attempts in 0 secs): user=<>, rip=127.0.0.1, lip=127.0.0.1, secured, session=<NHGp8JdYUr1/AAAB>
Aug  9 07:11:01 brollon dovecot: imap-login: Disconnected (no auth attempts in 0 secs): user=<>, rip=127.0.0.1, lip=127.0.0.1, secured, session=<iYGp8JdYIsV/AAAB>
Aug  9 07:11:01 brollon postfix/submission/smtpd[26529]: connect from unknown[213.176.26.64]
Aug  9 07:11:01 brollon postfix/smtps/smtpd[26746]: connect from unknown[213.176.26.175]
Aug  9 07:11:03 brollon postfix/submission/smtpd[28133]: connect from unknown[213.176.26.74]
Aug  9 07:11:05 brollon postfix/submission/smtpd[27391]: connect from unknown[213.176.26.114]
Aug  9 07:11:08 brollon postfix/smtps/smtpd[26746]: warning: unknown[213.176.26.175]: SASL LOGIN authentication failed: UGFzc3dvcmQ6
Aug  9 07:11:08 brollon postfix/smtps/smtpd[26746]: lost connection after AUTH from unknown[213.176.26.175]
Aug  9 07:11:08 brollon postfix/smtps/smtpd[26746]: disconnect from unknown[213.176.26.175] ehlo=1 auth=0/1 rset=1 commands=2/3
Aug  9 07:11:09 brollon postfix/submission/smtpd[28133]: warning: unknown[213.176.26.74]: SASL LOGIN authentication failed: UGFzc3dvcmQ6
Aug  9 07:11:09 brollon postfix/submission/smtpd[26529]: warning: unknown[213.176.26.64]: SASL LOGIN authentication failed: UGFzc3dvcmQ6
Aug  9 07:11:09 brollon postfix/submission/smtpd[28133]: disconnect from unknown[213.176.26.74] ehlo=1 auth=0/1 rset=1 quit=1 commands=3/4
Aug  9 07:11:09 brollon postfix/submission/smtpd[26529]: disconnect from unknown[213.176.26.64] ehlo=1 auth=0/1 rset=1 quit=1 commands=3/4
Aug  9 07:11:09 brollon postfix/submission/smtpd[26552]: connect from unknown[213.176.26.159]
Aug  9 07:11:10 brollon postfix/smtps/smtpd[29173]: connect from unknown[213.176.26.182]
Aug  9 07:11:10 brollon postfix/smtps/smtpd[26746]: connect from unknown[213.176.26.133]
Aug  9 07:11:11 brollon postfix/submission/smtpd[28133]: connect from unknown[213.176.26.134]
Aug  9 07:11:12 brollon postfix/submission/smtpd[27391]: warning: unknown[213.176.26.114]: SASL LOGIN authentication failed: UGFzc3dvcmQ6
Aug  9 07:11:12 brollon postfix/submission/smtpd[27391]: disconnect from unknown[213.176.26.114] ehlo=1 auth=0/1 rset=1 quit=1 commands=3/4
Aug  9 07:11:16 brollon postfix/submission/smtpd[26552]: warning: unknown[213.176.26.159]: SASL LOGIN authentication failed: UGFzc3dvcmQ6
Aug  9 07:11:16 brollon postfix/submission/smtpd[26552]: disconnect from unknown[213.176.26.159] ehlo=1 auth=0/1 rset=1 quit=1 commands=3/4
Aug  9 07:11:17 brollon postfix/smtps/smtpd[29173]: warning: unknown[213.176.26.182]: SASL LOGIN authentication failed: UGFzc3dvcmQ6
Aug  9 07:11:17 brollon postfix/smtps/smtpd[29173]: lost connection after AUTH from unknown[213.176.26.182]
Aug  9 07:11:17 brollon postfix/smtps/smtpd[29173]: disconnect from unknown[213.176.26.182] ehlo=1 auth=0/1 rset=1 commands=2/3
Aug  9 07:11:18 brollon postfix/submission/smtpd[28133]: warning: unknown[213.176.26.134]: SASL LOGIN authentication failed: UGFzc3dvcmQ6
Aug  9 07:11:18 brollon postfix/smtps/smtpd[26746]: warning: unknown[213.176.26.133]: SASL LOGIN authentication failed: UGFzc3dvcmQ6
Aug  9 07:11:18 brollon postfix/submission/smtpd[28133]: disconnect from unknown[213.176.26.134] ehlo=1 auth=0/1 rset=1 quit=1 commands=3/4
Aug  9 07:11:20 brollon postfix/smtps/smtpd[26746]: lost connection after AUTH from unknown[213.176.26.133]
Aug  9 07:11:20 brollon postfix/smtps/smtpd[26746]: disconnect from unknown[213.176.26.133] ehlo=1 auth=0/1 rset=1 commands=2/3
Aug  9 07:11:24 brollon postfix/submission/smtpd[26529]: connect from unknown[213.176.26.78]
Aug  9 07:11:26 brollon postfix/submission/smtpd[28133]: connect from unknown[213.176.26.85]
Aug  9 07:11:31 brollon postfix/submission/smtpd[26529]: warning: unknown[213.176.26.78]: SASL LOGIN authentication failed: UGFzc3dvcmQ6
Aug  9 07:11:31 brollon postfix/submission/smtpd[26552]: connect from unknown[213.176.26.76]
Aug  9 07:11:32 brollon postfix/submission/smtpd[26529]: disconnect from unknown[213.176.26.78] ehlo=1 auth=0/1 rset=1 quit=1 commands=3/4
Aug  9 07:11:33 brollon postfix/submission/smtpd[28133]: warning: unknown[213.176.26.85]: SASL LOGIN authentication failed: UGFzc3dvcmQ6
Aug  9 07:11:33 brollon postfix/submission/smtpd[28133]: disconnect from unknown[213.176.26.85] ehlo=1 auth=0/1 rset=1 quit=1 commands=3/4
Aug  9 07:11:38 brollon postfix/submission/smtpd[26552]: warning: unknown[213.176.26.76]: SASL LOGIN authentication failed: UGFzc3dvcmQ6
Aug  9 07:11:39 brollon postfix/submission/smtpd[26552]: disconnect from unknown[213.176.26.76] ehlo=1 auth=0/1 rset=1 quit=1 commands=3/4
Aug  9 07:11:40 brollon postfix/submission/smtpd[27391]: connect from unknown[213.176.26.113]
Aug  9 07:11:45 brollon postfix/submission/smtpd[27391]: warning: unknown[213.176.26.113]: SASL LOGIN authentication failed: UGFzc3dvcmQ6
Aug  9 07:11:45 brollon postfix/submission/smtpd[27391]: disconnect from unknown[213.176.26.113] ehlo=1 auth=0/1 rset=1 quit=1 commands=3/4
Aug  9 07:11:48 brollon postfix/smtps/smtpd[20714]: connect from unknown[213.176.26.123]
Aug  9 07:11:50 brollon postfix/submission/smtpd[28133]: connect from unknown[213.176.26.144]
Aug  9 07:11:52 brollon postfix/smtps/smtpd[20714]: warning: unknown[213.176.26.123]: SASL LOGIN authentication failed: UGFzc3dvcmQ6
Aug  9 07:11:52 brollon postfix/smtps/smtpd[20714]: lost connection after AUTH from unknown[213.176.26.123]
Aug  9 07:11:52 brollon postfix/smtps/smtpd[20714]: disconnect from unknown[213.176.26.123] ehlo=1 auth=0/1 rset=1 commands=2/3
Aug  9 07:11:57 brollon postfix/submission/smtpd[28133]: warning: unknown[213.176.26.144]: SASL LOGIN authentication failed: UGFzc3dvcmQ6
Aug  9 07:11:58 brollon postfix/submission/smtpd[28133]: disconnect from unknown[213.176.26.144] ehlo=1 auth=0/1 rset=1 quit=1 commands=3/4
Aug  9 07:12:01 brollon postfix/smtpd[29177]: connect from localhost[127.0.0.1]
Aug  9 07:12:01 brollon postfix/smtpd[29177]: lost connection after CONNECT from localhost[127.0.0.1]
Aug  9 07:12:01 brollon postfix/smtpd[29177]: disconnect from localhost[127.0.0.1] commands=0/0
Aug  9 07:12:01 brollon dovecot: pop3-login: Disconnected (no auth attempts in 0 secs): user=<>, rip=127.0.0.1, lip=127.0.0.1, secured, session=<GpNB9JdYKL5/AAAB>
Aug  9 07:12:01 brollon dovecot: imap-login: Disconnected (no auth attempts in 0 secs): user=<>, rip=127.0.0.1, lip=127.0.0.1, secured, session=<5JdB9JdY+MV/AAAB>
Aug  9 07:12:05 brollon postfix/submission/smtpd[27391]: connect from unknown[213.176.26.64]
Aug  9 07:12:05 brollon postfix/submission/smtpd[26552]: connect from unknown[213.176.26.114]
Aug  9 07:12:06 brollon postfix/submission/smtpd[28133]: connect from unknown[213.176.26.74]
Aug  9 07:12:08 brollon postfix/submission/smtpd[26552]: warning: unknown[213.176.26.114]: SASL LOGIN authentication failed: UGFzc3dvcmQ6
Aug  9 07:12:08 brollon postfix/submission/smtpd[26552]: disconnect from unknown[213.176.26.114] ehlo=1 auth=0/1 rset=1 quit=1 commands=3/4
Aug  9 07:12:10 brollon postfix/submission/smtpd[26529]: connect from unknown[213.176.26.159]
Aug  9 07:12:11 brollon postfix/submission/smtpd[27391]: warning: unknown[213.176.26.64]: SASL LOGIN authentication failed: UGFzc3dvcmQ6
Aug  9 07:12:11 brollon postfix/smtps/smtpd[29173]: connect from unknown[213.176.26.122]
Aug  9 07:12:11 brollon postfix/submission/smtpd[27391]: disconnect from unknown[213.176.26.64] ehlo=1 auth=0/1 rset=1 quit=1 commands=3/4
Aug  9 07:12:13 brollon postfix/submission/smtpd[28133]: warning: unknown[213.176.26.74]: SASL LOGIN authentication failed: UGFzc3dvcmQ6
Aug  9 07:12:13 brollon postfix/submission/smtpd[28133]: disconnect from unknown[213.176.26.74] ehlo=1 auth=0/1 rset=1 quit=1 commands=3/4
Aug  9 07:12:13 brollon postfix/submission/smtpd[26552]: connect from unknown[213.176.26.134]
Aug  9 07:12:14 brollon postfix/smtps/smtpd[29173]: warning: unknown[213.176.26.122]: SASL LOGIN authentication failed: UGFzc3dvcmQ6
Aug  9 07:12:14 brollon postfix/smtps/smtpd[29173]: lost connection after AUTH from unknown[213.176.26.122]
Aug  9 07:12:14 brollon postfix/smtps/smtpd[29173]: disconnect from unknown[213.176.26.122] ehlo=1 auth=0/1 rset=1 commands=2/3
Aug  9 07:12:17 brollon postfix/submission/smtpd[26529]: warning: unknown[213.176.26.159]: SASL LOGIN authentication failed: UGFzc3dvcmQ6
Aug  9 07:12:17 brollon postfix/submission/smtpd[26529]: disconnect from unknown[213.176.26.159] ehlo=1 auth=0/1 rset=1 quit=1 commands=3/4
Aug  9 07:12:20 brollon postfix/submission/smtpd[26552]: warning: unknown[213.176.26.134]: SASL LOGIN authentication failed: UGFzc3dvcmQ6
Aug  9 07:12:20 brollon postfix/submission/smtpd[26552]: disconnect from unknown[213.176.26.134] ehlo=1 auth=0/1 rset=1 quit=1 commands=3/4
Aug  9 07:12:26 brollon postfix/smtps/smtpd[20714]: connect from unknown[213.176.26.87]
Aug  9 07:12:26 brollon postfix/smtps/smtpd[29173]: connect from unknown[213.176.26.37]
Aug  9 07:12:27 brollon postfix/submission/smtpd[28133]: connect from unknown[213.176.26.78]
Aug  9 07:12:30 brollon postfix/smtps/smtpd[26746]: connect from unknown[213.176.26.88]
Aug  9 07:12:30 brollon postfix/smtps/smtpd[20714]: warning: unknown[213.176.26.87]: SASL LOGIN authentication failed: UGFzc3dvcmQ6
Aug  9 07:12:30 brollon postfix/submission/smtpd[26552]: connect from unknown[213.176.26.85]
Aug  9 07:12:31 brollon postfix/smtps/smtpd[20714]: lost connection after AUTH from unknown[213.176.26.87]
Aug  9 07:12:31 brollon postfix/smtps/smtpd[20714]: disconnect from unknown[213.176.26.87] ehlo=1 auth=0/1 rset=1 commands=2/3
Aug  9 07:12:32 brollon postfix/smtps/smtpd[29173]: warning: unknown[213.176.26.37]: SASL LOGIN authentication failed: UGFzc3dvcmQ6
Aug  9 07:12:32 brollon postfix/smtps/smtpd[29173]: lost connection after AUTH from unknown[213.176.26.37]
Aug  9 07:12:32 brollon postfix/smtps/smtpd[29173]: disconnect from unknown[213.176.26.37] ehlo=1 auth=0/1 rset=1 commands=2/3
Aug  9 07:12:33 brollon postfix/smtps/smtpd[26746]: warning: unknown[213.176.26.88]: SASL LOGIN authentication failed: UGFzc3dvcmQ6
Aug  9 07:12:33 brollon postfix/smtps/smtpd[26746]: lost connection after AUTH from unknown[213.176.26.88]
Aug  9 07:12:33 brollon postfix/smtps/smtpd[26746]: disconnect from unknown[213.176.26.88] ehlo=1 auth=0/1 rset=1 commands=2/3
Aug  9 07:12:33 brollon postfix/submission/smtpd[26529]: connect from unknown[213.176.26.76]
Aug  9 07:12:34 brollon postfix/submission/smtpd[28133]: warning: unknown[213.176.26.78]: SASL LOGIN authentication failed: UGFzc3dvcmQ6
Aug  9 07:12:34 brollon postfix/submission/smtpd[28133]: disconnect from unknown[213.176.26.78] ehlo=1 auth=0/1 rset=1 quit=1 commands=3/4
Aug  9 07:12:35 brollon postfix/smtps/smtpd[20714]: connect from unknown[213.176.26.29]
Aug  9 07:12:37 brollon postfix/submission/smtpd[26552]: warning: unknown[213.176.26.85]: SASL LOGIN authentication failed: UGFzc3dvcmQ6
Aug  9 07:12:37 brollon postfix/submission/smtpd[26552]: disconnect from unknown[213.176.26.85] ehlo=1 auth=0/1 rset=1 quit=1 commands=3/4
Aug  9 07:12:39 brollon postfix/submission/smtpd[26529]: warning: unknown[213.176.26.76]: SASL LOGIN authentication failed: UGFzc3dvcmQ6
Aug  9 07:12:39 brollon postfix/smtps/smtpd[20714]: warning: unknown[213.176.26.29]: SASL LOGIN authentication failed: UGFzc3dvcmQ6
Aug  9 07:12:39 brollon postfix/smtps/smtpd[20714]: lost connection after AUTH from unknown[213.176.26.29]
Aug  9 07:12:39 brollon postfix/smtps/smtpd[20714]: disconnect from unknown[213.176.26.29] ehlo=1 auth=0/1 rset=1 commands=2/3
Aug  9 07:12:39 brollon postfix/submission/smtpd[26529]: disconnect from unknown[213.176.26.76] ehlo=1 auth=0/1 rset=1 quit=1 commands=3/4
Aug  9 07:12:42 brollon postfix/submission/smtpd[27391]: connect from unknown[213.176.26.113]
Aug  9 07:12:47 brollon postfix/smtps/smtpd[26746]: connect from unknown[213.176.26.194]
Aug  9 07:12:49 brollon postfix/submission/smtpd[27391]: warning: unknown[213.176.26.113]: SASL LOGIN authentication failed: UGFzc3dvcmQ6
Aug  9 07:12:49 brollon postfix/submission/smtpd[27391]: disconnect from unknown[213.176.26.113] ehlo=1 auth=0/1 rset=1 quit=1 commands=3/4
Aug  9 07:12:53 brollon postfix/submission/smtpd[28133]: connect from unknown[213.176.26.144]
Aug  9 07:12:53 brollon postfix/smtps/smtpd[26746]: warning: unknown[213.176.26.194]: SASL LOGIN authentication failed: UGFzc3dvcmQ6
Aug  9 07:12:53 brollon postfix/smtps/smtpd[26746]: lost connection after AUTH from unknown[213.176.26.194]
Aug  9 07:12:53 brollon postfix/smtps/smtpd[26746]: disconnect from unknown[213.176.26.194] ehlo=1 auth=0/1 rset=1 commands=2/3
Aug  9 07:12:59 brollon postfix/submission/smtpd[28133]: warning: unknown[213.176.26.144]: SASL LOGIN authentication failed: UGFzc3dvcmQ6
Aug  9 07:12:59 brollon postfix/submission/smtpd[28133]: disconnect from unknown[213.176.26.144] ehlo=1 auth=0/1 rset=1 quit=1 commands=3/4
Aug  9 07:13:01 brollon postfix/smtpd[29177]: connect from localhost[127.0.0.1]
Aug  9 07:13:01 brollon postfix/smtpd[29177]: lost connection after CONNECT from localhost[127.0.0.1]
Aug  9 07:13:01 brollon postfix/smtpd[29177]: disconnect from localhost[127.0.0.1] commands=0/0
Aug  9 07:13:01 brollon dovecot: imap-login: Disconnected (no auth attempts in 0 secs): user=<>, rip=127.0.0.1, lip=127.0.0.1, secured, session=<5WPY95dYIMZ/AAAB>
Aug  9 07:13:01 brollon dovecot: pop3-login: Disconnected (no auth attempts in 0 secs): user=<>, rip=127.0.0.1, lip=127.0.0.1, secured, session=<62nY95dYUL5/AAAB>
Aug  9 07:13:06 brollon postfix/submission/smtpd[27391]: connect from unknown[213.176.26.114]
Aug  9 07:13:08 brollon postfix/submission/smtpd[28133]: connect from unknown[213.176.26.64]
Aug  9 07:13:10 brollon postfix/submission/smtpd[26552]: connect from unknown[213.176.26.74]
Aug  9 07:13:11 brollon postfix/submission/smtpd[26529]: connect from unknown[213.176.26.159]
Aug  9 07:13:13 brollon postfix/submission/smtpd[27391]: warning: unknown[213.176.26.114]: SASL LOGIN authentication failed: UGFzc3dvcmQ6
Aug  9 07:13:13 brollon postfix/submission/smtpd[26529]: warning: unknown[213.176.26.159]: SASL LOGIN authentication failed: UGFzc3dvcmQ6
Aug  9 07:13:13 brollon postfix/submission/smtpd[27391]: disconnect from unknown[213.176.26.114] ehlo=1 auth=0/1 rset=1 quit=1 commands=3/4
Aug  9 07:13:13 brollon postfix/submission/smtpd[26529]: disconnect from unknown[213.176.26.159] ehlo=1 auth=0/1 rset=1 quit=1 commands=3/4
Aug  9 07:13:15 brollon postfix/submission/smtpd[28133]: warning: unknown[213.176.26.64]: SASL LOGIN authentication failed: UGFzc3dvcmQ6
Aug  9 07:13:15 brollon postfix/submission/smtpd[28133]: disconnect from unknown[213.176.26.64] ehlo=1 auth=0/1 rset=1 quit=1 commands=3/4
Aug  9 07:13:16 brollon postfix/submission/smtpd[27391]: connect from unknown[213.176.26.134]
Aug  9 07:13:16 brollon postfix/submission/smtpd[26552]: warning: unknown[213.176.26.74]: SASL LOGIN authentication failed: UGFzc3dvcmQ6
Aug  9 07:13:16 brollon postfix/submission/smtpd[26552]: disconnect from unknown[213.176.26.74] ehlo=1 auth=0/1 rset=1 quit=1 commands=3/4
Aug  9 07:13:22 brollon postfix/submission/smtpd[27391]: warning: unknown[213.176.26.134]: SASL LOGIN authentication failed: UGFzc3dvcmQ6
Aug  9 07:13:23 brollon postfix/submission/smtpd[27391]: disconnect from unknown[213.176.26.134] ehlo=1 auth=0/1 rset=1 quit=1 commands=3/4
Aug  9 07:13:27 brollon postfix/smtps/smtpd[20714]: connect from unknown[213.176.26.186]
Aug  9 07:13:30 brollon postfix/smtps/smtpd[20714]: warning: unknown[213.176.26.186]: SASL LOGIN authentication failed: UGFzc3dvcmQ6
Aug  9 07:13:30 brollon postfix/submission/smtpd[28133]: connect from unknown[213.176.26.78]
Aug  9 07:13:31 brollon postfix/smtps/smtpd[20714]: lost connection after AUTH from unknown[213.176.26.186]
Aug  9 07:13:31 brollon postfix/smtps/smtpd[20714]: disconnect from unknown[213.176.26.186] ehlo=1 auth=0/1 rset=1 commands=2/3
Aug  9 07:13:31 brollon postfix/submission/smtpd[27391]: connect from unknown[213.176.26.85]
Aug  9 07:13:35 brollon postfix/submission/smtpd[28133]: warning: unknown[213.176.26.78]: SASL LOGIN authentication failed: UGFzc3dvcmQ6
Aug  9 07:13:35 brollon postfix/submission/smtpd[28133]: disconnect from unknown[213.176.26.78] ehlo=1 auth=0/1 rset=1 quit=1 commands=3/4
Aug  9 07:13:35 brollon postfix/submission/smtpd[26552]: connect from unknown[213.176.26.76]
Aug  9 07:13:38 brollon postfix/submission/smtpd[27391]: warning: unknown[213.176.26.85]: SASL LOGIN authentication failed: UGFzc3dvcmQ6
Aug  9 07:13:38 brollon postfix/submission/smtpd[27391]: disconnect from unknown[213.176.26.85] ehlo=1 auth=0/1 rset=1 quit=1 commands=3/4
Aug  9 07:13:42 brollon postfix/submission/smtpd[26552]: warning: unknown[213.176.26.76]: SASL LOGIN authentication failed: UGFzc3dvcmQ6
Aug  9 07:13:42 brollon postfix/submission/smtpd[26552]: disconnect from unknown[213.176.26.76] ehlo=1 auth=0/1 rset=1 quit=1 commands=3/4
Aug  9 07:13:43 brollon postfix/submission/smtpd[26529]: connect from unknown[213.176.26.113]
Aug  9 07:13:50 brollon postfix/submission/smtpd[26529]: warning: unknown[213.176.26.113]: SASL LOGIN authentication failed: UGFzc3dvcmQ6
Aug  9 07:13:50 brollon postfix/submission/smtpd[26529]: disconnect from unknown[213.176.26.113] ehlo=1 auth=0/1 rset=1 quit=1 commands=3/4
Aug  9 07:13:55 brollon postfix/smtps/smtpd[29173]: connect from unknown[213.176.26.54]
Aug  9 07:13:55 brollon postfix/submission/smtpd[26552]: connect from unknown[213.176.26.144]
Aug  9 07:13:58 brollon postfix/submission/smtpd[26552]: warning: unknown[213.176.26.144]: SASL LOGIN authentication failed: UGFzc3dvcmQ6
Aug  9 07:13:58 brollon postfix/submission/smtpd[26552]: disconnect from unknown[213.176.26.144] ehlo=1 auth=0/1 rset=1 quit=1 commands=3/4
Aug  9 07:14:01 brollon postfix/smtpd[29177]: connect from localhost[127.0.0.1]
Aug  9 07:14:01 brollon postfix/smtpd[29177]: lost connection after CONNECT from localhost[127.0.0.1]
Aug  9 07:14:01 brollon postfix/smtpd[29177]: disconnect from localhost[127.0.0.1] commands=0/0
Aug  9 07:14:01 brollon dovecot: imap-login: Disconnected (no auth attempts in 0 secs): user=<>, rip=127.0.0.1, lip=127.0.0.1, secured, session=<32pu+5dYkMZ/AAAB>
Aug  9 07:14:01 brollon dovecot: pop3-login: Disconnected (no auth attempts in 0 secs): user=<>, rip=127.0.0.1, lip=127.0.0.1, secured, session=<NXJu+5dYwL5/AAAB>
Aug  9 07:14:02 brollon postfix/smtps/smtpd[29173]: warning: unknown[213.176.26.54]: SASL LOGIN authentication failed: UGFzc3dvcmQ6
Aug  9 07:14:04 brollon postfix/smtps/smtpd[29173]: lost connection after AUTH from unknown[213.176.26.54]
Aug  9 07:14:04 brollon postfix/smtps/smtpd[29173]: disconnect from unknown[213.176.26.54] ehlo=1 auth=0/1 rset=1 commands=2/3
Aug  9 07:14:06 brollon postfix/submission/smtpd[26529]: connect from unknown[213.176.26.114]
Aug  9 07:14:12 brollon postfix/submission/smtpd[26552]: connect from unknown[213.176.26.159]
Aug  9 07:14:13 brollon postfix/submission/smtpd[28133]: connect from unknown[213.176.26.64]
Aug  9 07:14:13 brollon postfix/submission/smtpd[26529]: warning: unknown[213.176.26.114]: SASL LOGIN authentication failed: UGFzc3dvcmQ6
Aug  9 07:14:13 brollon postfix/submission/smtpd[26529]: disconnect from unknown[213.176.26.114] ehlo=1 auth=0/1 rset=1 quit=1 commands=3/4
Aug  9 07:14:13 brollon postfix/submission/smtpd[27391]: connect from unknown[213.176.26.74]
Aug  9 07:14:18 brollon postfix/submission/smtpd[26529]: connect from unknown[213.176.26.134]
Aug  9 07:14:19 brollon postfix/submission/smtpd[26552]: warning: unknown[213.176.26.159]: SASL LOGIN authentication failed: UGFzc3dvcmQ6
Aug  9 07:14:19 brollon postfix/submission/smtpd[26552]: disconnect from unknown[213.176.26.159] ehlo=1 auth=0/1 rset=1 quit=1 commands=3/4
Aug  9 07:14:20 brollon postfix/submission/smtpd[27391]: warning: unknown[213.176.26.74]: SASL LOGIN authentication failed: UGFzc3dvcmQ6
Aug  9 07:14:20 brollon postfix/submission/smtpd[28133]: warning: unknown[213.176.26.64]: SASL LOGIN authentication failed: UGFzc3dvcmQ6
Aug  9 07:14:20 brollon postfix/submission/smtpd[27391]: disconnect from unknown[213.176.26.74] ehlo=1 auth=0/1 rset=1 quit=1 commands=3/4
Aug  9 07:14:21 brollon postfix/submission/smtpd[28133]: disconnect from unknown[213.176.26.64] ehlo=1 auth=0/1 rset=1 quit=1 commands=3/4
Aug  9 07:14:22 brollon postfix/submission/smtpd[26529]: warning: unknown[213.176.26.134]: SASL LOGIN authentication failed: UGFzc3dvcmQ6
Aug  9 07:14:22 brollon postfix/submission/smtpd[26529]: disconnect from unknown[213.176.26.134] ehlo=1 auth=0/1 rset=1 quit=1 commands=3/4
Aug  9 07:14:33 brollon postfix/submission/smtpd[26552]: connect from unknown[213.176.26.85]
Aug  9 07:14:34 brollon postfix/submission/smtpd[26529]: connect from unknown[213.176.26.78]
Aug  9 07:14:37 brollon postfix/submission/smtpd[26529]: warning: unknown[213.176.26.78]: SASL LOGIN authentication failed: UGFzc3dvcmQ6
Aug  9 07:14:37 brollon postfix/submission/smtpd[26529]: disconnect from unknown[213.176.26.78] ehlo=1 auth=0/1 rset=1 quit=1 commands=3/4
Aug  9 07:14:39 brollon postfix/submission/smtpd[28133]: connect from unknown[213.176.26.76]
Aug  9 07:14:40 brollon postfix/submission/smtpd[26552]: warning: unknown[213.176.26.85]: SASL LOGIN authentication failed: UGFzc3dvcmQ6
Aug  9 07:14:40 brollon postfix/submission/smtpd[26552]: disconnect from unknown[213.176.26.85] ehlo=1 auth=0/1 rset=1 quit=1 commands=3/4
Aug  9 07:14:41 brollon postfix/smtps/smtpd[20714]: connect from unknown[213.176.26.42]
Aug  9 07:14:42 brollon postfix/smtps/smtpd[29173]: connect from unknown[213.176.26.109]
Aug  9 07:14:45 brollon postfix/submission/smtpd[28133]: warning: unknown[213.176.26.76]: SASL LOGIN authentication failed: UGFzc3dvcmQ6
Aug  9 07:14:45 brollon postfix/submission/smtpd[27391]: connect from unknown[213.176.26.113]
Aug  9 07:14:45 brollon postfix/submission/smtpd[28133]: disconnect from unknown[213.176.26.76] ehlo=1 auth=0/1 rset=1 quit=1 commands=3/4
Aug  9 07:14:46 brollon postfix/smtps/smtpd[20714]: warning: unknown[213.176.26.42]: SASL LOGIN authentication failed: UGFzc3dvcmQ6
Aug  9 07:14:46 brollon postfix/smtps/smtpd[20714]: lost connection after AUTH from unknown[213.176.26.42]
Aug  9 07:14:46 brollon postfix/smtps/smtpd[20714]: disconnect from unknown[213.176.26.42] ehlo=1 auth=0/1 rset=1 commands=2/3
Aug  9 07:14:47 brollon postfix/smtps/smtpd[20714]: connect from unknown[213.176.26.51]
Aug  9 07:14:48 brollon postfix/smtps/smtpd[32177]: connect from unknown[213.176.26.95]
Aug  9 07:14:49 brollon postfix/smtps/smtpd[29173]: warning: unknown[213.176.26.109]: SASL LOGIN authentication failed: UGFzc3dvcmQ6
Aug  9 07:14:49 brollon postfix/smtps/smtpd[29173]: lost connection after AUTH from unknown[213.176.26.109]
Aug  9 07:14:49 brollon postfix/smtps/smtpd[29173]: disconnect from unknown[213.176.26.109] ehlo=1 auth=0/1 rset=1 commands=2/3
Aug  9 07:14:52 brollon postfix/submission/smtpd[27391]: warning: unknown[213.176.26.113]: SASL LOGIN authentication failed: UGFzc3dvcmQ6
Aug  9 07:14:53 brollon postfix/submission/smtpd[27391]: disconnect from unknown[213.176.26.113] ehlo=1 auth=0/1 rset=1 quit=1 commands=3/4
Aug  9 07:14:54 brollon postfix/smtps/smtpd[20714]: warning: unknown[213.176.26.51]: SASL LOGIN authentication failed: UGFzc3dvcmQ6
Aug  9 07:14:55 brollon postfix/smtps/smtpd[32177]: warning: unknown[213.176.26.95]: SASL LOGIN authentication failed: UGFzc3dvcmQ6
Aug  9 07:14:55 brollon postfix/smtps/smtpd[32177]: lost connection after AUTH from unknown[213.176.26.95]
Aug  9 07:14:55 brollon postfix/smtps/smtpd[32177]: disconnect from unknown[213.176.26.95] ehlo=1 auth=0/1 rset=1 commands=2/3
Aug  9 07:14:55 brollon postfix/smtps/smtpd[20714]: lost connection after AUTH from unknown[213.176.26.51]
Aug  9 07:14:55 brollon postfix/smtps/smtpd[20714]: disconnect from unknown[213.176.26.51] ehlo=1 auth=0/1 rset=1 commands=2/3
Aug  9 07:14:56 brollon postfix/smtps/smtpd[29173]: connect from unknown[213.176.26.94]
Aug  9 07:14:58 brollon postfix/submission/smtpd[26552]: connect from unknown[213.176.26.144]
Aug  9 07:15:02 brollon postfix/smtpd[29177]: connect from localhost[127.0.0.1]
Aug  9 07:15:02 brollon postfix/smtpd[29177]: lost connection after CONNECT from localhost[127.0.0.1]
Aug  9 07:15:02 brollon postfix/smtpd[29177]: disconnect from localhost[127.0.0.1] commands=0/0
Aug  9 07:15:02 brollon dovecot: pop3-login: Disconnected (no auth attempts in 0 secs): user=<>, rip=127.0.0.1, lip=127.0.0.1, secured, session=<C6YF/5dYvr9/AAAB>
Aug  9 07:15:02 brollon dovecot: imap-login: Disconnected (no auth attempts in 0 secs): user=<>, rip=127.0.0.1, lip=127.0.0.1, secured, session=<naYF/5dYjsd/AAAB>
Aug  9 07:15:02 brollon postfix/smtps/smtpd[29173]: warning: unknown[213.176.26.94]: SASL LOGIN authentication failed: UGFzc3dvcmQ6
Aug  9 07:15:02 brollon postfix/smtpd[29177]: connect from localhost[127.0.0.1]
Aug  9 07:15:02 brollon postfix/smtpd[29177]: lost connection after CONNECT from localhost[127.0.0.1]
Aug  9 07:15:02 brollon postfix/smtpd[29177]: disconnect from localhost[127.0.0.1] commands=0/0
Aug  9 07:15:02 brollon dovecot: pop3-login: Disconnected (no auth attempts in 0 secs): user=<>, rip=127.0.0.1, lip=127.0.0.1, secured, session=<BYEI/5dYyr9/AAAB>
Aug  9 07:15:02 brollon dovecot: imap-login: Disconnected (no auth attempts in 0 secs): user=<>, rip=127.0.0.1, lip=127.0.0.1, secured, session=<N8AI/5dYmsd/AAAB>
Aug  9 07:15:02 brollon postfix/smtps/smtpd[29173]: lost connection after AUTH from unknown[213.176.26.94]
Aug  9 07:15:02 brollon postfix/smtps/smtpd[29173]: disconnect from unknown[213.176.26.94] ehlo=1 auth=0/1 rset=1 commands=2/3
Aug  9 07:15:05 brollon postfix/submission/smtpd[26552]: warning: unknown[213.176.26.144]: SASL LOGIN authentication failed: UGFzc3dvcmQ6
Aug  9 07:15:05 brollon postfix/submission/smtpd[26552]: disconnect from unknown[213.176.26.144] ehlo=1 auth=0/1 rset=1 quit=1 commands=3/4
Aug  9 07:15:07 brollon postfix/submission/smtpd[28133]: connect from unknown[213.176.26.114]
Aug  9 07:15:10 brollon postfix/smtpd[29177]: connect from unknown[2.57.122.98]
Aug  9 07:15:12 brollon postfix/smtpd[29177]: warning: unknown[2.57.122.98]: SASL LOGIN authentication failed: UGFzc3dvcmQ6
Aug  9 07:15:12 brollon postfix/smtpd[29177]: disconnect from unknown[2.57.122.98] ehlo=1 auth=0/1 quit=1 commands=2/3
Aug  9 07:15:14 brollon postfix/submission/smtpd[26529]: connect from unknown[213.176.26.159]
Aug  9 07:15:14 brollon postfix/submission/smtpd[28133]: warning: unknown[213.176.26.114]: SASL LOGIN authentication failed: UGFzc3dvcmQ6
Aug  9 07:15:14 brollon postfix/submission/smtpd[28133]: disconnect from unknown[213.176.26.114] ehlo=1 auth=0/1 rset=1 quit=1 commands=3/4
Aug  9 07:15:15 brollon postfix/smtps/smtpd[32177]: connect from unknown[213.176.26.62]
Aug  9 07:15:17 brollon postfix/submission/smtpd[26552]: connect from unknown[213.176.26.64]
Aug  9 07:15:17 brollon postfix/submission/smtpd[28133]: connect from unknown[213.176.26.74]
Aug  9 07:15:18 brollon postfix/smtpd[29177]: connect from unknown[178.16.52.113]
Aug  9 07:15:20 brollon postfix/submission/smtpd[26529]: warning: unknown[213.176.26.159]: SASL LOGIN authentication failed: UGFzc3dvcmQ6
Aug  9 07:15:20 brollon postfix/submission/smtpd[26529]: disconnect from unknown[213.176.26.159] ehlo=1 auth=0/1 rset=1 quit=1 commands=3/4
Aug  9 07:15:21 brollon postfix/smtpd[29177]: warning: unknown[178.16.52.113]: SASL LOGIN authentication failed: UGFzc3dvcmQ6
Aug  9 07:15:21 brollon postfix/submission/smtpd[27391]: connect from unknown[213.176.26.134]
Aug  9 07:15:22 brollon postfix/submission/smtpd[28133]: warning: unknown[213.176.26.74]: SASL LOGIN authentication failed: UGFzc3dvcmQ6
Aug  9 07:15:22 brollon postfix/submission/smtpd[28133]: disconnect from unknown[213.176.26.74] ehlo=1 auth=0/1 rset=1 quit=1 commands=3/4
Aug  9 07:15:23 brollon postfix/smtps/smtpd[32177]: warning: unknown[213.176.26.62]: SASL LOGIN authentication failed: UGFzc3dvcmQ6
Aug  9 07:15:24 brollon postfix/submission/smtpd[26552]: warning: unknown[213.176.26.64]: SASL LOGIN authentication failed: UGFzc3dvcmQ6
Aug  9 07:15:25 brollon postfix/submission/smtpd[26552]: disconnect from unknown[213.176.26.64] ehlo=1 auth=0/1 rset=1 quit=1 commands=3/4
Aug  9 07:15:26 brollon postfix/smtps/smtpd[32177]: lost connection after AUTH from unknown[213.176.26.62]
Aug  9 07:15:26 brollon postfix/smtps/smtpd[32177]: disconnect from unknown[213.176.26.62] ehlo=1 auth=0/1 rset=1 commands=2/3
Aug  9 07:15:27 brollon postfix/smtps/smtpd[20714]: connect from unknown[213.176.26.69]
Aug  9 07:15:27 brollon postfix/submission/smtpd[27391]: warning: unknown[213.176.26.134]: SASL LOGIN authentication failed: UGFzc3dvcmQ6
Aug  9 07:15:27 brollon postfix/smtpd[29177]: warning: unknown[178.16.52.113]: SASL LOGIN authentication failed: UGFzc3dvcmQ6
Aug  9 07:15:28 brollon postfix/submission/smtpd[27391]: disconnect from unknown[213.176.26.134] ehlo=1 auth=0/1 rset=1 quit=1 commands=3/4
Aug  9 07:15:35 brollon postfix/smtps/smtpd[20714]: warning: unknown[213.176.26.69]: SASL LOGIN authentication failed: UGFzc3dvcmQ6
Aug  9 07:15:36 brollon postfix/submission/smtpd[26529]: connect from unknown[213.176.26.85]
Aug  9 07:15:37 brollon postfix/smtps/smtpd[20714]: lost connection after AUTH from unknown[213.176.26.69]
Aug  9 07:15:37 brollon postfix/smtps/smtpd[20714]: disconnect from unknown[213.176.26.69] ehlo=1 auth=0/1 rset=1 commands=2/3
Aug  9 07:15:38 brollon postfix/smtpd[29177]: warning: unknown[178.16.52.113]: SASL LOGIN authentication failed: UGFzc3dvcmQ6
Aug  9 07:15:38 brollon postfix/submission/smtpd[28133]: connect from unknown[213.176.26.78]
Aug  9 07:15:42 brollon postfix/submission/smtpd[26552]: connect from unknown[213.176.26.76]
Aug  9 07:15:43 brollon postfix/submission/smtpd[28133]: warning: unknown[213.176.26.78]: SASL LOGIN authentication failed: UGFzc3dvcmQ6
Aug  9 07:15:43 brollon postfix/submission/smtpd[26529]: warning: unknown[213.176.26.85]: SASL LOGIN authentication failed: UGFzc3dvcmQ6
Aug  9 07:15:43 brollon postfix/submission/smtpd[26529]: disconnect from unknown[213.176.26.85] ehlo=1 auth=0/1 rset=1 quit=1 commands=3/4
Aug  9 07:15:43 brollon postfix/smtps/smtpd[29173]: connect from unknown[213.176.26.19]
Aug  9 07:15:44 brollon postfix/submission/smtpd[28133]: disconnect from unknown[213.176.26.78] ehlo=1 auth=0/1 rset=1 quit=1 commands=3/4
Aug  9 07:15:46 brollon postfix/smtps/smtpd[29173]: warning: unknown[213.176.26.19]: SASL LOGIN authentication failed: UGFzc3dvcmQ6
Aug  9 07:15:46 brollon postfix/submission/smtpd[27391]: connect from unknown[213.176.26.113]
Aug  9 07:15:46 brollon postfix/smtps/smtpd[29173]: lost connection after AUTH from unknown[213.176.26.19]
Aug  9 07:15:46 brollon postfix/smtps/smtpd[29173]: disconnect from unknown[213.176.26.19] ehlo=1 auth=0/1 rset=1 commands=2/3
Aug  9 07:15:48 brollon postfix/smtpd[29177]: warning: unknown[178.16.52.113]: SASL LOGIN authentication failed: Connection lost to authentication server
Aug  9 07:15:50 brollon postfix/submission/smtpd[26552]: warning: unknown[213.176.26.76]: SASL LOGIN authentication failed: UGFzc3dvcmQ6
Aug  9 07:15:50 brollon postfix/submission/smtpd[26552]: disconnect from unknown[213.176.26.76] ehlo=1 auth=0/1 rset=1 quit=1 commands=3/4
Aug  9 07:15:53 brollon postfix/submission/smtpd[27391]: warning: unknown[213.176.26.113]: SASL LOGIN authentication failed: UGFzc3dvcmQ6
Aug  9 07:15:53 brollon postfix/submission/smtpd[27391]: disconnect from unknown[213.176.26.113] ehlo=1 auth=0/1 rset=1 quit=1 commands=3/4
Aug  9 07:16:01 brollon postfix/submission/smtpd[26529]: connect from unknown[213.176.26.144]
Aug  9 07:16:01 brollon dovecot: pop3-login: Disconnected (no auth attempts in 0 secs): user=<>, rip=127.0.0.1, lip=127.0.0.1, secured, session=<O4KRAphYmMB/AAAB>
Aug  9 07:16:01 brollon dovecot: imap-login: Disconnected (no auth attempts in 0 secs): user=<>, rip=127.0.0.1, lip=127.0.0.1, secured, session=<nYORAphYaMh/AAAB>
Aug  9 07:16:01 brollon postfix/smtpd[32744]: connect from localhost[127.0.0.1]
Aug  9 07:16:01 brollon postfix/smtpd[32744]: lost connection after CONNECT from localhost[127.0.0.1]
Aug  9 07:16:01 brollon postfix/smtpd[32744]: disconnect from localhost[127.0.0.1] commands=0/0
Aug  9 07:16:04 brollon postfix/smtps/smtpd[20714]: connect from unknown[213.176.26.52]
Aug  9 07:16:08 brollon postfix/submission/smtpd[28133]: connect from unknown[213.176.26.114]
Aug  9 07:16:08 brollon postfix/submission/smtpd[26529]: warning: unknown[213.176.26.144]: SASL LOGIN authentication failed: UGFzc3dvcmQ6
Aug  9 07:16:08 brollon postfix/submission/smtpd[26529]: disconnect from unknown[213.176.26.144] ehlo=1 auth=0/1 rset=1 quit=1 commands=3/4
Aug  9 07:16:10 brollon postfix/smtps/smtpd[20714]: warning: unknown[213.176.26.52]: SASL LOGIN authentication failed: UGFzc3dvcmQ6
Aug  9 07:16:10 brollon postfix/smtps/smtpd[20714]: lost connection after AUTH from unknown[213.176.26.52]
Aug  9 07:16:10 brollon postfix/smtps/smtpd[20714]: disconnect from unknown[213.176.26.52] ehlo=1 auth=0/1 rset=1 commands=2/3
Aug  9 07:16:14 brollon postfix/submission/smtpd[28133]: warning: unknown[213.176.26.114]: SASL LOGIN authentication failed: UGFzc3dvcmQ6
Aug  9 07:16:14 brollon postfix/submission/smtpd[28133]: disconnect from unknown[213.176.26.114] ehlo=1 auth=0/1 rset=1 quit=1 commands=3/4
Aug  9 07:16:15 brollon postfix/smtps/smtpd[29173]: connect from unknown[213.176.26.22]
Aug  9 07:16:15 brollon postfix/submission/smtpd[26552]: connect from unknown[213.176.26.159]
Aug  9 07:16:19 brollon postfix/submission/smtpd[26552]: warning: unknown[213.176.26.159]: SASL LOGIN authentication failed: UGFzc3dvcmQ6
Aug  9 07:16:19 brollon postfix/submission/smtpd[26552]: disconnect from unknown[213.176.26.159] ehlo=1 auth=0/1 rset=1 quit=1 commands=3/4
Aug  9 07:16:21 brollon postfix/smtps/smtpd[29173]: warning: unknown[213.176.26.22]: SASL LOGIN authentication failed: UGFzc3dvcmQ6
Aug  9 07:16:21 brollon postfix/smtps/smtpd[29173]: lost connection after AUTH from unknown[213.176.26.22]
Aug  9 07:16:21 brollon postfix/smtps/smtpd[29173]: disconnect from unknown[213.176.26.22] ehlo=1 auth=0/1 rset=1 commands=2/3
Aug  9 07:16:21 brollon postfix/submission/smtpd[28133]: connect from unknown[213.176.26.64]
Aug  9 07:16:21 brollon postfix/submission/smtpd[26552]: connect from unknown[213.176.26.74]
Aug  9 07:16:23 brollon postfix/submission/smtpd[26529]: connect from unknown[213.176.26.134]
Aug  9 07:16:27 brollon postfix/submission/smtpd[26552]: warning: unknown[213.176.26.74]: SASL LOGIN authentication failed: UGFzc3dvcmQ6
Aug  9 07:16:28 brollon postfix/submission/smtpd[28133]: warning: unknown[213.176.26.64]: SASL LOGIN authentication failed: UGFzc3dvcmQ6
Aug  9 07:16:28 brollon postfix/submission/smtpd[28133]: disconnect from unknown[213.176.26.64] ehlo=1 auth=0/1 rset=1 quit=1 commands=3/4
Aug  9 07:16:28 brollon postfix/submission/smtpd[26552]: disconnect from unknown[213.176.26.74] ehlo=1 auth=0/1 rset=1 quit=1 commands=3/4
Aug  9 07:16:30 brollon postfix/submission/smtpd[26529]: warning: unknown[213.176.26.134]: SASL LOGIN authentication failed: UGFzc3dvcmQ6
Aug  9 07:16:30 brollon postfix/submission/smtpd[26529]: disconnect from unknown[213.176.26.134] ehlo=1 auth=0/1 rset=1 quit=1 commands=3/4
Aug  9 07:16:33 brollon postfix/smtps/smtpd[20714]: connect from unknown[213.176.26.153]
Aug  9 07:16:33 brollon postfix/smtps/smtpd[32177]: connect from unknown[213.176.26.58]
Aug  9 07:16:37 brollon postfix/smtps/smtpd[29173]: connect from unknown[213.176.26.72]
Aug  9 07:16:38 brollon postfix/submission/smtpd[27391]: connect from unknown[213.176.26.85]
Aug  9 07:16:39 brollon postfix/smtps/smtpd[32177]: warning: unknown[213.176.26.58]: SASL LOGIN authentication failed: UGFzc3dvcmQ6
Aug  9 07:16:39 brollon postfix/smtps/smtpd[20714]: warning: unknown[213.176.26.153]: SASL LOGIN authentication failed: UGFzc3dvcmQ6
Aug  9 07:16:39 brollon postfix/smtps/smtpd[32177]: lost connection after AUTH from unknown[213.176.26.58]
Aug  9 07:16:39 brollon postfix/smtps/smtpd[32177]: disconnect from unknown[213.176.26.58] ehlo=1 auth=0/1 rset=1 commands=2/3
Aug  9 07:16:39 brollon postfix/smtps/smtpd[20714]: lost connection after AUTH from unknown[213.176.26.153]
Aug  9 07:16:39 brollon postfix/smtps/smtpd[20714]: disconnect from unknown[213.176.26.153] ehlo=1 auth=0/1 rset=1 commands=2/3
Aug  9 07:16:43 brollon postfix/smtps/smtpd[29173]: warning: unknown[213.176.26.72]: SASL LOGIN authentication failed: UGFzc3dvcmQ6
Aug  9 07:16:43 brollon postfix/submission/smtpd[27391]: warning: unknown[213.176.26.85]: SASL LOGIN authentication failed: UGFzc3dvcmQ6
Aug  9 07:16:43 brollon postfix/anvil[12649]: statistics: max connection rate 2/60s for (submission:213.176.26.114) at Aug  9 07:09:03
Aug  9 07:16:43 brollon postfix/anvil[12649]: statistics: max connection count 1 for (smtps:213.176.26.19) at Aug  9 07:06:43
Aug  9 07:16:43 brollon postfix/anvil[12649]: statistics: max cache size 20 at Aug  9 07:15:43
Aug  9 07:16:43 brollon postfix/submission/smtpd[27391]: disconnect from unknown[213.176.26.85] ehlo=1 auth=0/1 rset=1 quit=1 commands=3/4
Aug  9 07:16:43 brollon postfix/submission/smtpd[28133]: connect from unknown[213.176.26.78]
Aug  9 07:16:43 brollon postfix/smtps/smtpd[29173]: lost connection after AUTH from unknown[213.176.26.72]
Aug  9 07:16:43 brollon postfix/smtps/smtpd[29173]: disconnect from unknown[213.176.26.72] ehlo=1 auth=0/1 rset=1 commands=2/3
Aug  9 07:16:46 brollon postfix/submission/smtpd[27391]: connect from unknown[213.176.26.76]
Aug  9 07:16:47 brollon postfix/submission/smtpd[26552]: connect from unknown[213.176.26.113]
Aug  9 07:16:50 brollon postfix/submission/smtpd[28133]: warning: unknown[213.176.26.78]: SASL LOGIN authentication failed: UGFzc3dvcmQ6
Aug  9 07:16:50 brollon postfix/submission/smtpd[28133]: disconnect from unknown[213.176.26.78] ehlo=1 auth=0/1 rset=1 quit=1 commands=3/4
Aug  9 07:16:52 brollon postfix/submission/smtpd[27391]: warning: unknown[213.176.26.76]: SASL LOGIN authentication failed: UGFzc3dvcmQ6
Aug  9 07:16:52 brollon postfix/submission/smtpd[27391]: disconnect from unknown[213.176.26.76] ehlo=1 auth=0/1 rset=1 quit=1 commands=3/4
Aug  9 07:16:54 brollon postfix/submission/smtpd[26552]: warning: unknown[213.176.26.113]: SASL LOGIN authentication failed: UGFzc3dvcmQ6
Aug  9 07:16:54 brollon postfix/submission/smtpd[26552]: disconnect from unknown[213.176.26.113] ehlo=1 auth=0/1 rset=1 quit=1 commands=3/4
Aug  9 07:17:01 brollon postfix/smtpd[32744]: connect from localhost[127.0.0.1]
Aug  9 07:17:01 brollon postfix/smtpd[32744]: lost connection after CONNECT from localhost[127.0.0.1]
Aug  9 07:17:01 brollon postfix/smtpd[32744]: disconnect from localhost[127.0.0.1] commands=0/0
Aug  9 07:17:01 brollon dovecot: imap-login: Disconnected (no auth attempts in 0 secs): user=<>, rip=127.0.0.1, lip=127.0.0.1, secured, session=<AAgoBphYhsl/AAAB>
Aug  9 07:17:01 brollon dovecot: pop3-login: Disconnected (no auth attempts in 0 secs): user=<>, rip=127.0.0.1, lip=127.0.0.1, secured, session=<hgwoBphYtsF/AAAB>
Aug  9 07:17:04 brollon postfix/submission/smtpd[26529]: connect from unknown[213.176.26.144]
Aug  9 07:17:06 brollon postfix/smtps/smtpd[32177]: connect from unknown[213.176.26.34]
Aug  9 07:17:08 brollon postfix/smtps/smtpd[20714]: connect from unknown[213.176.24.64]
Aug  9 07:17:08 brollon postfix/submission/smtpd[27391]: connect from unknown[213.176.26.114]
Aug  9 07:17:09 brollon postfix/smtps/smtpd[29173]: connect from unknown[213.176.26.23]
Aug  9 07:17:10 brollon postfix/smtps/smtpd[32177]: warning: unknown[213.176.26.34]: SASL LOGIN authentication failed: UGFzc3dvcmQ6
Aug  9 07:17:10 brollon postfix/smtps/smtpd[32177]: lost connection after AUTH from unknown[213.176.26.34]
Aug  9 07:17:10 brollon postfix/smtps/smtpd[32177]: disconnect from unknown[213.176.26.34] ehlo=1 auth=0/1 rset=1 commands=2/3
Aug  9 07:17:11 brollon postfix/submission/smtpd[26529]: warning: unknown[213.176.26.144]: SASL LOGIN authentication failed: UGFzc3dvcmQ6
Aug  9 07:17:12 brollon postfix/submission/smtpd[26529]: disconnect from unknown[213.176.26.144] ehlo=1 auth=0/1 rset=1 quit=1 commands=3/4
Aug  9 07:17:12 brollon postfix/submission/smtpd[27391]: warning: unknown[213.176.26.114]: SASL LOGIN authentication failed: UGFzc3dvcmQ6
Aug  9 07:17:12 brollon postfix/submission/smtpd[27391]: disconnect from unknown[213.176.26.114] ehlo=1 auth=0/1 rset=1 quit=1 commands=3/4
Aug  9 07:17:13 brollon postfix/smtps/smtpd[29173]: warning: unknown[213.176.26.23]: SASL LOGIN authentication failed: UGFzc3dvcmQ6
Aug  9 07:17:13 brollon postfix/smtps/smtpd[29173]: lost connection after AUTH from unknown[213.176.26.23]
Aug  9 07:17:13 brollon postfix/smtps/smtpd[29173]: disconnect from unknown[213.176.26.23] ehlo=1 auth=0/1 rset=1 commands=2/3
Aug  9 07:17:16 brollon postfix/submission/smtpd[26552]: connect from unknown[213.176.26.159]
Aug  9 07:17:18 brollon postfix/submission/smtpd[26552]: warning: unknown[213.176.26.159]: SASL LOGIN authentication failed: UGFzc3dvcmQ6
Aug  9 07:17:19 brollon postfix/submission/smtpd[26552]: disconnect from unknown[213.176.26.159] ehlo=1 auth=0/1 rset=1 quit=1 commands=3/4
Aug  9 07:17:23 brollon postfix/submission/smtpd[27391]: connect from unknown[213.176.26.74]
Aug  9 07:17:23 brollon postfix/submission/smtpd[26552]: connect from unknown[213.176.26.64]
Aug  9 07:17:26 brollon postfix/submission/smtpd[26529]: connect from unknown[213.176.26.134]
Aug  9 07:17:28 brollon postfix/submission/smtpd[27391]: warning: unknown[213.176.26.74]: SASL LOGIN authentication failed: UGFzc3dvcmQ6
Aug  9 07:17:28 brollon postfix/submission/smtpd[27391]: disconnect from unknown[213.176.26.74] ehlo=1 auth=0/1 rset=1 quit=1 commands=3/4
Aug  9 07:17:30 brollon postfix/submission/smtpd[26552]: warning: unknown[213.176.26.64]: SASL LOGIN authentication failed: UGFzc3dvcmQ6
Aug  9 07:17:30 brollon postfix/submission/smtpd[26552]: disconnect from unknown[213.176.26.64] ehlo=1 auth=0/1 rset=1 quit=1 commands=3/4
Aug  9 07:17:32 brollon postfix/submission/smtpd[26529]: warning: unknown[213.176.26.134]: SASL LOGIN authentication failed: UGFzc3dvcmQ6
Aug  9 07:17:32 brollon postfix/submission/smtpd[26529]: disconnect from unknown[213.176.26.134] ehlo=1 auth=0/1 rset=1 quit=1 commands=3/4
Aug  9 07:17:35 brollon postfix/smtps/smtpd[20714]: warning: unknown[213.176.24.64]: SASL LOGIN authentication failed: UGFzc3dvcmQ6
Aug  9 07:17:35 brollon postfix/smtps/smtpd[20714]: lost connection after AUTH from unknown[213.176.24.64]
Aug  9 07:17:35 brollon postfix/smtps/smtpd[20714]: disconnect from unknown[213.176.24.64] ehlo=1 auth=0/1 rset=1 commands=2/3
Aug  9 07:17:41 brollon postfix/submission/smtpd[28133]: connect from unknown[213.176.26.85]
Aug  9 07:17:47 brollon postfix/submission/smtpd[26529]: connect from unknown[213.176.26.78]
Aug  9 07:17:48 brollon postfix/submission/smtpd[28133]: warning: unknown[213.176.26.85]: SASL LOGIN authentication failed: UGFzc3dvcmQ6
Aug  9 07:17:48 brollon postfix/submission/smtpd[28133]: disconnect from unknown[213.176.26.85] ehlo=1 auth=0/1 rset=1 quit=1 commands=3/4
Aug  9 07:17:48 brollon postfix/submission/smtpd[27391]: connect from unknown[213.176.26.113]
Aug  9 07:17:49 brollon postfix/submission/smtpd[26552]: connect from unknown[213.176.26.76]
Aug  9 07:17:54 brollon postfix/submission/smtpd[26529]: warning: unknown[213.176.26.78]: SASL LOGIN authentication failed: UGFzc3dvcmQ6
Aug  9 07:17:55 brollon postfix/submission/smtpd[26529]: disconnect from unknown[213.176.26.78] ehlo=1 auth=0/1 rset=1 quit=1 commands=3/4
Aug  9 07:17:55 brollon postfix/submission/smtpd[27391]: warning: unknown[213.176.26.113]: SASL LOGIN authentication failed: UGFzc3dvcmQ6
Aug  9 07:17:55 brollon postfix/submission/smtpd[27391]: disconnect from unknown[213.176.26.113] ehlo=1 auth=0/1 rset=1 quit=1 commands=3/4
Aug  9 07:17:56 brollon postfix/submission/smtpd[26552]: warning: unknown[213.176.26.76]: SASL LOGIN authentication failed: UGFzc3dvcmQ6
Aug  9 07:17:57 brollon postfix/submission/smtpd[26552]: disconnect from unknown[213.176.26.76] ehlo=1 auth=0/1 rset=1 quit=1 commands=3/4
Aug  9 07:18:01 brollon postfix/smtpd[32744]: connect from localhost[127.0.0.1]
Aug  9 07:18:01 brollon postfix/smtpd[32744]: lost connection after CONNECT from localhost[127.0.0.1]
Aug  9 07:18:01 brollon postfix/smtpd[32744]: disconnect from localhost[127.0.0.1] commands=0/0
Aug  9 07:18:01 brollon dovecot: imap-login: Disconnected (no auth attempts in 0 secs): user=<>, rip=127.0.0.1, lip=127.0.0.1, secured, session=<aga+CZhYrsp/AAAB>
Aug  9 07:18:01 brollon dovecot: pop3-login: Disconnected (no auth attempts in 0 secs): user=<>, rip=127.0.0.1, lip=127.0.0.1, secured, session=<jQ2+CZhY3sJ/AAAB>
Aug  9 07:18:05 brollon postfix/smtps/smtpd[32177]: connect from unknown[213.176.26.165]
Aug  9 07:18:06 brollon postfix/smtps/smtpd[20714]: connect from unknown[213.176.26.77]
