Aug  9 09:22:16 brollon postfix/submission/smtpd[15213]: warning: unknown[213.176.26.74]: SASL LOGIN authentication failed: UGFzc3dvcmQ6
Aug  9 09:22:16 brollon postfix/submission/smtpd[15213]: disconnect from unknown[213.176.26.74] ehlo=1 auth=0/1 rset=1 quit=1 commands=3/4
Aug  9 09:22:17 brollon postfix/submission/smtpd[22377]: connect from unknown[213.176.26.64]
Aug  9 09:22:20 brollon postfix/submission/smtpd[15102]: warning: unknown[213.176.26.76]: SASL LOGIN authentication failed: UGFzc3dvcmQ6
Aug  9 09:22:20 brollon postfix/submission/smtpd[15102]: disconnect from unknown[213.176.26.76] ehlo=1 auth=0/1 rset=1 quit=1 commands=3/4
Aug  9 09:22:25 brollon postfix/submission/smtpd[22377]: warning: unknown[213.176.26.64]: SASL LOGIN authentication failed: UGFzc3dvcmQ6
Aug  9 09:22:25 brollon postfix/submission/smtpd[22377]: disconnect from unknown[213.176.26.64] ehlo=1 auth=0/1 rset=1 quit=1 commands=3/4
Aug  9 09:22:28 brollon postfix/submission/smtpd[14200]: connect from unknown[213.176.26.113]
Aug  9 09:22:31 brollon postfix/submission/smtpd[14200]: warning: unknown[213.176.26.113]: SASL LOGIN authentication failed: UGFzc3dvcmQ6
Aug  9 09:22:31 brollon postfix/submission/smtpd[14200]: disconnect from unknown[213.176.26.113] ehlo=1 auth=0/1 rset=1 quit=1 commands=3/4
Aug  9 09:22:37 brollon postfix/submission/smtpd[20017]: connect from unknown[213.176.26.114]
Aug  9 09:22:38 brollon postfix/submission/smtpd[15213]: connect from unknown[213.176.26.134]
Aug  9 09:22:41 brollon postfix/submission/smtpd[20017]: warning: unknown[213.176.26.114]: SASL LOGIN authentication failed: UGFzc3dvcmQ6
Aug  9 09:22:41 brollon postfix/submission/smtpd[20017]: disconnect from unknown[213.176.26.114] ehlo=1 auth=0/1 rset=1 quit=1 commands=3/4
Aug  9 09:22:45 brollon postfix/smtps/smtpd[22396]: connect from unknown[213.176.24.64]
Aug  9 09:22:45 brollon postfix/submission/smtpd[15213]: warning: unknown[213.176.26.134]: SASL LOGIN authentication failed: UGFzc3dvcmQ6
Aug  9 09:22:45 brollon postfix/submission/smtpd[15213]: disconnect from unknown[213.176.26.134] ehlo=1 auth=0/1 rset=1 quit=1 commands=3/4
Aug  9 09:22:48 brollon postfix/smtps/smtpd[22394]: connect from unknown[213.176.26.175]
Aug  9 09:22:54 brollon postfix/smtps/smtpd[22394]: warning: unknown[213.176.26.175]: SASL LOGIN authentication failed: UGFzc3dvcmQ6
Aug  9 09:22:54 brollon postfix/smtps/smtpd[22394]: lost connection after AUTH from unknown[213.176.26.175]
Aug  9 09:22:54 brollon postfix/smtps/smtpd[22394]: disconnect from unknown[213.176.26.175] ehlo=1 auth=0/1 rset=1 commands=2/3
Aug  9 09:22:55 brollon postfix/smtps/smtpd[22394]: connect from unknown[213.176.26.42]
Aug  9 09:22:58 brollon postfix/smtps/smtpd[22473]: connect from unknown[213.176.26.191]
Aug  9 09:22:58 brollon postfix/smtps/smtpd[22474]: connect from unknown[213.176.26.19]
Aug  9 09:22:59 brollon postfix/smtps/smtpd[22475]: connect from unknown[213.176.26.122]
Aug  9 09:23:00 brollon postfix/smtps/smtpd[22473]: warning: unknown[213.176.26.191]: SASL LOGIN authentication failed: UGFzc3dvcmQ6
Aug  9 09:23:00 brollon postfix/submission/smtpd[15102]: connect from unknown[213.176.26.144]
Aug  9 09:23:01 brollon postfix/smtps/smtpd[22473]: lost connection after AUTH from unknown[213.176.26.191]
Aug  9 09:23:01 brollon postfix/smtps/smtpd[22473]: disconnect from unknown[213.176.26.191] ehlo=1 auth=0/1 rset=1 commands=2/3
Aug  9 09:23:01 brollon postfix/smtps/smtpd[22394]: warning: unknown[213.176.26.42]: SASL LOGIN authentication failed: UGFzc3dvcmQ6
Aug  9 09:23:01 brollon postfix/smtps/smtpd[22394]: lost connection after AUTH from unknown[213.176.26.42]
Aug  9 09:23:01 brollon postfix/smtps/smtpd[22394]: disconnect from unknown[213.176.26.42] ehlo=1 auth=0/1 rset=1 commands=2/3
Aug  9 09:23:01 brollon postfix/smtpd[19741]: connect from localhost[127.0.0.1]
Aug  9 09:23:01 brollon postfix/smtpd[19741]: lost connection after CONNECT from localhost[127.0.0.1]
Aug  9 09:23:01 brollon postfix/smtpd[19741]: disconnect from localhost[127.0.0.1] commands=0/0
Aug  9 09:23:01 brollon dovecot: imap-login: Disconnected (no auth attempts in 0 secs): user=<>, rip=127.0.0.1, lip=127.0.0.1, secured, session=<upLAyJlYhs9/AAAB>
Aug  9 09:23:01 brollon dovecot: pop3-login: Disconnected (no auth attempts in 0 secs): user=<>, rip=127.0.0.1, lip=127.0.0.1, secured, session=<EanAyJlYtsd/AAAB>
Aug  9 09:23:02 brollon postfix/submission/smtpd[22377]: connect from unknown[213.176.26.85]
Aug  9 09:23:03 brollon postfix/submission/smtpd[14200]: connect from unknown[213.176.26.78]
Aug  9 09:23:04 brollon postfix/smtps/smtpd[22474]: warning: unknown[213.176.26.19]: SASL LOGIN authentication failed: UGFzc3dvcmQ6
Aug  9 09:23:04 brollon postfix/smtps/smtpd[22474]: lost connection after AUTH from unknown[213.176.26.19]
Aug  9 09:23:04 brollon postfix/smtps/smtpd[22474]: disconnect from unknown[213.176.26.19] ehlo=1 auth=0/1 rset=1 commands=2/3
Aug  9 09:23:05 brollon postfix/submission/smtpd[14200]: warning: unknown[213.176.26.78]: SASL LOGIN authentication failed: UGFzc3dvcmQ6
Aug  9 09:23:05 brollon postfix/smtps/smtpd[22475]: warning: unknown[213.176.26.122]: SASL LOGIN authentication failed: UGFzc3dvcmQ6
Aug  9 09:23:05 brollon postfix/smtps/smtpd[22475]: lost connection after AUTH from unknown[213.176.26.122]
Aug  9 09:23:05 brollon postfix/smtps/smtpd[22475]: disconnect from unknown[213.176.26.122] ehlo=1 auth=0/1 rset=1 commands=2/3
Aug  9 09:23:05 brollon postfix/submission/smtpd[14200]: disconnect from unknown[213.176.26.78] ehlo=1 auth=0/1 rset=1 quit=1 commands=3/4
Aug  9 09:23:07 brollon postfix/submission/smtpd[15102]: warning: unknown[213.176.26.144]: SASL LOGIN authentication failed: UGFzc3dvcmQ6
Aug  9 09:23:07 brollon postfix/submission/smtpd[15102]: disconnect from unknown[213.176.26.144] ehlo=1 auth=0/1 rset=1 quit=1 commands=3/4
Aug  9 09:23:08 brollon postfix/smtps/smtpd[22396]: warning: unknown[213.176.24.64]: SASL LOGIN authentication failed: UGFzc3dvcmQ6
Aug  9 09:23:08 brollon postfix/smtps/smtpd[22396]: lost connection after AUTH from unknown[213.176.24.64]
Aug  9 09:23:08 brollon postfix/smtps/smtpd[22396]: disconnect from unknown[213.176.24.64] ehlo=1 auth=0/1 rset=1 commands=2/3
Aug  9 09:23:09 brollon postfix/submission/smtpd[22377]: warning: unknown[213.176.26.85]: SASL LOGIN authentication failed: UGFzc3dvcmQ6
Aug  9 09:23:09 brollon postfix/submission/smtpd[22377]: disconnect from unknown[213.176.26.85] ehlo=1 auth=0/1 rset=1 quit=1 commands=3/4
Aug  9 09:23:11 brollon postfix/submission/smtpd[20017]: connect from unknown[213.176.26.159]
Aug  9 09:23:13 brollon postfix/submission/smtpd[15213]: connect from unknown[213.176.26.74]
Aug  9 09:23:17 brollon postfix/submission/smtpd[14200]: connect from unknown[213.176.26.76]
Aug  9 09:23:18 brollon postfix/submission/smtpd[15213]: warning: unknown[213.176.26.74]: SASL LOGIN authentication failed: UGFzc3dvcmQ6
Aug  9 09:23:18 brollon postfix/submission/smtpd[20017]: warning: unknown[213.176.26.159]: SASL LOGIN authentication failed: UGFzc3dvcmQ6
Aug  9 09:23:18 brollon postfix/submission/smtpd[20017]: disconnect from unknown[213.176.26.159] ehlo=1 auth=0/1 rset=1 quit=1 commands=3/4
Aug  9 09:23:18 brollon postfix/submission/smtpd[15213]: disconnect from unknown[213.176.26.74] ehlo=1 auth=0/1 rset=1 quit=1 commands=3/4
Aug  9 09:23:21 brollon postfix/submission/smtpd[22377]: connect from unknown[213.176.26.64]
Aug  9 09:23:23 brollon postfix/submission/smtpd[14200]: warning: unknown[213.176.26.76]: SASL LOGIN authentication failed: UGFzc3dvcmQ6
Aug  9 09:23:23 brollon postfix/submission/smtpd[14200]: disconnect from unknown[213.176.26.76] ehlo=1 auth=0/1 rset=1 quit=1 commands=3/4
Aug  9 09:23:26 brollon postfix/smtps/smtpd[22473]: connect from unknown[213.176.26.94]
Aug  9 09:23:27 brollon postfix/submission/smtpd[22377]: warning: unknown[213.176.26.64]: SASL LOGIN authentication failed: UGFzc3dvcmQ6
Aug  9 09:23:27 brollon postfix/submission/smtpd[22377]: disconnect from unknown[213.176.26.64] ehlo=1 auth=0/1 rset=1 quit=1 commands=3/4
Aug  9 09:23:27 brollon postfix/smtps/smtpd[22396]: connect from unknown[213.176.26.88]
Aug  9 09:23:27 brollon postfix/smtps/smtpd[22394]: connect from unknown[213.176.26.87]
Aug  9 09:23:28 brollon postfix/smtps/smtpd[22475]: connect from unknown[213.176.26.21]
Aug  9 09:23:29 brollon postfix/submission/smtpd[15213]: connect from unknown[213.176.26.113]
Aug  9 09:23:30 brollon postfix/smtps/smtpd[22396]: warning: unknown[213.176.26.88]: SASL LOGIN authentication failed: UGFzc3dvcmQ6
Aug  9 09:23:30 brollon postfix/smtps/smtpd[22396]: lost connection after AUTH from unknown[213.176.26.88]
Aug  9 09:23:30 brollon postfix/smtps/smtpd[22396]: disconnect from unknown[213.176.26.88] ehlo=1 auth=0/1 rset=1 commands=2/3
Aug  9 09:23:31 brollon postfix/smtps/smtpd[22394]: warning: unknown[213.176.26.87]: SASL LOGIN authentication failed: UGFzc3dvcmQ6
Aug  9 09:23:31 brollon postfix/submission/smtpd[15213]: warning: unknown[213.176.26.113]: SASL LOGIN authentication failed: UGFzc3dvcmQ6
Aug  9 09:23:31 brollon postfix/smtps/smtpd[22475]: warning: unknown[213.176.26.21]: SASL LOGIN authentication failed: UGFzc3dvcmQ6
Aug  9 09:23:31 brollon postfix/submission/smtpd[15213]: disconnect from unknown[213.176.26.113] ehlo=1 auth=0/1 rset=1 quit=1 commands=3/4
Aug  9 09:23:31 brollon postfix/smtps/smtpd[22475]: lost connection after AUTH from unknown[213.176.26.21]
Aug  9 09:23:31 brollon postfix/smtps/smtpd[22475]: disconnect from unknown[213.176.26.21] ehlo=1 auth=0/1 rset=1 commands=2/3
Aug  9 09:23:31 brollon postfix/smtps/smtpd[22394]: lost connection after AUTH from unknown[213.176.26.87]
Aug  9 09:23:31 brollon postfix/smtps/smtpd[22394]: disconnect from unknown[213.176.26.87] ehlo=1 auth=0/1 rset=1 commands=2/3
Aug  9 09:23:32 brollon postfix/smtps/smtpd[22473]: warning: unknown[213.176.26.94]: SASL LOGIN authentication failed: UGFzc3dvcmQ6
Aug  9 09:23:32 brollon postfix/smtps/smtpd[22473]: lost connection after AUTH from unknown[213.176.26.94]
Aug  9 09:23:32 brollon postfix/smtps/smtpd[22473]: disconnect from unknown[213.176.26.94] ehlo=1 auth=0/1 rset=1 commands=2/3
Aug  9 09:23:33 brollon postfix/smtps/smtpd[22474]: connect from unknown[213.176.26.69]
Aug  9 09:23:34 brollon postfix/smtps/smtpd[22396]: connect from unknown[213.176.26.37]
Aug  9 09:23:38 brollon postfix/submission/smtpd[22377]: connect from unknown[213.176.26.114]
Aug  9 09:23:40 brollon postfix/smtps/smtpd[22474]: warning: unknown[213.176.26.69]: SASL LOGIN authentication failed: UGFzc3dvcmQ6
Aug  9 09:23:40 brollon postfix/smtps/smtpd[22473]: connect from unknown[213.176.26.186]
Aug  9 09:23:41 brollon postfix/submission/smtpd[15213]: connect from unknown[213.176.26.134]
Aug  9 09:23:41 brollon postfix/smtps/smtpd[22396]: warning: unknown[213.176.26.37]: SASL LOGIN authentication failed: UGFzc3dvcmQ6
Aug  9 09:23:41 brollon postfix/smtps/smtpd[22396]: lost connection after AUTH from unknown[213.176.26.37]
Aug  9 09:23:41 brollon postfix/smtps/smtpd[22396]: disconnect from unknown[213.176.26.37] ehlo=1 auth=0/1 rset=1 commands=2/3
Aug  9 09:23:42 brollon postfix/smtps/smtpd[22474]: lost connection after AUTH from unknown[213.176.26.69]
Aug  9 09:23:42 brollon postfix/smtps/smtpd[22474]: disconnect from unknown[213.176.26.69] ehlo=1 auth=0/1 rset=1 commands=2/3
Aug  9 09:23:42 brollon postfix/smtps/smtpd[22394]: connect from unknown[213.176.26.194]
Aug  9 09:23:43 brollon postfix/smtps/smtpd[22473]: warning: unknown[213.176.26.186]: SASL LOGIN authentication failed: UGFzc3dvcmQ6
Aug  9 09:23:44 brollon postfix/smtps/smtpd[22473]: lost connection after AUTH from unknown[213.176.26.186]
Aug  9 09:23:44 brollon postfix/smtps/smtpd[22473]: disconnect from unknown[213.176.26.186] ehlo=1 auth=0/1 rset=1 commands=2/3
Aug  9 09:23:45 brollon postfix/submission/smtpd[22377]: warning: unknown[213.176.26.114]: SASL LOGIN authentication failed: UGFzc3dvcmQ6
Aug  9 09:23:45 brollon postfix/submission/smtpd[22377]: disconnect from unknown[213.176.26.114] ehlo=1 auth=0/1 rset=1 quit=1 commands=3/4
Aug  9 09:23:46 brollon postfix/smtps/smtpd[22396]: connect from unknown[213.176.26.52]
Aug  9 09:23:47 brollon postfix/smtps/smtpd[22394]: warning: unknown[213.176.26.194]: SASL LOGIN authentication failed: UGFzc3dvcmQ6
Aug  9 09:23:47 brollon postfix/smtps/smtpd[22394]: lost connection after AUTH from unknown[213.176.26.194]
Aug  9 09:23:47 brollon postfix/smtps/smtpd[22394]: disconnect from unknown[213.176.26.194] ehlo=1 auth=0/1 rset=1 commands=2/3
Aug  9 09:23:48 brollon postfix/submission/smtpd[15213]: warning: unknown[213.176.26.134]: SASL LOGIN authentication failed: UGFzc3dvcmQ6
Aug  9 09:23:49 brollon postfix/submission/smtpd[15213]: disconnect from unknown[213.176.26.134] ehlo=1 auth=0/1 rset=1 quit=1 commands=3/4
Aug  9 09:23:52 brollon postfix/smtps/smtpd[22396]: warning: unknown[213.176.26.52]: SASL LOGIN authentication failed: UGFzc3dvcmQ6
Aug  9 09:23:52 brollon postfix/smtps/smtpd[22396]: lost connection after AUTH from unknown[213.176.26.52]
Aug  9 09:23:52 brollon postfix/smtps/smtpd[22396]: disconnect from unknown[213.176.26.52] ehlo=1 auth=0/1 rset=1 commands=2/3
Aug  9 09:24:01 brollon postfix/smtpd[19741]: connect from localhost[127.0.0.1]
Aug  9 09:24:01 brollon postfix/smtpd[19741]: lost connection after CONNECT from localhost[127.0.0.1]
Aug  9 09:24:01 brollon postfix/smtpd[19741]: disconnect from localhost[127.0.0.1] commands=0/0
Aug  9 09:24:01 brollon dovecot: imap-login: Disconnected (no auth attempts in 0 secs): user=<>, rip=127.0.0.1, lip=127.0.0.1, secured, session=<X55WzJlYstB/AAAB>
Aug  9 09:24:01 brollon dovecot: pop3-login: Disconnected (no auth attempts in 0 secs): user=<>, rip=127.0.0.1, lip=127.0.0.1, secured, session=<A6JWzJlY4sh/AAAB>
Aug  9 09:24:04 brollon postfix/submission/smtpd[20017]: connect from unknown[213.176.26.144]
Aug  9 09:24:05 brollon postfix/submission/smtpd[15213]: connect from unknown[213.176.26.85]
Aug  9 09:24:07 brollon postfix/submission/smtpd[22377]: connect from unknown[213.176.26.78]
Aug  9 09:24:08 brollon postfix/smtps/smtpd[22475]: connect from unknown[213.176.26.29]
Aug  9 09:24:10 brollon postfix/submission/smtpd[15213]: warning: unknown[213.176.26.85]: SASL LOGIN authentication failed: UGFzc3dvcmQ6
Aug  9 09:24:10 brollon postfix/submission/smtpd[15213]: disconnect from unknown[213.176.26.85] ehlo=1 auth=0/1 rset=1 quit=1 commands=3/4
Aug  9 09:24:11 brollon postfix/submission/smtpd[20017]: warning: unknown[213.176.26.144]: SASL LOGIN authentication failed: UGFzc3dvcmQ6
Aug  9 09:24:11 brollon postfix/submission/smtpd[20017]: disconnect from unknown[213.176.26.144] ehlo=1 auth=0/1 rset=1 quit=1 commands=3/4
Aug  9 09:24:12 brollon postfix/smtps/smtpd[22475]: warning: unknown[213.176.26.29]: SASL LOGIN authentication failed: UGFzc3dvcmQ6
Aug  9 09:24:12 brollon postfix/smtps/smtpd[22475]: lost connection after AUTH from unknown[213.176.26.29]
Aug  9 09:24:12 brollon postfix/smtps/smtpd[22475]: disconnect from unknown[213.176.26.29] ehlo=1 auth=0/1 rset=1 commands=2/3
Aug  9 09:24:13 brollon postfix/submission/smtpd[15213]: connect from unknown[213.176.26.159]
Aug  9 09:24:14 brollon postfix/submission/smtpd[22377]: warning: unknown[213.176.26.78]: SASL LOGIN authentication failed: UGFzc3dvcmQ6
Aug  9 09:24:14 brollon postfix/submission/smtpd[22377]: disconnect from unknown[213.176.26.78] ehlo=1 auth=0/1 rset=1 quit=1 commands=3/4
Aug  9 09:24:17 brollon postfix/submission/smtpd[20017]: connect from unknown[213.176.26.74]
Aug  9 09:24:20 brollon postfix/submission/smtpd[15213]: warning: unknown[213.176.26.159]: SASL LOGIN authentication failed: UGFzc3dvcmQ6
Aug  9 09:24:21 brollon postfix/submission/smtpd[22377]: connect from unknown[213.176.26.76]
Aug  9 09:24:21 brollon postfix/submission/smtpd[15213]: disconnect from unknown[213.176.26.159] ehlo=1 auth=0/1 rset=1 quit=1 commands=3/4
Aug  9 09:24:23 brollon postfix/submission/smtpd[20017]: warning: unknown[213.176.26.74]: SASL LOGIN authentication failed: UGFzc3dvcmQ6
Aug  9 09:24:23 brollon postfix/submission/smtpd[20017]: disconnect from unknown[213.176.26.74] ehlo=1 auth=0/1 rset=1 quit=1 commands=3/4
Aug  9 09:24:24 brollon postfix/submission/smtpd[15213]: connect from unknown[213.176.26.64]
Aug  9 09:24:24 brollon postfix/smtps/smtpd[22394]: connect from unknown[213.176.26.77]
Aug  9 09:24:26 brollon postfix/submission/smtpd[22377]: warning: unknown[213.176.26.76]: SASL LOGIN authentication failed: UGFzc3dvcmQ6
Aug  9 09:24:26 brollon postfix/submission/smtpd[15213]: warning: unknown[213.176.26.64]: SASL LOGIN authentication failed: UGFzc3dvcmQ6
Aug  9 09:24:26 brollon postfix/submission/smtpd[22377]: disconnect from unknown[213.176.26.76] ehlo=1 auth=0/1 rset=1 quit=1 commands=3/4
Aug  9 09:24:27 brollon postfix/submission/smtpd[15213]: disconnect from unknown[213.176.26.64] ehlo=1 auth=0/1 rset=1 quit=1 commands=3/4
Aug  9 09:24:29 brollon postfix/smtps/smtpd[22394]: warning: unknown[213.176.26.77]: SASL LOGIN authentication failed: UGFzc3dvcmQ6
Aug  9 09:24:29 brollon postfix/smtps/smtpd[22394]: lost connection after AUTH from unknown[213.176.26.77]
Aug  9 09:24:29 brollon postfix/smtps/smtpd[22394]: disconnect from unknown[213.176.26.77] ehlo=1 auth=0/1 rset=1 commands=2/3
Aug  9 09:24:31 brollon postfix/submission/smtpd[20017]: connect from unknown[213.176.26.113]
Aug  9 09:24:37 brollon postfix/smtps/smtpd[22474]: connect from unknown[213.176.26.62]
Aug  9 09:24:38 brollon postfix/submission/smtpd[20017]: warning: unknown[213.176.26.113]: SASL LOGIN authentication failed: UGFzc3dvcmQ6
Aug  9 09:24:38 brollon postfix/submission/smtpd[20017]: disconnect from unknown[213.176.26.113] ehlo=1 auth=0/1 rset=1 quit=1 commands=3/4
Aug  9 09:24:39 brollon postfix/submission/smtpd[15213]: connect from unknown[213.176.26.114]
Aug  9 09:24:43 brollon postfix/submission/smtpd[20017]: connect from unknown[213.176.26.134]
Aug  9 09:24:45 brollon postfix/submission/smtpd[15213]: warning: unknown[213.176.26.114]: SASL LOGIN authentication failed: UGFzc3dvcmQ6
Aug  9 09:24:45 brollon postfix/smtps/smtpd[22474]: warning: unknown[213.176.26.62]: SASL LOGIN authentication failed: UGFzc3dvcmQ6
Aug  9 09:24:45 brollon postfix/submission/smtpd[15213]: disconnect from unknown[213.176.26.114] ehlo=1 auth=0/1 rset=1 quit=1 commands=3/4
Aug  9 09:24:47 brollon postfix/smtps/smtpd[22474]: lost connection after AUTH from unknown[213.176.26.62]
Aug  9 09:24:47 brollon postfix/smtps/smtpd[22474]: disconnect from unknown[213.176.26.62] ehlo=1 auth=0/1 rset=1 commands=2/3
Aug  9 09:24:49 brollon postfix/submission/smtpd[20017]: warning: unknown[213.176.26.134]: SASL LOGIN authentication failed: UGFzc3dvcmQ6
Aug  9 09:24:49 brollon postfix/submission/smtpd[20017]: disconnect from unknown[213.176.26.134] ehlo=1 auth=0/1 rset=1 quit=1 commands=3/4
Aug  9 09:25:01 brollon postfix/smtpd[19741]: connect from localhost[127.0.0.1]
Aug  9 09:25:01 brollon postfix/smtpd[19741]: lost connection after CONNECT from localhost[127.0.0.1]
Aug  9 09:25:01 brollon postfix/smtpd[19741]: disconnect from localhost[127.0.0.1] commands=0/0
Aug  9 09:25:01 brollon dovecot: imap-login: Disconnected (no auth attempts in 0 secs): user=<>, rip=127.0.0.1, lip=127.0.0.1, secured, session=<ACrtz5lY2NF/AAAB>
Aug  9 09:25:01 brollon dovecot: pop3-login: Disconnected (no auth attempts in 0 secs): user=<>, rip=127.0.0.1, lip=127.0.0.1, secured, session=<7nbtz5lYCMp/AAAB>
Aug  9 09:25:02 brollon postfix/smtpd[19741]: connect from localhost[127.0.0.1]
Aug  9 09:25:02 brollon postfix/smtpd[19741]: lost connection after CONNECT from localhost[127.0.0.1]
Aug  9 09:25:02 brollon postfix/smtpd[19741]: disconnect from localhost[127.0.0.1] commands=0/0
Aug  9 09:25:02 brollon dovecot: imap-login: Disconnected (no auth attempts in 0 secs): user=<>, rip=127.0.0.1, lip=127.0.0.1, secured, session=<zJrxz5lY5tF/AAAB>
Aug  9 09:25:02 brollon dovecot: pop3-login: Disconnected (no auth attempts in 0 secs): user=<>, rip=127.0.0.1, lip=127.0.0.1, secured, session=</afxz5lYFsp/AAAB>
Aug  9 09:25:06 brollon postfix/smtps/smtpd[22473]: connect from unknown[213.176.26.34]
Aug  9 09:25:07 brollon postfix/submission/smtpd[22377]: connect from unknown[213.176.26.144]
Aug  9 09:25:08 brollon postfix/submission/smtpd[20017]: connect from unknown[213.176.26.85]
Aug  9 09:25:09 brollon postfix/smtps/smtpd[22473]: warning: unknown[213.176.26.34]: SASL LOGIN authentication failed: UGFzc3dvcmQ6
Aug  9 09:25:09 brollon postfix/smtps/smtpd[22473]: lost connection after AUTH from unknown[213.176.26.34]
Aug  9 09:25:09 brollon postfix/smtps/smtpd[22473]: disconnect from unknown[213.176.26.34] ehlo=1 auth=0/1 rset=1 commands=2/3
Aug  9 09:25:11 brollon postfix/submission/smtpd[15213]: connect from unknown[213.176.26.78]
Aug  9 09:25:14 brollon postfix/submission/smtpd[22377]: warning: unknown[213.176.26.144]: SASL LOGIN authentication failed: UGFzc3dvcmQ6
Aug  9 09:25:14 brollon postfix/submission/smtpd[22377]: disconnect from unknown[213.176.26.144] ehlo=1 auth=0/1 rset=1 quit=1 commands=3/4
Aug  9 09:25:14 brollon postfix/submission/smtpd[22377]: connect from unknown[213.176.26.159]
Aug  9 09:25:15 brollon postfix/submission/smtpd[20017]: warning: unknown[213.176.26.85]: SASL LOGIN authentication failed: UGFzc3dvcmQ6
Aug  9 09:25:15 brollon postfix/submission/smtpd[20017]: disconnect from unknown[213.176.26.85] ehlo=1 auth=0/1 rset=1 quit=1 commands=3/4
Aug  9 09:25:18 brollon postfix/submission/smtpd[22377]: warning: unknown[213.176.26.159]: SASL LOGIN authentication failed: UGFzc3dvcmQ6
Aug  9 09:25:18 brollon postfix/submission/smtpd[15213]: warning: unknown[213.176.26.78]: SASL LOGIN authentication failed: UGFzc3dvcmQ6
Aug  9 09:25:18 brollon postfix/submission/smtpd[22377]: disconnect from unknown[213.176.26.159] ehlo=1 auth=0/1 rset=1 quit=1 commands=3/4
Aug  9 09:25:18 brollon postfix/submission/smtpd[15213]: disconnect from unknown[213.176.26.78] ehlo=1 auth=0/1 rset=1 quit=1 commands=3/4
Aug  9 09:25:20 brollon postfix/submission/smtpd[20017]: connect from unknown[213.176.26.74]
Aug  9 09:25:22 brollon postfix/submission/smtpd[22377]: connect from unknown[213.176.26.76]
Aug  9 09:25:25 brollon postfix/smtps/smtpd[22474]: connect from unknown[213.176.26.82]
Aug  9 09:25:26 brollon postfix/submission/smtpd[20017]: warning: unknown[213.176.26.74]: SASL LOGIN authentication failed: UGFzc3dvcmQ6
Aug  9 09:25:26 brollon postfix/submission/smtpd[20017]: disconnect from unknown[213.176.26.74] ehlo=1 auth=0/1 rset=1 quit=1 commands=3/4
Aug  9 09:25:27 brollon postfix/submission/smtpd[15213]: connect from unknown[213.176.26.64]
Aug  9 09:25:29 brollon postfix/submission/smtpd[22377]: warning: unknown[213.176.26.76]: SASL LOGIN authentication failed: UGFzc3dvcmQ6
Aug  9 09:25:29 brollon postfix/submission/smtpd[22377]: disconnect from unknown[213.176.26.76] ehlo=1 auth=0/1 rset=1 quit=1 commands=3/4
Aug  9 09:25:32 brollon postfix/smtps/smtpd[22474]: warning: unknown[213.176.26.82]: SASL LOGIN authentication failed: UGFzc3dvcmQ6
Aug  9 09:25:32 brollon postfix/submission/smtpd[20017]: connect from unknown[213.176.26.113]
Aug  9 09:25:33 brollon postfix/submission/smtpd[15213]: warning: unknown[213.176.26.64]: SASL LOGIN authentication failed: UGFzc3dvcmQ6
Aug  9 09:25:33 brollon postfix/smtps/smtpd[22474]: lost connection after AUTH from unknown[213.176.26.82]
Aug  9 09:25:33 brollon postfix/smtps/smtpd[22474]: disconnect from unknown[213.176.26.82] ehlo=1 auth=0/1 rset=1 commands=2/3
Aug  9 09:25:33 brollon postfix/submission/smtpd[15213]: disconnect from unknown[213.176.26.64] ehlo=1 auth=0/1 rset=1 quit=1 commands=3/4
Aug  9 09:25:39 brollon postfix/submission/smtpd[20017]: warning: unknown[213.176.26.113]: SASL LOGIN authentication failed: UGFzc3dvcmQ6
Aug  9 09:25:39 brollon postfix/submission/smtpd[20017]: disconnect from unknown[213.176.26.113] ehlo=1 auth=0/1 rset=1 quit=1 commands=3/4
Aug  9 09:25:39 brollon postfix/submission/smtpd[22377]: connect from unknown[213.176.26.114]
Aug  9 09:25:42 brollon postfix/submission/smtpd[22377]: warning: unknown[213.176.26.114]: SASL LOGIN authentication failed: UGFzc3dvcmQ6
Aug  9 09:25:42 brollon postfix/submission/smtpd[22377]: disconnect from unknown[213.176.26.114] ehlo=1 auth=0/1 rset=1 quit=1 commands=3/4
Aug  9 09:25:42 brollon postfix/smtps/smtpd[22394]: connect from unknown[213.176.26.23]
Aug  9 09:25:45 brollon postfix/submission/smtpd[15213]: connect from unknown[213.176.26.134]
Aug  9 09:25:47 brollon postfix/smtps/smtpd[22394]: warning: unknown[213.176.26.23]: SASL LOGIN authentication failed: UGFzc3dvcmQ6
Aug  9 09:25:47 brollon postfix/smtps/smtpd[22394]: lost connection after AUTH from unknown[213.176.26.23]
Aug  9 09:25:47 brollon postfix/smtps/smtpd[22394]: disconnect from unknown[213.176.26.23] ehlo=1 auth=0/1 rset=1 commands=2/3
Aug  9 09:25:52 brollon postfix/submission/smtpd[15213]: warning: unknown[213.176.26.134]: SASL LOGIN authentication failed: UGFzc3dvcmQ6
Aug  9 09:25:52 brollon postfix/submission/smtpd[15213]: disconnect from unknown[213.176.26.134] ehlo=1 auth=0/1 rset=1 quit=1 commands=3/4
Aug  9 09:25:59 brollon postfix/smtps/smtpd[22474]: connect from unknown[213.176.26.41]
Aug  9 09:26:01 brollon postfix/smtpd[19741]: connect from localhost[127.0.0.1]
Aug  9 09:26:01 brollon postfix/smtpd[19741]: lost connection after CONNECT from localhost[127.0.0.1]
Aug  9 09:26:01 brollon postfix/smtpd[19741]: disconnect from localhost[127.0.0.1] commands=0/0
Aug  9 09:26:01 brollon dovecot: imap-login: Disconnected (no auth attempts in 0 secs): user=<>, rip=127.0.0.1, lip=127.0.0.1, secured, session=<xcN805lY1tJ/AAAB>
Aug  9 09:26:01 brollon dovecot: pop3-login: Disconnected (no auth attempts in 0 secs): user=<>, rip=127.0.0.1, lip=127.0.0.1, secured, session=<Ndl805lYBst/AAAB>
Aug  9 09:26:06 brollon postfix/smtps/smtpd[22474]: warning: unknown[213.176.26.41]: SASL LOGIN authentication failed: UGFzc3dvcmQ6
Aug  9 09:26:06 brollon postfix/smtps/smtpd[22474]: lost connection after AUTH from unknown[213.176.26.41]
Aug  9 09:26:06 brollon postfix/smtps/smtpd[22474]: disconnect from unknown[213.176.26.41] ehlo=1 auth=0/1 rset=1 commands=2/3
Aug  9 09:26:09 brollon postfix/submission/smtpd[22377]: connect from unknown[213.176.26.144]
Aug  9 09:26:11 brollon postfix/smtps/smtpd[22394]: connect from unknown[213.176.26.165]
Aug  9 09:26:11 brollon postfix/submission/smtpd[15213]: connect from unknown[213.176.26.85]
Aug  9 09:26:14 brollon postfix/submission/smtpd[20017]: connect from unknown[213.176.26.78]
Aug  9 09:26:16 brollon postfix/submission/smtpd[22377]: warning: unknown[213.176.26.144]: SASL LOGIN authentication failed: UGFzc3dvcmQ6
Aug  9 09:26:16 brollon postfix/smtps/smtpd[22394]: warning: unknown[213.176.26.165]: SASL LOGIN authentication failed: UGFzc3dvcmQ6
Aug  9 09:26:16 brollon postfix/smtps/smtpd[22394]: lost connection after AUTH from unknown[213.176.26.165]
Aug  9 09:26:16 brollon postfix/smtps/smtpd[22394]: disconnect from unknown[213.176.26.165] ehlo=1 auth=0/1 rset=1 commands=2/3
Aug  9 09:26:16 brollon postfix/submission/smtpd[23240]: connect from unknown[213.176.26.159]
Aug  9 09:26:16 brollon postfix/submission/smtpd[22377]: disconnect from unknown[213.176.26.144] ehlo=1 auth=0/1 rset=1 quit=1 commands=3/4
Aug  9 09:26:18 brollon postfix/submission/smtpd[15213]: warning: unknown[213.176.26.85]: SASL LOGIN authentication failed: UGFzc3dvcmQ6
Aug  9 09:26:18 brollon postfix/submission/smtpd[15213]: disconnect from unknown[213.176.26.85] ehlo=1 auth=0/1 rset=1 quit=1 commands=3/4
Aug  9 09:26:19 brollon postfix/smtps/smtpd[22473]: connect from unknown[213.176.26.109]
Aug  9 09:26:21 brollon postfix/submission/smtpd[20017]: warning: unknown[213.176.26.78]: SASL LOGIN authentication failed: UGFzc3dvcmQ6
Aug  9 09:26:22 brollon postfix/submission/smtpd[20017]: disconnect from unknown[213.176.26.78] ehlo=1 auth=0/1 rset=1 quit=1 commands=3/4
Aug  9 09:26:23 brollon postfix/submission/smtpd[23240]: warning: unknown[213.176.26.159]: SASL LOGIN authentication failed: UGFzc3dvcmQ6
Aug  9 09:26:23 brollon postfix/submission/smtpd[23240]: disconnect from unknown[213.176.26.159] ehlo=1 auth=0/1 rset=1 quit=1 commands=3/4
Aug  9 09:26:23 brollon postfix/submission/smtpd[22377]: connect from unknown[213.176.26.74]
Aug  9 09:26:25 brollon postfix/submission/smtpd[15213]: connect from unknown[213.176.26.76]
Aug  9 09:26:25 brollon postfix/smtps/smtpd[22473]: warning: unknown[213.176.26.109]: SASL LOGIN authentication failed: UGFzc3dvcmQ6
Aug  9 09:26:25 brollon postfix/smtps/smtpd[22473]: lost connection after AUTH from unknown[213.176.26.109]
Aug  9 09:26:25 brollon postfix/smtps/smtpd[22473]: disconnect from unknown[213.176.26.109] ehlo=1 auth=0/1 rset=1 commands=2/3
Aug  9 09:26:26 brollon postfix/smtps/smtpd[22474]: connect from unknown[213.176.26.51]
Aug  9 09:26:26 brollon postfix/smtps/smtpd[22473]: connect from unknown[213.176.26.95]
Aug  9 09:26:27 brollon postfix/submission/smtpd[15213]: warning: unknown[213.176.26.76]: SASL LOGIN authentication failed: UGFzc3dvcmQ6
Aug  9 09:26:28 brollon postfix/submission/smtpd[15213]: disconnect from unknown[213.176.26.76] ehlo=1 auth=0/1 rset=1 quit=1 commands=3/4
Aug  9 09:26:30 brollon postfix/submission/smtpd[22377]: warning: unknown[213.176.26.74]: SASL LOGIN authentication failed: UGFzc3dvcmQ6
Aug  9 09:26:30 brollon postfix/submission/smtpd[22377]: disconnect from unknown[213.176.26.74] ehlo=1 auth=0/1 rset=1 quit=1 commands=3/4
Aug  9 09:26:31 brollon postfix/submission/smtpd[20017]: connect from unknown[213.176.26.64]
Aug  9 09:26:31 brollon postfix/smtps/smtpd[22474]: warning: unknown[213.176.26.51]: SASL LOGIN authentication failed: UGFzc3dvcmQ6
Aug  9 09:26:31 brollon postfix/smtps/smtpd[22474]: lost connection after AUTH from unknown[213.176.26.51]
Aug  9 09:26:31 brollon postfix/smtps/smtpd[22474]: disconnect from unknown[213.176.26.51] ehlo=1 auth=0/1 rset=1 commands=2/3
Aug  9 09:26:33 brollon postfix/smtps/smtpd[22473]: warning: unknown[213.176.26.95]: SASL LOGIN authentication failed: UGFzc3dvcmQ6
Aug  9 09:26:33 brollon postfix/smtps/smtpd[22473]: lost connection after AUTH from unknown[213.176.26.95]
Aug  9 09:26:33 brollon postfix/smtps/smtpd[22473]: disconnect from unknown[213.176.26.95] ehlo=1 auth=0/1 rset=1 commands=2/3
Aug  9 09:26:34 brollon postfix/submission/smtpd[23240]: connect from unknown[213.176.26.113]
Aug  9 09:26:37 brollon postfix/submission/smtpd[20017]: warning: unknown[213.176.26.64]: SASL LOGIN authentication failed: UGFzc3dvcmQ6
Aug  9 09:26:37 brollon postfix/submission/smtpd[20017]: disconnect from unknown[213.176.26.64] ehlo=1 auth=0/1 rset=1 quit=1 commands=3/4
Aug  9 09:26:40 brollon postfix/submission/smtpd[23240]: warning: unknown[213.176.26.113]: SASL LOGIN authentication failed: UGFzc3dvcmQ6
Aug  9 09:26:40 brollon postfix/submission/smtpd[15213]: connect from unknown[213.176.26.114]
Aug  9 09:26:40 brollon postfix/submission/smtpd[23240]: disconnect from unknown[213.176.26.113] ehlo=1 auth=0/1 rset=1 quit=1 commands=3/4
Aug  9 09:26:43 brollon postfix/anvil[12649]: statistics: max connection rate 2/60s for (submission:213.176.26.114) at Aug  9 09:20:36
Aug  9 09:26:43 brollon postfix/anvil[12649]: statistics: max connection count 1 for (submission:213.176.26.78) at Aug  9 09:16:43
Aug  9 09:26:43 brollon postfix/anvil[12649]: statistics: max cache size 25 at Aug  9 09:23:47
Aug  9 09:26:46 brollon postfix/submission/smtpd[15213]: warning: unknown[213.176.26.114]: SASL LOGIN authentication failed: UGFzc3dvcmQ6
Aug  9 09:26:46 brollon postfix/submission/smtpd[15213]: disconnect from unknown[213.176.26.114] ehlo=1 auth=0/1 rset=1 quit=1 commands=3/4
Aug  9 09:26:47 brollon postfix/submission/smtpd[22377]: connect from unknown[213.176.26.134]
Aug  9 09:26:54 brollon postfix/submission/smtpd[22377]: warning: unknown[213.176.26.134]: SASL LOGIN authentication failed: UGFzc3dvcmQ6
Aug  9 09:26:54 brollon postfix/submission/smtpd[22377]: disconnect from unknown[213.176.26.134] ehlo=1 auth=0/1 rset=1 quit=1 commands=3/4
Aug  9 09:26:55 brollon dovecot: imap-login: Login: user=<secretaria@concellodapobradobrollon.gal>, method=PLAIN, rip=83.48.54.234, lip=54.37.21.250, mpid=23292, session=<kK+11plYtPFTMDbq>
Aug  9 09:26:56 brollon postfix/smtps/smtpd[22394]: connect from unknown[213.176.26.153]
Aug  9 09:27:01 brollon postfix/smtpd[19741]: connect from localhost[127.0.0.1]
Aug  9 09:27:01 brollon postfix/smtpd[19741]: lost connection after CONNECT from localhost[127.0.0.1]
Aug  9 09:27:01 brollon postfix/smtpd[19741]: disconnect from localhost[127.0.0.1] commands=0/0
Aug  9 09:27:01 brollon dovecot: imap-login: Disconnected (no auth attempts in 0 secs): user=<>, rip=127.0.0.1, lip=127.0.0.1, secured, session=<FtcT15lYltN/AAAB>
Aug  9 09:27:01 brollon dovecot: pop3-login: Disconnected (no auth attempts in 0 secs): user=<>, rip=127.0.0.1, lip=127.0.0.1, secured, session=<5NgT15lYxst/AAAB>
Aug  9 09:27:03 brollon postfix/smtps/smtpd[22394]: warning: unknown[213.176.26.153]: SASL LOGIN authentication failed: UGFzc3dvcmQ6
Aug  9 09:27:04 brollon postfix/smtps/smtpd[22394]: lost connection after AUTH from unknown[213.176.26.153]
Aug  9 09:27:04 brollon postfix/smtps/smtpd[22394]: disconnect from unknown[213.176.26.153] ehlo=1 auth=0/1 rset=1 commands=2/3
Aug  9 09:27:06 brollon postfix/smtps/smtpd[22473]: connect from unknown[213.176.26.22]
Aug  9 09:27:12 brollon postfix/smtps/smtpd[22473]: warning: unknown[213.176.26.22]: SASL LOGIN authentication failed: UGFzc3dvcmQ6
Aug  9 09:27:12 brollon postfix/smtps/smtpd[22473]: lost connection after AUTH from unknown[213.176.26.22]
Aug  9 09:27:12 brollon postfix/smtps/smtpd[22473]: disconnect from unknown[213.176.26.22] ehlo=1 auth=0/1 rset=1 commands=2/3
Aug  9 09:27:12 brollon postfix/submission/smtpd[20017]: connect from unknown[213.176.26.144]
Aug  9 09:27:14 brollon postfix/submission/smtpd[23240]: connect from unknown[213.176.26.85]
Aug  9 09:27:17 brollon postfix/submission/smtpd[15213]: connect from unknown[213.176.26.159]
Aug  9 09:27:18 brollon postfix/submission/smtpd[22377]: connect from unknown[213.176.26.78]
Aug  9 09:27:19 brollon postfix/submission/smtpd[20017]: warning: unknown[213.176.26.144]: SASL LOGIN authentication failed: UGFzc3dvcmQ6
Aug  9 09:27:20 brollon postfix/submission/smtpd[20017]: disconnect from unknown[213.176.26.144] ehlo=1 auth=0/1 rset=1 quit=1 commands=3/4
Aug  9 09:27:21 brollon postfix/submission/smtpd[23240]: warning: unknown[213.176.26.85]: SASL LOGIN authentication failed: UGFzc3dvcmQ6
Aug  9 09:27:21 brollon postfix/submission/smtpd[23240]: disconnect from unknown[213.176.26.85] ehlo=1 auth=0/1 rset=1 quit=1 commands=3/4
Aug  9 09:27:22 brollon postfix/submission/smtpd[22377]: warning: unknown[213.176.26.78]: SASL LOGIN authentication failed: UGFzc3dvcmQ6
Aug  9 09:27:22 brollon postfix/submission/smtpd[22377]: disconnect from unknown[213.176.26.78] ehlo=1 auth=0/1 rset=1 quit=1 commands=3/4
Aug  9 09:27:22 brollon postfix/smtps/smtpd[22474]: connect from unknown[213.176.26.72]
Aug  9 09:27:24 brollon postfix/submission/smtpd[15213]: warning: unknown[213.176.26.159]: SASL LOGIN authentication failed: UGFzc3dvcmQ6
Aug  9 09:27:24 brollon postfix/submission/smtpd[15213]: disconnect from unknown[213.176.26.159] ehlo=1 auth=0/1 rset=1 quit=1 commands=3/4
Aug  9 09:27:26 brollon postfix/submission/smtpd[20017]: connect from unknown[213.176.26.74]
Aug  9 09:27:27 brollon postfix/submission/smtpd[23240]: connect from unknown[213.176.26.76]
Aug  9 09:27:28 brollon dovecot: imap-login: Disconnected (no auth attempts in 1 secs): user=<>, rip=20.118.248.174, lip=54.37.21.250, TLS, session=<eYmi2JlYSJ4Udviu>
Aug  9 09:27:28 brollon dovecot: imap-login: Disconnected (no auth attempts in 0 secs): user=<>, rip=20.118.248.174, lip=54.37.21.250, TLS handshaking: SSL_accept() failed: error:1408F10B:SSL routines:ssl3_get_record:wrong version number, session=<ir+l2JlYTJ4Udviu>
Aug  9 09:27:28 brollon postfix/smtps/smtpd[22394]: connect from unknown[213.176.26.58]
Aug  9 09:27:30 brollon postfix/smtps/smtpd[22474]: warning: unknown[213.176.26.72]: SASL LOGIN authentication failed: UGFzc3dvcmQ6
Aug  9 09:27:32 brollon postfix/smtps/smtpd[22474]: lost connection after AUTH from unknown[213.176.26.72]
Aug  9 09:27:32 brollon postfix/smtps/smtpd[22474]: disconnect from unknown[213.176.26.72] ehlo=1 auth=0/1 rset=1 commands=2/3
Aug  9 09:27:32 brollon postfix/submission/smtpd[20017]: warning: unknown[213.176.26.74]: SASL LOGIN authentication failed: UGFzc3dvcmQ6
Aug  9 09:27:32 brollon postfix/submission/smtpd[20017]: disconnect from unknown[213.176.26.74] ehlo=1 auth=0/1 rset=1 quit=1 commands=3/4
Aug  9 09:27:33 brollon postfix/smtps/smtpd[22394]: warning: unknown[213.176.26.58]: SASL LOGIN authentication failed: UGFzc3dvcmQ6
Aug  9 09:27:33 brollon postfix/smtps/smtpd[22394]: lost connection after AUTH from unknown[213.176.26.58]
Aug  9 09:27:33 brollon postfix/smtps/smtpd[22394]: disconnect from unknown[213.176.26.58] ehlo=1 auth=0/1 rset=1 commands=2/3
Aug  9 09:27:33 brollon postfix/submission/smtpd[22377]: connect from unknown[213.176.26.64]
Aug  9 09:27:34 brollon postfix/submission/smtpd[23240]: warning: unknown[213.176.26.76]: SASL LOGIN authentication failed: UGFzc3dvcmQ6
Aug  9 09:27:35 brollon postfix/submission/smtpd[23240]: disconnect from unknown[213.176.26.76] ehlo=1 auth=0/1 rset=1 quit=1 commands=3/4
Aug  9 09:27:35 brollon postfix/submission/smtpd[15213]: connect from unknown[213.176.26.113]
Aug  9 09:27:40 brollon postfix/submission/smtpd[22377]: warning: unknown[213.176.26.64]: SASL LOGIN authentication failed: UGFzc3dvcmQ6
Aug  9 09:27:40 brollon postfix/submission/smtpd[22377]: disconnect from unknown[213.176.26.64] ehlo=1 auth=0/1 rset=1 quit=1 commands=3/4
Aug  9 09:27:40 brollon postfix/submission/smtpd[20017]: connect from unknown[213.176.26.114]
Aug  9 09:27:42 brollon postfix/submission/smtpd[15213]: warning: unknown[213.176.26.113]: SASL LOGIN authentication failed: UGFzc3dvcmQ6
Aug  9 09:27:43 brollon postfix/submission/smtpd[20017]: warning: unknown[213.176.26.114]: SASL LOGIN authentication failed: UGFzc3dvcmQ6
Aug  9 09:27:43 brollon postfix/submission/smtpd[15213]: disconnect from unknown[213.176.26.113] ehlo=1 auth=0/1 rset=1 quit=1 commands=3/4
Aug  9 09:27:43 brollon postfix/submission/smtpd[20017]: disconnect from unknown[213.176.26.114] ehlo=1 auth=0/1 rset=1 quit=1 commands=3/4
Aug  9 09:27:45 brollon dovecot: imap(secretaria@concellodapobradobrollon.gal): Logged out in=721 out=81385
Aug  9 09:27:49 brollon postfix/submission/smtpd[23240]: connect from unknown[213.176.26.134]
Aug  9 09:27:56 brollon postfix/submission/smtpd[23240]: warning: unknown[213.176.26.134]: SASL LOGIN authentication failed: UGFzc3dvcmQ6
Aug  9 09:27:56 brollon postfix/submission/smtpd[23240]: disconnect from unknown[213.176.26.134] ehlo=1 auth=0/1 rset=1 quit=1 commands=3/4
Aug  9 09:28:00 brollon postfix/smtps/smtpd[22473]: connect from unknown[213.176.26.182]
Aug  9 09:28:02 brollon postfix/smtpd[19741]: connect from localhost[127.0.0.1]
Aug  9 09:28:02 brollon postfix/smtpd[19741]: lost connection after CONNECT from localhost[127.0.0.1]
Aug  9 09:28:02 brollon postfix/smtpd[19741]: disconnect from localhost[127.0.0.1] commands=0/0
Aug  9 09:28:02 brollon dovecot: imap-login: Disconnected (no auth attempts in 0 secs): user=<>, rip=127.0.0.1, lip=127.0.0.1, secured, session=<Wvap2plYutR/AAAB>
Aug  9 09:28:02 brollon dovecot: pop3-login: Disconnected (no auth attempts in 0 secs): user=<>, rip=127.0.0.1, lip=127.0.0.1, secured, session=<xvqp2plY6sx/AAAB>
Aug  9 09:28:03 brollon postfix/smtps/smtpd[22474]: connect from unknown[213.176.26.123]
Aug  9 09:28:06 brollon postfix/smtps/smtpd[22473]: warning: unknown[213.176.26.182]: SASL LOGIN authentication failed: UGFzc3dvcmQ6
Aug  9 09:28:06 brollon postfix/smtps/smtpd[22473]: lost connection after AUTH from unknown[213.176.26.182]
Aug  9 09:28:06 brollon postfix/smtps/smtpd[22473]: disconnect from unknown[213.176.26.182] ehlo=1 auth=0/1 rset=1 commands=2/3
Aug  9 09:28:07 brollon postfix/smtps/smtpd[22474]: warning: unknown[213.176.26.123]: SASL LOGIN authentication failed: UGFzc3dvcmQ6
Aug  9 09:28:08 brollon postfix/smtps/smtpd[22474]: lost connection after AUTH from unknown[213.176.26.123]
Aug  9 09:28:08 brollon postfix/smtps/smtpd[22474]: disconnect from unknown[213.176.26.123] ehlo=1 auth=0/1 rset=1 commands=2/3
Aug  9 09:28:15 brollon postfix/submission/smtpd[22377]: connect from unknown[213.176.26.144]
Aug  9 09:28:17 brollon postfix/submission/smtpd[20017]: connect from unknown[213.176.26.85]
Aug  9 09:28:19 brollon postfix/submission/smtpd[23240]: connect from unknown[213.176.26.159]
Aug  9 09:28:21 brollon postfix/submission/smtpd[23375]: connect from unknown[213.176.26.78]
Aug  9 09:28:22 brollon postfix/submission/smtpd[22377]: warning: unknown[213.176.26.144]: SASL LOGIN authentication failed: UGFzc3dvcmQ6
Aug  9 09:28:23 brollon postfix/submission/smtpd[22377]: disconnect from unknown[213.176.26.144] ehlo=1 auth=0/1 rset=1 quit=1 commands=3/4
Aug  9 09:28:24 brollon postfix/submission/smtpd[23240]: warning: unknown[213.176.26.159]: SASL LOGIN authentication failed: UGFzc3dvcmQ6
Aug  9 09:28:24 brollon postfix/submission/smtpd[20017]: warning: unknown[213.176.26.85]: SASL LOGIN authentication failed: UGFzc3dvcmQ6
Aug  9 09:28:24 brollon postfix/submission/smtpd[23240]: disconnect from unknown[213.176.26.159] ehlo=1 auth=0/1 rset=1 quit=1 commands=3/4
Aug  9 09:28:24 brollon postfix/submission/smtpd[20017]: disconnect from unknown[213.176.26.85] ehlo=1 auth=0/1 rset=1 quit=1 commands=3/4
Aug  9 09:28:28 brollon postfix/submission/smtpd[23375]: warning: unknown[213.176.26.78]: SASL LOGIN authentication failed: UGFzc3dvcmQ6
Aug  9 09:28:28 brollon postfix/submission/smtpd[23375]: disconnect from unknown[213.176.26.78] ehlo=1 auth=0/1 rset=1 quit=1 commands=3/4
Aug  9 09:28:29 brollon postfix/submission/smtpd[22377]: connect from unknown[213.176.26.74]
Aug  9 09:28:30 brollon postfix/submission/smtpd[23240]: connect from unknown[213.176.26.76]
Aug  9 09:28:31 brollon postfix/submission/smtpd[22377]: warning: unknown[213.176.26.74]: SASL LOGIN authentication failed: UGFzc3dvcmQ6
Aug  9 09:28:31 brollon postfix/submission/smtpd[22377]: disconnect from unknown[213.176.26.74] ehlo=1 auth=0/1 rset=1 quit=1 commands=3/4
Aug  9 09:28:36 brollon postfix/submission/smtpd[20017]: connect from unknown[213.176.26.113]
Aug  9 09:28:37 brollon postfix/submission/smtpd[23240]: warning: unknown[213.176.26.76]: SASL LOGIN authentication failed: UGFzc3dvcmQ6
Aug  9 09:28:37 brollon postfix/submission/smtpd[23375]: connect from unknown[213.176.26.64]
Aug  9 09:28:38 brollon postfix/submission/smtpd[23240]: disconnect from unknown[213.176.26.76] ehlo=1 auth=0/1 rset=1 quit=1 commands=3/4
Aug  9 09:28:38 brollon postfix/submission/smtpd[20017]: warning: unknown[213.176.26.113]: SASL LOGIN authentication failed: UGFzc3dvcmQ6
Aug  9 09:28:38 brollon postfix/submission/smtpd[20017]: disconnect from unknown[213.176.26.113] ehlo=1 auth=0/1 rset=1 quit=1 commands=3/4
Aug  9 09:28:41 brollon postfix/submission/smtpd[22377]: connect from unknown[213.176.26.114]
Aug  9 09:28:44 brollon postfix/submission/smtpd[23375]: warning: unknown[213.176.26.64]: SASL LOGIN authentication failed: UGFzc3dvcmQ6
Aug  9 09:28:45 brollon postfix/submission/smtpd[23375]: disconnect from unknown[213.176.26.64] ehlo=1 auth=0/1 rset=1 quit=1 commands=3/4
Aug  9 09:28:48 brollon postfix/submission/smtpd[22377]: warning: unknown[213.176.26.114]: SASL LOGIN authentication failed: UGFzc3dvcmQ6
Aug  9 09:28:48 brollon postfix/submission/smtpd[22377]: disconnect from unknown[213.176.26.114] ehlo=1 auth=0/1 rset=1 quit=1 commands=3/4
Aug  9 09:28:52 brollon postfix/submission/smtpd[23240]: connect from unknown[213.176.26.134]
Aug  9 09:28:57 brollon postfix/smtps/smtpd[22394]: connect from unknown[213.176.26.44]
Aug  9 09:28:58 brollon postfix/submission/smtpd[23240]: warning: unknown[213.176.26.134]: SASL LOGIN authentication failed: UGFzc3dvcmQ6
Aug  9 09:28:58 brollon postfix/submission/smtpd[23240]: disconnect from unknown[213.176.26.134] ehlo=1 auth=0/1 rset=1 quit=1 commands=3/4
Aug  9 09:29:01 brollon postfix/smtpd[19741]: connect from localhost[127.0.0.1]
Aug  9 09:29:01 brollon postfix/smtpd[19741]: lost connection after CONNECT from localhost[127.0.0.1]
Aug  9 09:29:01 brollon postfix/smtpd[19741]: disconnect from localhost[127.0.0.1] commands=0/0
Aug  9 09:29:01 brollon dovecot: imap-login: Disconnected (no auth attempts in 0 secs): user=<>, rip=127.0.0.1, lip=127.0.0.1, secured, session=<sxox3plY2tV/AAAB>
Aug  9 09:29:01 brollon dovecot: pop3-login: Disconnected (no auth attempts in 0 secs): user=<>, rip=127.0.0.1, lip=127.0.0.1, secured, session=<iR8x3plYCs5/AAAB>
Aug  9 09:29:04 brollon postfix/smtps/smtpd[22394]: warning: unknown[213.176.26.44]: SASL LOGIN authentication failed: UGFzc3dvcmQ6
Aug  9 09:29:05 brollon postfix/smtps/smtpd[22394]: lost connection after AUTH from unknown[213.176.26.44]
Aug  9 09:29:05 brollon postfix/smtps/smtpd[22394]: disconnect from unknown[213.176.26.44] ehlo=1 auth=0/1 rset=1 commands=2/3
Aug  9 09:29:18 brollon postfix/submission/smtpd[20017]: connect from unknown[213.176.26.144]
Aug  9 09:29:21 brollon postfix/submission/smtpd[23375]: connect from unknown[213.176.26.85]
Aug  9 09:29:21 brollon postfix/submission/smtpd[22377]: connect from unknown[213.176.26.159]
Aug  9 09:29:22 brollon postfix/smtps/smtpd[22473]: connect from unknown[213.176.26.133]
Aug  9 09:29:25 brollon postfix/submission/smtpd[20017]: warning: unknown[213.176.26.144]: SASL LOGIN authentication failed: UGFzc3dvcmQ6
Aug  9 09:29:25 brollon postfix/submission/smtpd[20017]: disconnect from unknown[213.176.26.144] ehlo=1 auth=0/1 rset=1 quit=1 commands=3/4
Aug  9 09:29:26 brollon postfix/submission/smtpd[23240]: connect from unknown[213.176.26.78]
Aug  9 09:29:27 brollon postfix/submission/smtpd[22377]: warning: unknown[213.176.26.159]: SASL LOGIN authentication failed: UGFzc3dvcmQ6
Aug  9 09:29:27 brollon postfix/submission/smtpd[23375]: warning: unknown[213.176.26.85]: SASL LOGIN authentication failed: UGFzc3dvcmQ6
Aug  9 09:29:27 brollon postfix/submission/smtpd[22377]: disconnect from unknown[213.176.26.159] ehlo=1 auth=0/1 rset=1 quit=1 commands=3/4
Aug  9 09:29:27 brollon postfix/submission/smtpd[23375]: disconnect from unknown[213.176.26.85] ehlo=1 auth=0/1 rset=1 quit=1 commands=3/4
Aug  9 09:29:29 brollon postfix/smtps/smtpd[22473]: warning: unknown[213.176.26.133]: SASL LOGIN authentication failed: UGFzc3dvcmQ6
Aug  9 09:29:30 brollon postfix/smtps/smtpd[22473]: lost connection after AUTH from unknown[213.176.26.133]
Aug  9 09:29:30 brollon postfix/smtps/smtpd[22473]: disconnect from unknown[213.176.26.133] ehlo=1 auth=0/1 rset=1 commands=2/3
Aug  9 09:29:32 brollon postfix/submission/smtpd[20017]: connect from unknown[213.176.26.74]
Aug  9 09:29:32 brollon postfix/submission/smtpd[23240]: warning: unknown[213.176.26.78]: SASL LOGIN authentication failed: UGFzc3dvcmQ6
Aug  9 09:29:33 brollon postfix/submission/smtpd[23240]: disconnect from unknown[213.176.26.78] ehlo=1 auth=0/1 rset=1 quit=1 commands=3/4
Aug  9 09:29:34 brollon postfix/submission/smtpd[23375]: connect from unknown[213.176.26.76]
Aug  9 09:29:37 brollon postfix/submission/smtpd[22377]: connect from unknown[213.176.26.113]
Aug  9 09:29:39 brollon postfix/submission/smtpd[20017]: warning: unknown[213.176.26.74]: SASL LOGIN authentication failed: UGFzc3dvcmQ6
Aug  9 09:29:40 brollon postfix/submission/smtpd[20017]: disconnect from unknown[213.176.26.74] ehlo=1 auth=0/1 rset=1 quit=1 commands=3/4
Aug  9 09:29:40 brollon postfix/submission/smtpd[23240]: connect from unknown[213.176.26.64]
Aug  9 09:29:41 brollon postfix/submission/smtpd[23375]: warning: unknown[213.176.26.76]: SASL LOGIN authentication failed: UGFzc3dvcmQ6
Aug  9 09:29:42 brollon postfix/submission/smtpd[23375]: disconnect from unknown[213.176.26.76] ehlo=1 auth=0/1 rset=1 quit=1 commands=3/4
Aug  9 09:29:42 brollon postfix/submission/smtpd[20017]: connect from unknown[213.176.26.114]
Aug  9 09:29:44 brollon postfix/submission/smtpd[23240]: warning: unknown[213.176.26.64]: SASL LOGIN authentication failed: UGFzc3dvcmQ6
Aug  9 09:29:44 brollon postfix/submission/smtpd[22377]: warning: unknown[213.176.26.113]: SASL LOGIN authentication failed: UGFzc3dvcmQ6
Aug  9 09:29:44 brollon postfix/submission/smtpd[23240]: disconnect from unknown[213.176.26.64] ehlo=1 auth=0/1 rset=1 quit=1 commands=3/4
Aug  9 09:29:44 brollon postfix/submission/smtpd[22377]: disconnect from unknown[213.176.26.113] ehlo=1 auth=0/1 rset=1 quit=1 commands=3/4
Aug  9 09:29:48 brollon postfix/submission/smtpd[20017]: warning: unknown[213.176.26.114]: SASL LOGIN authentication failed: UGFzc3dvcmQ6
Aug  9 09:29:48 brollon postfix/submission/smtpd[20017]: disconnect from unknown[213.176.26.114] ehlo=1 auth=0/1 rset=1 quit=1 commands=3/4
Aug  9 09:29:54 brollon postfix/submission/smtpd[23375]: connect from unknown[213.176.26.134]
Aug  9 09:30:01 brollon postfix/submission/smtpd[23375]: warning: unknown[213.176.26.134]: SASL LOGIN authentication failed: UGFzc3dvcmQ6
Aug  9 09:30:01 brollon postfix/submission/smtpd[23375]: disconnect from unknown[213.176.26.134] ehlo=1 auth=0/1 rset=1 quit=1 commands=3/4
Aug  9 09:30:01 brollon postfix/smtpd[19741]: connect from localhost[127.0.0.1]
Aug  9 09:30:01 brollon postfix/smtpd[19741]: lost connection after CONNECT from localhost[127.0.0.1]
Aug  9 09:30:01 brollon postfix/smtpd[19741]: disconnect from localhost[127.0.0.1] commands=0/0
Aug  9 09:30:01 brollon dovecot: pop3-login: Disconnected (no auth attempts in 0 secs): user=<>, rip=127.0.0.1, lip=127.0.0.1, secured, session=<dozI4ZlYPs9/AAAB>
Aug  9 09:30:01 brollon dovecot: imap-login: Disconnected (no auth attempts in 0 secs): user=<>, rip=127.0.0.1, lip=127.0.0.1, secured, session=<n5fI4ZlYDtd/AAAB>
